(5992,34,'huntbee_seo_aigen/catalog/model/module/hb_aigen.php'),(5993,35,'ponumchk'),(5994,35,'ponumchk/admin'),(5995,35,'ponumchk/admin/controller'),(5996,35,'ponumchk/admin/controller/payment'),(5997,35,'ponumchk/admin/controller/payment/ponumchk.php'),(5998,35,'ponumchk/admin/language'),(5999,35,'ponumchk/admin/language/en-gb'),(6000,35,'ponumchk/admin/language/en-gb/payment'),(6001,35,'ponumchk/admin/language/en-gb/payment/ponumchk.php'),(6002,35,'ponumchk/admin/language/en-gb/payment/ponumchklang.php'),(6003,35,'ponumchk/admin/language/english'),(6004,35,'ponumchk/admin/language/english/payment'),(6005,35,'ponumchk/admin/language/english/payment/ponumchk.php'),(6006,35,'ponumchk/admin/language/english/payment/ponumchklang.php'),(6007,35,'ponumchk/admin/model'),(6008,35,'ponumchk/admin/model/payment'),(6009,35,'ponumchk/admin/model/payment/ponumchk.php'),(6010,35,'ponumchk/admin/view'),(6011,35,'ponumchk/admin/view/javascript'),(6012,35,'ponumchk/admin/view/javascript/ponumchk.css'),(6013,35,'ponumchk/admin/view/javascript/ponumchk.js'),(6014,35,'ponumchk/catalog'),(6015,35,'ponumchk/catalog/controller'),(6016,35,'ponumchk/catalog/controller/payment'),(6017,35,'ponumchk/catalog/controller/payment/ponumchk.php'),(6018,35,'ponumchk/catalog/language'),(6019,35,'ponumchk/catalog/language/en-gb'),(6020,35,'ponumchk/catalog/language/en-gb/payment'),(6021,35,'ponumchk/catalog/language/en-gb/payment/ponumchk.php'),(6022,35,'ponumchk/catalog/language/english'),(6023,35,'ponumchk/catalog/language/english/payment'),(6024,35,'ponumchk/catalog/language/english/payment/ponumchk.php'),(6025,35,'ponumchk/catalog/model'),(6026,35,'ponumchk/catalog/model/payment'),(6027,35,'ponumchk/catalog/model/payment/ponumchk.php'),(6028,35,'ponumchk/catalog/view'),(6029,35,'ponumchk/catalog/view/javascript'),(6030,35,'ponumchk/catalog/view/javascript/ponumchk.css'),(6031,35,'ponumchk/catalog/view/javascript/ponumchk.js'),(6032,35,'ponumchk/install.json'),(6033,35,'ponumchk/ponumchk.vqmod.xml'),(6034,21,'tmdpdfinvoicepro'),(6035,21,'tmdpdfinvoicepro/install.json'),(6036,21,'tmdpdfinvoicepro/admin'),(6037,21,'tmdpdfinvoicepro/admin/controller'),(6038,21,'tmdpdfinvoicepro/admin/controller/module'),(6039,21,'tmdpdfinvoicepro/admin/controller/module/tmdpdfinvoice.php'),(6040,21,'tmdpdfinvoicepro/admin/controller/tmd'),(6041,21,'tmdpdfinvoicepro/admin/controller/tmd/pdf.php'),(6042,21,'tmdpdfinvoicepro/admin/language'),(6043,21,'tmdpdfinvoicepro/admin/language/en-gb'),(6044,21,'tmdpdfinvoicepro/admin/language/en-gb/module'),(6045,21,'tmdpdfinvoicepro/admin/language/en-gb/module/tmdpdfinvoice.php'),(6046,21,'tmdpdfinvoicepro/admin/language/en-gb/tmd'),(6047,21,'tmdpdfinvoicepro/admin/language/en-gb/tmd/pdf.php'),(6048,21,'tmdpdfinvoicepro/admin/model'),(6049,21,'tmdpdfinvoicepro/admin/model/tmd'),(6050,21,'tmdpdfinvoicepro/admin/model/tmd/pdf.php'),(6051,21,'tmdpdfinvoicepro/admin/view'),(6052,21,'tmdpdfinvoicepro/admin/view/javascript'),(6053,21,'tmdpdfinvoicepro/admin/view/javascript/colorbox'),(6054,21,'tmdpdfinvoicepro/admin/view/javascript/colorbox/jquery.minicolors.css'),(6055,21,'tmdpdfinvoicepro/admin/view/javascript/colorbox/jquery.minicolors.js'),(6056,21,'tmdpdfinvoicepro/admin/view/javascript/colorbox/jquery.minicolors.png'),(6057,21,'tmdpdfinvoicepro/admin/view/javascript/colorbox/Thumbs.db'),(6058,21,'tmdpdfinvoicepro/admin/view/template'),(6059,21,'tmdpdfinvoicepro/admin/view/template/module'),(6060,21,'tmdpdfinvoicepro/admin/view/template/module/tmdpdfinvoice.twig'),(6061,21,'tmdpdfinvoicepro/admin/view/template/tmd'),(6062,21,'tmdpdfinvoicepro/admin/view/template/tmd/pdf.twig'),(6063,21,'tmdpdfinvoicepro/catalog'),(6064,21,'tmdpdfinvoicepro/catalog/controller'),(6065,21,'tmdpdfinvoicepro/catalog/controller/tmd'),(6066,21,'tmdpdfinvoicepro/catalog/controller/tmd/pdf.php'),(6067,21,'tmdpdfinvoicepro/catalog/language'),(6068,21,'tmdpdfinvoicepro/catalog/language/en-gb'),(6069,21,'tmdpdfinvoicepro/catalog/language/en-gb/tmd'),(6070,21,'tmdpdfinvoicepro/catalog/language/en-gb/tmd/pdf.php'),(6071,21,'tmdpdfinvoicepro/catalog/model'),(6072,21,'tmdpdfinvoicepro/catalog/model/tmd'),(6073,21,'tmdpdfinvoicepro/catalog/model/tmd/pdf.php'),(6074,21,'tmdpdfinvoicepro/catalog/view'),(6075,21,'tmdpdfinvoicepro/catalog/view/template'),(6076,21,'tmdpdfinvoicepro/catalog/view/template/tmd'),(6077,21,'tmdpdfinvoicepro/catalog/view/template/tmd/pdf.twig'),(6078,21,'tmdpdfinvoicepro/system'),(6079,21,'tmdpdfinvoicepro/system/library'),(6080,21,'tmdpdfinvoicepro/system/library/Barcode'),(6081,21,'tmdpdfinvoicepro/system/library/Barcode/autoloader.php'),(6082,21,'tmdpdfinvoicepro/system/library/Barcode/Barcode.php'),(6083,21,'tmdpdfinvoicepro/system/library/Barcode/BarcodeBar.php'),(6084,21,'tmdpdfinvoicepro/system/library/Barcode/BarcodeGenerator.php'),(6085,21,'tmdpdfinvoicepro/system/library/Barcode/BarcodeGeneratorBKUPNG .php'),(6086,21,'tmdpdfinvoicepro/system/library/Barcode/BarcodeGeneratorDynamicHTML.php'),(6087,21,'tmdpdfinvoicepro/system/library/Barcode/BarcodeGeneratorHTML.php'),(6088,21,'tmdpdfinvoicepro/system/library/Barcode/BarcodeGeneratorJPG.php'),(6089,21,'tmdpdfinvoicepro/system/library/Barcode/BarcodeGeneratorPNG.php'),(6090,21,'tmdpdfinvoicepro/system/library/Barcode/BarcodeGeneratorSVG.php'),(6091,21,'tmdpdfinvoicepro/system/library/Barcode/Exceptions'),(6092,21,'tmdpdfinvoicepro/system/library/Barcode/Exceptions/BarcodeException.php'),(6093,21,'tmdpdfinvoicepro/system/library/Barcode/Exceptions/InvalidCharacterException.php'),(6094,21,'tmdpdfinvoicepro/system/library/Barcode/Exceptions/InvalidCheckDigitException.php'),(6095,21,'tmdpdfinvoicepro/system/library/Barcode/Exceptions/InvalidFormatException.php'),(6096,21,'tmdpdfinvoicepro/system/library/Barcode/Exceptions/InvalidLengthException.php'),(6097,21,'tmdpdfinvoicepro/system/library/Barcode/Exceptions/UnknownTypeException.php'),(6098,21,'tmdpdfinvoicepro/system/library/Barcode/Helpers'),(6099,21,'tmdpdfinvoicepro/system/library/Barcode/Helpers/BinarySequenceConverter.php'),(6100,21,'tmdpdfinvoicepro/system/library/Barcode/phpqrcode'),(6101,21,'tmdpdfinvoicepro/system/library/Barcode/phpqrcode/474.png-errors.txt'),(6102,21,'tmdpdfinvoicepro/system/library/Barcode/phpqrcode/bindings'),(6103,21,'tmdpdfinvoicepro/system/library/Barcode/phpqrcode/bindings/tcpdf'),(6104,21,'tmdpdfinvoicepro/system/library/Barcode/phpqrcode/bindings/tcpdf/qrcode.php'),(6105,21,'tmdpdfinvoicepro/system/library/Barcode/phpqrcode/cache'),(6106,21,'tmdpdfinvoicepro/system/library/Barcode/phpqrcode/cache/frame_1.dat'),(6107,21,'tmdpdfinvoicepro/system/library/Barcode/phpqrcode/cache/frame_1.png'),(6108,21,'tmdpdfinvoicepro/system/library/Barcode/phpqrcode/cache/frame_10.dat'),(6109,21,'tmdpdfinvoicepro/system/library/Barcode/phpqrcode/cache/frame_10.png'),(6110,21,'tmdpdfinvoicepro/system/library/Barcode/phpqrcode/cache/frame_11.dat'),(6111,21,'tmdpdfinvoicepro/system/library/Barcode/phpqrcode/cache/frame_11.png'),(6112,21,'tmdpdfinvoicepro/system/library/Barcode/phpqrcode/cache/frame_12.dat'),(6113,21,'tmdpdfinvoicepro/system/library/Barcode/phpqrcode/cache/frame_12.png'),(6114,21,'tmdpdfinvoicepro/system/library/Barcode/phpqrcode/cache/frame_13.dat'),(6115,21,'tmdpdfinvoicepro/system/library/Barcode/phpqrcode/cache/frame_13.png'),(6116,21,'tmdpdfinvoicepro/system/library/Barcode/phpqrcode/cache/frame_14.dat'),(6117,21,'tmdpdfinvoicepro/system/library/Barcode/phpqrcode/cache/frame_14.png'),(6118,21,'tmdpdfinvoicepro/system/library/Barcode/phpqrcode/cache/frame_15.dat'),(6119,21,'tmdpdfinvoicepro/system/library/Barcode/phpqrcode/cache/frame_15.png'),(6120,21,'tmdpdfinvoicepro/system/library/Barcode/phpqrcode/cache/frame_16.dat'),(6121,21,'tmdpdfinvoicepro/system/library/Barcode/phpqrcode/cache/frame_16.png'),(6122,21,'tmdpdfinvoicepro/system/library/Barcode/phpqrcode/cache/frame_17.dat'),(6123,21,'tmdpdfinvoicepro/system/library/Barcode/phpqrcode/cache/frame_17.png'),(6124,21,'tmdpdfinvoicepro/system/library/Barcode/phpqrcode/cache/frame_18.dat'),(6125,21,'tmdpdfinvoicepro/system/library/Barcode/phpqrcode/cache/frame_18.png'),(6126,21,'tmdpdfinvoicepro/system/library/Barcode/phpqrcode/cache/frame_19.dat'),(6127,21,'tmdpdfinvoicepro/system/library/Barcode/phpqrcode/cache/frame_19.png'),(6128,21,'tmdpdfinvoicepro/system/library/Barcode/phpqrcode/cache/frame_2.dat'),(6129,21,'tmdpdfinvoicepro/system/library/Barcode/phpqrcode/cache/frame_2.png'),(6130,21,'tmdpdfinvoicepro/system/library/Barcode/phpqrcode/cache/frame_20.dat'),(6131,21,'tmdpdfinvoicepro/system/library/Barcode/phpqrcode/cache/frame_20.png'),(6132,21,'tmdpdfinvoicepro/system/library/Barcode/phpqrcode/cache/frame_21.dat'),(6133,21,'tmdpdfinvoicepro/system/library/Barcode/phpqrcode/cache/frame_21.png'),(6134,21,'tmdpdfinvoicepro/system/library/Barcode/phpqrcode/cache/frame_22.dat'),(6135,21,'tmdpdfinvoicepro/system/library/Barcode/phpqrcode/cache/frame_22.png'),(6136,21,'tmdpdfinvoicepro/system/library/Barcode/phpqrcode/cache/frame_23.dat'),(6137,21,'tmdpdfinvoicepro/system/library/Barcode/phpqrcode/cache/frame_23.png'),(6138,21,'tmdpdfinvoicepro/system/library/Barcode/phpqrcode/cache/frame_24.dat'),(6139,21,'tmdpdfinvoicepro/system/library/Barcode/phpqrcode/cache/frame_24.png'),(6140,21,'tmdpdfinvoicepro/system/library/Barcode/phpqrcode/cache/frame_25.dat'),(6141,21,'tmdpdfinvoicepro/system/library/Barcode/phpqrcode/cache/frame_25.png'),(6142,21,'tmdpdfinvoicepro/system/library/Barcode/phpqrcode/cache/frame_26.dat'),(6143,21,'tmdpdfinvoicepro/system/library/Barcode/phpqrcode/cache/frame_26.png'),(6144,21,'tmdpdfinvoicepro/system/library/Barcode/phpqrcode/cache/frame_27.dat'),(6145,21,'tmdpdfinvoicepro/system/library/Barcode/phpqrcode/cache/frame_27.png'),(6146,21,'tmdpdfinvoicepro/system/library/Barcode/phpqrcode/cache/frame_28.dat'),(6147,21,'tmdpdfinvoicepro/system/library/Barcode/phpqrcode/cache/frame_28.png'),(6148,21,'tmdpdfinvoicepro/system/library/Barcode/phpqrcode/cache/frame_29.dat'),(6149,21,'tmdpdfinvoicepro/system/library/Barcode/phpqrcode/cache/frame_29.png'),(6150,21,'tmdpdfinvoicepro/system/library/Barcode/phpqrcode/cache/frame_3.dat'),(6151,21,'tmdpdfinvoicepro/system/library/Barcode/phpqrcode/cache/frame_3.png'),(6152,21,'tmdpdfinvoicepro/system/library/Barcode/phpqrcode/cache/frame_30.dat'),(6153,21,'tmdpdfinvoicepro/system/library/Barcode/phpqrcode/cache/frame_30.png'),(6154,21,'tmdpdfinvoicepro/system/library/Barcode/phpqrcode/cache/frame_31.dat'),(6155,21,'tmdpdfinvoicepro/system/library/Barcode/phpqrcode/cache/frame_31.png'),(6156,21,'tmdpdfinvoicepro/system/library/Barcode/phpqrcode/cache/frame_32.dat'),(6157,21,'tmdpdfinvoicepro/system/library/Barcode/phpqrcode/cache/frame_32.png'),(6158,21,'tmdpdfinvoicepro/system/library/Barcode/phpqrcode/cache/frame_33.dat'),(6159,21,'tmdpdfinvoicepro/system/library/Barcode/phpqrcode/cache/frame_33.png'),(6160,21,'tmdpdfinvoicepro/system/library/Barcode/phpqrcode/cache/frame_34.dat'),(6161,21,'tmdpdfinvoicepro/system/library/Barcode/phpqrcode/cache/frame_34.png'),(6162,21,'tmdpdfinvoicepro/system/library/Barcode/phpqrcode/cache/frame_35.dat'),(6163,21,'tmdpdfinvoicepro/system/library/Barcode/phpqrcode/cache/frame_35.png'),(6164,21,'tmdpdfinvoicepro/system/library/Barcode/phpqrcode/cache/frame_36.dat'),(6165,21,'tmdpdfinvoicepro/system/library/Barcode/phpqrcode/cache/frame_36.png'),(6166,21,'tmdpdfinvoicepro/system/library/Barcode/phpqrcode/cache/frame_37.dat'),(6167,21,'tmdpdfinvoicepro/system/library/Barcode/phpqrcode/cache/frame_37.png'),(6168,21,'tmdpdfinvoicepro/system/library/Barcode/phpqrcode/cache/frame_38.dat'),(6169,21,'tmdpdfinvoicepro/system/library/Barcode/phpqrcode/cache/frame_38.png'),(6170,21,'tmdpdfinvoicepro/system/library/Barcode/phpqrcode/cache/frame_39.dat'),(6171,21,'tmdpdfinvoicepro/system/library/Barcode/phpqrcode/cache/frame_39.png'),(6172,21,'tmdpdfinvoicepro/system/library/Barcode/phpqrcode/cache/frame_4.dat'),(6173,21,'tmdpdfinvoicepro/system/library/Barcode/phpqrcode/cache/frame_4.png'),(6174,21,'tmdpdfinvoicepro/system/library/Barcode/phpqrcode/cache/frame_40.dat'),(6175,21,'tmdpdfinvoicepro/system/library/Barcode/phpqrcode/cache/frame_40.png'),(6176,21,'tmdpdfinvoicepro/system/library/Barcode/phpqrcode/cache/frame_5.dat'),(6177,21,'tmdpdfinvoicepro/system/library/Barcode/phpqrcode/cache/frame_5.png'),(6178,21,'tmdpdfinvoicepro/system/library/Barcode/phpqrcode/cache/frame_6.dat'),(6179,21,'tmdpdfinvoicepro/system/library/Barcode/phpqrcode/cache/frame_6.png'),(6180,21,'tmdpdfinvoicepro/system/library/Barcode/phpqrcode/cache/frame_7.dat'),(6181,21,'tmdpdfinvoicepro/system/library/Barcode/phpqrcode/cache/frame_7.png'),(6182,21,'tmdpdfinvoicepro/system/library/Barcode/phpqrcode/cache/frame_8.dat'),(6183,21,'tmdpdfinvoicepro/system/library/Barcode/phpqrcode/cache/frame_8.png'),(6184,21,'tmdpdfinvoicepro/system/library/Barcode/phpqrcode/cache/frame_9.dat'),(6185,21,'tmdpdfinvoicepro/system/library/Barcode/phpqrcode/cache/frame_9.png'),(6186,21,'tmdpdfinvoicepro/system/library/Barcode/phpqrcode/cache/mask_0'),(6187,21,'tmdpdfinvoicepro/system/library/Barcode/phpqrcode/cache/mask_0/mask_101_0.dat'),(6188,21,'tmdpdfinvoicepro/system/library/Barcode/phpqrcode/cache/mask_0/mask_105_0.dat'),(6189,21,'tmdpdfinvoicepro/system/library/Barcode/phpqrcode/cache/mask_0/mask_109_0.dat'),(6190,21,'tmdpdfinvoicepro/system/library/Barcode/phpqrcode/cache/mask_0/mask_113_0.dat'),(6191,21,'tmdpdfinvoicepro/system/library/Barcode/phpqrcode/cache/mask_0/mask_117_0.dat'),(6192,21,'tmdpdfinvoicepro/system/library/Barcode/phpqrcode/cache/mask_0/mask_121_0.dat'),(6193,21,'tmdpdfinvoicepro/system/library/Barcode/phpqrcode/cache/mask_0/mask_125_0.dat'),(6194,21,'tmdpdfinvoicepro/system/library/Barcode/phpqrcode/cache/mask_0/mask_129_0.dat'),(6195,21,'tmdpdfinvoicepro/system/library/Barcode/phpqrcode/cache/mask_0/mask_133_0.dat'),(6196,21,'tmdpdfinvoicepro/system/library/Barcode/phpqrcode/cache/mask_0/mask_137_0.dat'),(6197,21,'tmdpdfinvoicepro/system/library/Barcode/phpqrcode/cache/mask_0/mask_141_0.dat'),(6198,21,'tmdpdfinvoicepro/system/library/Barcode/phpqrcode/cache/mask_0/mask_145_0.dat'),(6199,21,'tmdpdfinvoicepro/system/library/Barcode/phpqrcode/cache/mask_0/mask_149_0.dat'),(6200,21,'tmdpdfinvoicepro/system/library/Barcode/phpqrcode/cache/mask_0/mask_153_0.dat'),(6201,21,'tmdpdfinvoicepro/system/library/Barcode/phpqrcode/cache/mask_0/mask_157_0.dat'),(6202,21,'tmdpdfinvoicepro/system/library/Barcode/phpqrcode/cache/mask_0/mask_161_0.dat'),(6203,21,'tmdpdfinvoicepro/system/library/Barcode/phpqrcode/cache/mask_0/mask_165_0.dat'),(6204,21,'tmdpdfinvoicepro/system/library/Barcode/phpqrcode/cache/mask_0/mask_169_0.dat'),(6205,21,'tmdpdfinvoicepro/system/library/Barcode/phpqrcode/cache/mask_0/mask_173_0.dat'),(6206,21,'tmdpdfinvoicepro/system/library/Barcode/phpqrcode/cache/mask_0/mask_177_0.dat'),(6207,21,'tmdpdfinvoicepro/system/library/Barcode/phpqrcode/cache/mask_0/mask_21_0.dat'),(6208,21,'tmdpdfinvoicepro/system/library/Barcode/phpqrcode/cache/mask_0/mask_25_0.dat'),(6209,21,'tmdpdfinvoicepro/system/library/Barcode/phpqrcode/cache/mask_0/mask_29_0.dat'),(6210,21,'tmdpdfinvoicepro/system/library/Barcode/phpqrcode/cache/mask_0/mask_33_0.dat'),(6211,21,'tmdpdfinvoicepro/system/library/Barcode/phpqrcode/cache/mask_0/mask_37_0.dat'),(6212,21,'tmdpdfinvoicepro/system/library/Barcode/phpqrcode/cache/mask_0/mask_41_0.dat'),(6213,21,'tmdpdfinvoicepro/system/library/Barcode/phpqrcode/cache/mask_0/mask_45_0.dat'),(6214,21,'tmdpdfinvoicepro/system/library/Barcode/phpqrcode/cache/mask_0/mask_49_0.dat'),(6215,21,'tmdpdfinvoicepro/system/library/Barcode/phpqrcode/cache/mask_0/mask_53_0.dat'),(6216,21,'tmdpdfinvoicepro/system/library/Barcode/phpqrcode/cache/mask_0/mask_57_0.dat'),(6217,21,'tmdpdfinvoicepro/system/library/Barcode/phpqrcode/cache/mask_0/mask_61_0.dat'),(6218,21,'tmdpdfinvoicepro/system/library/Barcode/phpqrcode/cache/mask_0/mask_65_0.dat'),(6219,21,'tmdpdfinvoicepro/system/library/Barcode/phpqrcode/cache/mask_0/mask_69_0.dat'),(6220,21,'tmdpdfinvoicepro/system/library/Barcode/phpqrcode/cache/mask_0/mask_73_0.dat'),(6221,21,'tmdpdfinvoicepro/system/library/Barcode/phpqrcode/cache/mask_0/mask_77_0.dat'),(6222,21,'tmdpdfinvoicepro/system/library/Barcode/phpqrcode/cache/mask_0/mask_81_0.dat'),(6223,21,'tmdpdfinvoicepro/system/library/Barcode/phpqrcode/cache/mask_0/mask_85_0.dat'),(6224,21,'tmdpdfinvoicepro/system/library/Barcode/phpqrcode/cache/mask_0/mask_89_0.dat'),(6225,21,'tmdpdfinvoicepro/system/library/Barcode/phpqrcode/cache/mask_0/mask_93_0.dat'),(6226,21,'tmdpdfinvoicepro/system/library/Barcode/phpqrcode/cache/mask_0/mask_97_0.dat'),(6227,21,'tmdpdfinvoicepro/system/library/Barcode/phpqrcode/cache/mask_1'),(6228,21,'tmdpdfinvoicepro/system/library/Barcode/phpqrcode/cache/mask_1/mask_101_1.dat'),(6229,21,'tmdpdfinvoicepro/system/library/Barcode/phpqrcode/cache/mask_1/mask_105_1.dat'),(6230,21,'tmdpdfinvoicepro/system/library/Barcode/phpqrcode/cache/mask_1/mask_109_1.dat'),(6231,21,'tmdpdfinvoicepro/system/library/Barcode/phpqrcode/cache/mask_1/mask_113_1.dat'),(6232,21,'tmdpdfinvoicepro/system/library/Barcode/phpqrcode/cache/mask_1/mask_117_1.dat'),(6233,21,'tmdpdfinvoicepro/system/library/Barcode/phpqrcode/cache/mask_1/mask_121_1.dat'),(6234,21,'tmdpdfinvoicepro/system/library/Barcode/phpqrcode/cache/mask_1/mask_125_1.dat'),(6235,21,'tmdpdfinvoicepro/system/library/Barcode/phpqrcode/cache/mask_1/mask_129_1.dat'),(6236,21,'tmdpdfinvoicepro/system/library/Barcode/phpqrcode/cache/mask_1/mask_133_1.dat'),(6237,21,'tmdpdfinvoicepro/system/library/Barcode/phpqrcode/cache/mask_1/mask_137_1.dat'),(6238,21,'tmdpdfinvoicepro/system/library/Barcode/phpqrcode/cache/mask_1/mask_141_1.dat'),(6239,21,'tmdpdfinvoicepro/system/library/Barcode/phpqrcode/cache/mask_1/mask_145_1.dat'),(6240,21,'tmdpdfinvoicepro/system/library/Barcode/phpqrcode/cache/mask_1/mask_149_1.dat'),(6241,21,'tmdpdfinvoicepro/system/library/Barcode/phpqrcode/cache/mask_1/mask_153_1.dat'),(6242,21,'tmdpdfinvoicepro/system/library/Barcode/phpqrcode/cache/mask_1/mask_157_1.dat'),(6243,21,'tmdpdfinvoicepro/system/library/Barcode/phpqrcode/cache/mask_1/mask_161_1.dat'),(6244,21,'tmdpdfinvoicepro/system/library/Barcode/phpqrcode/cache/mask_1/mask_165_1.dat'),(6245,21,'tmdpdfinvoicepro/system/library/Barcode/phpqrcode/cache/mask_1/mask_169_1.dat'),(6246,21,'tmdpdfinvoicepro/system/library/Barcode/phpqrcode/cache/mask_1/mask_173_1.dat'),(6247,21,'tmdpdfinvoicepro/system/library/Barcode/phpqrcode/cache/mask_1/mask_177_1.dat'),(6248,21,'tmdpdfinvoicepro/system/library/Barcode/phpqrcode/cache/mask_1/mask_21_1.dat'),(6249,21,'tmdpdfinvoicepro/system/library/Barcode/phpqrcode/cache/mask_1/mask_25_1.dat'),(6250,21,'tmdpdfinvoicepro/system/library/Barcode/phpqrcode/cache/mask_1/mask_29_1.dat'),(6251,21,'tmdpdfinvoicepro/system/library/Barcode/phpqrcode/cache/mask_1/mask_33_1.dat'),(6252,21,'tmdpdfinvoicepro/system/library/Barcode/phpqrcode/cache/mask_1/mask_37_1.dat'),(6253,21,'tmdpdfinvoicepro/system/library/Barcode/phpqrcode/cache/mask_1/mask_41_1.dat'),(6254,21,'tmdpdfinvoicepro/system/library/Barcode/phpqrcode/cache/mask_1/mask_45_1.dat'),(6255,21,'tmdpdfinvoicepro/system/library/Barcode/phpqrcode/cache/mask_1/mask_49_1.dat'),(6256,21,'tmdpdfinvoicepro/system/library/Barcode/phpqrcode/cache/mask_1/mask_53_1.dat'),(6257,21,'tmdpdfinvoicepro/system/library/Barcode/phpqrcode/cache/mask_1/mask_57_1.dat'),(6258,21,'tmdpdfinvoicepro/system/library/Barcode/phpqrcode/cache/mask_1/mask_61_1.dat'),(6259,21,'tmdpdfinvoicepro/system/library/Barcode/phpqrcode/cache/mask_1/mask_65_1.dat'),(6260,21,'tmdpdfinvoicepro/system/library/Barcode/phpqrcode/cache/mask_1/mask_69_1.dat'),(6261,21,'tmdpdfinvoicepro/system/library/Barcode/phpqrcode/cache/mask_1/mask_73_1.dat'),(6262,21,'tmdpdfinvoicepro/system/library/Barcode/phpqrcode/cache/mask_1/mask_77_1.dat'),(6263,21,'tmdpdfinvoicepro/system/library/Barcode/phpqrcode/cache/mask_1/mask_81_1.dat'),(6264,21,'tmdpdfinvoicepro/system/library/Barcode/phpqrcode/cache/mask_1/mask_85_1.dat'),(6265,21,'tmdpdfinvoicepro/system/library/Barcode/phpqrcode/cache/mask_1/mask_89_1.dat'),(6266,21,'tmdpdfinvoicepro/system/library/Barcode/phpqrcode/cache/mask_1/mask_93_1.dat'),(6267,21,'tmdpdfinvoicepro/system/library/Barcode/phpqrcode/cache/mask_1/mask_97_1.dat'),(6268,21,'tmdpdfinvoicepro/system/library/Barcode/phpqrcode/cache/mask_2'),(6269,21,'tmdpdfinvoicepro/system/library/Barcode/phpqrcode/cache/mask_2/mask_101_2.dat'),(6270,21,'tmdpdfinvoicepro/system/library/Barcode/phpqrcode/cache/mask_2/mask_105_2.dat'),(6271,21,'tmdpdfinvoicepro/system/library/Barcode/phpqrcode/cache/mask_2/mask_109_2.dat'),(6272,21,'tmdpdfinvoicepro/system/library/Barcode/phpqrcode/cache/mask_2/mask_113_2.dat'),(6273,21,'tmdpdfinvoicepro/system/library/Barcode/phpqrcode/cache/mask_2/mask_117_2.dat'),(6274,21,'tmdpdfinvoicepro/system/library/Barcode/phpqrcode/cache/mask_2/mask_121_2.dat'),(6275,21,'tmdpdfinvoicepro/system/library/Barcode/phpqrcode/cache/mask_2/mask_125_2.dat'),(6276,21,'tmdpdfinvoicepro/system/library/Barcode/phpqrcode/cache/mask_2/mask_129_2.dat'),(6277,21,'tmdpdfinvoicepro/system/library/Barcode/phpqrcode/cache/mask_2/mask_133_2.dat'),(6278,21,'tmdpdfinvoicepro/system/library/Barcode/phpqrcode/cache/mask_2/mask_137_2.dat'),(6279,21,'tmdpdfinvoicepro/system/library/Barcode/phpqrcode/cache/mask_2/mask_141_2.dat'),(6280,21,'tmdpdfinvoicepro/system/library/Barcode/phpqrcode/cache/mask_2/mask_145_2.dat'),(6281,21,'tmdpdfinvoicepro/system/library/Barcode/phpqrcode/cache/mask_2/mask_149_2.dat'),(6282,21,'tmdpdfinvoicepro/system/library/Barcode/phpqrcode/cache/mask_2/mask_153_2.dat'),(6283,21,'tmdpdfinvoicepro/system/library/Barcode/phpqrcode/cache/mask_2/mask_157_2.dat'),(6284,21,'tmdpdfinvoicepro/system/library/Barcode/phpqrcode/cache/mask_2/mask_161_2.dat'),(6285,21,'tmdpdfinvoicepro/system/library/Barcode/phpqrcode/cache/mask_2/mask_165_2.dat'),(6286,21,'tmdpdfinvoicepro/system/library/Barcode/phpqrcode/cache/mask_2/mask_169_2.dat'),(6287,21,'tmdpdfinvoicepro/system/library/Barcode/phpqrcode/cache/mask_2/mask_173_2.dat'),(6288,21,'tmdpdfinvoicepro/system/library/Barcode/phpqrcode/cache/mask_2/mask_177_2.dat'),(6289,21,'tmdpdfinvoicepro/system/library/Barcode/phpqrcode/cache/mask_2/mask_21_2.dat'),(6290,21,'tmdpdfinvoicepro/system/library/Barcode/phpqrcode/cache/mask_2/mask_25_2.dat'),(6291,21,'tmdpdfinvoicepro/system/library/Barcode/phpqrcode/cache/mask_2/mask_29_2.dat'),(6292,21,'tmdpdfinvoicepro/system/library/Barcode/phpqrcode/cache/mask_2/mask_33_2.dat'),(6293,21,'tmdpdfinvoicepro/system/library/Barcode/phpqrcode/cache/mask_2/mask_37_2.dat'),(6294,21,'tmdpdfinvoicepro/system/library/Barcode/phpqrcode/cache/mask_2/mask_41_2.dat'),(6295,21,'tmdpdfinvoicepro/system/library/Barcode/phpqrcode/cache/mask_2/mask_45_2.dat'),(6296,21,'tmdpdfinvoicepro/system/library/Barcode/phpqrcode/cache/mask_2/mask_49_2.dat'),(6297,21,'tmdpdfinvoicepro/system/library/Barcode/phpqrcode/cache/mask_2/mask_53_2.dat'),(6298,21,'tmdpdfinvoicepro/system/library/Barcode/phpqrcode/cache/mask_2/mask_57_2.dat'),(6299,21,'tmdpdfinvoicepro/system/library/Barcode/phpqrcode/cache/mask_2/mask_61_2.dat'),(6300,21,'tmdpdfinvoicepro/system/library/Barcode/phpqrcode/cache/mask_2/mask_65_2.dat'),(6301,21,'tmdpdfinvoicepro/system/library/Barcode/phpqrcode/cache/mask_2/mask_69_2.dat'),(6302,21,'tmdpdfinvoicepro/system/library/Barcode/phpqrcode/cache/mask_2/mask_73_2.dat'),(6303,21,'tmdpdfinvoicepro/system/library/Barcode/phpqrcode/cache/mask_2/mask_77_2.dat'),(6304,21,'tmdpdfinvoicepro/system/library/Barcode/phpqrcode/cache/mask_2/mask_81_2.dat'),(6305,21,'tmdpdfinvoicepro/system/library/Barcode/phpqrcode/cache/mask_2/mask_85_2.dat'),(6306,21,'tmdpdfinvoicepro/system/library/Barcode/phpqrcode/cache/mask_2/mask_89_2.dat'),(6307,21,'tmdpdfinvoicepro/system/library/Barcode/phpqrcode/cache/mask_2/mask_93_2.dat'),(6308,21,'tmdpdfinvoicepro/system/library/Barcode/phpqrcode/cache/mask_2/mask_97_2.dat'),(6309,21,'tmdpdfinvoicepro/system/library/Barcode/phpqrcode/cache/mask_3'),(6310,21,'tmdpdfinvoicepro/system/library/Barcode/phpqrcode/cache/mask_3/mask_101_3.dat'),(6311,21,'tmdpdfinvoicepro/system/library/Barcode/phpqrcode/cache/mask_3/mask_105_3.dat'),(6312,21,'tmdpdfinvoicepro/system/library/Barcode/phpqrcode/cache/mask_3/mask_109_3.dat'),(6313,21,'tmdpdfinvoicepro/system/library/Barcode/phpqrcode/cache/mask_3/mask_113_3.dat'),(6314,21,'tmdpdfinvoicepro/system/library/Barcode/phpqrcode/cache/mask_3/mask_117_3.dat'),(6315,21,'tmdpdfinvoicepro/system/library/Barcode/phpqrcode/cache/mask_3/mask_121_3.dat'),(6316,21,'tmdpdfinvoicepro/system/library/Barcode/phpqrcode/cache/mask_3/mask_125_3.dat'),(6317,21,'tmdpdfinvoicepro/system/library/Barcode/phpqrcode/cache/mask_3/mask_129_3.dat'),(6318,21,'tmdpdfinvoicepro/system/library/Barcode/phpqrcode/cache/mask_3/mask_133_3.dat'),(6319,21,'tmdpdfinvoicepro/system/library/Barcode/phpqrcode/cache/mask_3/mask_137_3.dat'),(6320,21,'tmdpdfinvoicepro/system/library/Barcode/phpqrcode/cache/mask_3/mask_141_3.dat'),(6321,21,'tmdpdfinvoicepro/system/library/Barcode/phpqrcode/cache/mask_3/mask_145_3.dat'),(6322,21,'tmdpdfinvoicepro/system/library/Barcode/phpqrcode/cache/mask_3/mask_149_3.dat'),(6323,21,'tmdpdfinvoicepro/system/library/Barcode/phpqrcode/cache/mask_3/mask_153_3.dat'),(6324,21,'tmdpdfinvoicepro/system/library/Barcode/phpqrcode/cache/mask_3/mask_157_3.dat'),(6325,21,'tmdpdfinvoicepro/system/library/Barcode/phpqrcode/cache/mask_3/mask_161_3.dat'),(6326,21,'tmdpdfinvoicepro/system/library/Barcode/phpqrcode/cache/mask_3/mask_165_3.dat'),(6327,21,'tmdpdfinvoicepro/system/library/Barcode/phpqrcode/cache/mask_3/mask_169_3.dat'),(6328,21,'tmdpdfinvoicepro/system/library/Barcode/phpqrcode/cache/mask_3/mask_173_3.dat'),(6329,21,'tmdpdfinvoicepro/system/library/Barcode/phpqrcode/cache/mask_3/mask_177_3.dat'),(6330,21,'tmdpdfinvoicepro/system/library/Barcode/phpqrcode/cache/mask_3/mask_21_3.dat'),(6331,21,'tmdpdfinvoicepro/system/library/Barcode/phpqrcode/cache/mask_3/mask_25_3.dat'),(6332,21,'tmdpdfinvoicepro/system/library/Barcode/phpqrcode/cache/mask_3/mask_29_3.dat'),(6333,21,'tmdpdfinvoicepro/system/library/Barcode/phpqrcode/cache/mask_3/mask_33_3.dat'),(6334,21,'tmdpdfinvoicepro/system/library/Barcode/phpqrcode/cache/mask_3/mask_37_3.dat'),(6335,21,'tmdpdfinvoicepro/system/library/Barcode/phpqrcode/cache/mask_3/mask_41_3.dat'),(6336,21,'tmdpdfinvoicepro/system/library/Barcode/phpqrcode/cache/mask_3/mask_45_3.dat'),(6337,21,'tmdpdfinvoicepro/system/library/Barcode/phpqrcode/cache/mask_3/mask_49_3.dat'),(6338,21,'tmdpdfinvoicepro/system/library/Barcode/phpqrcode/cache/mask_3/mask_53_3.dat'),(6339,21,'tmdpdfinvoicepro/system/library/Barcode/phpqrcode/cache/mask_3/mask_57_3.dat'),(6340,21,'tmdpdfinvoicepro/system/library/Barcode/phpqrcode/cache/mask_3/mask_61_3.dat'),(6341,21,'tmdpdfinvoicepro/system/library/Barcode/phpqrcode/cache/mask_3/mask_65_3.dat'),(6342,21,'tmdpdfinvoicepro/system/library/Barcode/phpqrcode/cache/mask_3/mask_69_3.dat'),(6343,21,'tmdpdfinvoicepro/system/library/Barcode/phpqrcode/cache/mask_3/mask_73_3.dat'),(6344,21,'tmdpdfinvoicepro/system/library/Barcode/phpqrcode/cache/mask_3/mask_77_3.dat'),(6345,21,'tmdpdfinvoicepro/system/library/Barcode/phpqrcode/cache/mask_3/mask_81_3.dat'),(6346,21,'tmdpdfinvoicepro/system/library/Barcode/phpqrcode/cache/mask_3/mask_85_3.dat'),(6347,21,'tmdpdfinvoicepro/system/library/Barcode/phpqrcode/cache/mask_3/mask_89_3.dat'),(6348,21,'tmdpdfinvoicepro/system/library/Barcode/phpqrcode/cache/mask_3/mask_93_3.dat'),(6349,21,'tmdpdfinvoicepro/system/library/Barcode/phpqrcode/cache/mask_3/mask_97_3.dat'),(6350,21,'tmdpdfinvoicepro/system/library/Barcode/phpqrcode/cache/mask_4'),(6351,21,'tmdpdfinvoicepro/system/library/Barcode/phpqrcode/cache/mask_4/mask_101_4.dat'),(6352,21,'tmdpdfinvoicepro/system/library/Barcode/phpqrcode/cache/mask_4/mask_105_4.dat'),(6353,21,'tmdpdfinvoicepro/system/library/Barcode/phpqrcode/cache/mask_4/mask_109_4.dat'),(6354,21,'tmdpdfinvoicepro/system/library/Barcode/phpqrcode/cache/mask_4/mask_113_4.dat'),(6355,21,'tmdpdfinvoicepro/system/library/Barcode/phpqrcode/cache/mask_4/mask_117_4.dat'),(6356,21,'tmdpdfinvoicepro/system/library/Barcode/phpqrcode/cache/mask_4/mask_121_4.dat'),(6357,21,'tmdpdfinvoicepro/system/library/Barcode/phpqrcode/cache/mask_4/mask_125_4.dat'),(6358,21,'tmdpdfinvoicepro/system/library/Barcode/phpqrcode/cache/mask_4/mask_129_4.dat'),(6359,21,'tmdpdfinvoicepro/system/library/Barcode/phpqrcode/cache/mask_4/mask_133_4.dat'),(6360,21,'tmdpdfinvoicepro/system/library/Barcode/phpqrcode/cache/mask_4/mask_137_4.dat'),(6361,21,'tmdpdfinvoicepro/system/library/Barcode/phpqrcode/cache/mask_4/mask_141_4.dat'),(6362,21,'tmdpdfinvoicepro/system/library/Barcode/phpqrcode/cache/mask_4/mask_145_4.dat'),(6363,21,'tmdpdfinvoicepro/system/library/Barcode/phpqrcode/cache/mask_4/mask_149_4.dat'),(6364,21,'tmdpdfinvoicepro/system/library/Barcode/phpqrcode/cache/mask_4/mask_153_4.dat'),(6365,21,'tmdpdfinvoicepro/system/library/Barcode/phpqrcode/cache/mask_4/mask_157_4.dat'),(6366,21,'tmdpdfinvoicepro/system/library/Barcode/phpqrcode/cache/mask_4/mask_161_4.dat'),(6367,21,'tmdpdfinvoicepro/system/library/Barcode/phpqrcode/cache/mask_4/mask_165_4.dat'),(6368,21,'tmdpdfinvoicepro/system/library/Barcode/phpqrcode/cache/mask_4/mask_169_4.dat'),(6369,21,'tmdpdfinvoicepro/system/library/Barcode/phpqrcode/cache/mask_4/mask_173_4.dat'),(6370,21,'tmdpdfinvoicepro/system/library/Barcode/phpqrcode/cache/mask_4/mask_177_4.dat'),(6371,21,'tmdpdfinvoicepro/system/library/Barcode/phpqrcode/cache/mask_4/mask_21_4.dat'),(6372,21,'tmdpdfinvoicepro/system/library/Barcode/phpqrcode/cache/mask_4/mask_25_4.dat'),(6373,21,'tmdpdfinvoicepro/system/library/Barcode/phpqrcode/cache/mask_4/mask_29_4.dat'),(6374,21,'tmdpdfinvoicepro/system/library/Barcode/phpqrcode/cache/mask_4/mask_33_4.dat'),(6375,21,'tmdpdfinvoicepro/system/library/Barcode/phpqrcode/cache/mask_4/mask_37_4.dat'),(6376,21,'tmdpdfinvoicepro/system/library/Barcode/phpqrcode/cache/mask_4/mask_41_4.dat'),(6377,21,'tmdpdfinvoicepro/system/library/Barcode/phpqrcode/cache/mask_4/mask_45_4.dat'),(6378,21,'tmdpdfinvoicepro/system/library/Barcode/phpqrcode/cache/mask_4/mask_49_4.dat'),(6379,21,'tmdpdfinvoicepro/system/library/Barcode/phpqrcode/cache/mask_4/mask_53_4.dat'),(6380,21,'tmdpdfinvoicepro/system/library/Barcode/phpqrcode/cache/mask_4/mask_57_4.dat'),(6381,21,'tmdpdfinvoicepro/system/library/Barcode/phpqrcode/cache/mask_4/mask_61_4.dat'),(6382,21,'tmdpdfinvoicepro/system/library/Barcode/phpqrcode/cache/mask_4/mask_65_4.dat'),(6383,21,'tmdpdfinvoicepro/system/library/Barcode/phpqrcode/cache/mask_4/mask_69_4.dat'),(6384,21,'tmdpdfinvoicepro/system/library/Barcode/phpqrcode/cache/mask_4/mask_73_4.dat'),(6385,21,'tmdpdfinvoicepro/system/library/Barcode/phpqrcode/cache/mask_4/mask_77_4.dat'),(6386,21,'tmdpdfinvoicepro/system/library/Barcode/phpqrcode/cache/mask_4/mask_81_4.dat'),(6387,21,'tmdpdfinvoicepro/system/library/Barcode/phpqrcode/cache/mask_4/mask_85_4.dat'),(6388,21,'tmdpdfinvoicepro/system/library/Barcode/phpqrcode/cache/mask_4/mask_89_4.dat'),(6389,21,'tmdpdfinvoicepro/system/library/Barcode/phpqrcode/cache/mask_4/mask_93_4.dat'),(6390,21,'tmdpdfinvoicepro/system/library/Barcode/phpqrcode/cache/mask_4/mask_97_4.dat'),(6391,21,'tmdpdfinvoicepro/system/library/Barcode/phpqrcode/cache/mask_5'),(6392,21,'tmdpdfinvoicepro/system/library/Barcode/phpqrcode/cache/mask_5/mask_101_5.dat'),(6393,21,'tmdpdfinvoicepro/system/library/Barcode/phpqrcode/cache/mask_5/mask_105_5.dat'),(6394,21,'tmdpdfinvoicepro/system/library/Barcode/phpqrcode/cache/mask_5/mask_109_5.dat'),(6395,21,'tmdpdfinvoicepro/system/library/Barcode/phpqrcode/cache/mask_5/mask_113_5.dat'),(6396,21,'tmdpdfinvoicepro/system/library/Barcode/phpqrcode/cache/mask_5/mask_117_5.dat'),(6397,21,'tmdpdfinvoicepro/system/library/Barcode/phpqrcode/cache/mask_5/mask_121_5.dat'),(6398,21,'tmdpdfinvoicepro/system/library/Barcode/phpqrcode/cache/mask_5/mask_125_5.dat'),(6399,21,'tmdpdfinvoicepro/system/library/Barcode/phpqrcode/cache/mask_5/mask_129_5.dat'),(6400,21,'tmdpdfinvoicepro/system/library/Barcode/phpqrcode/cache/mask_5/mask_133_5.dat'),(6401,21,'tmdpdfinvoicepro/system/library/Barcode/phpqrcode/cache/mask_5/mask_137_5.dat'),(6402,21,'tmdpdfinvoicepro/system/library/Barcode/phpqrcode/cache/mask_5/mask_141_5.dat'),(6403,21,'tmdpdfinvoicepro/system/library/Barcode/phpqrcode/cache/mask_5/mask_145_5.dat'),(6404,21,'tmdpdfinvoicepro/system/library/Barcode/phpqrcode/cache/mask_5/mask_149_5.dat'),(6405,21,'tmdpdfinvoicepro/system/library/Barcode/phpqrcode/cache/mask_5/mask_153_5.dat'),(6406,21,'tmdpdfinvoicepro/system/library/Barcode/phpqrcode/cache/mask_5/mask_157_5.dat'),(6407,21,'tmdpdfinvoicepro/system/library/Barcode/phpqrcode/cache/mask_5/mask_161_5.dat'),(6408,21,'tmdpdfinvoicepro/system/library/Barcode/phpqrcode/cache/mask_5/mask_165_5.dat'),(6409,21,'tmdpdfinvoicepro/system/library/Barcode/phpqrcode/cache/mask_5/mask_169_5.dat'),(6410,21,'tmdpdfinvoicepro/system/library/Barcode/phpqrcode/cache/mask_5/mask_173_5.dat'),(6411,21,'tmdpdfinvoicepro/system/library/Barcode/phpqrcode/cache/mask_5/mask_177_5.dat'),(6412,21,'tmdpdfinvoicepro/system/library/Barcode/phpqrcode/cache/mask_5/mask_21_5.dat'),(6413,21,'tmdpdfinvoicepro/system/library/Barcode/phpqrcode/cache/mask_5/mask_25_5.dat'),(6414,21,'tmdpdfinvoicepro/system/library/Barcode/phpqrcode/cache/mask_5/mask_29_5.dat'),(6415,21,'tmdpdfinvoicepro/system/library/Barcode/phpqrcode/cache/mask_5/mask_33_5.dat'),(6416,21,'tmdpdfinvoicepro/system/library/Barcode/phpqrcode/cache/mask_5/mask_37_5.dat'),(6417,21,'tmdpdfinvoicepro/system/library/Barcode/phpqrcode/cache/mask_5/mask_41_5.dat'),(6418,21,'tmdpdfinvoicepro/system/library/Barcode/phpqrcode/cache/mask_5/mask_45_5.dat'),(6419,21,'tmdpdfinvoicepro/system/library/Barcode/phpqrcode/cache/mask_5/mask_49_5.dat'),(6420,21,'tmdpdfinvoicepro/system/library/Barcode/phpqrcode/cache/mask_5/mask_53_5.dat'),(6421,21,'tmdpdfinvoicepro/system/library/Barcode/phpqrcode/cache/mask_5/mask_57_5.dat'),(6422,21,'tmdpdfinvoicepro/system/library/Barcode/phpqrcode/cache/mask_5/mask_61_5.dat'),(6423,21,'tmdpdfinvoicepro/system/library/Barcode/phpqrcode/cache/mask_5/mask_65_5.dat'),(6424,21,'tmdpdfinvoicepro/system/library/Barcode/phpqrcode/cache/mask_5/mask_69_5.dat'),(6425,21,'tmdpdfinvoicepro/system/library/Barcode/phpqrcode/cache/mask_5/mask_73_5.dat'),(6426,21,'tmdpdfinvoicepro/system/library/Barcode/phpqrcode/cache/mask_5/mask_77_5.dat'),(6427,21,'tmdpdfinvoicepro/system/library/Barcode/phpqrcode/cache/mask_5/mask_81_5.dat'),(6428,21,'tmdpdfinvoicepro/system/library/Barcode/phpqrcode/cache/mask_5/mask_85_5.dat'),(6429,21,'tmdpdfinvoicepro/system/library/Barcode/phpqrcode/cache/mask_5/mask_89_5.dat'),(6430,21,'tmdpdfinvoicepro/system/library/Barcode/phpqrcode/cache/mask_5/mask_93_5.dat'),(6431,21,'tmdpdfinvoicepro/system/library/Barcode/phpqrcode/cache/mask_5/mask_97_5.dat'),(6432,21,'tmdpdfinvoicepro/system/library/Barcode/phpqrcode/cache/mask_6'),(6433,21,'tmdpdfinvoicepro/system/library/Barcode/phpqrcode/cache/mask_6/mask_101_6.dat'),(6434,21,'tmdpdfinvoicepro/system/library/Barcode/phpqrcode/cache/mask_6/mask_105_6.dat'),(6435,21,'tmdpdfinvoicepro/system/library/Barcode/phpqrcode/cache/mask_6/mask_109_6.dat'),(6436,21,'tmdpdfinvoicepro/system/library/Barcode/phpqrcode/cache/mask_6/mask_113_6.dat'),(6437,21,'tmdpdfinvoicepro/system/library/Barcode/phpqrcode/cache/mask_6/mask_117_6.dat'),(6438,21,'tmdpdfinvoicepro/system/library/Barcode/phpqrcode/cache/mask_6/mask_121_6.dat'),(6439,21,'tmdpdfinvoicepro/system/library/Barcode/phpqrcode/cache/mask_6/mask_125_6.dat'),(6440,21,'tmdpdfinvoicepro/system/library/Barcode/phpqrcode/cache/mask_6/mask_129_6.dat'),(6441,21,'tmdpdfinvoicepro/system/library/Barcode/phpqrcode/cache/mask_6/mask_133_6.dat'),(6442,21,'tmdpdfinvoicepro/system/library/Barcode/phpqrcode/cache/mask_6/mask_137_6.dat'),(6443,21,'tmdpdfinvoicepro/system/library/Barcode/phpqrcode/cache/mask_6/mask_141_6.dat'),(6444,21,'tmdpdfinvoicepro/system/library/Barcode/phpqrcode/cache/mask_6/mask_145_6.dat'),(6445,21,'tmdpdfinvoicepro/system/library/Barcode/phpqrcode/cache/mask_6/mask_149_6.dat'),(6446,21,'tmdpdfinvoicepro/system/library/Barcode/phpqrcode/cache/mask_6/mask_153_6.dat'),(6447,21,'tmdpdfinvoicepro/system/library/Barcode/phpqrcode/cache/mask_6/mask_157_6.dat'),(6448,21,'tmdpdfinvoicepro/system/library/Barcode/phpqrcode/cache/mask_6/mask_161_6.dat'),(6449,21,'tmdpdfinvoicepro/system/library/Barcode/phpqrcode/cache/mask_6/mask_165_6.dat'),(6450,21,'tmdpdfinvoicepro/system/library/Barcode/phpqrcode/cache/mask_6/mask_169_6.dat'),(6451,21,'tmdpdfinvoicepro/system/library/Barcode/phpqrcode/cache/mask_6/mask_173_6.dat'),(6452,21,'tmdpdfinvoicepro/system/library/Barcode/phpqrcode/cache/mask_6/mask_177_6.dat'),(6453,21,'tmdpdfinvoicepro/system/library/Barcode/phpqrcode/cache/mask_6/mask_21_6.dat'),(6454,21,'tmdpdfinvoicepro/system/library/Barcode/phpqrcode/cache/mask_6/mask_25_6.dat'),(6455,21,'tmdpdfinvoicepro/system/library/Barcode/phpqrcode/cache/mask_6/mask_29_6.dat'),(6456,21,'tmdpdfinvoicepro/system/library/Barcode/phpqrcode/cache/mask_6/mask_33_6.dat'),(6457,21,'tmdpdfinvoicepro/system/library/Barcode/phpqrcode/cache/mask_6/mask_37_6.dat'),(6458,21,'tmdpdfinvoicepro/system/library/Barcode/phpqrcode/cache/mask_6/mask_41_6.dat'),(6459,21,'tmdpdfinvoicepro/system/library/Barcode/phpqrcode/cache/mask_6/mask_45_6.dat'),(6460,21,'tmdpdfinvoicepro/system/library/Barcode/phpqrcode/cache/mask_6/mask_49_6.dat'),(6461,21,'tmdpdfinvoicepro/system/library/Barcode/phpqrcode/cache/mask_6/mask_53_6.dat'),(6462,21,'tmdpdfinvoicepro/system/library/Barcode/phpqrcode/cache/mask_6/mask_57_6.dat'),(6463,21,'tmdpdfinvoicepro/system/library/Barcode/phpqrcode/cache/mask_6/mask_61_6.dat'),(6464,21,'tmdpdfinvoicepro/system/library/Barcode/phpqrcode/cache/mask_6/mask_65_6.dat'),(6465,21,'tmdpdfinvoicepro/system/library/Barcode/phpqrcode/cache/mask_6/mask_69_6.dat'),(6466,21,'tmdpdfinvoicepro/system/library/Barcode/phpqrcode/cache/mask_6/mask_73_6.dat'),(6467,21,'tmdpdfinvoicepro/system/library/Barcode/phpqrcode/cache/mask_6/mask_77_6.dat'),(6468,21,'tmdpdfinvoicepro/system/library/Barcode/phpqrcode/cache/mask_6/mask_81_6.dat'),(6469,21,'tmdpdfinvoicepro/system/library/Barcode/phpqrcode/cache/mask_6/mask_85_6.dat'),(6470,21,'tmdpdfinvoicepro/system/library/Barcode/phpqrcode/cache/mask_6/mask_89_6.dat'),(6471,21,'tmdpdfinvoicepro/system/library/Barcode/phpqrcode/cache/mask_6/mask_93_6.dat'),(6472,21,'tmdpdfinvoicepro/system/library/Barcode/phpqrcode/cache/mask_6/mask_97_6.dat'),(6473,21,'tmdpdfinvoicepro/system/library/Barcode/phpqrcode/cache/mask_7'),(6474,21,'tmdpdfinvoicepro/system/library/Barcode/phpqrcode/cache/mask_7/mask_101_7.dat'),(6475,21,'tmdpdfinvoicepro/system/library/Barcode/phpqrcode/cache/mask_7/mask_105_7.dat'),(6476,21,'tmdpdfinvoicepro/system/library/Barcode/phpqrcode/cache/mask_7/mask_109_7.dat'),(6477,21,'tmdpdfinvoicepro/system/library/Barcode/phpqrcode/cache/mask_7/mask_113_7.dat'),(6478,21,'tmdpdfinvoicepro/system/library/Barcode/phpqrcode/cache/mask_7/mask_117_7.dat'),(6479,21,'tmdpdfinvoicepro/system/library/Barcode/phpqrcode/cache/mask_7/mask_121_7.dat'),(6480,21,'tmdpdfinvoicepro/system/library/Barcode/phpqrcode/cache/mask_7/mask_125_7.dat'),(6481,21,'tmdpdfinvoicepro/system/library/Barcode/phpqrcode/cache/mask_7/mask_129_7.dat'),(6482,21,'tmdpdfinvoicepro/system/library/Barcode/phpqrcode/cache/mask_7/mask_133_7.dat'),(6483,21,'tmdpdfinvoicepro/system/library/Barcode/phpqrcode/cache/mask_7/mask_137_7.dat'),(6484,21,'tmdpdfinvoicepro/system/library/Barcode/phpqrcode/cache/mask_7/mask_141_7.dat'),(6485,21,'tmdpdfinvoicepro/system/library/Barcode/phpqrcode/cache/mask_7/mask_145_7.dat'),(6486,21,'tmdpdfinvoicepro/system/library/Barcode/phpqrcode/cache/mask_7/mask_149_7.dat'),(6487,21,'tmdpdfinvoicepro/system/library/Barcode/phpqrcode/cache/mask_7/mask_153_7.dat'),(6488,21,'tmdpdfinvoicepro/system/library/Barcode/phpqrcode/cache/mask_7/mask_157_7.dat'),(6489,21,'tmdpdfinvoicepro/system/library/Barcode/phpqrcode/cache/mask_7/mask_161_7.dat'),(6490,21,'tmdpdfinvoicepro/system/library/Barcode/phpqrcode/cache/mask_7/mask_165_7.dat'),(6491,21,'tmdpdfinvoicepro/system/library/Barcode/phpqrcode/cache/mask_7/mask_169_7.dat'),(6492,21,'tmdpdfinvoicepro/system/library/Barcode/phpqrcode/cache/mask_7/mask_173_7.dat'),(6493,21,'tmdpdfinvoicepro/system/library/Barcode/phpqrcode/cache/mask_7/mask_177_7.dat'),(6494,21,'tmdpdfinvoicepro/system/library/Barcode/phpqrcode/cache/mask_7/mask_21_7.dat'),(6495,21,'tmdpdfinvoicepro/system/library/Barcode/phpqrcode/cache/mask_7/mask_25_7.dat'),(6496,21,'tmdpdfinvoicepro/system/library/Barcode/phpqrcode/cache/mask_7/mask_29_7.dat'),(6497,21,'tmdpdfinvoicepro/system/library/Barcode/phpqrcode/cache/mask_7/mask_33_7.dat'),(6498,21,'tmdpdfinvoicepro/system/library/Barcode/phpqrcode/cache/mask_7/mask_37_7.dat'),(6499,21,'tmdpdfinvoicepro/system/library/Barcode/phpqrcode/cache/mask_7/mask_41_7.dat'),(6500,21,'tmdpdfinvoicepro/system/library/Barcode/phpqrcode/cache/mask_7/mask_45_7.dat'),(6501,21,'tmdpdfinvoicepro/system/library/Barcode/phpqrcode/cache/mask_7/mask_49_7.dat'),(6502,21,'tmdpdfinvoicepro/system/library/Barcode/phpqrcode/cache/mask_7/mask_53_7.dat'),(6503,21,'tmdpdfinvoicepro/system/library/Barcode/phpqrcode/cache/mask_7/mask_57_7.dat'),(6504,21,'tmdpdfinvoicepro/system/library/Barcode/phpqrcode/cache/mask_7/mask_61_7.dat'),(6505,21,'tmdpdfinvoicepro/system/library/Barcode/phpqrcode/cache/mask_7/mask_65_7.dat'),(6506,21,'tmdpdfinvoicepro/system/library/Barcode/phpqrcode/cache/mask_7/mask_69_7.dat'),(6507,21,'tmdpdfinvoicepro/system/library/Barcode/phpqrcode/cache/mask_7/mask_73_7.dat'),(6508,21,'tmdpdfinvoicepro/system/library/Barcode/phpqrcode/cache/mask_7/mask_77_7.dat'),(6509,21,'tmdpdfinvoicepro/system/library/Barcode/phpqrcode/cache/mask_7/mask_81_7.dat'),(6510,21,'tmdpdfinvoicepro/system/library/Barcode/phpqrcode/cache/mask_7/mask_85_7.dat'),(6511,21,'tmdpdfinvoicepro/system/library/Barcode/phpqrcode/cache/mask_7/mask_89_7.dat'),(6512,21,'tmdpdfinvoicepro/system/library/Barcode/phpqrcode/cache/mask_7/mask_93_7.dat'),(6513,21,'tmdpdfinvoicepro/system/library/Barcode/phpqrcode/cache/mask_7/mask_97_7.dat'),(6514,21,'tmdpdfinvoicepro/system/library/Barcode/phpqrcode/CHANGELOG'),(6515,21,'tmdpdfinvoicepro/system/library/Barcode/phpqrcode/index.php'),(6516,21,'tmdpdfinvoicepro/system/library/Barcode/phpqrcode/INSTALL'),(6517,21,'tmdpdfinvoicepro/system/library/Barcode/phpqrcode/LICENSE'),(6518,21,'tmdpdfinvoicepro/system/library/Barcode/phpqrcode/phpqrcode.php'),(6519,21,'tmdpdfinvoicepro/system/library/Barcode/phpqrcode/qrbitstream.php'),(6520,21,'tmdpdfinvoicepro/system/library/Barcode/phpqrcode/qrconfig.php'),(6521,21,'tmdpdfinvoicepro/system/library/Barcode/phpqrcode/qrconst.php'),(6522,21,'tmdpdfinvoicepro/system/library/Barcode/phpqrcode/qrencode.php'),(6523,21,'tmdpdfinvoicepro/system/library/Barcode/phpqrcode/qrimage.php'),(6524,21,'tmdpdfinvoicepro/system/library/Barcode/phpqrcode/qrinput.php'),(6525,21,'tmdpdfinvoicepro/system/library/Barcode/phpqrcode/qrlib.php'),(6526,21,'tmdpdfinvoicepro/system/library/Barcode/phpqrcode/qrmask.php'),(6527,21,'tmdpdfinvoicepro/system/library/Barcode/phpqrcode/qrrscode.php'),(6528,21,'tmdpdfinvoicepro/system/library/Barcode/phpqrcode/qrspec.php'),(6529,21,'tmdpdfinvoicepro/system/library/Barcode/phpqrcode/qrsplit.php'),(6530,21,'tmdpdfinvoicepro/system/library/Barcode/phpqrcode/qrtools.php'),(6531,21,'tmdpdfinvoicepro/system/library/Barcode/phpqrcode/README'),(6532,21,'tmdpdfinvoicepro/system/library/Barcode/phpqrcode/tools'),(6533,21,'tmdpdfinvoicepro/system/library/Barcode/phpqrcode/tools/merge.bat'),(6534,21,'tmdpdfinvoicepro/system/library/Barcode/phpqrcode/tools/merge.php'),(6535,21,'tmdpdfinvoicepro/system/library/Barcode/phpqrcode/tools/merge.sh'),(6536,21,'tmdpdfinvoicepro/system/library/Barcode/phpqrcode/tools/merged_config.php'),(6537,21,'tmdpdfinvoicepro/system/library/Barcode/phpqrcode/tools/merged_header.php'),(6538,21,'tmdpdfinvoicepro/system/library/Barcode/phpqrcode/VERSION'),(6539,21,'tmdpdfinvoicepro/system/library/Barcode/Types'),(6540,21,'tmdpdfinvoicepro/system/library/Barcode/Types/TypeCodabar.php'),(6541,21,'tmdpdfinvoicepro/system/library/Barcode/Types/TypeCode11.php'),(6542,21,'tmdpdfinvoicepro/system/library/Barcode/Types/TypeCode128.php'),(6543,21,'tmdpdfinvoicepro/system/library/Barcode/Types/TypeCode128A.php'),(6544,21,'tmdpdfinvoicepro/system/library/Barcode/Types/TypeCode128B.php'),(6545,21,'tmdpdfinvoicepro/system/library/Barcode/Types/TypeCode128C.php'),(6546,21,'tmdpdfinvoicepro/system/library/Barcode/Types/TypeCode39.php'),(6547,21,'tmdpdfinvoicepro/system/library/Barcode/Types/TypeCode39Checksum.php'),(6548,21,'tmdpdfinvoicepro/system/library/Barcode/Types/TypeCode39Extended.php'),(6549,21,'tmdpdfinvoicepro/system/library/Barcode/Types/TypeCode39ExtendedChecksum.php'),(6550,21,'tmdpdfinvoicepro/system/library/Barcode/Types/TypeCode93.php'),(6551,21,'tmdpdfinvoicepro/system/library/Barcode/Types/TypeEan13.php'),(6552,21,'tmdpdfinvoicepro/system/library/Barcode/Types/TypeEan8.php'),(6553,21,'tmdpdfinvoicepro/system/library/Barcode/Types/TypeEanUpcBase.php'),(6554,21,'tmdpdfinvoicepro/system/library/Barcode/Types/TypeIntelligentMailBarcode.php'),(6555,21,'tmdpdfinvoicepro/system/library/Barcode/Types/TypeInterface.php'),(6556,21,'tmdpdfinvoicepro/system/library/Barcode/Types/TypeInterleaved25.php'),(6557,21,'tmdpdfinvoicepro/system/library/Barcode/Types/TypeInterleaved25Checksum.php'),(6558,21,'tmdpdfinvoicepro/system/library/Barcode/Types/TypeKix.php'),(6559,21,'tmdpdfinvoicepro/system/library/Barcode/Types/TypeMsi.php'),(6560,21,'tmdpdfinvoicepro/system/library/Barcode/Types/TypeMsiChecksum.php'),(6561,21,'tmdpdfinvoicepro/system/library/Barcode/Types/TypePharmacode.php'),(6562,21,'tmdpdfinvoicepro/system/library/Barcode/Types/TypePharmacodeTwoCode.php'),(6563,21,'tmdpdfinvoicepro/system/library/Barcode/Types/TypePlanet.php'),(6564,21,'tmdpdfinvoicepro/system/library/Barcode/Types/TypePostnet.php'),(6565,21,'tmdpdfinvoicepro/system/library/Barcode/Types/TypeRms4cc.php'),(6566,21,'tmdpdfinvoicepro/system/library/Barcode/Types/TypeStandard2of5.php'),(6567,21,'tmdpdfinvoicepro/system/library/Barcode/Types/TypeStandard2of5Checksum.php'),(6568,21,'tmdpdfinvoicepro/system/library/Barcode/Types/TypeUpcA.php'),(6569,21,'tmdpdfinvoicepro/system/library/Barcode/Types/TypeUpcE.php'),(6570,21,'tmdpdfinvoicepro/system/library/Barcode/Types/TypeUpcExtension2.php'),(6571,21,'tmdpdfinvoicepro/system/library/Barcode/Types/TypeUpcExtension5.php'),(6572,21,'tmdpdfinvoicepro/system/library/dompdf'),(6573,21,'tmdpdfinvoicepro/system/library/dompdf/AUTHORS.md'),(6574,21,'tmdpdfinvoicepro/system/library/dompdf/autoload.inc.php'),(6575,21,'tmdpdfinvoicepro/system/library/dompdf/LICENSE.LGPL'),(6576,21,'tmdpdfinvoicepro/system/library/dompdf/README.md'),(6577,21,'tmdpdfinvoicepro/system/library/dompdf/vendor'),(6578,21,'tmdpdfinvoicepro/system/library/dompdf/vendor/autoload.php'),(6579,21,'tmdpdfinvoicepro/system/library/dompdf/vendor/composer'),(6580,21,'tmdpdfinvoicepro/system/library/dompdf/vendor/composer/autoload_classmap.php'),(6581,21,'tmdpdfinvoicepro/system/library/dompdf/vendor/composer/autoload_namespaces.php'),(6582,21,'tmdpdfinvoicepro/system/library/dompdf/vendor/composer/autoload_psr4.php'),(6583,21,'tmdpdfinvoicepro/system/library/dompdf/vendor/composer/autoload_real.php'),(6584,21,'tmdpdfinvoicepro/system/library/dompdf/vendor/composer/autoload_static.php'),(6585,21,'tmdpdfinvoicepro/system/library/dompdf/vendor/composer/ClassLoader.php'),(6586,21,'tmdpdfinvoicepro/system/library/dompdf/vendor/composer/installed.json'),(6587,21,'tmdpdfinvoicepro/system/library/dompdf/vendor/composer/installed.php'),(6588,21,'tmdpdfinvoicepro/system/library/dompdf/vendor/composer/InstalledVersions.php'),(6589,21,'tmdpdfinvoicepro/system/library/dompdf/vendor/composer/LICENSE'),(6590,21,'tmdpdfinvoicepro/system/library/dompdf/vendor/composer/platform_check.php'),(6591,21,'tmdpdfinvoicepro/system/library/dompdf/vendor/dompdf'),(6592,21,'tmdpdfinvoicepro/system/library/dompdf/vendor/dompdf/dompdf'),(6593,21,'tmdpdfinvoicepro/system/library/dompdf/vendor/dompdf/dompdf/AUTHORS.md'),(6594,21,'tmdpdfinvoicepro/system/library/dompdf/vendor/dompdf/dompdf/composer.json'),(6595,21,'tmdpdfinvoicepro/system/library/dompdf/vendor/dompdf/dompdf/lib'),(6596,21,'tmdpdfinvoicepro/system/library/dompdf/vendor/dompdf/dompdf/lib/Cpdf.php'),(6597,21,'tmdpdfinvoicepro/system/library/dompdf/vendor/dompdf/dompdf/lib/fonts'),(6598,21,'tmdpdfinvoicepro/system/library/dompdf/vendor/dompdf/dompdf/lib/fonts/Courier.afm'),(6599,21,'tmdpdfinvoicepro/system/library/dompdf/vendor/dompdf/dompdf/lib/fonts/Courier-Bold.afm'),(6600,21,'tmdpdfinvoicepro/system/library/dompdf/vendor/dompdf/dompdf/lib/fonts/Courier-BoldOblique.afm'),(6601,21,'tmdpdfinvoicepro/system/library/dompdf/vendor/dompdf/dompdf/lib/fonts/Courier-Oblique.afm'),(6602,21,'tmdpdfinvoicepro/system/library/dompdf/vendor/dompdf/dompdf/lib/fonts/DejaVuSans.ttf'),(6603,21,'tmdpdfinvoicepro/system/library/dompdf/vendor/dompdf/dompdf/lib/fonts/DejaVuSans.ufm'),(6604,21,'tmdpdfinvoicepro/system/library/dompdf/vendor/dompdf/dompdf/lib/fonts/DejaVuSans.ufm.json'),(6605,21,'tmdpdfinvoicepro/system/library/dompdf/vendor/dompdf/dompdf/lib/fonts/DejaVuSans-Bold.ttf'),(6606,21,'tmdpdfinvoicepro/system/library/dompdf/vendor/dompdf/dompdf/lib/fonts/DejaVuSans-Bold.ufm'),(6607,21,'tmdpdfinvoicepro/system/library/dompdf/vendor/dompdf/dompdf/lib/fonts/DejaVuSans-Bold.ufm.json'),(6608,21,'tmdpdfinvoicepro/system/library/dompdf/vendor/dompdf/dompdf/lib/fonts/DejaVuSans-BoldOblique.ttf'),(6609,21,'tmdpdfinvoicepro/system/library/dompdf/vendor/dompdf/dompdf/lib/fonts/DejaVuSans-BoldOblique.ufm'),(6610,21,'tmdpdfinvoicepro/system/library/dompdf/vendor/dompdf/dompdf/lib/fonts/DejaVuSansMono.ttf'),(6611,21,'tmdpdfinvoicepro/system/library/dompdf/vendor/dompdf/dompdf/lib/fonts/DejaVuSansMono.ufm'),(6612,21,'tmdpdfinvoicepro/system/library/dompdf/vendor/dompdf/dompdf/lib/fonts/DejaVuSansMono-Bold.ttf'),(6613,21,'tmdpdfinvoicepro/system/library/dompdf/vendor/dompdf/dompdf/lib/fonts/DejaVuSansMono-Bold.ufm'),(6614,21,'tmdpdfinvoicepro/system/library/dompdf/vendor/dompdf/dompdf/lib/fonts/DejaVuSansMono-BoldOblique.ttf'),(6615,21,'tmdpdfinvoicepro/system/library/dompdf/vendor/dompdf/dompdf/lib/fonts/DejaVuSansMono-BoldOblique.ufm'),(6616,21,'tmdpdfinvoicepro/system/library/dompdf/vendor/dompdf/dompdf/lib/fonts/DejaVuSansMono-Oblique.ttf'),(6617,21,'tmdpdfinvoicepro/system/library/dompdf/vendor/dompdf/dompdf/lib/fonts/DejaVuSansMono-Oblique.ufm'),(6618,21,'tmdpdfinvoicepro/system/library/dompdf/vendor/dompdf/dompdf/lib/fonts/DejaVuSans-Oblique.ttf'),(6619,21,'tmdpdfinvoicepro/system/library/dompdf/vendor/dompdf/dompdf/lib/fonts/DejaVuSans-Oblique.ufm'),(6620,21,'tmdpdfinvoicepro/system/library/dompdf/vendor/dompdf/dompdf/lib/fonts/DejaVuSerif.ttf'),(6621,21,'tmdpdfinvoicepro/system/library/dompdf/vendor/dompdf/dompdf/lib/fonts/DejaVuSerif.ufm'),(6622,21,'tmdpdfinvoicepro/system/library/dompdf/vendor/dompdf/dompdf/lib/fonts/DejaVuSerif-Bold.ttf'),(6623,21,'tmdpdfinvoicepro/system/library/dompdf/vendor/dompdf/dompdf/lib/fonts/DejaVuSerif-Bold.ufm'),(6624,21,'tmdpdfinvoicepro/system/library/dompdf/vendor/dompdf/dompdf/lib/fonts/DejaVuSerif-BoldItalic.ttf'),(6625,21,'tmdpdfinvoicepro/system/library/dompdf/vendor/dompdf/dompdf/lib/fonts/DejaVuSerif-BoldItalic.ufm'),(6626,21,'tmdpdfinvoicepro/system/library/dompdf/vendor/dompdf/dompdf/lib/fonts/DejaVuSerif-Italic.ttf'),(6627,21,'tmdpdfinvoicepro/system/library/dompdf/vendor/dompdf/dompdf/lib/fonts/DejaVuSerif-Italic.ufm'),(6628,21,'tmdpdfinvoicepro/system/library/dompdf/vendor/dompdf/dompdf/lib/fonts/Helvetica.afm'),(6629,21,'tmdpdfinvoicepro/system/library/dompdf/vendor/dompdf/dompdf/lib/fonts/Helvetica-Bold.afm'),(6630,21,'tmdpdfinvoicepro/system/library/dompdf/vendor/dompdf/dompdf/lib/fonts/Helvetica-BoldOblique.afm'),(6631,21,'tmdpdfinvoicepro/system/library/dompdf/vendor/dompdf/dompdf/lib/fonts/Helvetica-Oblique.afm'),(6632,21,'tmdpdfinvoicepro/system/library/dompdf/vendor/dompdf/dompdf/lib/fonts/installed-fonts.dist.json'),(6633,21,'tmdpdfinvoicepro/system/library/dompdf/vendor/dompdf/dompdf/lib/fonts/mustRead.html'),(6634,21,'tmdpdfinvoicepro/system/library/dompdf/vendor/dompdf/dompdf/lib/fonts/Symbol.afm'),(6635,21,'tmdpdfinvoicepro/system/library/dompdf/vendor/dompdf/dompdf/lib/fonts/Times-Bold.afm'),(6636,21,'tmdpdfinvoicepro/system/library/dompdf/vendor/dompdf/dompdf/lib/fonts/Times-Bold.afm.json'),(6637,21,'tmdpdfinvoicepro/system/library/dompdf/vendor/dompdf/dompdf/lib/fonts/Times-BoldItalic.afm'),(6638,21,'tmdpdfinvoicepro/system/library/dompdf/vendor/dompdf/dompdf/lib/fonts/Times-Italic.afm'),(6639,21,'tmdpdfinvoicepro/system/library/dompdf/vendor/dompdf/dompdf/lib/fonts/Times-Roman.afm'),(6640,21,'tmdpdfinvoicepro/system/library/dompdf/vendor/dompdf/dompdf/lib/fonts/ZapfDingbats.afm'),(6641,21,'tmdpdfinvoicepro/system/library/dompdf/vendor/dompdf/dompdf/lib/res'),(6642,21,'tmdpdfinvoicepro/system/library/dompdf/vendor/dompdf/dompdf/lib/res/broken_image.png'),(6643,21,'tmdpdfinvoicepro/system/library/dompdf/vendor/dompdf/dompdf/lib/res/broken_image.svg'),(6644,21,'tmdpdfinvoicepro/system/library/dompdf/vendor/dompdf/dompdf/lib/res/html.css'),(6645,21,'tmdpdfinvoicepro/system/library/dompdf/vendor/dompdf/dompdf/LICENSE.LGPL'),(6646,21,'tmdpdfinvoicepro/system/library/dompdf/vendor/dompdf/dompdf/README.md'),(6647,21,'tmdpdfinvoicepro/system/library/dompdf/vendor/dompdf/dompdf/src'),(6648,21,'tmdpdfinvoicepro/system/library/dompdf/vendor/dompdf/dompdf/src/Adapter'),(6649,21,'tmdpdfinvoicepro/system/library/dompdf/vendor/dompdf/dompdf/src/Adapter/CPDF.php'),(6650,21,'tmdpdfinvoicepro/system/library/dompdf/vendor/dompdf/dompdf/src/Adapter/GD.php'),(6651,21,'tmdpdfinvoicepro/system/library/dompdf/vendor/dompdf/dompdf/src/Adapter/PDFLib.php'),(6652,21,'tmdpdfinvoicepro/system/library/dompdf/vendor/dompdf/dompdf/src/Canvas.php'),(6653,21,'tmdpdfinvoicepro/system/library/dompdf/vendor/dompdf/dompdf/src/CanvasFactory.php'),(6654,21,'tmdpdfinvoicepro/system/library/dompdf/vendor/dompdf/dompdf/src/Cellmap.php'),(6655,21,'tmdpdfinvoicepro/system/library/dompdf/vendor/dompdf/dompdf/src/Css'),(6656,21,'tmdpdfinvoicepro/system/library/dompdf/vendor/dompdf/dompdf/src/Css/AttributeTranslator.php'),(6657,21,'tmdpdfinvoicepro/system/library/dompdf/vendor/dompdf/dompdf/src/Css/Color.php'),(6658,21,'tmdpdfinvoicepro/system/library/dompdf/vendor/dompdf/dompdf/src/Css/Style.php'),(6659,21,'tmdpdfinvoicepro/system/library/dompdf/vendor/dompdf/dompdf/src/Css/Stylesheet.php'),(6660,21,'tmdpdfinvoicepro/system/library/dompdf/vendor/dompdf/dompdf/src/Dompdf.php'),(6661,21,'tmdpdfinvoicepro/system/library/dompdf/vendor/dompdf/dompdf/src/Exception.php'),(6662,21,'tmdpdfinvoicepro/system/library/dompdf/vendor/dompdf/dompdf/src/Exception'),(6663,21,'tmdpdfinvoicepro/system/library/dompdf/vendor/dompdf/dompdf/src/Exception/ImageException.php'),(6664,21,'tmdpdfinvoicepro/system/library/dompdf/vendor/dompdf/dompdf/src/FontMetrics.php'),(6665,21,'tmdpdfinvoicepro/system/library/dompdf/vendor/dompdf/dompdf/src/Frame.php'),(6666,21,'tmdpdfinvoicepro/system/library/dompdf/vendor/dompdf/dompdf/src/Frame'),(6667,21,'tmdpdfinvoicepro/system/library/dompdf/vendor/dompdf/dompdf/src/Frame/Factory.php'),(6668,21,'tmdpdfinvoicepro/system/library/dompdf/vendor/dompdf/dompdf/src/Frame/FrameListIterator.php'),(6669,21,'tmdpdfinvoicepro/system/library/dompdf/vendor/dompdf/dompdf/src/Frame/FrameTree.php'),(6670,21,'tmdpdfinvoicepro/system/library/dompdf/vendor/dompdf/dompdf/src/Frame/FrameTreeIterator.php'),(6671,21,'tmdpdfinvoicepro/system/library/dompdf/vendor/dompdf/dompdf/src/FrameDecorator'),(6672,21,'tmdpdfinvoicepro/system/library/dompdf/vendor/dompdf/dompdf/src/FrameDecorator/AbstractFrameDecorator.php'),(6673,21,'tmdpdfinvoicepro/system/library/dompdf/vendor/dompdf/dompdf/src/FrameDecorator/Block.php'),(6674,21,'tmdpdfinvoicepro/system/library/dompdf/vendor/dompdf/dompdf/src/FrameDecorator/Image.php'),(6675,21,'tmdpdfinvoicepro/system/library/dompdf/vendor/dompdf/dompdf/src/FrameDecorator/Inline.php'),(6676,21,'tmdpdfinvoicepro/system/library/dompdf/vendor/dompdf/dompdf/src/FrameDecorator/ListBullet.php'),(6677,21,'tmdpdfinvoicepro/system/library/dompdf/vendor/dompdf/dompdf/src/FrameDecorator/ListBulletImage.php'),(6678,21,'tmdpdfinvoicepro/system/library/dompdf/vendor/dompdf/dompdf/src/FrameDecorator/NullFrameDecorator.php'),(6679,21,'tmdpdfinvoicepro/system/library/dompdf/vendor/dompdf/dompdf/src/FrameDecorator/Page.php'),(6680,21,'tmdpdfinvoicepro/system/library/dompdf/vendor/dompdf/dompdf/src/FrameDecorator/Table.php'),(6681,21,'tmdpdfinvoicepro/system/library/dompdf/vendor/dompdf/dompdf/src/FrameDecorator/TableCell.php'),(6682,21,'tmdpdfinvoicepro/system/library/dompdf/vendor/dompdf/dompdf/src/FrameDecorator/TableRow.php'),(6683,21,'tmdpdfinvoicepro/system/library/dompdf/vendor/dompdf/dompdf/src/FrameDecorator/TableRowGroup.php'),(6684,21,'tmdpdfinvoicepro/system/library/dompdf/vendor/dompdf/dompdf/src/FrameDecorator/Text.php'),(6685,21,'tmdpdfinvoicepro/system/library/dompdf/vendor/dompdf/dompdf/src/FrameReflower'),(6686,21,'tmdpdfinvoicepro/system/library/dompdf/vendor/dompdf/dompdf/src/FrameReflower/AbstractFrameReflower.php'),(6687,21,'tmdpdfinvoicepro/system/library/dompdf/vendor/dompdf/dompdf/src/FrameReflower/Block.php'),(6688,21,'tmdpdfinvoicepro/system/library/dompdf/vendor/dompdf/dompdf/src/FrameReflower/Image.php'),(6689,21,'tmdpdfinvoicepro/system/library/dompdf/vendor/dompdf/dompdf/src/FrameReflower/Inline.php'),(6690,21,'tmdpdfinvoicepro/system/library/dompdf/vendor/dompdf/dompdf/src/FrameReflower/ListBullet.php'),(6691,21,'tmdpdfinvoicepro/system/library/dompdf/vendor/dompdf/dompdf/src/FrameReflower/NullFrameReflower.php'),(6692,21,'tmdpdfinvoicepro/system/library/dompdf/vendor/dompdf/dompdf/src/FrameReflower/Page.php'),(6693,21,'tmdpdfinvoicepro/system/library/dompdf/vendor/dompdf/dompdf/src/FrameReflower/Table.php'),(6694,21,'tmdpdfinvoicepro/system/library/dompdf/vendor/dompdf/dompdf/src/FrameReflower/TableCell.php'),(6695,21,'tmdpdfinvoicepro/system/library/dompdf/vendor/dompdf/dompdf/src/FrameReflower/TableRow.php'),(6696,21,'tmdpdfinvoicepro/system/library/dompdf/vendor/dompdf/dompdf/src/FrameReflower/TableRowGroup.php'),(6697,21,'tmdpdfinvoicepro/system/library/dompdf/vendor/dompdf/dompdf/src/FrameReflower/Text.php'),(6698,21,'tmdpdfinvoicepro/system/library/dompdf/vendor/dompdf/dompdf/src/Helpers.php'),(6699,21,'tmdpdfinvoicepro/system/library/dompdf/vendor/dompdf/dompdf/src/Image'),(6700,21,'tmdpdfinvoicepro/system/library/dompdf/vendor/dompdf/dompdf/src/Image/Cache.php'),(6701,21,'tmdpdfinvoicepro/system/library/dompdf/vendor/dompdf/dompdf/src/JavascriptEmbedder.php'),(6702,21,'tmdpdfinvoicepro/system/library/dompdf/vendor/dompdf/dompdf/src/LineBox.php'),(6703,21,'tmdpdfinvoicepro/system/library/dompdf/vendor/dompdf/dompdf/src/Options.php'),(6704,21,'tmdpdfinvoicepro/system/library/dompdf/vendor/dompdf/dompdf/src/PhpEvaluator.php'),(6705,21,'tmdpdfinvoicepro/system/library/dompdf/vendor/dompdf/dompdf/src/Positioner'),(6706,21,'tmdpdfinvoicepro/system/library/dompdf/vendor/dompdf/dompdf/src/Positioner/Absolute.php'),(6707,21,'tmdpdfinvoicepro/system/library/dompdf/vendor/dompdf/dompdf/src/Positioner/AbstractPositioner.php'),(6708,21,'tmdpdfinvoicepro/system/library/dompdf/vendor/dompdf/dompdf/src/Positioner/Block.php'),(6709,21,'tmdpdfinvoicepro/system/library/dompdf/vendor/dompdf/dompdf/src/Positioner/Fixed.php'),(6710,21,'tmdpdfinvoicepro/system/library/dompdf/vendor/dompdf/dompdf/src/Positioner/Inline.php'),(6711,21,'tmdpdfinvoicepro/system/library/dompdf/vendor/dompdf/dompdf/src/Positioner/ListBullet.php'),(6712,21,'tmdpdfinvoicepro/system/library/dompdf/vendor/dompdf/dompdf/src/Positioner/NullPositioner.php'),(6713,21,'tmdpdfinvoicepro/system/library/dompdf/vendor/dompdf/dompdf/src/Positioner/TableCell.php'),(6714,21,'tmdpdfinvoicepro/system/library/dompdf/vendor/dompdf/dompdf/src/Positioner/TableRow.php'),(6715,21,'tmdpdfinvoicepro/system/library/dompdf/vendor/dompdf/dompdf/src/Renderer.php'),(6716,21,'tmdpdfinvoicepro/system/library/dompdf/vendor/dompdf/dompdf/src/Renderer'),(6717,21,'tmdpdfinvoicepro/system/library/dompdf/vendor/dompdf/dompdf/src/Renderer/AbstractRenderer.php'),(6718,21,'tmdpdfinvoicepro/system/library/dompdf/vendor/dompdf/dompdf/src/Renderer/Block.php'),(6719,21,'tmdpdfinvoicepro/system/library/dompdf/vendor/dompdf/dompdf/src/Renderer/Image.php'),(6720,21,'tmdpdfinvoicepro/system/library/dompdf/vendor/dompdf/dompdf/src/Renderer/Inline.php'),(6721,21,'tmdpdfinvoicepro/system/library/dompdf/vendor/dompdf/dompdf/src/Renderer/ListBullet.php'),(6722,21,'tmdpdfinvoicepro/system/library/dompdf/vendor/dompdf/dompdf/src/Renderer/TableCell.php'),(6723,21,'tmdpdfinvoicepro/system/library/dompdf/vendor/dompdf/dompdf/src/Renderer/TableRowGroup.php'),(6724,21,'tmdpdfinvoicepro/system/library/dompdf/vendor/dompdf/dompdf/src/Renderer/Text.php'),(6725,21,'tmdpdfinvoicepro/system/library/dompdf/vendor/dompdf/dompdf/VERSION'),(6726,21,'tmdpdfinvoicepro/system/library/dompdf/vendor/masterminds'),(6727,21,'tmdpdfinvoicepro/system/library/dompdf/vendor/masterminds/html5'),(6728,21,'tmdpdfinvoicepro/system/library/dompdf/vendor/masterminds/html5/bin'),(6729,21,'tmdpdfinvoicepro/system/library/dompdf/vendor/masterminds/html5/bin/entities.php'),(6730,21,'tmdpdfinvoicepro/system/library/dompdf/vendor/masterminds/html5/composer.json'),(6731,21,'tmdpdfinvoicepro/system/library/dompdf/vendor/masterminds/html5/CREDITS'),(6732,21,'tmdpdfinvoicepro/system/library/dompdf/vendor/masterminds/html5/LICENSE.txt'),(6733,21,'tmdpdfinvoicepro/system/library/dompdf/vendor/masterminds/html5/README.md'),(6734,21,'tmdpdfinvoicepro/system/library/dompdf/vendor/masterminds/html5/RELEASE.md'),(6735,21,'tmdpdfinvoicepro/system/library/dompdf/vendor/masterminds/html5/src'),(6736,21,'tmdpdfinvoicepro/system/library/dompdf/vendor/masterminds/html5/src/HTML5.php'),(6737,21,'tmdpdfinvoicepro/system/library/dompdf/vendor/masterminds/html5/src/HTML5'),(6738,21,'tmdpdfinvoicepro/system/library/dompdf/vendor/masterminds/html5/src/HTML5/Elements.php'),(6739,21,'tmdpdfinvoicepro/system/library/dompdf/vendor/masterminds/html5/src/HTML5/Entities.php'),(6740,21,'tmdpdfinvoicepro/system/library/dompdf/vendor/masterminds/html5/src/HTML5/Exception.php'),(6741,21,'tmdpdfinvoicepro/system/library/dompdf/vendor/masterminds/html5/src/HTML5/InstructionProcessor.php'),(6742,21,'tmdpdfinvoicepro/system/library/dompdf/vendor/masterminds/html5/src/HTML5/Parser'),(6743,21,'tmdpdfinvoicepro/system/library/dompdf/vendor/masterminds/html5/src/HTML5/Parser/CharacterReference.php'),(6744,21,'tmdpdfinvoicepro/system/library/dompdf/vendor/masterminds/html5/src/HTML5/Parser/DOMTreeBuilder.php'),(6745,21,'tmdpdfinvoicepro/system/library/dompdf/vendor/masterminds/html5/src/HTML5/Parser/EventHandler.php'),(6746,21,'tmdpdfinvoicepro/system/library/dompdf/vendor/masterminds/html5/src/HTML5/Parser/FileInputStream.php'),(6747,21,'tmdpdfinvoicepro/system/library/dompdf/vendor/masterminds/html5/src/HTML5/Parser/InputStream.php'),(6748,21,'tmdpdfinvoicepro/system/library/dompdf/vendor/masterminds/html5/src/HTML5/Parser/ParseError.php'),(6749,21,'tmdpdfinvoicepro/system/library/dompdf/vendor/masterminds/html5/src/HTML5/Parser/README.md'),(6750,21,'tmdpdfinvoicepro/system/library/dompdf/vendor/masterminds/html5/src/HTML5/Parser/Scanner.php'),(6751,21,'tmdpdfinvoicepro/system/library/dompdf/vendor/masterminds/html5/src/HTML5/Parser/StringInputStream.php'),(6752,21,'tmdpdfinvoicepro/system/library/dompdf/vendor/masterminds/html5/src/HTML5/Parser/Tokenizer.php'),(6753,21,'tmdpdfinvoicepro/system/library/dompdf/vendor/masterminds/html5/src/HTML5/Parser/TreeBuildingRules.php'),(6754,21,'tmdpdfinvoicepro/system/library/dompdf/vendor/masterminds/html5/src/HTML5/Parser/UTF8Utils.php'),(6755,21,'tmdpdfinvoicepro/system/library/dompdf/vendor/masterminds/html5/src/HTML5/Serializer'),(6756,21,'tmdpdfinvoicepro/system/library/dompdf/vendor/masterminds/html5/src/HTML5/Serializer/HTML5Entities.php'),(6757,21,'tmdpdfinvoicepro/system/library/dompdf/vendor/masterminds/html5/src/HTML5/Serializer/OutputRules.php'),(6758,21,'tmdpdfinvoicepro/system/library/dompdf/vendor/masterminds/html5/src/HTML5/Serializer/README.md'),(6759,21,'tmdpdfinvoicepro/system/library/dompdf/vendor/masterminds/html5/src/HTML5/Serializer/RulesInterface.php'),(6760,21,'tmdpdfinvoicepro/system/library/dompdf/vendor/masterminds/html5/src/HTML5/Serializer/Traverser.php'),(6761,21,'tmdpdfinvoicepro/system/library/dompdf/vendor/masterminds/html5/UPGRADING.md'),(6762,21,'tmdpdfinvoicepro/system/library/dompdf/vendor/phenx'),(6763,21,'tmdpdfinvoicepro/system/library/dompdf/vendor/phenx/php-font-lib'),(6764,21,'tmdpdfinvoicepro/system/library/dompdf/vendor/phenx/php-font-lib/.github'),(6765,21,'tmdpdfinvoicepro/system/library/dompdf/vendor/phenx/php-font-lib/.github/workflows'),(6766,21,'tmdpdfinvoicepro/system/library/dompdf/vendor/phenx/php-font-lib/.github/workflows/phpunit.yml'),(6767,21,'tmdpdfinvoicepro/system/library/dompdf/vendor/phenx/php-font-lib/.htaccess'),(6768,21,'tmdpdfinvoicepro/system/library/dompdf/vendor/phenx/php-font-lib/bower.json'),(6769,21,'tmdpdfinvoicepro/system/library/dompdf/vendor/phenx/php-font-lib/composer.json'),(6770,21,'tmdpdfinvoicepro/system/library/dompdf/vendor/phenx/php-font-lib/index.php'),(6771,21,'tmdpdfinvoicepro/system/library/dompdf/vendor/phenx/php-font-lib/LICENSE'),(6772,21,'tmdpdfinvoicepro/system/library/dompdf/vendor/phenx/php-font-lib/maps'),(6773,21,'tmdpdfinvoicepro/system/library/dompdf/vendor/phenx/php-font-lib/maps/adobe-standard-encoding.map'),(6774,21,'tmdpdfinvoicepro/system/library/dompdf/vendor/phenx/php-font-lib/maps/cp1250.map'),(6775,21,'tmdpdfinvoicepro/system/library/dompdf/vendor/phenx/php-font-lib/maps/cp1251.map'),(6776,21,'tmdpdfinvoicepro/system/library/dompdf/vendor/phenx/php-font-lib/maps/cp1252.map'),(6777,21,'tmdpdfinvoicepro/system/library/dompdf/vendor/phenx/php-font-lib/maps/cp1253.map'),(6778,21,'tmdpdfinvoicepro/system/library/dompdf/vendor/phenx/php-font-lib/maps/cp1254.map'),(6779,21,'tmdpdfinvoicepro/system/library/dompdf/vendor/phenx/php-font-lib/maps/cp1255.map'),(6780,21,'tmdpdfinvoicepro/system/library/dompdf/vendor/phenx/php-font-lib/maps/cp1257.map'),(6781,21,'tmdpdfinvoicepro/system/library/dompdf/vendor/phenx/php-font-lib/maps/cp1258.map'),(6782,21,'tmdpdfinvoicepro/system/library/dompdf/vendor/phenx/php-font-lib/maps/cp874.map'),(6783,21,'tmdpdfinvoicepro/system/library/dompdf/vendor/phenx/php-font-lib/maps/iso-8859-1.map'),(6784,21,'tmdpdfinvoicepro/system/library/dompdf/vendor/phenx/php-font-lib/maps/iso-8859-11.map'),(6785,21,'tmdpdfinvoicepro/system/library/dompdf/vendor/phenx/php-font-lib/maps/iso-8859-15.map'),(6786,21,'tmdpdfinvoicepro/system/library/dompdf/vendor/phenx/php-font-lib/maps/iso-8859-16.map'),(6787,21,'tmdpdfinvoicepro/system/library/dompdf/vendor/phenx/php-font-lib/maps/iso-8859-2.map'),(6788,21,'tmdpdfinvoicepro/system/library/dompdf/vendor/phenx/php-font-lib/maps/iso-8859-4.map'),(6789,21,'tmdpdfinvoicepro/system/library/dompdf/vendor/phenx/php-font-lib/maps/iso-8859-5.map'),(6790,21,'tmdpdfinvoicepro/system/library/dompdf/vendor/phenx/php-font-lib/maps/iso-8859-7.map'),(6791,21,'tmdpdfinvoicepro/system/library/dompdf/vendor/phenx/php-font-lib/maps/iso-8859-9.map'),(6792,21,'tmdpdfinvoicepro/system/library/dompdf/vendor/phenx/php-font-lib/maps/koi8-r.map'),(6793,21,'tmdpdfinvoicepro/system/library/dompdf/vendor/phenx/php-font-lib/maps/koi8-u.map'),(6794,21,'tmdpdfinvoicepro/system/library/dompdf/vendor/phenx/php-font-lib/README.md'),(6795,21,'tmdpdfinvoicepro/system/library/dompdf/vendor/phenx/php-font-lib/src'),(6796,21,'tmdpdfinvoicepro/system/library/dompdf/vendor/phenx/php-font-lib/src/FontLib'),(6797,21,'tmdpdfinvoicepro/system/library/dompdf/vendor/phenx/php-font-lib/src/FontLib/AdobeFontMetrics.php'),(6798,21,'tmdpdfinvoicepro/system/library/dompdf/vendor/phenx/php-font-lib/src/FontLib/Autoloader.php'),(6799,21,'tmdpdfinvoicepro/system/library/dompdf/vendor/phenx/php-font-lib/src/FontLib/BinaryStream.php'),(6800,21,'tmdpdfinvoicepro/system/library/dompdf/vendor/phenx/php-font-lib/src/FontLib/EncodingMap.php'),(6801,21,'tmdpdfinvoicepro/system/library/dompdf/vendor/phenx/php-font-lib/src/FontLib/EOT'),(6802,21,'tmdpdfinvoicepro/system/library/dompdf/vendor/phenx/php-font-lib/src/FontLib/EOT/File.php'),(6803,21,'tmdpdfinvoicepro/system/library/dompdf/vendor/phenx/php-font-lib/src/FontLib/EOT/Header.php'),(6804,21,'tmdpdfinvoicepro/system/library/dompdf/vendor/phenx/php-font-lib/src/FontLib/Exception'),(6805,21,'tmdpdfinvoicepro/system/library/dompdf/vendor/phenx/php-font-lib/src/FontLib/Exception/FontNotFoundException.php'),(6806,21,'tmdpdfinvoicepro/system/library/dompdf/vendor/phenx/php-font-lib/src/FontLib/Font.php'),(6807,21,'tmdpdfinvoicepro/system/library/dompdf/vendor/phenx/php-font-lib/src/FontLib/Glyph'),(6808,21,'tmdpdfinvoicepro/system/library/dompdf/vendor/phenx/php-font-lib/src/FontLib/Glyph/Outline.php'),(6809,21,'tmdpdfinvoicepro/system/library/dompdf/vendor/phenx/php-font-lib/src/FontLib/Glyph/OutlineComponent.php'),(6810,21,'tmdpdfinvoicepro/system/library/dompdf/vendor/phenx/php-font-lib/src/FontLib/Glyph/OutlineComposite.php'),(6811,21,'tmdpdfinvoicepro/system/library/dompdf/vendor/phenx/php-font-lib/src/FontLib/Glyph/OutlineSimple.php'),(6812,21,'tmdpdfinvoicepro/system/library/dompdf/vendor/phenx/php-font-lib/src/FontLib/Header.php'),(6813,21,'tmdpdfinvoicepro/system/library/dompdf/vendor/phenx/php-font-lib/src/FontLib/OpenType'),(6814,21,'tmdpdfinvoicepro/system/library/dompdf/vendor/phenx/php-font-lib/src/FontLib/OpenType/File.php'),(6815,21,'tmdpdfinvoicepro/system/library/dompdf/vendor/phenx/php-font-lib/src/FontLib/OpenType/TableDirectoryEntry.php'),(6816,21,'tmdpdfinvoicepro/system/library/dompdf/vendor/phenx/php-font-lib/src/FontLib/Table'),(6817,21,'tmdpdfinvoicepro/system/library/dompdf/vendor/phenx/php-font-lib/src/FontLib/Table/DirectoryEntry.php'),(6818,21,'tmdpdfinvoicepro/system/library/dompdf/vendor/phenx/php-font-lib/src/FontLib/Table/Table.php'),(6819,21,'tmdpdfinvoicepro/system/library/dompdf/vendor/phenx/php-font-lib/src/FontLib/Table/Type'),(6820,21,'tmdpdfinvoicepro/system/library/dompdf/vendor/phenx/php-font-lib/src/FontLib/Table/Type/cmap.php'),(6821,21,'tmdpdfinvoicepro/system/library/dompdf/vendor/phenx/php-font-lib/src/FontLib/Table/Type/glyf.php'),(6822,21,'tmdpdfinvoicepro/system/library/dompdf/vendor/phenx/php-font-lib/src/FontLib/Table/Type/head.php'),(6823,21,'tmdpdfinvoicepro/system/library/dompdf/vendor/phenx/php-font-lib/src/FontLib/Table/Type/hhea.php'),(6824,21,'tmdpdfinvoicepro/system/library/dompdf/vendor/phenx/php-font-lib/src/FontLib/Table/Type/hmtx.php'),(6825,21,'tmdpdfinvoicepro/system/library/dompdf/vendor/phenx/php-font-lib/src/FontLib/Table/Type/kern.php'),(6826,21,'tmdpdfinvoicepro/system/library/dompdf/vendor/phenx/php-font-lib/src/FontLib/Table/Type/loca.php'),(6827,21,'tmdpdfinvoicepro/system/library/dompdf/vendor/phenx/php-font-lib/src/FontLib/Table/Type/maxp.php'),(6828,21,'tmdpdfinvoicepro/system/library/dompdf/vendor/phenx/php-font-lib/src/FontLib/Table/Type/name.php'),(6829,21,'tmdpdfinvoicepro/system/library/dompdf/vendor/phenx/php-font-lib/src/FontLib/Table/Type/nameRecord.php'),(6830,21,'tmdpdfinvoicepro/system/library/dompdf/vendor/phenx/php-font-lib/src/FontLib/Table/Type/os2.php'),(6831,21,'tmdpdfinvoicepro/system/library/dompdf/vendor/phenx/php-font-lib/src/FontLib/Table/Type/post.php'),(6832,21,'tmdpdfinvoicepro/system/library/dompdf/vendor/phenx/php-font-lib/src/FontLib/TrueType'),(6833,21,'tmdpdfinvoicepro/system/library/dompdf/vendor/phenx/php-font-lib/src/FontLib/TrueType/Collection.php'),(6834,21,'tmdpdfinvoicepro/system/library/dompdf/vendor/phenx/php-font-lib/src/FontLib/TrueType/File.php'),(6835,21,'tmdpdfinvoicepro/system/library/dompdf/vendor/phenx/php-font-lib/src/FontLib/TrueType/Header.php'),(6836,21,'tmdpdfinvoicepro/system/library/dompdf/vendor/phenx/php-font-lib/src/FontLib/TrueType/TableDirectoryEntry.php'),(6837,21,'tmdpdfinvoicepro/system/library/dompdf/vendor/phenx/php-font-lib/src/FontLib/WOFF'),(6838,21,'tmdpdfinvoicepro/system/library/dompdf/vendor/phenx/php-font-lib/src/FontLib/WOFF/File.php'),(6839,21,'tmdpdfinvoicepro/system/library/dompdf/vendor/phenx/php-font-lib/src/FontLib/WOFF/Header.php'),(6840,21,'tmdpdfinvoicepro/system/library/dompdf/vendor/phenx/php-font-lib/src/FontLib/WOFF/TableDirectoryEntry.php'),(6841,21,'tmdpdfinvoicepro/system/library/dompdf/vendor/phenx/php-svg-lib'),(6842,21,'tmdpdfinvoicepro/system/library/dompdf/vendor/phenx/php-svg-lib/composer.json'),(6843,21,'tmdpdfinvoicepro/system/library/dompdf/vendor/phenx/php-svg-lib/LICENSE'),(6844,21,'tmdpdfinvoicepro/system/library/dompdf/vendor/phenx/php-svg-lib/README.md'),(6845,21,'tmdpdfinvoicepro/system/library/dompdf/vendor/phenx/php-svg-lib/src'),(6846,21,'tmdpdfinvoicepro/system/library/dompdf/vendor/phenx/php-svg-lib/src/Svg'),(6847,21,'tmdpdfinvoicepro/system/library/dompdf/vendor/phenx/php-svg-lib/src/Svg/CssLength.php'),(6848,21,'tmdpdfinvoicepro/system/library/dompdf/vendor/phenx/php-svg-lib/src/Svg/DefaultStyle.php'),(6849,21,'tmdpdfinvoicepro/system/library/dompdf/vendor/phenx/php-svg-lib/src/Svg/Document.php'),(6850,21,'tmdpdfinvoicepro/system/library/dompdf/vendor/phenx/php-svg-lib/src/Svg/Gradient'),(6851,21,'tmdpdfinvoicepro/system/library/dompdf/vendor/phenx/php-svg-lib/src/Svg/Gradient/Stop.php'),(6852,21,'tmdpdfinvoicepro/system/library/dompdf/vendor/phenx/php-svg-lib/src/Svg/Style.php'),(6853,21,'tmdpdfinvoicepro/system/library/dompdf/vendor/phenx/php-svg-lib/src/Svg/Surface'),(6854,21,'tmdpdfinvoicepro/system/library/dompdf/vendor/phenx/php-svg-lib/src/Svg/Surface/CPdf.php'),(6855,21,'tmdpdfinvoicepro/system/library/dompdf/vendor/phenx/php-svg-lib/src/Svg/Surface/SurfaceCpdf.php'),(6856,21,'tmdpdfinvoicepro/system/library/dompdf/vendor/phenx/php-svg-lib/src/Svg/Surface/SurfaceInterface.php'),(6857,21,'tmdpdfinvoicepro/system/library/dompdf/vendor/phenx/php-svg-lib/src/Svg/Surface/SurfacePDFLib.php'),(6858,21,'tmdpdfinvoicepro/system/library/dompdf/vendor/phenx/php-svg-lib/src/Svg/Tag'),(6859,21,'tmdpdfinvoicepro/system/library/dompdf/vendor/phenx/php-svg-lib/src/Svg/Tag/AbstractTag.php'),(6860,21,'tmdpdfinvoicepro/system/library/dompdf/vendor/phenx/php-svg-lib/src/Svg/Tag/Anchor.php'),(6861,21,'tmdpdfinvoicepro/system/library/dompdf/vendor/phenx/php-svg-lib/src/Svg/Tag/Circle.php'),(6862,21,'tmdpdfinvoicepro/system/library/dompdf/vendor/phenx/php-svg-lib/src/Svg/Tag/ClipPath.php'),(6863,21,'tmdpdfinvoicepro/system/library/dompdf/vendor/phenx/php-svg-lib/src/Svg/Tag/Ellipse.php'),(6864,21,'tmdpdfinvoicepro/system/library/dompdf/vendor/phenx/php-svg-lib/src/Svg/Tag/Group.php'),(6865,21,'tmdpdfinvoicepro/system/library/dompdf/vendor/phenx/php-svg-lib/src/Svg/Tag/Image.php'),(6866,21,'tmdpdfinvoicepro/system/library/dompdf/vendor/phenx/php-svg-lib/src/Svg/Tag/Line.php'),(6867,21,'tmdpdfinvoicepro/system/library/dompdf/vendor/phenx/php-svg-lib/src/Svg/Tag/LinearGradient.php'),(6868,21,'tmdpdfinvoicepro/system/library/dompdf/vendor/phenx/php-svg-lib/src/Svg/Tag/Path.php'),(6869,21,'tmdpdfinvoicepro/system/library/dompdf/vendor/phenx/php-svg-lib/src/Svg/Tag/Polygon.php'),(6870,21,'tmdpdfinvoicepro/system/library/dompdf/vendor/phenx/php-svg-lib/src/Svg/Tag/Polyline.php'),(6871,21,'tmdpdfinvoicepro/system/library/dompdf/vendor/phenx/php-svg-lib/src/Svg/Tag/RadialGradient.php'),(6872,21,'tmdpdfinvoicepro/system/library/dompdf/vendor/phenx/php-svg-lib/src/Svg/Tag/Rect.php'),(6873,21,'tmdpdfinvoicepro/system/library/dompdf/vendor/phenx/php-svg-lib/src/Svg/Tag/Shape.php'),(6874,21,'tmdpdfinvoicepro/system/library/dompdf/vendor/phenx/php-svg-lib/src/Svg/Tag/Stop.php'),(6875,21,'tmdpdfinvoicepro/system/library/dompdf/vendor/phenx/php-svg-lib/src/Svg/Tag/StyleTag.php'),(6876,21,'tmdpdfinvoicepro/system/library/dompdf/vendor/phenx/php-svg-lib/src/Svg/Tag/Text.php'),(6877,21,'tmdpdfinvoicepro/system/library/dompdf/vendor/phenx/php-svg-lib/src/Svg/Tag/UseTag.php'),(6878,21,'tmdpdfinvoicepro/system/library/dompdf/vendor/sabberworm'),(6879,21,'tmdpdfinvoicepro/system/library/dompdf/vendor/sabberworm/php-css-parser'),(6880,21,'tmdpdfinvoicepro/system/library/dompdf/vendor/sabberworm/php-css-parser/CHANGELOG.md'),(6881,21,'tmdpdfinvoicepro/system/library/dompdf/vendor/sabberworm/php-css-parser/composer.json'),(6882,21,'tmdpdfinvoicepro/system/library/dompdf/vendor/sabberworm/php-css-parser/LICENSE'),(6883,21,'tmdpdfinvoicepro/system/library/dompdf/vendor/sabberworm/php-css-parser/README.md'),(6884,21,'tmdpdfinvoicepro/system/library/dompdf/vendor/sabberworm/php-css-parser/src'),(6885,21,'tmdpdfinvoicepro/system/library/dompdf/vendor/sabberworm/php-css-parser/src/Comment'),(6886,21,'tmdpdfinvoicepro/system/library/dompdf/vendor/sabberworm/php-css-parser/src/Comment/Comment.php'),(6887,21,'tmdpdfinvoicepro/system/library/dompdf/vendor/sabberworm/php-css-parser/src/Comment/Commentable.php'),(6888,21,'tmdpdfinvoicepro/system/library/dompdf/vendor/sabberworm/php-css-parser/src/CSSList'),(6889,21,'tmdpdfinvoicepro/system/library/dompdf/vendor/sabberworm/php-css-parser/src/CSSList/AtRuleBlockList.php'),(6890,21,'tmdpdfinvoicepro/system/library/dompdf/vendor/sabberworm/php-css-parser/src/CSSList/CSSBlockList.php'),(6891,21,'tmdpdfinvoicepro/system/library/dompdf/vendor/sabberworm/php-css-parser/src/CSSList/CSSList.php'),(6892,21,'tmdpdfinvoicepro/system/library/dompdf/vendor/sabberworm/php-css-parser/src/CSSList/Document.php'),(6893,21,'tmdpdfinvoicepro/system/library/dompdf/vendor/sabberworm/php-css-parser/src/CSSList/KeyFrame.php'),(6894,21,'tmdpdfinvoicepro/system/library/dompdf/vendor/sabberworm/php-css-parser/src/OutputFormat.php'),(6895,21,'tmdpdfinvoicepro/system/library/dompdf/vendor/sabberworm/php-css-parser/src/OutputFormatter.php'),(6896,21,'tmdpdfinvoicepro/system/library/dompdf/vendor/sabberworm/php-css-parser/src/Parser.php'),(6897,21,'tmdpdfinvoicepro/system/library/dompdf/vendor/sabberworm/php-css-parser/src/Parsing'),(6898,21,'tmdpdfinvoicepro/system/library/dompdf/vendor/sabberworm/php-css-parser/src/Parsing/OutputException.php'),(6899,21,'tmdpdfinvoicepro/system/library/dompdf/vendor/sabberworm/php-css-parser/src/Parsing/ParserState.php'),(6900,21,'tmdpdfinvoicepro/system/library/dompdf/vendor/sabberworm/php-css-parser/src/Parsing/SourceException.php'),(6901,21,'tmdpdfinvoicepro/system/library/dompdf/vendor/sabberworm/php-css-parser/src/Parsing/UnexpectedEOFException.php'),(6902,21,'tmdpdfinvoicepro/system/library/dompdf/vendor/sabberworm/php-css-parser/src/Parsing/UnexpectedTokenException.php'),(6903,21,'tmdpdfinvoicepro/system/library/dompdf/vendor/sabberworm/php-css-parser/src/Property'),(6904,21,'tmdpdfinvoicepro/system/library/dompdf/vendor/sabberworm/php-css-parser/src/Property/AtRule.php'),(6905,21,'tmdpdfinvoicepro/system/library/dompdf/vendor/sabberworm/php-css-parser/src/Property/Charset.php'),(6906,21,'tmdpdfinvoicepro/system/library/dompdf/vendor/sabberworm/php-css-parser/src/Property/CSSNamespace.php'),(6907,21,'tmdpdfinvoicepro/system/library/dompdf/vendor/sabberworm/php-css-parser/src/Property/Import.php'),(6908,21,'tmdpdfinvoicepro/system/library/dompdf/vendor/sabberworm/php-css-parser/src/Property/KeyframeSelector.php'),(6909,21,'tmdpdfinvoicepro/system/library/dompdf/vendor/sabberworm/php-css-parser/src/Property/Selector.php'),(6910,21,'tmdpdfinvoicepro/system/library/dompdf/vendor/sabberworm/php-css-parser/src/Renderable.php'),(6911,21,'tmdpdfinvoicepro/system/library/dompdf/vendor/sabberworm/php-css-parser/src/Rule'),(6912,21,'tmdpdfinvoicepro/system/library/dompdf/vendor/sabberworm/php-css-parser/src/Rule/Rule.php'),(6913,21,'tmdpdfinvoicepro/system/library/dompdf/vendor/sabberworm/php-css-parser/src/RuleSet'),(6914,21,'tmdpdfinvoicepro/system/library/dompdf/vendor/sabberworm/php-css-parser/src/RuleSet/AtRuleSet.php'),(6915,21,'tmdpdfinvoicepro/system/library/dompdf/vendor/sabberworm/php-css-parser/src/RuleSet/DeclarationBlock.php'),(6916,21,'tmdpdfinvoicepro/system/library/dompdf/vendor/sabberworm/php-css-parser/src/RuleSet/RuleSet.php'),(6917,21,'tmdpdfinvoicepro/system/library/dompdf/vendor/sabberworm/php-css-parser/src/Settings.php'),(6918,21,'tmdpdfinvoicepro/system/library/dompdf/vendor/sabberworm/php-css-parser/src/Value'),(6919,21,'tmdpdfinvoicepro/system/library/dompdf/vendor/sabberworm/php-css-parser/src/Value/CalcFunction.php'),(6920,21,'tmdpdfinvoicepro/system/library/dompdf/vendor/sabberworm/php-css-parser/src/Value/CalcRuleValueList.php'),(6921,21,'tmdpdfinvoicepro/system/library/dompdf/vendor/sabberworm/php-css-parser/src/Value/Color.php'),(6922,21,'tmdpdfinvoicepro/system/library/dompdf/vendor/sabberworm/php-css-parser/src/Value/CSSFunction.php'),(6923,21,'tmdpdfinvoicepro/system/library/dompdf/vendor/sabberworm/php-css-parser/src/Value/CSSString.php'),(6924,21,'tmdpdfinvoicepro/system/library/dompdf/vendor/sabberworm/php-css-parser/src/Value/LineName.php'),(6925,21,'tmdpdfinvoicepro/system/library/dompdf/vendor/sabberworm/php-css-parser/src/Value/PrimitiveValue.php'),(6926,21,'tmdpdfinvoicepro/system/library/dompdf/vendor/sabberworm/php-css-parser/src/Value/RuleValueList.php'),(6927,21,'tmdpdfinvoicepro/system/library/dompdf/vendor/sabberworm/php-css-parser/src/Value/Size.php'),(6928,21,'tmdpdfinvoicepro/system/library/dompdf/vendor/sabberworm/php-css-parser/src/Value/URL.php'),(6929,21,'tmdpdfinvoicepro/system/library/dompdf/vendor/sabberworm/php-css-parser/src/Value/Value.php'),(6930,21,'tmdpdfinvoicepro/system/library/dompdf/vendor/sabberworm/php-css-parser/src/Value/ValueList.php'),(6931,21,'tmdpdfinvoicepro/system/library/dompdf/VERSION'),(6932,21,'tmdpdfinvoicepro/system/library/tmd'),(6933,21,'tmdpdfinvoicepro/system/library/tmd/system.php'),(8491,116,'aged_debtors'),(8492,116,'aged_debtors/admin'),(8493,116,'aged_debtors/admin/language'),(8494,116,'aged_debtors/admin/language/en-gb'),(8495,116,'aged_debtors/admin/language/en-gb/module'),(8496,116,'aged_debtors/admin/language/en-gb/module/aged_debtors.php'),(8497,116,'aged_debtors/admin/controller'),(8498,116,'aged_debtors/admin/controller/module'),(8499,116,'aged_debtors/admin/controller/module/aged_debtors.php'),(8500,116,'aged_debtors/admin/model'),(8501,116,'aged_debtors/admin/model/module'),(8502,116,'aged_debtors/admin/model/module/aged_debtors.php'),(8503,116,'aged_debtors/admin/view'),(8504,116,'aged_debtors/admin/view/template'),(8505,116,'aged_debtors/admin/view/template/module'),(8506,116,'aged_debtors/admin/view/template/module/aged_debtors_dashboard.twig'),(8507,116,'aged_debtors/admin/view/template/module/aged_debtors.twig'),(8508,116,'aged_debtors/admin/view/template/module/aged_debtors_report.twig'),(8509,116,'aged_debtors/install.json'),(8510,116,'aged_debtors/system'),(8511,116,'aged_debtors/system/library'),(8512,116,'aged_debtors/system/library/aged_debtors.php'),(9555,144,'nn_payment_custom'),(9556,144,'nn_payment_custom/admin'),(9557,144,'nn_payment_custom/admin/controller'),(9558,144,'nn_payment_custom/admin/controller/payment'),(9559,144,'nn_payment_custom/admin/controller/payment/nn_custom.php'),(9560,144,'nn_payment_custom/admin/language'),(9561,144,'nn_payment_custom/admin/language/en-gb'),(9562,144,'nn_payment_custom/admin/language/en-gb/payment'),(9563,144,'nn_payment_custom/admin/language/en-gb/payment/nn_custom.php'),(9564,144,'nn_payment_custom/admin/view'),(9565,144,'nn_payment_custom/admin/view/template'),(9566,144,'nn_payment_custom/admin/view/template/payment'),(9567,144,'nn_payment_custom/admin/view/template/payment/nn_custom.twig'),(9568,144,'nn_payment_custom/catalog'),(9569,144,'nn_payment_custom/catalog/controller'),(9570,144,'nn_payment_custom/catalog/controller/payment'),(9571,144,'nn_payment_custom/catalog/controller/payment/nn_custom.php'),(9572,144,'nn_payment_custom/catalog/language'),(9573,144,'nn_payment_custom/catalog/language/en-gb'),(9574,144,'nn_payment_custom/catalog/language/en-gb/payment'),(9575,144,'nn_payment_custom/catalog/language/en-gb/payment/nn_custom.php'),(9576,144,'nn_payment_custom/catalog/model'),(9577,144,'nn_payment_custom/catalog/model/payment'),(9578,144,'nn_payment_custom/catalog/model/payment/nn_custom.php'),(9579,144,'nn_payment_custom/catalog/view'),(9580,144,'nn_payment_custom/catalog/view/template'),(9581,144,'nn_payment_custom/catalog/view/template/payment'),(9582,144,'nn_payment_custom/catalog/view/template/payment/nn_custom.twig'),(9583,144,'nn_payment_custom/install.json'),(9874,154,'admin_logo_oc4_admin2_manual'),(9875,154,'admin_logo_oc4_admin2_manual/install.json'),(9876,154,'admin_logo_oc4_admin2_manual/admin_logo.ocmod.xml'),(9877,154,'admin_logo_oc4_admin2_manual/upload'),(9878,154,'admin_logo_oc4_admin2_manual/upload/admin2'),(9879,154,'admin_logo_oc4_admin2_manual/upload/admin2/controller'),(9880,154,'admin_logo_oc4_admin2_manual/upload/admin2/controller/extension'),(9881,154,'admin_logo_oc4_admin2_manual/upload/admin2/controller/extension/module'),(9882,154,'admin_logo_oc4_admin2_manual/upload/admin2/controller/extension/module/admin_logo.php'),(9883,154,'admin_logo_oc4_admin2_manual/upload/admin2/language'),(9884,154,'admin_logo_oc4_admin2_manual/upload/admin2/language/en-gb'),(9885,154,'admin_logo_oc4_admin2_manual/upload/admin2/language/en-gb/extension'),(9886,154,'admin_logo_oc4_admin2_manual/upload/admin2/language/en-gb/extension/module'),(9887,154,'admin_logo_oc4_admin2_manual/upload/admin2/language/en-gb/extension/module/admin_logo.php'),(9888,154,'admin_logo_oc4_admin2_manual/upload/admin2/view'),(9889,154,'admin_logo_oc4_admin2_manual/upload/admin2/view/template'),(9890,154,'admin_logo_oc4_admin2_manual/upload/admin2/view/template/extension'),(9891,154,'admin_logo_oc4_admin2_manual/upload/admin2/view/template/extension/module'),(9892,154,'admin_logo_oc4_admin2_manual/upload/admin2/view/template/extension/module/admin_logo.twig'),(10923,196,'ausfactory_auto_overlay'),(10924,196,'ausfactory_auto_overlay/admin'),(10925,196,'ausfactory_auto_overlay/admin/view'),(10926,196,'ausfactory_auto_overlay/admin/view/template'),(10927,196,'ausfactory_auto_overlay/admin/view/template/module'),(10928,196,'ausfactory_auto_overlay/admin/view/template/module/auto_home.twig'),(10929,196,'ausfactory_auto_overlay/admin/language'),(10930,196,'ausfactory_auto_overlay/admin/language/en-gb'),(10931,196,'ausfactory_auto_overlay/admin/language/en-gb/module'),(10932,196,'ausfactory_auto_overlay/admin/language/en-gb/module/auto_home.php'),(10933,196,'ausfactory_auto_overlay/admin/controller'),(10934,196,'ausfactory_auto_overlay/admin/controller/module'),(10935,196,'ausfactory_auto_overlay/admin/controller/module/auto_home.php'),(10936,196,'ausfactory_auto_overlay/catalog'),(10937,196,'ausfactory_auto_overlay/catalog/view'),(10938,196,'ausfactory_auto_overlay/catalog/view/template'),(10939,196,'ausfactory_auto_overlay/catalog/view/template/module'),(10940,196,'ausfactory_auto_overlay/catalog/view/template/module/auto_home.twig'),(10941,196,'ausfactory_auto_overlay/catalog/language'),(10942,196,'ausfactory_auto_overlay/catalog/language/en-gb'),(10943,196,'ausfactory_auto_overlay/catalog/language/en-gb/module'),(10944,196,'ausfactory_auto_overlay/catalog/language/en-gb/module/auto_home.php'),(10945,196,'ausfactory_auto_overlay/catalog/controller'),(10946,196,'ausfactory_auto_overlay/catalog/controller/module'),(10947,196,'ausfactory_auto_overlay/catalog/controller/module/auto_home.php'),(10948,196,'ausfactory_auto_overlay/docs'),(10949,196,'ausfactory_auto_overlay/docs/INSTALL_OC4_4022_BETA5.txt'),(10950,196,'ausfactory_auto_overlay/install.json'),(10951,196,'ausfactory_auto_overlay/install.xml'),(10952,196,'ausfactory_auto_overlay/README.md');

--
-- Table structure for table `oc8d_filter`
--

CREATE TABLE `oc8d_filter` (
  `filter_id` int NOT NULL AUTO_INCREMENT,
  `filter_group_id` int NOT NULL,
  `sort_order` int NOT NULL,
  PRIMARY KEY (`filter_id`)
) ENGINE=InnoDB DEFAULT CHARSET=utf8mb4 COLLATE=utf8mb4_0900_ai_ci ROW_FORMAT=DYNAMIC;

--
-- Dumping data for table `oc8d_filter`
--


--
-- Table structure for table `oc8d_filter_description`
--

CREATE TABLE `oc8d_filter_description` (
  `filter_id` int NOT NULL,
  `language_id` int NOT NULL,
  `filter_group_id` int NOT NULL,
  `name` varchar(64) NOT NULL,
  PRIMARY KEY (`filter_id`,`language_id`)
) ENGINE=InnoDB DEFAULT CHARSET=utf8mb4 COLLATE=utf8mb4_0900_ai_ci ROW_FORMAT=DYNAMIC;

--
-- Dumping data for table `oc8d_filter_description`
--


--
-- Table structure for table `oc8d_filter_group`
--

CREATE TABLE `oc8d_filter_group` (
  `filter_group_id` int NOT NULL AUTO_INCREMENT,
  `sort_order` int NOT NULL,
  PRIMARY KEY (`filter_group_id`)
) ENGINE=InnoDB DEFAULT CHARSET=utf8mb4 COLLATE=utf8mb4_0900_ai_ci ROW_FORMAT=DYNAMIC;

--
-- Dumping data for table `oc8d_filter_group`
--


--
-- Table structure for table `oc8d_filter_group_description`
--

CREATE TABLE `oc8d_filter_group_description` (
  `filter_group_id` int NOT NULL,
  `language_id` int NOT NULL,
  `name` varchar(64) NOT NULL,
  PRIMARY KEY (`filter_group_id`,`language_id`)
) ENGINE=InnoDB DEFAULT CHARSET=utf8mb4 COLLATE=utf8mb4_0900_ai_ci ROW_FORMAT=DYNAMIC;

--
-- Dumping data for table `oc8d_filter_group_description`
--


--
-- Table structure for table `oc8d_gdpr`
--

CREATE TABLE `oc8d_gdpr` (
  `gdpr_id` int NOT NULL AUTO_INCREMENT,
  `store_id` int NOT NULL,
  `language_id` int NOT NULL,
  `code` varchar(40) NOT NULL,
  `email` varchar(96) NOT NULL,
  `action` varchar(6) NOT NULL,
  `status` tinyint(1) NOT NULL,
  `date_added` datetime NOT NULL,
  PRIMARY KEY (`gdpr_id`)
) ENGINE=InnoDB DEFAULT CHARSET=utf8mb4 COLLATE=utf8mb4_0900_ai_ci ROW_FORMAT=DYNAMIC;

--
-- Dumping data for table `oc8d_gdpr`
--


--
-- Table structure for table `oc8d_geo_zone`
--

CREATE TABLE `oc8d_geo_zone` (
  `geo_zone_id` int NOT NULL AUTO_INCREMENT,
  `name` varchar(32) NOT NULL,
  `description` varchar(255) NOT NULL,
  `date_added` datetime NOT NULL,
  `date_modified` datetime NOT NULL,
  PRIMARY KEY (`geo_zone_id`)
) ENGINE=InnoDB AUTO_INCREMENT=8 DEFAULT CHARSET=utf8mb4 COLLATE=utf8mb4_0900_ai_ci ROW_FORMAT=DYNAMIC;

--
-- Dumping data for table `oc8d_geo_zone`
--

INSERT INTO `oc8d_geo_zone` VALUES (3,'UK VAT Zone','UK VAT','2009-01-06 23:26:25','2010-02-26 22:33:24'),(4,'UK Shipping','UK Shipping Zones','2009-06-23 01:14:53','2010-12-15 15:18:13'),(5,'Australia','Australia','2023-09-20 12:53:11','0000-00-00 00:00:00'),(6,'Queensland','Queensland','2023-10-15 09:25:14','2023-10-15 09:25:16'),(7,'Australia Phone Payments','Phone Payment - Australia','2024-01-29 16:14:05','2024-01-29 17:48:44');

--
-- Table structure for table `oc8d_googleshopping_category`
--

CREATE TABLE `oc8d_googleshopping_category` (
  `google_product_category` varchar(10) NOT NULL,
  `store_id` int NOT NULL DEFAULT '0',
  `category_id` int NOT NULL,
  PRIMARY KEY (`google_product_category`,`store_id`),
  KEY `category_id_store_id` (`category_id`,`store_id`)
) ENGINE=MyISAM DEFAULT CHARSET=utf8mb3;

--
-- Dumping data for table `oc8d_googleshopping_category`
--


--
-- Table structure for table `oc8d_googleshopping_product`
--

CREATE TABLE `oc8d_googleshopping_product` (
  `product_advertise_google_id` int unsigned NOT NULL AUTO_INCREMENT,
  `product_id` int DEFAULT NULL,
  `store_id` int NOT NULL DEFAULT '0',
  `has_issues` tinyint(1) DEFAULT NULL,
  `destination_status` enum('pending','approved','disapproved') NOT NULL DEFAULT 'pending',
  `impressions` int NOT NULL DEFAULT '0',
  `clicks` int NOT NULL DEFAULT '0',
  `conversions` int NOT NULL DEFAULT '0',
  `cost` decimal(15,4) NOT NULL DEFAULT '0.0000',
  `conversion_value` decimal(15,4) NOT NULL DEFAULT '0.0000',
  `google_product_category` varchar(10) DEFAULT NULL,
  `condition` enum('new','refurbished','used') DEFAULT NULL,
  `adult` tinyint(1) DEFAULT NULL,
  `multipack` int DEFAULT NULL,
  `is_bundle` tinyint(1) DEFAULT NULL,
  `age_group` enum('newborn','infant','toddler','kids','adult') DEFAULT NULL,
  `color` int DEFAULT NULL,
  `gender` enum('male','female','unisex') DEFAULT NULL,
  `size_type` enum('regular','petite','plus','big and tall','maternity') DEFAULT NULL,
  `size_system` enum('AU','BR','CN','DE','EU','FR','IT','JP','MEX','UK','US') DEFAULT NULL,
  `size` int DEFAULT NULL,
  `is_modified` tinyint(1) NOT NULL DEFAULT '0',
  PRIMARY KEY (`product_advertise_google_id`),
  UNIQUE KEY `product_id_store_id` (`product_id`,`store_id`)
) ENGINE=MyISAM DEFAULT CHARSET=utf8mb3;

--
-- Dumping data for table `oc8d_googleshopping_product`
--


--
-- Table structure for table `oc8d_googleshopping_product_status`
--

CREATE TABLE `oc8d_googleshopping_product_status` (
  `product_id` int NOT NULL,
  `store_id` int NOT NULL DEFAULT '0',
  `product_variation_id` varchar(64) NOT NULL,
  `destination_statuses` text NOT NULL,
  `data_quality_issues` text NOT NULL,
  `item_level_issues` text NOT NULL,
  `google_expiration_date` int NOT NULL DEFAULT '0',
  PRIMARY KEY (`product_id`,`store_id`,`product_variation_id`)
) ENGINE=MyISAM DEFAULT CHARSET=utf8mb3;

--
-- Dumping data for table `oc8d_googleshopping_product_status`
--


--
-- Table structure for table `oc8d_googleshopping_product_target`
--

CREATE TABLE `oc8d_googleshopping_product_target` (
  `product_id` int NOT NULL,
  `store_id` int NOT NULL DEFAULT '0',
  `advertise_google_target_id` int unsigned NOT NULL,
  PRIMARY KEY (`product_id`,`advertise_google_target_id`)
) ENGINE=MyISAM DEFAULT CHARSET=utf8mb3;

--
-- Dumping data for table `oc8d_googleshopping_product_target`
--


--
-- Table structure for table `oc8d_googleshopping_target`
--

CREATE TABLE `oc8d_googleshopping_target` (
  `advertise_google_target_id` int unsigned NOT NULL AUTO_INCREMENT,
  `store_id` int NOT NULL DEFAULT '0',
  `campaign_name` varchar(255) NOT NULL DEFAULT '',
  `country` varchar(2) NOT NULL DEFAULT '',
  `budget` decimal(15,4) NOT NULL DEFAULT '0.0000',
  `feeds` text NOT NULL,
  `date_added` date DEFAULT NULL,
  `roas` int NOT NULL DEFAULT '0',
  `status` enum('paused','active') NOT NULL DEFAULT 'paused',
  PRIMARY KEY (`advertise_google_target_id`),
  KEY `store_id` (`store_id`)
) ENGINE=MyISAM DEFAULT CHARSET=utf8mb3;

--
-- Dumping data for table `oc8d_googleshopping_target`
--


--
-- Table structure for table `oc8d_information`
--

CREATE TABLE `oc8d_information` (
  `information_id` int NOT NULL AUTO_INCREMENT,
  `bottom` int NOT NULL DEFAULT '0',
  `sort_order` int NOT NULL DEFAULT '0',
  `status` tinyint(1) NOT NULL DEFAULT '1',
  PRIMARY KEY (`information_id`)
) ENGINE=InnoDB AUTO_INCREMENT=13 DEFAULT CHARSET=utf8mb4 COLLATE=utf8mb4_0900_ai_ci ROW_FORMAT=DYNAMIC;

--
-- Dumping data for table `oc8d_information`
--

INSERT INTO `oc8d_information` VALUES (1,1,3,1),(2,1,1,1),(3,1,4,1),(4,1,2,1),(5,0,0,1),(6,0,0,1),(7,0,0,1),(8,0,0,1),(9,0,0,1),(11,0,0,1),(12,0,0,1);

--
-- Table structure for table `oc8d_information_description`
--

CREATE TABLE `oc8d_information_description` (
  `information_id` int NOT NULL,
  `language_id` int NOT NULL,
  `title` varchar(64) NOT NULL,
  `description` mediumtext NOT NULL,
  `meta_title` varchar(255) NOT NULL,
  `meta_description` varchar(255) NOT NULL,
  `meta_keyword` varchar(255) NOT NULL,
  PRIMARY KEY (`information_id`,`language_id`)
) ENGINE=InnoDB DEFAULT CHARSET=utf8mb4 COLLATE=utf8mb4_0900_ai_ci ROW_FORMAT=DYNAMIC;

--
-- Dumping data for table `oc8d_information_description`
--

INSERT INTO `oc8d_information_description` VALUES (1,1,'About Us','&lt;header&gt;\r\n&lt;h1&gt;&amp;nbsp;&lt;/h1&gt;\r\n\r\n&lt;h1&gt;&lt;u&gt;&lt;em&gt;&lt;span style=&quot;color:#c0392b;&quot;&gt;&lt;strong&gt;About MaxxEshopAuto.com&lt;/strong&gt;&lt;/span&gt;&lt;/em&gt;&lt;/u&gt;&lt;/h1&gt;\r\n&lt;/header&gt;\r\n\r\n&lt;main&gt;\r\n&lt;section&gt;\r\n&lt;h2&gt;&lt;strong&gt;Who We Are&lt;/strong&gt;&lt;/h2&gt;\r\n\r\n&lt;p&gt;MaxxEshopAuto is a branch of Maxxeshop Limited, an Australian-owned company with over 32 years of global business experience. We specialize in automotive supplies, with a strong focus on car and truck mirrors through our Mirrors4cars service.&lt;/p&gt;\r\n&lt;/section&gt;\r\n\r\n&lt;section&gt;\r\n&lt;h2&gt;&lt;strong&gt;Mirrors4cars: A Legacy of Excellence&lt;/strong&gt;&lt;/h2&gt;\r\n\r\n&lt;p&gt;Operating for over 20 years on Australia\'s Queensland Gold Coast, Mirrors4cars business boasts an extensive template library for cars, vans, and 4x4s dating back to 1985. We pride ourselves on our deep knowledge of car mirrors. If we don\'t have a template for your vehicle, we can custom-cut a mirror from your existing housing.&lt;/p&gt;\r\n&lt;/section&gt;\r\n\r\n&lt;section&gt;\r\n&lt;h2&gt;&lt;strong&gt;Our Services&lt;/strong&gt;&lt;/h2&gt;\r\n\r\n&lt;p&gt;We offer a unique &quot;Do It Yourself&quot; (DIY) mirror kit service, delivering to all parts of the world. Our Next Business Day Express Post delivery within Australia &amp;amp; New Zealand ensures swift repairs for your vehicle. We also offer a &quot;Supply &amp;amp; Fit&quot; service across Queensland\'s Sunshine Coast, Brisbane, the Gold Coast, and Tweed. As a mobile service, we can cut and fit new mirrors at your home or workplace.&lt;/p&gt;\r\n&lt;/section&gt;\r\n\r\n&lt;section&gt;\r\n&lt;h2&gt;&lt;strong&gt;Global Reach&lt;/strong&gt;&lt;/h2&gt;\r\n\r\n&lt;p&gt;Since 1999, we have successfully supplied first-grade commercial products to retailers and consumers across all continents. As part of Maxxeshop Limited, we also operate other ventures like Maxxeweb.com—a world-class website design and hosting service—and Smallimports.com, a supply chain management service with offices in Hong Kong and Mainland China.&lt;/p&gt;\r\n&lt;/section&gt;\r\n&lt;/main&gt;\r\n\r\n&lt;footer&gt;\r\n&lt;p&gt;&lt;strong&gt;&lt;span style=&quot;font-size:16px;&quot;&gt;© Maxxeshop Limited 2023. All Rights Reserved.&lt;/span&gt;&lt;/strong&gt;&lt;/p&gt;\r\n&lt;/footer&gt;','eCommerce Information - {name}','Learn more about {name} and how it can benefit your online shopping experience.','eCommerce, online shopping, {name}'),(2,1,'Terms &amp; Conditions','&lt;p&gt;&lt;span style=&quot;font-size:18px;&quot;&gt;&lt;strong&gt;Maxxeshop Pty Ltd - Terms and Conditions of Sale&lt;/strong&gt;&lt;/span&gt;&lt;/p&gt;\r\n\r\n&lt;p&gt;&lt;span style=&quot;font-size:16px;&quot;&gt;&lt;strong&gt;Last updated: 1st July 2023&lt;/strong&gt;&lt;/span&gt;&lt;/p&gt;\r\n\r\n&lt;p&gt;&lt;span style=&quot;font-size:14px;&quot;&gt;Welcome to Maxxeshop Pty Ltd. These Terms and Conditions (&quot;Terms&quot;) govern the sale and supply of replacement aftermarket and genuine car and truck mirror assemblies, as well as replacement mirror glass (&quot;Products&quot;) through our online store. By placing an order with us, you agree to be bound by these Terms.&lt;/span&gt;&lt;/p&gt;\r\n\r\n&lt;hr /&gt;\r\n&lt;p&gt;&lt;strong&gt;&lt;span style=&quot;font-size:16px;&quot;&gt;1. Definitions&lt;/span&gt;&lt;/strong&gt;&lt;/p&gt;\r\n\r\n&lt;ul&gt;\r\n	&lt;li&gt;&lt;span style=&quot;font-size:14px;&quot;&gt;&lt;strong&gt;&quot;We,&quot; &quot;Us,&quot; &quot;Our&quot;&lt;/strong&gt;&amp;nbsp;refers to Maxxeshop Pty Ltd.&lt;/span&gt;&lt;/li&gt;\r\n	&lt;li&gt;&lt;span style=&quot;font-size:14px;&quot;&gt;&lt;strong&gt;&quot;You,&quot; &quot;Your&quot;&lt;/strong&gt;&amp;nbsp;refers to the customer or purchaser of our Products.&lt;/span&gt;&lt;/li&gt;\r\n	&lt;li&gt;&lt;span style=&quot;font-size:14px;&quot;&gt;&lt;strong&gt;&quot;Products&quot;&amp;nbsp;&lt;/strong&gt;refers to the mirror assemblies and mirror glass offered for sale on our online store.&lt;/span&gt;&lt;/li&gt;\r\n&lt;/ul&gt;\r\n\r\n&lt;p&gt;&lt;span style=&quot;font-size:16px;&quot;&gt;&lt;strong&gt;2. Order Acceptance&lt;/strong&gt;&lt;/span&gt;&lt;/p&gt;\r\n\r\n&lt;ul&gt;\r\n	&lt;li&gt;&lt;span style=&quot;font-size:14px;&quot;&gt;All orders are subject to acceptance by Maxxeshop Pty Ltd. We reserve the right to cancel or refuse any order for any reason prior to delivery.&lt;/span&gt;&lt;/li&gt;\r\n&lt;/ul&gt;\r\n\r\n&lt;p&gt;&lt;span style=&quot;font-size:16px;&quot;&gt;&lt;strong&gt;3. Custom-Made Mirror Glass&lt;/strong&gt;&lt;/span&gt;&lt;/p&gt;\r\n\r\n&lt;p style=&quot;margin-left: 40px;&quot;&gt;&lt;span style=&quot;font-size:14px;&quot;&gt;&lt;strong&gt;3.1. Manufacturing to Order&lt;/strong&gt;&lt;/span&gt;&lt;/p&gt;\r\n\r\n&lt;ul&gt;\r\n	&lt;li style=&quot;margin-left: 40px;&quot;&gt;&lt;span style=&quot;font-size:14px;&quot;&gt;&amp;nbsp; All replacement mirror glass is custom-made according to the specifications provided by you at the time of order.&lt;/span&gt;&lt;span style=&quot;font-size:14px;&quot;&gt;&amp;nbsp;&lt;/span&gt;&lt;/li&gt;\r\n&lt;/ul&gt;\r\n\r\n&lt;p style=&quot;margin-left: 40px;&quot;&gt;&lt;span style=&quot;font-size:14px;&quot;&gt;&lt;strong&gt;3.2. Refunds and Returns&lt;/strong&gt;&lt;/span&gt;&lt;/p&gt;\r\n\r\n&lt;ul&gt;\r\n	&lt;li style=&quot;margin-left: 40px;&quot;&gt;&lt;span style=&quot;font-size:14px;&quot;&gt;Due to the custom-made nature of the mirror glass, refunds or exchanges are at the sole discretion of Maxxeshop Pty Ltd.&lt;/span&gt;&lt;/li&gt;\r\n	&lt;li style=&quot;margin-left: 40px;&quot;&gt;&lt;span style=&quot;font-size:14px;&quot;&gt;We are not obligated to provide a refund or replacement if you change your mind or make an incorrect selection.&lt;/span&gt;&lt;/li&gt;\r\n&lt;/ul&gt;\r\n\r\n&lt;p style=&quot;margin-left: 40px;&quot;&gt;&lt;span style=&quot;font-size:14px;&quot;&gt;&lt;strong&gt;3.3. Australian Consumer Law&lt;/strong&gt;&lt;/span&gt;&lt;/p&gt;\r\n\r\n&lt;ul&gt;\r\n	&lt;li style=&quot;margin-left: 40px;&quot;&gt;&lt;span style=&quot;font-size:14px;&quot;&gt;This clause does not exclude, restrict, or modify any rights you have under the Australian Consumer Law (&quot;ACL&quot;).&lt;/span&gt;&lt;/li&gt;\r\n	&lt;li style=&quot;margin-left: 40px;&quot;&gt;&lt;span style=&quot;font-size:14px;&quot;&gt;If the custom-made mirror glass is found to be defective or not of acceptable quality under the ACL, you may be entitled to a remedy.&lt;/span&gt;&lt;/li&gt;\r\n&lt;/ul&gt;\r\n\r\n&lt;p&gt;&lt;span style=&quot;font-size:16px;&quot;&gt;&lt;strong&gt;4. Mirror Assemblies&lt;/strong&gt;&lt;/span&gt;&lt;/p&gt;\r\n\r\n&lt;p style=&quot;margin-left: 40px;&quot;&gt;&lt;span style=&quot;font-size:14px;&quot;&gt;&lt;strong&gt;4.1. Modifications and Customizations&lt;/strong&gt;&lt;/span&gt;&lt;/p&gt;\r\n\r\n&lt;ul&gt;\r\n	&lt;li style=&quot;margin-left: 40px;&quot;&gt;&lt;span style=&quot;font-size:14px;&quot;&gt;If a mirror assembly is painted, modified, or customized at your request after or during purchase, &lt;u&gt;it will be considered altered by you&lt;/u&gt;.&lt;/span&gt;&lt;/li&gt;\r\n&lt;/ul&gt;\r\n\r\n&lt;p style=&quot;margin-left: 40px;&quot;&gt;&lt;span style=&quot;font-size:14px;&quot;&gt;&lt;strong&gt;4.2. Refunds and Exchanges&lt;/strong&gt;&lt;/span&gt;&lt;/p&gt;\r\n\r\n&lt;ul style=&quot;margin-left: 40px;&quot;&gt;\r\n	&lt;li&gt;&lt;span style=&quot;font-size:14px;&quot;&gt;Once a mirror assembly has been modified or customized, all rights to a refund, replacement, or exchange are withdrawn, except as provided under the ACL.&lt;/span&gt;&lt;/li&gt;\r\n	&lt;li&gt;&lt;span style=&quot;font-size:14px;&quot;&gt;The modified or customized part will be deemed to have served its purpose as a new part and will be considered used or second-hand.&lt;/span&gt;&lt;/li&gt;\r\n&lt;/ul&gt;\r\n\r\n&lt;p style=&quot;margin-left: 40px;&quot;&gt;&lt;span style=&quot;font-size:14px;&quot;&gt;&lt;strong&gt;4.3. Australian Consumer Law&lt;/strong&gt;&lt;/span&gt;&lt;/p&gt;\r\n\r\n&lt;ul&gt;\r\n	&lt;li style=&quot;margin-left: 40px;&quot;&gt;&lt;span style=&quot;font-size:14px;&quot;&gt;This clause does not exclude, restrict, or modify any rights you have under the ACL.&lt;/span&gt;&lt;/li&gt;\r\n	&lt;li style=&quot;margin-left: 40px;&quot;&gt;&lt;span style=&quot;font-size:14px;&quot;&gt;If the mirror assembly is found to be defective or not of acceptable quality under the ACL, you may be entitled to a remedy.&lt;/span&gt;&lt;/li&gt;\r\n&lt;/ul&gt;\r\n\r\n&lt;p&gt;&lt;strong&gt;&lt;span style=&quot;font-size:16px;&quot;&gt;5. Pricing and Payment&lt;/span&gt;&lt;/strong&gt;&lt;/p&gt;\r\n\r\n&lt;p style=&quot;margin-left: 40px;&quot;&gt;&lt;span style=&quot;font-size:14px;&quot;&gt;&lt;strong&gt;5.1. Prices&lt;/strong&gt;&lt;/span&gt;&lt;/p&gt;\r\n\r\n&lt;ul&gt;\r\n	&lt;li style=&quot;margin-left: 40px;&quot;&gt;&lt;span style=&quot;font-size:14px;&quot;&gt;All prices are listed in Australian Dollars (AUD) and include Goods and Services Tax (GST) unless stated otherwise.&lt;/span&gt;&lt;/li&gt;\r\n&lt;/ul&gt;\r\n\r\n&lt;p style=&quot;margin-left: 40px;&quot;&gt;&lt;span style=&quot;font-size:14px;&quot;&gt;&lt;strong&gt;5.2. Payment Terms&lt;/strong&gt;&lt;/span&gt;&lt;/p&gt;\r\n\r\n&lt;ul&gt;\r\n	&lt;li style=&quot;margin-left: 40px;&quot;&gt;&lt;span style=&quot;font-size:14px;&quot;&gt;Payment must be made in full at the time of order through the payment methods specified on our website.&lt;/span&gt;&lt;/li&gt;\r\n&lt;/ul&gt;\r\n\r\n&lt;p&gt;&lt;span style=&quot;font-size:16px;&quot;&gt;&lt;strong&gt;&amp;nbsp;6. Delivery&lt;/strong&gt;&lt;/span&gt;&lt;/p&gt;\r\n\r\n&lt;p style=&quot;margin-left: 40px;&quot;&gt;&lt;span style=&quot;font-size:14px;&quot;&gt;&lt;strong&gt;6.1. &lt;/strong&gt;&lt;/span&gt;&lt;strong&gt;Shipping Arrangements&lt;/strong&gt;&lt;/p&gt;\r\n\r\n&lt;ul&gt;\r\n	&lt;li style=&quot;margin-left: 40px;&quot;&gt;All shipping services constitute a separate purchase from product transactions.&lt;/li&gt;\r\n	&lt;li style=&quot;margin-left: 40px;&quot;&gt;We will coordinate and arrange shipping on your behalf through third-party carriers, but:&lt;/li&gt;\r\n	&lt;li style=&quot;margin-left: 40px;&quot;&gt;Shipping costs remain your sole responsibility&lt;/li&gt;\r\n	&lt;li style=&quot;margin-left: 40px;&quot;&gt;&lt;span style=&quot;font-size:14px;&quot;&gt;We will make all reasonable efforts to deliver the Products within the estimated delivery timeframes.&lt;/span&gt;&lt;/li&gt;\r\n	&lt;li style=&quot;margin-left: 40px;&quot;&gt;Delivery timelines are estimates only and not guaranteed&lt;/li&gt;\r\n&lt;/ul&gt;\r\n\r\n&lt;p style=&quot;margin-left: 40px;&quot;&gt;&lt;span style=&quot;font-size:14px;&quot;&gt;&lt;strong&gt;6.2. Risk and Title&lt;/strong&gt;&lt;/span&gt;&lt;/p&gt;\r\n\r\n&lt;ul&gt;\r\n	&lt;li style=&quot;margin-left: 40px;&quot;&gt;&lt;strong&gt;Title Transfer&lt;/strong&gt;: Ownership of the Products passes to you upon the later of ...\r\n\r\n	&lt;ul&gt;\r\n		&lt;li style=&quot;margin-left: 40px;&quot;&gt;delivery to your chosen delivery provider or&lt;/li&gt;\r\n		&lt;li style=&quot;margin-left: 40px;&quot;&gt;receipt of full payment for the Products.&lt;/li&gt;\r\n	&lt;/ul&gt;\r\n	&lt;/li&gt;\r\n	&lt;li style=&quot;margin-left: 40px;&quot;&gt;&lt;strong&gt;Risk Transfer&lt;/strong&gt;: Responsibility for loss or damage to the Products transfers to you upon delivery to the designated delivery provider.&lt;/li&gt;\r\n&lt;/ul&gt;\r\n\r\n&lt;p&gt;&lt;strong&gt;&lt;span style=&quot;font-size:16px;&quot;&gt;7. Warranty and Liability&lt;/span&gt;&lt;/strong&gt;&lt;/p&gt;\r\n\r\n&lt;p style=&quot;margin-left: 40px;&quot;&gt;&lt;span style=&quot;font-size:14px;&quot;&gt;&lt;strong&gt;7.1. Consumer Guarantees&lt;/strong&gt;&lt;/span&gt;&lt;/p&gt;\r\n\r\n&lt;ul&gt;\r\n	&lt;li style=&quot;margin-left: 40px;&quot;&gt;&lt;span style=&quot;font-size:14px;&quot;&gt;Our goods come with guarantees that cannot be excluded under the ACL. You are entitled to a replacement or refund for a major failure and compensation for any other reasonably foreseeable loss or damage.&lt;/span&gt;&lt;/li&gt;\r\n&lt;/ul&gt;\r\n\r\n&lt;p style=&quot;margin-left: 40px;&quot;&gt;&lt;span style=&quot;font-size:14px;&quot;&gt;&lt;strong&gt;7.2. Limitation of Liability&lt;/strong&gt;&lt;/span&gt;&lt;/p&gt;\r\n\r\n&lt;ul&gt;\r\n	&lt;li style=&quot;margin-left: 40px;&quot;&gt;&lt;span style=&quot;font-size:14px;&quot;&gt;&amp;nbsp; To the extent permitted by law, our liability is limited to the replacement or repair of the Products or the supply of equivalent Products.&lt;/span&gt;&lt;/li&gt;\r\n&lt;/ul&gt;\r\n\r\n&lt;p&gt;&lt;span style=&quot;font-size:16px;&quot;&gt;&lt;strong&gt;8. Returns and Refunds&lt;/strong&gt;&lt;/span&gt;&lt;/p&gt;\r\n\r\n&lt;p style=&quot;margin-left: 40px;&quot;&gt;&lt;span style=&quot;font-size:14px;&quot;&gt;&lt;strong&gt;8.1. Change of Mind&lt;/strong&gt;&lt;/span&gt;&lt;/p&gt;\r\n\r\n&lt;ul&gt;\r\n	&lt;li style=&quot;margin-left: 40px;&quot;&gt;&lt;span style=&quot;font-size:14px;&quot;&gt;We do not offer refunds or exchanges for change of mind purchases, especially for custom-made or modified Products.&lt;/span&gt;&lt;/li&gt;\r\n&lt;/ul&gt;\r\n\r\n&lt;p style=&quot;margin-left: 40px;&quot;&gt;&lt;span style=&quot;font-size:14px;&quot;&gt;&lt;strong&gt;8.2. Faulty Products&lt;/strong&gt;&lt;/span&gt;&lt;/p&gt;\r\n\r\n&lt;ul&gt;\r\n	&lt;li style=&quot;margin-left: 40px;&quot;&gt;&lt;span style=&quot;font-size:14px;&quot;&gt;If you believe a Product is faulty, please contact us within 7 days of receipt. We may require proof of purchase and evidence of the fault.&lt;/span&gt;&lt;/li&gt;\r\n	&lt;li style=&quot;margin-left: 40px;&quot;&gt;&lt;span style=&quot;font-size:14px;&quot;&gt;Remedies will be provided in accordance with the ACL.&lt;/span&gt;&lt;/li&gt;\r\n&lt;/ul&gt;\r\n\r\n&lt;p style=&quot;margin-left: 40px;&quot;&gt;&lt;strong&gt;8.3 &lt;span style=&quot;font-size:14px;&quot;&gt;Purchase of Wrongly Chosen&amp;nbsp;Items&lt;/span&gt;&lt;/strong&gt;&lt;/p&gt;\r\n\r\n&lt;ul&gt;\r\n	&lt;li style=&quot;margin-left: 40px;&quot;&gt;If you have supplied Incorrect information when purchasing your item and the item dose not match that which was requested by you and detailed on your invoice, you must bring this to our attention within 14 days of delivery.&lt;/li&gt;\r\n	&lt;li style=&quot;margin-left: 40px;&quot;&gt;All incorrectly supplied items must be returned and received by us within 30 days of receipt if a refund or replacement is to be considered.&lt;/li&gt;\r\n	&lt;li style=&quot;margin-left: 40px;&quot;&gt;Items not return and receipted by us within the above time frames will be considered to still be in your posession and no refind or replacement will be offered.&lt;/li&gt;\r\n&lt;/ul&gt;\r\n\r\n&lt;p style=&quot;margin-left: 40px;&quot;&gt;&lt;span style=&quot;font-size:14px;&quot;&gt;8.4 &lt;strong&gt;Shipping costs are non-refundable under any circumstances, including:&lt;/strong&gt;&lt;/span&gt;&lt;/p&gt;\r\n\r\n&lt;ul style=&quot;margin-left: 40px;&quot;&gt;\r\n	&lt;li index=&quot;0&quot;&gt;Returned or refused shipments&lt;/li&gt;\r\n	&lt;li index=&quot;1&quot;&gt;Product refunds/exchanges&lt;/li&gt;\r\n	&lt;li index=&quot;2&quot;&gt;Order cancellations after shipment processing&lt;/li&gt;\r\n&lt;/ul&gt;\r\n\r\n&lt;p&gt;&amp;nbsp; &amp;nbsp; &amp;nbsp; &amp;nbsp; &lt;span style=&quot;font-size:14px;&quot;&gt;&amp;nbsp; 8.5&amp;nbsp;&lt;strong&gt;​​​​​​​You bear full responsibility for:&lt;/strong&gt;&lt;/span&gt;&lt;/p&gt;\r\n\r\n&lt;ul style=&quot;margin-left: 40px;&quot;&gt;\r\n	&lt;li index=&quot;0&quot;&gt;Outbound and return shipping costs for refunded items&lt;/li&gt;\r\n	&lt;li index=&quot;1&quot;&gt;Customs/duties fees in international shipments&lt;/li&gt;\r\n	&lt;li index=&quot;2&quot;&gt;Loss/damage claims with carriers (we may assist administratively at our discretion)&lt;/li&gt;\r\n&lt;/ul&gt;\r\n\r\n&lt;p&gt;&lt;strong&gt;&lt;span style=&quot;font-size:16px;&quot;&gt;9. Intellectual Property&lt;/span&gt;&lt;/strong&gt;&lt;/p&gt;\r\n\r\n&lt;ul&gt;\r\n	&lt;li&gt;&lt;span style=&quot;font-size:14px;&quot;&gt;All content on our website, including text, graphics, logos, and images, is the property of Maxxeshop Pty Ltd and is protected by intellectual property laws.&lt;/span&gt;&lt;/li&gt;\r\n&lt;/ul&gt;\r\n\r\n&lt;p&gt;&lt;strong&gt;&lt;span style=&quot;font-size:16px;&quot;&gt;10. Privacy&lt;/span&gt;&lt;/strong&gt;&lt;/p&gt;\r\n\r\n&lt;ul&gt;\r\n	&lt;li&gt;&lt;span style=&quot;font-size:14px;&quot;&gt;We are committed to protecting your privacy. Our Privacy Policy, available on our website, explains how we collect, use, and disclose your personal information.&lt;/span&gt;&lt;/li&gt;\r\n&lt;/ul&gt;\r\n\r\n&lt;p&gt;&lt;span style=&quot;font-size:16px;&quot;&gt;&lt;strong&gt;11. Governing Law&lt;/strong&gt;&lt;/span&gt;&lt;/p&gt;\r\n\r\n&lt;ul&gt;\r\n	&lt;li&gt;&lt;span style=&quot;font-size:14px;&quot;&gt;These Terms are governed by the laws of the State of Queensland, Australia. Any disputes arising from these Terms or your purchase will be resolved in the courts of that jurisdiction.&lt;/span&gt;&lt;/li&gt;\r\n&lt;/ul&gt;\r\n\r\n&lt;p&gt;&lt;span style=&quot;font-size:16px;&quot;&gt;&lt;strong&gt;12. Amendments&lt;/strong&gt;&lt;/span&gt;&lt;/p&gt;\r\n\r\n&lt;ul&gt;\r\n	&lt;li&gt;&lt;span style=&quot;font-size:14px;&quot;&gt;Maxxeshop Pty Ltd reserves the right to amend these Terms at any time. Changes will be effective upon posting on our website.&lt;/span&gt;&lt;/li&gt;\r\n&lt;/ul&gt;\r\n\r\n&lt;p&gt;&lt;span style=&quot;font-size:16px;&quot;&gt;&lt;strong&gt;13. Contact Us&lt;/strong&gt;&lt;/span&gt;&lt;/p&gt;\r\n\r\n&lt;ul&gt;\r\n	&lt;li&gt;&lt;span style=&quot;font-size:14px;&quot;&gt;For any questions or concerns regarding these Terms, please contact us at:&lt;/span&gt;&lt;/li&gt;\r\n	&lt;li&gt;&lt;span style=&quot;font-size:14px;&quot;&gt;&amp;nbsp; &lt;strong&gt;Maxxeshop Pty Ltd &lt;/strong&gt;&amp;nbsp;&lt;/span&gt;&lt;/li&gt;\r\n&lt;/ul&gt;\r\n\r\n&lt;p style=&quot;margin-left: 40px;&quot;&gt;&lt;span style=&quot;font-size:14px;&quot;&gt;&amp;nbsp;&lt;strong&gt; Email:&lt;/strong&gt; info@maxxeshop.com&amp;nbsp;&lt;br /&gt;\r\n&amp;nbsp; &lt;strong&gt;Phone: &lt;/strong&gt;1300 361-605&lt;/span&gt;&lt;/p&gt;\r\n\r\n&lt;hr /&gt;\r\n&lt;p&gt;&lt;span style=&quot;font-size:16px;&quot;&gt;&lt;strong&gt;Important Notice:&lt;/strong&gt;&lt;/span&gt;&lt;/p&gt;\r\n\r\n&lt;p&gt;&lt;span style=&quot;font-size:14px;&quot;&gt;Nothing in these Terms is intended to exclude, restrict, or modify rights which you may have under the ACL or any other legislation which may not be excluded, restricted, or modified by agreement. Our goods come with guarantees that cannot be excluded under the ACL.&lt;/span&gt;&lt;/p&gt;\r\n\r\n&lt;p&gt;&lt;span style=&quot;font-size:16px;&quot;&gt;&lt;strong&gt;Custom-Made and Modified Products:&lt;/strong&gt;&lt;/span&gt;&lt;/p&gt;\r\n\r\n&lt;p&gt;&lt;span style=&quot;font-size:14px;&quot;&gt;By purchasing custom-made mirror glass or requesting modifications to mirror assemblies, you acknowledge that these Products are tailored to your specifications. As such, refunds or exchanges are limited and are provided at our discretion, except where required under the ACL due to defects or failures.&lt;/span&gt;&lt;/p&gt;\r\n\r\n&lt;p&gt;&lt;span style=&quot;font-size:14px;&quot;&gt;&lt;strong&gt;Advice to Consumers:&lt;/strong&gt;&lt;/span&gt;&lt;/p&gt;\r\n\r\n&lt;p&gt;&lt;span style=&quot;font-size:14px;&quot;&gt;For further information about your rights, you may wish to visit the Australian Competition and Consumer Commission (ACCC) website or contact the ACCC on 1300 302 502.&lt;/span&gt;&lt;/p&gt;\r\n\r\n&lt;hr /&gt;\r\n&lt;p&gt;&lt;span style=&quot;font-size:16px;&quot;&gt;&lt;strong&gt;Acknowledgment&lt;/strong&gt;&lt;/span&gt;&lt;/p&gt;\r\n\r\n&lt;p&gt;&lt;span style=&quot;font-size:14px;&quot;&gt;By placing an order with Maxxeshop Pty Ltd, you acknowledge that you have read, understood, and agree to be bound by these Terms and Conditions.&lt;/span&gt;&lt;/p&gt;\r\n\r\n&lt;hr /&gt;\r\n&lt;p&gt;&lt;em&gt;&lt;span style=&quot;font-size:16px;&quot;&gt;Please ensure you read and understand these Terms before making a purchase. If you do not agree with any part of these Terms, please refrain from purchasing our Products.&lt;/span&gt;&lt;/em&gt;&lt;/p&gt;','All About {name}','Learn everything you need to know about {name} on our informational page. Find out how to use {name} effectively and make the most of your shopping experience.','{name}, {name} information, {name} guide'),(3,1,'Privacy Policy','&lt;p&gt;This privacy policy outlines how personal information is collected, used, and protected when you engage in online shopping in Australia. It is important to note that each online retailer may have their own privacy policies which should be reviewed individually.&lt;br /&gt;\r\n&lt;br /&gt;\r\n1. Collection of Personal Information:&lt;br /&gt;\r\nWhen you make a purchase online, the retailer may collect certain personal information such as your name, address, email address, phone number, and payment details. This information is generally collected directly from you during the checkout process.&lt;br /&gt;\r\n&lt;br /&gt;\r\n2. Use of Personal Information:&lt;br /&gt;\r\nThe personal information collected is used to process your order, complete the transaction, and deliver the purchased products to you. It may also be used for customer service, including responding to inquiries and providing support. Additionally, the retailer may use your information to send you marketing communications, but only if you have provided your explicit consent for such communication.&lt;br /&gt;\r\n&lt;br /&gt;\r\n3. Protection of Personal Information:&lt;br /&gt;\r\nOnline retailers are mandated to take reasonable steps to protect the personal information they collect. This can include utilizing encryption technology, secure servers, and firewalls to prevent unauthorized access or disclosure. Retailers also implement appropriate security measures to protect against loss, misuse, or alteration of personal information.&lt;br /&gt;\r\n&lt;br /&gt;\r\n4. Disclosure of Personal Information:&lt;br /&gt;\r\nPersonal information may be disclosed to third parties for specific purposes. This can include sharing information with payment processors to facilitate payment, shipping providers to deliver products, and marketing service providers for promotional activities. Online retailers may also share personal information if required by law, or to protect their rights, property, or safety.&lt;br /&gt;\r\n&lt;br /&gt;\r\n5. Cookies and Tracking Technologies:&lt;br /&gt;\r\nWhen you visit an online retailer\'s website, they may use cookies or similar tracking technologies to collect information about your browsing behavior. This information is used to improve your shopping experience, personalize content, and analyze website traffic. You can usually modify your browser settings to disable or reject cookies if you prefer.&lt;br /&gt;\r\n&lt;br /&gt;\r\n6. Third-Party Websites:&lt;br /&gt;\r\nOnline retailers may provide links to third-party websites, which have their own privacy policies. It is advisable to review these policies before providing any personal information on those websites, as they are not governed by the same privacy standards.&lt;br /&gt;\r\n&lt;br /&gt;\r\n7. Access and Control:&lt;br /&gt;\r\nYou have the right to access, correct, or delete the personal information that online retailers hold about you. You can usually update your personal information by logging into your account or contacting customer service. You also have the right to opt-out of receiving marketing communications at any time.&lt;br /&gt;\r\n&lt;br /&gt;\r\n8. Children\'s Privacy:&lt;br /&gt;\r\nOnline retailers do not knowingly collect personal information from individuals under the age of 13. If you are a parent or guardian and believe your child has provided personal information, please contact the retailer to have it removed.&lt;br /&gt;\r\n&lt;br /&gt;\r\nThis general privacy policy is subject to change, and it is advisable to review the specific privacy policy of each online retailer before making a purchase.&lt;/p&gt;','Privacy Policy','Privacy Policy Australia\r\n\r\nThis Privacy Policy outlines how personal information is collected, used, and disclosed in Australia. It applies to individuals and organizations subject to the Australian Privacy Principles (APPs) under the Privacy Act 1988.\r\n','Privacy Policy'),(4,1,'Delivery Information','&lt;p&gt;&lt;span style=&quot;font-size:20px;&quot;&gt;&lt;strong&gt;Shipping and Delivery Policy&lt;/strong&gt;&lt;/span&gt;&lt;/p&gt;\r\n\r\n&lt;p&gt;&lt;span style=&quot;font-size:14px;&quot;&gt;At Maxxeshop Pty Ltd, we are committed to delivering your purchased parts efficiently and securely. Please read our shipping and delivery policy carefully to understand how your orders will be processed and delivered.&lt;/span&gt;&lt;/p&gt;\r\n\r\n&lt;hr /&gt;\r\n&lt;p&gt;&lt;span style=&quot;font-size:16px;&quot;&gt;&lt;strong&gt;1. Delivery Methods&lt;/strong&gt;&lt;/span&gt;&lt;/p&gt;\r\n\r\n&lt;ul&gt;\r\n	&lt;li&gt;&lt;span style=&quot;font-size:14px;&quot;&gt;&lt;strong&gt;Selected Shipping Method&lt;/strong&gt;: All parts purchased on or from our website are delivered via the shipping method you select during the checkout process. Delivery will be made to the address you provide in your order.&lt;/span&gt;&lt;/li&gt;\r\n&lt;/ul&gt;\r\n\r\n&lt;p&gt;&lt;span style=&quot;font-size:16px;&quot;&gt;&lt;strong&gt;2. Customer Responsibility&lt;/strong&gt;&lt;/span&gt;&lt;/p&gt;\r\n\r\n&lt;ul&gt;\r\n	&lt;li&gt;&lt;span style=&quot;font-size:14px;&quot;&gt;&lt;strong&gt;Shipping Purchase&lt;/strong&gt;: By purchasing shipping separately, you instruct us to ship the goods via your selected method, and you accept full responsibility for this choice.&lt;/span&gt;&lt;/li&gt;\r\n	&lt;li&gt;&lt;span style=&quot;font-size:14px;&quot;&gt;&lt;strong&gt;Shipping Costs&lt;/strong&gt;: All shipping costs are at your expense, as selected and purchased by you during the order process.&lt;/span&gt;&lt;/li&gt;\r\n	&lt;li&gt;&lt;span style=&quot;font-size:14px;&quot;&gt;&lt;strong&gt;Transfer of Responsibility&lt;/strong&gt;: All parts are considered delivered once they leave the Maxxeshop Pty Ltd Warehouse. Responsibility for the goods passes to you at this point.&lt;/span&gt;&lt;/li&gt;\r\n&lt;/ul&gt;\r\n\r\n&lt;p&gt;&lt;strong&gt;&lt;span style=&quot;font-size:16px;&quot;&gt;3. Tracking and Freight Forwarder Information&lt;/span&gt;&lt;/strong&gt;&lt;/p&gt;\r\n\r\n&lt;ul&gt;\r\n	&lt;li&gt;&lt;span style=&quot;font-size:14px;&quot;&gt;&lt;strong&gt;Tracking Details:&lt;/strong&gt; In most cases, the freight company will provide tracking details for your shipment.&lt;/span&gt;&lt;/li&gt;\r\n	&lt;li&gt;&lt;span style=&quot;font-size:14px;&quot;&gt;&lt;strong&gt;Requesting Tracking Information&lt;/strong&gt;: You can request tracking details from us at any time. We will provide these details if we have received them from the freight forwarder.&lt;/span&gt;&lt;/li&gt;\r\n&lt;/ul&gt;\r\n\r\n&lt;p&gt;&lt;span style=&quot;font-size:16px;&quot;&gt;&lt;strong&gt;4. Order Preparation and Dispatch&lt;/strong&gt;&lt;/span&gt;&lt;/p&gt;\r\n\r\n&lt;ul&gt;\r\n	&lt;li&gt;&lt;span style=&quot;font-size:14px;&quot;&gt;&lt;strong&gt;Processing Time&lt;/strong&gt;: Please be aware that there may be a time lapse between the placement of your order and dispatch. This period can vary as we carefully manage the preparation of each part to ensure quality.&lt;/span&gt;&lt;/li&gt;\r\n	&lt;li&gt;&lt;span style=&quot;font-size:14px;&quot;&gt;&lt;strong&gt;Lead Times&lt;/strong&gt;: There are usually some small lead times required for order preparation, especially for custom-made or specialized parts.&lt;/span&gt;&lt;/li&gt;\r\n	&lt;li&gt;&lt;span style=&quot;font-size:14px;&quot;&gt;&lt;strong&gt;Express Shipping&lt;/strong&gt;: The term &quot;Express Shipping&quot; refers only to the shipping component of your order. While we strive to prepare and dispatch orders as quickly as possible, preparation times remain consistent to maintain our high-quality standards.&lt;/span&gt;&lt;/li&gt;\r\n&lt;/ul&gt;\r\n\r\n&lt;p&gt;&lt;span style=&quot;font-size:16px;&quot;&gt;&lt;strong&gt;5. Important Notes&lt;/strong&gt;&lt;/span&gt;&lt;/p&gt;\r\n\r\n&lt;ul&gt;\r\n	&lt;li&gt;&lt;span style=&quot;font-size:14px;&quot;&gt;&lt;strong&gt;Delivery Address&lt;/strong&gt;: Ensure that the delivery address provided is accurate and complete. Maxxeshop Pty Ltd is not responsible for delays or misdeliveries due to incorrect or incomplete addresses.&lt;/span&gt;&lt;/li&gt;\r\n	&lt;li&gt;&lt;span style=&quot;font-size:14px;&quot;&gt;&lt;strong&gt;Contact Information&lt;/strong&gt;: Please include a valid contact number and email address with your order to facilitate communication regarding your delivery.&lt;/span&gt;&lt;/li&gt;\r\n	&lt;li&gt;&lt;span style=&quot;font-size:14px;&quot;&gt;&lt;strong&gt;Delays&lt;/strong&gt;: Maxxeshop Pty Ltd is not responsible for shipping delays caused by the freight company, customs clearance, or other external factors beyond our control.&lt;/span&gt;&lt;/li&gt;\r\n&lt;/ul&gt;\r\n\r\n&lt;p&gt;&lt;span style=&quot;font-size:16px;&quot;&gt;&lt;strong&gt;6. Customer Support&lt;/strong&gt;&lt;/span&gt;&lt;/p&gt;\r\n\r\n&lt;p&gt;&lt;span style=&quot;font-size:14px;&quot;&gt;If you have any questions or concerns about your shipment, please contact our customer service team:&lt;/span&gt;&lt;/p&gt;\r\n\r\n&lt;p&gt;&lt;span style=&quot;font-size:14px;&quot;&gt;Email: info@maxxeshop.com&lt;br /&gt;\r\nPhone: 1300 361-605&lt;/span&gt;&lt;/p&gt;\r\n\r\n&lt;hr /&gt;\r\n&lt;p&gt;&lt;em&gt;&lt;span style=&quot;font-size:18px;&quot;&gt;We appreciate your understanding and cooperation in ensuring a smooth delivery process. Thank you for choosing Maxxeshop Pty Ltd for your automotive parts needs.&lt;/span&gt;&lt;/em&gt;&lt;/p&gt;','eCommerce Information - {name}','Learn all about {name} and how it can benefit your online shopping experience. Find out key information and details here.','eCommerce, online shopping, {name}'),(5,1,'Replacement Mirrors','&lt;header&gt;\r\n&lt;h1&gt;&lt;strong&gt;Mirror Glass Replacement at Maxxeshop Auto&lt;/strong&gt;&lt;/h1&gt;\r\n&lt;/header&gt;\r\n\r\n&lt;main&gt;\r\n&lt;section&gt;\r\n&lt;h2&gt;&lt;span style=&quot;font-size:22px;&quot;&gt;&lt;strong&gt;Your Source for Quality Rearview Mirror Solutions&lt;/strong&gt;&lt;/span&gt;&lt;/h2&gt;\r\n\r\n&lt;p&gt;&lt;span style=&quot;font-size:14px;&quot;&gt;Welcome to Maxxeshop Auto, where we recognize that your vehicle\'s mirrors are more than mere reflective surfaces; they serve as your safety windows on the road. Our commitment lies in offering you top-notch solutions to ensure your journeys are safe and stylish, merging functionality with security.&lt;/span&gt;&lt;/p&gt;\r\n&lt;/section&gt;\r\n\r\n&lt;section&gt;\r\n&lt;h2&gt;&lt;span style=&quot;font-size:20px;&quot;&gt;&lt;strong&gt;Unmatched Expertise in Rearview Mirror Solutions&lt;/strong&gt;&lt;/span&gt;&lt;/h2&gt;\r\n\r\n&lt;p&gt;&lt;span style=&quot;font-size:14px;&quot;&gt;Did you know that we stand as Australia\'s exclusive designer and manufacturer of ADR compliant OEM conversion kits? Our conversion kits are meticulously crafted to meet Australia\'s rigorous road safety regulations, ensuring your vehicle adapts seamlessly while upholding exceptional road safety standards.&lt;/span&gt;&lt;/p&gt;\r\n&lt;/section&gt;\r\n\r\n&lt;section&gt;\r\n&lt;h2&gt;&lt;strong&gt;&lt;span style=&quot;font-size:20px;&quot;&gt;Unwavering Dedication&lt;/span&gt;&lt;/strong&gt;&lt;/h2&gt;\r\n\r\n&lt;p&gt;&lt;span style=&quot;font-size:14px;&quot;&gt;At Maxxeshop Auto, our seasoned professionals are on an unending mission – to deliver unparalleled products, exceptional services, and customer care that exceeds expectations. From pristine mirrors to comprehensive conversion kits, we are your ultimate partner in maintaining your vehicle\'s integrity and safety.&lt;/span&gt;&lt;/p&gt;\r\n\r\n&lt;h2&gt;&lt;strong&gt;&lt;span style=&quot;font-size:20px;&quot;&gt;Simplified Replacement Process&lt;/span&gt;&lt;/strong&gt;&lt;/h2&gt;\r\n\r\n&lt;ol&gt;\r\n	&lt;li&gt;&lt;span style=&quot;font-size:14px;&quot;&gt;&lt;strong&gt;Step 1: Perfect Match&lt;/strong&gt;&amp;nbsp;- Our vast collection of templates ensures a mirror tailored specifically for your vehicle, guaranteeing an impeccable fit.&lt;/span&gt;&lt;/li&gt;\r\n	&lt;li&gt;&lt;span style=&quot;font-size:14px;&quot;&gt;&lt;strong&gt;Step 2: Easy Installation&lt;/strong&gt;&amp;nbsp;- Our DIY kit is designed for simplicity, with step-by-step video instructions for hassle-free installation.&lt;/span&gt;&lt;/li&gt;\r\n	&lt;li&gt;&lt;span style=&quot;font-size:14px;&quot;&gt;&lt;strong&gt;Step 3: Save Big&lt;/strong&gt;&amp;nbsp;- Achieve a professional finish at a fraction of the cost with our cost-effective DIY kit.&lt;/span&gt;&lt;/li&gt;\r\n&lt;/ol&gt;\r\n\r\n&lt;section&gt;\r\n&lt;h2&gt;&lt;strong&gt;&lt;span style=&quot;font-size:20px;&quot;&gt;Ready to Make the Change?&lt;/span&gt;&lt;/strong&gt;&lt;/h2&gt;\r\n\r\n&lt;p&gt;&lt;span style=&quot;font-size:14px;&quot;&gt;Immerse yourself in the world of hassle-free mirror replacements with Maxxeshop Auto. Our DIY kit epitomizes simplicity, cost-effectiveness, and precision. Reach out to us today and begin your journey to impeccable rearview mirrors!&lt;/span&gt;&lt;/p&gt;\r\n&lt;/section&gt;\r\n\r\n&lt;footer&gt;\r\n&lt;p&gt;&lt;span style=&quot;font-size:14px;&quot;&gt;&lt;strong&gt;At Maxxeshop Auto&lt;/strong&gt;, we\'re not just about replacement – we\'re your companions in enhancing your driving experience. Your journey to impeccable rearview mirrors begins now!&lt;/span&gt;&lt;/p&gt;\r\n&lt;/footer&gt;\r\n&lt;/section&gt;\r\n&lt;/main&gt;','Welcome to {name} - Your One-Stop eCommerce Shop','Explore a wide range of products at {name} and enjoy a seamless online shopping experience. Shop now!','eCommerce, online shopping, products, {name}'),(6,1,'Mirror Assemblies','&lt;p&gt;&lt;strong&gt;&lt;span style=&quot;font-size:16px;&quot;&gt;Explore Mirror Assemblies at Maxxeshop Auto: Your Source for Genuine and Aftermarket Solu&lt;/span&gt;tions&lt;/strong&gt;&lt;/p&gt;\r\n\r\n&lt;p&gt;&lt;span style=&quot;font-size:14px;&quot;&gt;Welcome to Maxxeshop Auto, where we understand that sometimes your vehicle\'s rearview mirror needs more than just a glass replacement. We\'re here to offer you a wide range of options – from Genuine to Aftermarket Mirror Assemblies – designed to cater to various needs while keeping your vehicle\'s safety and aesthetics intact.&lt;/span&gt;&lt;/p&gt;\r\n\r\n&lt;p&gt;&lt;span style=&quot;font-size:16px;&quot;&gt;&lt;strong&gt;Your One-Stop Solution for Mirror Assemblies&lt;/strong&gt;&lt;/span&gt;&lt;/p&gt;\r\n\r\n&lt;p&gt;&lt;span style=&quot;font-size:14px;&quot;&gt;When your rearview mirror has suffered damage beyond just the glass, you need a comprehensive solution. At Maxxeshop Auto, we\'ve got you covered with our extensive collection of Mirror Assemblies. Whether you drive a sedan, SUV, truck, or any other vehicle on Australian roads, our mirror assemblies are meticulously crafted to suit a wide range of models.&lt;/span&gt;&lt;/p&gt;\r\n\r\n&lt;p&gt;&lt;span style=&quot;font-size:16px;&quot;&gt;&lt;strong&gt;Genuine and Aftermarket Choices&lt;/strong&gt;&lt;/span&gt;&lt;/p&gt;\r\n\r\n&lt;p&gt;&lt;span style=&quot;font-size:14px;&quot;&gt;We take pride in offering both Genuine and Aftermarket Mirror Assemblies, providing you with the flexibility to choose the option that best fits your preferences and budget.&lt;/span&gt;&lt;/p&gt;\r\n\r\n&lt;ul&gt;\r\n	&lt;li&gt;\r\n	&lt;p&gt;&lt;span style=&quot;font-size:14px;&quot;&gt;&lt;strong&gt;Genuine Mirror Assemblies:&lt;/strong&gt;&amp;nbsp;If you\'re seeking the same high-quality mirror assembly as the one that came with your vehicle, our Genuine options ensure a seamless match. These mirror assemblies not only meet the manufacturer\'s specifications but also uphold the integrity of your vehicle\'s design.&lt;/span&gt;&lt;/p&gt;\r\n	&lt;/li&gt;\r\n	&lt;li&gt;\r\n	&lt;p&gt;&lt;span style=&quot;font-size:14px;&quot;&gt;&lt;strong&gt;Aftermarket Mirror Assemblies:&lt;/strong&gt;&amp;nbsp;Our Aftermarket selections combine affordability with top-notch quality. Crafted to meet stringent standards, these mirror assemblies are an excellent alternative for those looking for value without compromising on functionality and style.&lt;/span&gt;&lt;/p&gt;\r\n	&lt;/li&gt;\r\n&lt;/ul&gt;\r\n\r\n&lt;p&gt;&lt;span style=&quot;font-size:16px;&quot;&gt;&lt;strong&gt;Unbeatable Pricing and Color-Coded Parts&lt;/strong&gt;&lt;/span&gt;&lt;/p&gt;\r\n\r\n&lt;p&gt;&lt;span style=&quot;font-size:14px;&quot;&gt;At Maxxeshop Auto, we understand the importance of cost-effective solutions. Our Mirror Assemblies are competitively priced, ensuring that you get exceptional quality without breaking the bank. Moreover, we offer color-coded parts if required, enabling your new mirror assembly to seamlessly integrate with your vehicle\'s exterior, preserving its original charm.&lt;/span&gt;&lt;/p&gt;\r\n\r\n&lt;p&gt;&lt;span style=&quot;font-size:16px;&quot;&gt;&lt;strong&gt;Why Choose Maxxeshop Auto for Mirror Assemblies?&lt;/strong&gt;&lt;/span&gt;&lt;/p&gt;\r\n\r\n&lt;ul&gt;\r\n	&lt;li&gt;\r\n	&lt;p&gt;&lt;span style=&quot;font-size:14px;&quot;&gt;&lt;strong&gt;Wide Compatibility:&lt;/strong&gt;&amp;nbsp;Our Mirror Assemblies cater to a vast array of vehicle makes and models commonly found on Australian roads.&lt;/span&gt;&lt;/p&gt;\r\n	&lt;/li&gt;\r\n	&lt;li&gt;\r\n	&lt;p&gt;&lt;span style=&quot;font-size:14px;&quot;&gt;&lt;strong&gt;Quality Assurance:&lt;/strong&gt;&amp;nbsp;Whether you opt for Genuine or Aftermarket, our mirror assemblies undergo rigorous quality checks to guarantee your satisfaction.&lt;/span&gt;&lt;/p&gt;\r\n	&lt;/li&gt;\r\n	&lt;li&gt;\r\n	&lt;p&gt;&lt;span style=&quot;font-size:14px;&quot;&gt;&lt;strong&gt;Competitive Pricing:&lt;/strong&gt;&amp;nbsp;Experience high value without compromising on quality – our mirror assemblies are priced to suit your budget.&lt;/span&gt;&lt;/p&gt;\r\n	&lt;/li&gt;\r\n	&lt;li&gt;\r\n	&lt;p&gt;&lt;span style=&quot;font-size:14px;&quot;&gt;&lt;strong&gt;Color-Coded Options:&lt;/strong&gt;&amp;nbsp;Preserve your vehicle\'s aesthetics with color-coded parts, ensuring a cohesive and attractive appearance.&lt;/span&gt;&lt;/p&gt;\r\n	&lt;/li&gt;\r\n&lt;/ul&gt;\r\n\r\n&lt;p&gt;&lt;span style=&quot;font-size:16px;&quot;&gt;&lt;strong&gt;Explore the Possibilities Today!&lt;/strong&gt;&lt;/span&gt;&lt;/p&gt;\r\n\r\n&lt;p&gt;&lt;span style=&quot;font-size:14px;&quot;&gt;When your rearview mirror requires more than just glass replacement, Maxxeshop Auto is your trusted partner. Discover our range of Genuine and Aftermarket Mirror Assemblies that offer unbeatable quality, compatibility, and affordability. Take the step towards enhancing your vehicle\'s appearance and safety. Contact us today and let our mirror assemblies redefine your driving experience!&lt;/span&gt;&lt;/p&gt;','{name} Information','Learn all about {name} and how it can benefit you. Find out more about the features, benefits, and uses of {name} on our informative page.','{name}, information, benefits, features, uses'),(7,1,'On-site Services','&lt;p&gt;&lt;span style=&quot;font-size:22px;&quot;&gt;&lt;strong&gt;Maxxeshop Auto On-Site Service: Seamless Car Mirror Repairs and Replacement at Your Convenience&lt;/strong&gt;&lt;/span&gt;&lt;/p&gt;\r\n\r\n&lt;p&gt;&lt;span style=&quot;font-size:14px;&quot;&gt;Welcome to Maxxeshop Auto, your trusted destination for swift and hassle-free car mirror repairs and replacements. Why endure the complexities of replacing an entire unit when all you need is a fresh mirror glass? Our dedicated mobile service covers various locations across Australia, offering you the utmost convenience right at your doorstep. Our team of expert technicians is here to swiftly cut and install new mirror glass or full mirror assemblies, saving you valuable time and money. Whether you\'re a van, car, motorbike, bus, or truck owner, we\'ve got your mirror glass replacement needs covered, and our commitment to quality is unwavering.&lt;/span&gt;&lt;/p&gt;\r\n\r\n&lt;p&gt;&lt;span style=&quot;font-size:20px;&quot;&gt;&lt;strong&gt;Our Comprehensive Services&lt;/strong&gt;&lt;/span&gt;&lt;/p&gt;\r\n\r\n&lt;p&gt;&lt;span style=&quot;font-size:14px;&quot;&gt;&lt;strong&gt;Mobile Mirror Glass Replacement and Full Mirror Assemblies:&lt;/strong&gt;&amp;nbsp;Our mobile service spans across Australia, ensuring that no matter where you\'re located, a broken mirror won\'t disrupt your life for long. We bring the solution to you – cutting a new mirror glass and fitting it seamlessly on the spot, restoring both your vehicle\'s functionality and aesthetics.&lt;/span&gt;&lt;/p&gt;\r\n\r\n&lt;p&gt;&lt;span style=&quot;font-size:14px;&quot;&gt;&lt;strong&gt;Convenient On-Site Service:&lt;/strong&gt;&amp;nbsp;Our mobile service extends beyond just the convenience of location. We understand that your time is precious, which is why our services are designed to integrate seamlessly into your busy schedule. Our skilled technicians will adeptly cut and fit your new mirrors on-site, providing you with a stress-free experience.&lt;/span&gt;&lt;/p&gt;\r\n\r\n&lt;p&gt;&lt;span style=&quot;font-size:20px;&quot;&gt;&lt;strong&gt;Why Maxxeshop Auto is Your Best Choice&lt;/strong&gt;&lt;/span&gt;&lt;/p&gt;\r\n\r\n&lt;ul&gt;\r\n	&lt;li&gt;\r\n	&lt;p&gt;&lt;span style=&quot;font-size:14px;&quot;&gt;&lt;strong&gt;Swift Turnaround:&lt;/strong&gt;&amp;nbsp;We prioritize your safety and convenience. Our goal is to offer same or next-day service for truck and car mirror replacements, ensuring that your vehicle is back on the road as quickly as possible.&lt;/span&gt;&lt;/p&gt;\r\n	&lt;/li&gt;\r\n	&lt;li&gt;\r\n	&lt;p&gt;&lt;span style=&quot;font-size:14px;&quot;&gt;&lt;strong&gt;Personalized Guidance:&lt;/strong&gt;&amp;nbsp;Our knowledgeable sales team and skilled technicians are just a phone call away. We\'re here to guide you through our range of cost-effective options, helping you select the best solution that aligns with both your needs and budget.&lt;/span&gt;&lt;/p&gt;\r\n	&lt;/li&gt;\r\n	&lt;li&gt;\r\n	&lt;p&gt;&lt;span style=&quot;font-size:14px;&quot;&gt;&lt;strong&gt;Quality Assured:&lt;/strong&gt;&amp;nbsp;When you choose Maxxeshop Auto, you\'re choosing reliability and durability. We maintain the highest standards of quality in both our products and workmanship, ensuring that your mirror replacement stands the test of time.&lt;/span&gt;&lt;/p&gt;\r\n	&lt;/li&gt;\r\n&lt;/ul&gt;\r\n\r\n&lt;p&gt;&lt;span style=&quot;font-size:20px;&quot;&gt;&lt;strong&gt;Don\'t Let a Broken Mirror Slow You Down&lt;/strong&gt;&lt;/span&gt;&lt;/p&gt;\r\n\r\n&lt;p&gt;&lt;span style=&quot;font-size:14px;&quot;&gt;Don\'t let a broken car mirror impede your journey any longer. Get in touch with Maxxeshop Auto today via telephone to explore your options, receive personalized advice, and take the first step towards restoring your vehicle\'s appearance and functionality. Our On-Site Service is designed with your convenience in mind – because your time matters. Experience hassle-free mirror repairs and replacements with Maxxeshop Auto. Contact us now and let us get you back on the road with clarity and confidence!&lt;/span&gt;&lt;/p&gt;','Explore {name} | Shop Online for the Best Deals','Discover a wide selection of products at {name}. From electronics to fashion, find everything you need in one convenient place.','online shopping, best deals, electronics, fashion, {name}'),(8,1,'Left to Right Hand Drive','&lt;p&gt;&lt;span style=&quot;font-size:22px;&quot;&gt;&lt;strong&gt;Enhance Your Vehicle\'s Safety and Functionality with Maxxeshop Auto\'s Premium Mirror Modifications&lt;/strong&gt;&lt;/span&gt;&lt;/p&gt;\r\n\r\n&lt;p&gt;&lt;span style=&quot;font-size:14px;&quot;&gt;Welcome to Maxxeshop Auto, your premier destination for top-notch modifications tailored to transform OEM left to righthand drive vehicle mirrors in Australia. With an extensive background in the automotive industry, our expertise shines through in every aspect of our mirror modifications, delivering enhanced safety and functionality to your vehicle.&lt;/span&gt;&lt;/p&gt;\r\n\r\n&lt;p&gt;&lt;span style=&quot;font-size:20px;&quot;&gt;&lt;strong&gt;Quality Modifications Tailored to Your Needs&lt;/strong&gt;&lt;/span&gt;&lt;/p&gt;\r\n\r\n&lt;p&gt;&lt;span style=&quot;font-size:14px;&quot;&gt;At Maxxeshop Auto, we recognize the significance of reliable and functional vehicle mirrors. Our comprehensive range of modifications is designed to cater to your unique requirements, ensuring your mirror system is optimized for your specific needs. From advanced heater elements to cutting-edge LED Blindspot indicators, ADR Compliant Glass, and injection-molded plastic components with MOQ\'s as low as 500 pieces, we have a solution for you.&lt;/span&gt;&lt;/p&gt;\r\n\r\n&lt;p&gt;&lt;span style=&quot;font-size:20px;&quot;&gt;&lt;strong&gt;Expert Engineering and Design Excellence&lt;/strong&gt;&lt;/span&gt;&lt;/p&gt;\r\n\r\n&lt;p&gt;&lt;span style=&quot;font-size:14px;&quot;&gt;Behind our outstanding modifications stands a team of seasoned engineers and designers dedicated to providing you with unparalleled solutions for your mirror modification demands. Our use of state-of-the-art technology and premium materials guarantees that our modifications adhere to the highest quality standards and meet all relevant safety regulations.&lt;/span&gt;&lt;/p&gt;\r\n\r\n&lt;p&gt;&lt;span style=&quot;font-size:20px;&quot;&gt;&lt;strong&gt;Illuminate Your Drive with LED Blindspot Indicators&lt;/strong&gt;&lt;/span&gt;&lt;/p&gt;\r\n\r\n&lt;p&gt;&lt;span style=&quot;font-size:14px;&quot;&gt;One of our standout features is our revolutionary LED Blindspot indicators. Engineered to enhance your vehicle\'s visibility and avert accidents, these indicators are strategically designed to eliminate blind spots. By integrating our LED Blindspot indicators, you can confidently navigate the road, detecting other vehicles and obstacles that may otherwise go unnoticed, effectively reducing collision risks.&lt;/span&gt;&lt;/p&gt;\r\n\r\n&lt;p&gt;&lt;span style=&quot;font-size:20px;&quot;&gt;&lt;strong&gt;ADR Compliant Glass for Optimal Safety&lt;/strong&gt;&lt;/span&gt;&lt;/p&gt;\r\n\r\n&lt;p&gt;&lt;span style=&quot;font-size:14px;&quot;&gt;Safety is our priority, which is why we offer ADR Compliant Glass for our mirror modifications. Crafted to meet the stringent Australian safety standards, our glass guarantees maximum visibility and durability. Constructed from high-quality materials that are shatter-resistant, our ADR Compliant Glass is the ultimate choice for safety-conscious vehicle owners.&lt;/span&gt;&lt;/p&gt;\r\n\r\n&lt;p&gt;&lt;span style=&quot;font-size:20px;&quot;&gt;&lt;strong&gt;Custom Solutions for Every Need&lt;/strong&gt;&lt;/span&gt;&lt;/p&gt;\r\n\r\n&lt;p&gt;&lt;span style=&quot;font-size:14px;&quot;&gt;At Maxxeshop Auto, we celebrate individuality. With a commitment to customization, we provide tailored solutions for all our mirror modifications. Whether you require large production runs or small prototyped batches with MOQ\'s less than 500 pieces, we have the flexibility to match your needs.&lt;/span&gt;&lt;/p&gt;\r\n\r\n&lt;p&gt;&lt;span style=&quot;font-size:20px;&quot;&gt;&lt;strong&gt;Injection-Molded Plastic Components with &lt;em&gt;&lt;u&gt;&lt;span style=&quot;color:#c0392b;&quot;&gt;MOQ\'s as Low as 500 Pieces&lt;/span&gt;&lt;/u&gt;&lt;/em&gt;&lt;/strong&gt;&lt;/span&gt;&lt;/p&gt;\r\n\r\n&lt;p&gt;&lt;span style=&quot;font-size:14px;&quot;&gt;Our injection-molded plastic components are an esteemed choice for many customers. Made from premium materials and built to endure, these components promise longevity. Our efficient injection-molding process enables us to produce substantial quantities of components promptly, allowing us to pass on cost savings to you.&lt;/span&gt;&lt;/p&gt;\r\n\r\n&lt;p&gt;&lt;span style=&quot;font-size:20px;&quot;&gt;&lt;strong&gt;Fast and Affordable 3D Printed Solutions&lt;/strong&gt;&lt;/span&gt;&lt;/p&gt;\r\n\r\n&lt;p&gt;&lt;span style=&quot;font-size:14px;&quot;&gt;For customers in need of a limited quantity of custom parts or components, our 3D Printed small Production or prototyped runs are the ideal solution. Leveraging cutting-edge 3D printing technology, we swiftly and economically produce high-quality parts to meet your specific requirements.&lt;/span&gt;&lt;/p&gt;\r\n\r\n&lt;p&gt;&lt;span style=&quot;font-size:20px;&quot;&gt;&lt;strong&gt;Your Ultimate Destination for Mirror Modifications&lt;/strong&gt;&lt;/span&gt;&lt;/p&gt;\r\n\r\n&lt;p&gt;&lt;span style=&quot;font-size:14px;&quot;&gt;In conclusion, Maxxeshop Auto is your definitive source for premium mirror modifications tailored for OEM left to righthand drive vehicles in Australia. From innovative features like LED Blindspot indicators to essentials like ADR Compliant Glass and flexible solutions such as plastic components injection-molded with MOQ\'s as low as 500 pieces, we have all you need to elevate your vehicle\'s safety and functionality.&lt;/span&gt;&lt;/p&gt;\r\n\r\n&lt;p&gt;&lt;span style=&quot;font-size:14px;&quot;&gt;Contact us today to explore our services further and discover how Maxxeshop Auto can cater to your mirror modification needs. Elevate your driving experience with our unparalleled solutions.&lt;/span&gt;&lt;/p&gt;','Welcome to {name} - Your Ultimate Online Shopping Destination','Discover a wide range of products at {name}, your one-stop shop for all your shopping needs. Explore our collection of top brands and find the perfect items to suit your lifestyle.','online shopping, eCommerce, top brands, shopping destination, lifestyle products'),(9,1,'Victoria Home','','eCommerce Information | {name}','Learn more about {name} and how to use our eCommerce platform for your online shopping needs.','eCommerce, online shopping, {name}, eCommerce platform'),(11,1,'We Come to YOU at Work or Home….!','&lt;p&gt;&lt;span style=&quot;font-size:14px;&quot;&gt;For over 30 years, we have proudly served Melbourne and its suburbs as Australia\'s original car mirror specialists. Offering onsite car mirror glass replacement, full mirror assembly painting, and installation, we ensure convenience and quality right at your doorstep. Additionally, we provide the largest range of DIY replacement car mirror glass that is ADR compliant, making us the trusted choice for safety and reliability. Manufactured in our state-of-the-art Australian factory and staffed by skilled locals, we produce and install more car mirrors than any other supplier nationwide. Experience unmatched expertise and craftsmanship with our services tailored to meet your needs.&lt;/span&gt;&lt;/p&gt;','Shop {name} Online - Best Deals & Discounts','Discover the best selection of {name} products online. Get great deals and discounts on top-rated items. Shop now!','shop {name}, {name} online, buy {name}, {name} deals, {name} discounts'),(12,1,'Victoria Home Page','','Victoria_Home','','');

--
-- Table structure for table `oc8d_information_to_layout`
--

CREATE TABLE `oc8d_information_to_layout` (
  `information_id` int NOT NULL,
  `store_id` int NOT NULL,
  `layout_id` int NOT NULL,
  PRIMARY KEY (`information_id`,`store_id`)
) ENGINE=InnoDB DEFAULT CHARSET=utf8mb4 COLLATE=utf8mb4_0900_ai_ci ROW_FORMAT=DYNAMIC;

--
-- Dumping data for table `oc8d_information_to_layout`
--

INSERT INTO `oc8d_information_to_layout` VALUES (1,0,0),(2,0,0),(3,0,0),(4,0,0),(5,0,0),(6,0,0),(7,0,0),(8,0,11),(9,0,18),(11,0,18),(12,0,18);

--
-- Table structure for table `oc8d_information_to_store`
--

CREATE TABLE `oc8d_information_to_store` (
  `information_id` int NOT NULL,
  `store_id` int NOT NULL,
  PRIMARY KEY (`information_id`,`store_id`)
) ENGINE=InnoDB DEFAULT CHARSET=utf8mb4 COLLATE=utf8mb4_0900_ai_ci ROW_FORMAT=DYNAMIC;

--
-- Dumping data for table `oc8d_information_to_store`
--

INSERT INTO `oc8d_information_to_store` VALUES (1,0),(2,0),(3,0),(4,0),(5,0),(6,0),(7,0),(8,0),(9,0),(11,0),(12,0);

--
-- Table structure for table `oc8d_language`
--

CREATE TABLE `oc8d_language` (
  `language_id` int NOT NULL AUTO_INCREMENT,
  `name` varchar(32) NOT NULL,
  `code` varchar(5) NOT NULL,
  `locale` varchar(255) NOT NULL,
  `extension` varchar(255) NOT NULL,
  `sort_order` int NOT NULL DEFAULT '0',
  `status` tinyint(1) NOT NULL,
  PRIMARY KEY (`language_id`),
  KEY `name` (`name`)
) ENGINE=InnoDB AUTO_INCREMENT=2 DEFAULT CHARSET=utf8mb4 COLLATE=utf8mb4_0900_ai_ci ROW_FORMAT=DYNAMIC;

--
-- Dumping data for table `oc8d_language`
--

INSERT INTO `oc8d_language` VALUES (1,'English','en-gb','en-gb,en','',1,1);

--
-- Table structure for table `oc8d_layout`
--

CREATE TABLE `oc8d_layout` (
  `layout_id` int NOT NULL AUTO_INCREMENT,
  `name` varchar(64) NOT NULL,
  PRIMARY KEY (`layout_id`)
) ENGINE=InnoDB AUTO_INCREMENT=19 DEFAULT CHARSET=utf8mb4 COLLATE=utf8mb4_0900_ai_ci ROW_FORMAT=DYNAMIC;

--
-- Dumping data for table `oc8d_layout`
--

INSERT INTO `oc8d_layout` VALUES (1,'Home'),(2,'Product'),(3,'Category'),(4,'Default'),(5,'Manufacturer'),(6,'Account'),(7,'Checkout'),(8,'Contact'),(9,'Sitemap'),(10,'Affiliate'),(11,'Information'),(12,'Compare'),(13,'Search'),(14,'ContentPages'),(15,'Left_To_Right_Drive'),(16,'DIY video'),(18,'VIC_Home');

--
-- Table structure for table `oc8d_layout_module`
--

CREATE TABLE `oc8d_layout_module` (
  `layout_module_id` int NOT NULL AUTO_INCREMENT,
  `layout_id` int NOT NULL,
  `code` varchar(64) NOT NULL,
  `position` varchar(14) NOT NULL,
  `sort_order` int NOT NULL,
  PRIMARY KEY (`layout_module_id`)
) ENGINE=InnoDB AUTO_INCREMENT=505 DEFAULT CHARSET=utf8mb4 COLLATE=utf8mb4_0900_ai_ci ROW_FORMAT=DYNAMIC;

--
-- Dumping data for table `oc8d_layout_module`
--

INSERT INTO `oc8d_layout_module` VALUES (1,10,'opencart.account','column_right',1),(2,6,'opencart.account','column_right',1),(19,3,'opencart.category','column_left',0),(20,3,'opencart.banner.1','column_left',1),(21,3,'tmdymm.ymm.5','column_left',2),(23,12,'tmdymm.ymm.5','column_left',0),(24,4,'tmdymm.ymm.5','column_left',0),(25,11,'tmdymm.ymm.5','column_left',0),(79,14,'tmdymm.ymm.5','column_left',0),(80,14,'opencart.html.6','content_top',0),(81,14,'opencart.banner.1','column_right',0),(214,16,'opencart.html.11','content_top',1),(252,2,'tmdymm.ymm.5','column_left',0),(256,13,'tmdymm.ymm.5','column_left',0),(257,13,'opencart.account','column_left',1),(484,18,'opencart.html.13','content_top',0),(485,18,'tmdymm.ymm.5','content_top',1),(486,18,'opencart.banner.3','content_top',2),(487,18,'opencart.html.8','content_top',3),(488,18,'opencart.banner.4','content_bottom',0),(497,1,'tmdymm.ymm.5','content_top',0),(498,1,'opencart.html.14','content_top',1),(499,1,'opencart.banner.3','content_top',2),(500,1,'opencart.banner.4','content_top',3),(501,1,'opencart.html.8','content_top',4),(502,1,'ausfactory_auto_overlay.auto_home','content_top',5),(503,1,'opencart.html.7','content_bottom',0),(504,1,'opencart.featured.10','content_bottom',1);

--
-- Table structure for table `oc8d_layout_route`
--

CREATE TABLE `oc8d_layout_route` (
  `layout_route_id` int NOT NULL AUTO_INCREMENT,
  `layout_id` int NOT NULL,
  `store_id` int NOT NULL,
  `route` varchar(64) NOT NULL,
  PRIMARY KEY (`layout_route_id`)
) ENGINE=InnoDB AUTO_INCREMENT=177 DEFAULT CHARSET=utf8mb4 COLLATE=utf8mb4_0900_ai_ci ROW_FORMAT=DYNAMIC;

--
-- Dumping data for table `oc8d_layout_route`
--

INSERT INTO `oc8d_layout_route` VALUES (1,6,0,'account/%'),(2,6,0,'information/gdpr'),(3,10,0,'affiliate/%'),(8,7,0,'checkout/%'),(9,8,0,'information/contact'),(10,9,0,'information/sitemap'),(12,5,0,'product/manufacturer'),(20,3,0,'product/category'),(22,12,0,'product/compare'),(23,4,0,''),(24,11,0,'information/information'),(40,14,0,'Information/ContentPages'),(54,15,0,'Information'),(82,16,0,'videos'),(96,2,0,'product/product'),(98,13,0,'product/search'),(174,18,0,'victoria'),(176,1,0,'common/home');

--
-- Table structure for table `oc8d_length_class`
--

CREATE TABLE `oc8d_length_class` (
  `length_class_id` int NOT NULL AUTO_INCREMENT,
  `value` decimal(15,8) NOT NULL,
  PRIMARY KEY (`length_class_id`)
) ENGINE=InnoDB AUTO_INCREMENT=4 DEFAULT CHARSET=utf8mb4 COLLATE=utf8mb4_0900_ai_ci ROW_FORMAT=DYNAMIC;

--
-- Dumping data for table `oc8d_length_class`
--

INSERT INTO `oc8d_length_class` VALUES (1,1.00000000),(2,10.00000000),(3,0.39370000);

--
-- Table structure for table `oc8d_length_class_description`
--

CREATE TABLE `oc8d_length_class_description` (
  `length_class_id` int NOT NULL,
  `language_id` int NOT NULL,
  `title` varchar(32) NOT NULL,
  `unit` varchar(4) NOT NULL,
  PRIMARY KEY (`length_class_id`,`language_id`)
) ENGINE=InnoDB DEFAULT CHARSET=utf8mb4 COLLATE=utf8mb4_0900_ai_ci ROW_FORMAT=DYNAMIC;

--
-- Dumping data for table `oc8d_length_class_description`
--

INSERT INTO `oc8d_length_class_description` VALUES (1,1,'Centimeter','cm'),(2,1,'Millimeter','mm'),(3,1,'Inch','in');

--
-- Table structure for table `oc8d_location`
--

CREATE TABLE `oc8d_location` (
  `location_id` int NOT NULL AUTO_INCREMENT,
  `name` varchar(32) NOT NULL,
  `address` text NOT NULL,
  `telephone` varchar(32) NOT NULL,
  `geocode` varchar(32) NOT NULL,
  `image` varchar(255) NOT NULL,
  `open` text NOT NULL,
  `comment` text NOT NULL,
  PRIMARY KEY (`location_id`),
  KEY `name` (`name`)
) ENGINE=InnoDB AUTO_INCREMENT=7 DEFAULT CHARSET=utf8mb4 COLLATE=utf8mb4_0900_ai_ci ROW_FORMAT=DYNAMIC;

--
-- Dumping data for table `oc8d_location`
--

INSERT INTO `oc8d_location` VALUES (1,'Maxxeshop Auto','U 7, 71 SHIPPER DR\r\n COOMERA \r\nQLD\r\nAUSTRALIA 4209','+61 1300 361-605','','catalog/Maxxeshop_Auto_Parts_Logo_2.png','',''),(2,'Maxxeshop Auto (Vic)','Drake Blvd,\r\nAltona,\r\nVictoria,\r\nAustralia, 3018','1300 361-605','','catalog/Maxxeshop_Auto_Parts_Logo_2.png','',''),(3,'Maxxeshop Auto (NSW)','George Street,\r\nParramatta,\r\nNew South Wales,\r\nAustralia, 2150','1300 361-605','','catalog/Maxxeshop_Auto_Parts_Logo_2.png','',''),(4,'Maxxeshop Auto (South Aust)','Cormack Rd,\r\nWingfield,\r\nSouth Aust,\r\nAustralia, 5013','1300 361-605','','catalog/Maxxeshop_Auto_Parts_Logo_2.png','',''),(5,'Maxxeshop Auto (Western Aust)','Freemantle','+61 1300 361-605','','catalog/Maxxeshop_Auto_Parts_Logo_2.png','Online Store 24 hrs / 7 Days\r\n\r\nOffice Hours:-\r\nMonday. 8:30am to 5:00pm\r\nTuesday 8:30am to 5:00pm\r\nWednesday. 8:30am to 5:00pm\r\nThursday. 8:30am to 5:00pm\r\nFriday 8:30am to 5:00pm\r\nSaturday Closed\r\nSunday Closed\r\n\r\nPublic Holidays. Closed',''),(6,'Maxxeshop Auto (Qld)','Shipper Dr,\r\nCoomera,\r\nQueensland,\r\nAustralia, 4209','1300 361-605','','catalog/Maxxeshop_Auto_Parts_Logo_2.png','','');

--
-- Table structure for table `oc8d_maintenancemodeplus`
--

CREATE TABLE `oc8d_maintenancemodeplus` (
  `id` int NOT NULL AUTO_INCREMENT,
  `email` varchar(100) NOT NULL,
  `lang` varchar(2) NOT NULL,
  `processed` tinyint(1) DEFAULT '0',
  `date_created` timestamp NOT NULL DEFAULT CURRENT_TIMESTAMP,
  `store_id` int NOT NULL DEFAULT '0',
  PRIMARY KEY (`id`)
) ENGINE=MyISAM AUTO_INCREMENT=16 DEFAULT CHARSET=utf8mb3;

--
-- Dumping data for table `oc8d_maintenancemodeplus`
--

INSERT INTO `oc8d_maintenancemodeplus` VALUES (3,'melanie.mccone@gmail.com','en',0,'2025-04-17 09:43:23',0),(2,'kristaal_grant@hotmail.com','en',0,'2025-04-05 01:33:52',0),(4,'24.suite-chorea@icloud.com','en',0,'2025-04-17 13:40:54',0),(5,'kgp4ul','en',0,'2025-04-18 08:43:36',0),(6,'p8jn0i','en',0,'2025-04-18 08:43:38',0),(7,'vsg55i','en',0,'2025-04-18 08:43:40',0),(8,'nqydbu','en',0,'2025-04-18 08:43:40',0),(9,'php://filter/convert.iconv.UTF8.CSISO2022KR|convert.base64-encode|convert.iconv.UTF8.UTF7|convert.ic','en',0,'2025-04-18 10:26:47',0),(10,'php://filter/convert.iconv.UTF8.CSISO2022KR|convert.base64-encode|convert.iconv.UTF8.UTF7|convert.ic','en',0,'2025-04-18 19:29:30',0),(11,'kel.york@bigpond.com','en',0,'2025-04-25 08:17:06',0),(12,'traceyfirmin71@gmail.com','en',0,'2025-04-26 00:59:56',0),(13,'gayandrob2@bigpond.com','en',0,'2025-04-26 05:46:24',0),(14,'vishalsethi1083@gmail.com','en',0,'2025-05-01 01:08:55',0),(15,'g.bland@bigpond.com','en',0,'2025-05-01 04:55:16',0);

--
-- Table structure for table `oc8d_manufacturer`
--

CREATE TABLE `oc8d_manufacturer` (
  `manufacturer_id` int NOT NULL AUTO_INCREMENT,
  `name` varchar(64) NOT NULL,
  `image` varchar(255) NOT NULL,
  `sort_order` int NOT NULL,
  PRIMARY KEY (`manufacturer_id`)
) ENGINE=InnoDB AUTO_INCREMENT=14 DEFAULT CHARSET=utf8mb4 COLLATE=utf8mb4_0900_ai_ci ROW_FORMAT=DYNAMIC;

--
-- Dumping data for table `oc8d_manufacturer`
--

INSERT INTO `oc8d_manufacturer` VALUES (11,'Maxxeshop Auto','catalog/Maxxeshop_Auto_Parts_Logo_2.png',0),(12,'External Supplier','catalog/Maxxeshop_Auto_Parts_Logo_2.png',0);

--
-- Table structure for table `oc8d_manufacturer_to_layout`
--

CREATE TABLE `oc8d_manufacturer_to_layout` (
  `manufacturer_id` int NOT NULL,
  `store_id` int NOT NULL,
  `layout_id` int NOT NULL,
  PRIMARY KEY (`manufacturer_id`,`store_id`)
) ENGINE=InnoDB DEFAULT CHARSET=utf8mb4 COLLATE=utf8mb4_0900_ai_ci ROW_FORMAT=DYNAMIC;

--
-- Dumping data for table `oc8d_manufacturer_to_layout`
--

INSERT INTO `oc8d_manufacturer_to_layout` VALUES (11,0,0),(12,0,0);

--
-- Table structure for table `oc8d_manufacturer_to_store`
--

CREATE TABLE `oc8d_manufacturer_to_store` (
  `manufacturer_id` int NOT NULL,
  `store_id` int NOT NULL,
  PRIMARY KEY (`manufacturer_id`,`store_id`)
) ENGINE=InnoDB DEFAULT CHARSET=utf8mb4 COLLATE=utf8mb4_0900_ai_ci ROW_FORMAT=DYNAMIC;

--
-- Dumping data for table `oc8d_manufacturer_to_store`
--

INSERT INTO `oc8d_manufacturer_to_store` VALUES (11,0),(12,0);

--
-- Table structure for table `oc8d_marketing`
--

CREATE TABLE `oc8d_marketing` (
  `marketing_id` int NOT NULL AUTO_INCREMENT,
  `name` varchar(32) NOT NULL,
  `description` text NOT NULL,
  `code` varchar(64) NOT NULL,
  `clicks` int NOT NULL DEFAULT '0',
  `date_added` datetime NOT NULL,
  PRIMARY KEY (`marketing_id`)
) ENGINE=InnoDB DEFAULT CHARSET=utf8mb4 COLLATE=utf8mb4_0900_ai_ci ROW_FORMAT=DYNAMIC;

--
-- Dumping data for table `oc8d_marketing`
--


--
-- Table structure for table `oc8d_marketing_report`
--

CREATE TABLE `oc8d_marketing_report` (
  `marketing_report_id` int NOT NULL AUTO_INCREMENT,
  `marketing_id` int NOT NULL,
  `store_id` int NOT NULL,
  `ip` varchar(40) NOT NULL,
  `country` varchar(2) NOT NULL,
  `date_added` datetime NOT NULL,
  PRIMARY KEY (`marketing_report_id`)
) ENGINE=InnoDB DEFAULT CHARSET=utf8mb4 COLLATE=utf8mb4_0900_ai_ci ROW_FORMAT=DYNAMIC;

--
-- Dumping data for table `oc8d_marketing_report`
--


--
-- Table structure for table `oc8d_maxxe_email_settings`
--

CREATE TABLE `oc8d_maxxe_email_settings` (
  `id` tinyint NOT NULL DEFAULT '1',
  `logo_url` varchar(255) NOT NULL,
  `header_html` mediumtext,
  `footer_html` mediumtext,
  `signature_html` mediumtext,
  PRIMARY KEY (`id`)
) ENGINE=InnoDB DEFAULT CHARSET=utf8mb3;

--
-- Dumping data for table `oc8d_maxxe_email_settings`
--

INSERT INTO `oc8d_maxxe_email_settings` VALUES (1,'https://maxxeshopauto.com/image/catalog/logo.png','\n<table width=\"100%\" cellpadding=\"0\" cellspacing=\"0\" role=\"presentation\" style=\"font-family:Arial,sans-serif\">\n  <tr><td align=\"center\" style=\"padding:20px 0\">\n    <img src=\"{{logo_url}}\" alt=\"Maxxeshop\" style=\"max-width:200px;height:auto;border:0;\">\n  </td></tr>\n  <tr><td><hr style=\"border:0;border-top:1px solid #eee\"></td></tr>\n</table>\n','\n<hr style=\"border:0;border-top:1px solid #eee\">\n<p style=\"font:12px/1.4 Arial,sans-serif;color:#666;margin:10px 0 0\">\n  Maxxeshop Pty Ltd &middot; ABN 00 000 000 000 &middot; 123 Any Street, VIC 3000<br>\n  This email may contain confidential information. If you&apos;re not the intended recipient, please delete it.\n</p>\n','\n<p style=\"font:14px/1.5 Arial,sans-serif;margin:0\">\n  Kind regards,<br>\n  <strong>Gordon Tudor</strong><br>\n  Maxxeshop Auto / Maxxeshop3D<br>\n  <a href=\"tel:+61XXXXXXXXX\">+61 X XXXX XXXX</a> &middot;\n  <a href=\"mailto:accounts@yourstore.com\">accounts@yourstore.com</a>\n</p>\n');

--
-- Table structure for table `oc8d_maxxe_email_template`
--

CREATE TABLE `oc8d_maxxe_email_template` (
  `template_id` int unsigned NOT NULL AUTO_INCREMENT,
  `code` varchar(64) NOT NULL,
  `name` varchar(190) NOT NULL,
  `subject` varchar(255) NOT NULL,
  `html` mediumtext NOT NULL,
  `text` mediumtext,
  `enabled` tinyint(1) NOT NULL DEFAULT '1',
  `date_added` datetime NOT NULL DEFAULT CURRENT_TIMESTAMP,
  `date_mod` datetime DEFAULT NULL,
  PRIMARY KEY (`template_id`),
  UNIQUE KEY `uniq_code` (`code`)
) ENGINE=InnoDB AUTO_INCREMENT=4 DEFAULT CHARSET=utf8mb3;

--
-- Dumping data for table `oc8d_maxxe_email_template`
--

INSERT INTO `oc8d_maxxe_email_template` VALUES (1,'overdue_7','Overdue Invoice – 7 days','Reminder: Invoice {{invoice_number}} is overdue','\n{{header_html}}\n\n<h2 style=\"font:20px/1.3 Arial,sans-serif;margin:0 0 12px\">Invoice {{invoice_number}} is overdue</h2>\n<p style=\"font:14px/1.6 Arial,sans-serif;margin:0 0 12px\">\nHi {{customer_name}},<br>\nThis is a friendly reminder that invoice <strong>{{invoice_number}}</strong> for <strong>{{amount_due}}</strong>\nwas due on <strong>{{due_date}}</strong>.\n</p>\n\n<table cellpadding=\"0\" cellspacing=\"0\" role=\"presentation\" style=\"font:14px Arial,sans-serif;margin:12px 0;border:1px solid #eee;border-collapse:collapse\">\n  <tr>\n    <td style=\"padding:8px 12px;border:1px solid #eee;background:#fafafa\">Invoice</td>\n    <td style=\"padding:8px 12px;border:1px solid #eee\">{{invoice_number}}</td>\n  </tr>\n  <tr>\n    <td style=\"padding:8px 12px;border:1px solid #eee;background:#fafafa\">Due Date</td>\n    <td style=\"padding:8px 12px;border:1px solid #eee\">{{due_date}}</td>\n  </tr>\n  <tr>\n    <td style=\"padding:8px 12px;border:1px solid #eee;background:#fafafa\">Amount Due</td>\n    <td style=\"padding:8px 12px;border:1px solid #eee\"><strong>{{amount_due}}</strong></td>\n  </tr>\n</table>\n\n<p style=\"font:14px/1.6 Arial,sans-serif;margin:0 0 14px\">\nYou can settle securely here: <a href=\"{{pay_now_url}}\">{{pay_now_url}}</a>\n</p>\n\n{{signature_html}}\n{{footer_html}}\n','\nInvoice {{invoice_number}} is overdue\n\nHi {{customer_name}},\nThis is a friendly reminder that invoice {{invoice_number}} for {{amount_due}} was due on {{due_date}}.\n\nPay now: {{pay_now_url}}\n\n--\nMaxxeshop Accounts\n',1,'2025-11-26 06:15:04','2025-11-26 06:15:04'),(2,'overdue_14','Overdue Invoice – 14 days','Second reminder: Invoice {{invoice_number}} is overdue','\n{{header_html}}\n\n<h2 style=\"font:20px/1.3 Arial,sans-serif;margin:0 0 12px\">Invoice {{invoice_number}} is overdue</h2>\n<p style=\"font:14px/1.6 Arial,sans-serif;margin:0 0 12px\">\nHi {{customer_name}},<br>\nThis is a friendly reminder that invoice <strong>{{invoice_number}}</strong> for <strong>{{amount_due}}</strong>\nwas due on <strong>{{due_date}}</strong>.\n</p>\n\n<table cellpadding=\"0\" cellspacing=\"0\" role=\"presentation\" style=\"font:14px Arial,sans-serif;margin:12px 0;border:1px solid #eee;border-collapse:collapse\">\n  <tr>\n    <td style=\"padding:8px 12px;border:1px solid #eee;background:#fafafa\">Invoice</td>\n    <td style=\"padding:8px 12px;border:1px solid #eee\">{{invoice_number}}</td>\n  </tr>\n  <tr>\n    <td style=\"padding:8px 12px;border:1px solid #eee;background:#fafafa\">Due Date</td>\n    <td style=\"padding:8px 12px;border:1px solid #eee\">{{due_date}}</td>\n  </tr>\n  <tr>\n    <td style=\"padding:8px 12px;border:1px solid #eee;background:#fafafa\">Amount Due</td>\n    <td style=\"padding:8px 12px;border:1px solid #eee\"><strong>{{amount_due}}</strong></td>\n  </tr>\n</table>\n\n<p style=\"font:14px/1.6 Arial,sans-serif;margin:0 0 14px\">\nYou can settle securely here: <a href=\"{{pay_now_url}}\">{{pay_now_url}}</a>\n</p>\n\n{{signature_html}}\n{{footer_html}}\n','\nInvoice {{invoice_number}} is overdue\n\nHi {{customer_name}},\nThis is a friendly reminder that invoice {{invoice_number}} for {{amount_due}} was due on {{due_date}}.\n\nPay now: {{pay_now_url}}\n\n--\nMaxxeshop Accounts\n',1,'2025-11-26 06:15:04','2025-11-26 06:15:04'),(3,'overdue_30','Overdue Invoice – 30+ days','Final reminder: Invoice {{invoice_number}} is overdue','\n{{header_html}}\n\n<h2 style=\"font:20px/1.3 Arial,sans-serif;margin:0 0 12px\">Invoice {{invoice_number}} is overdue</h2>\n<p style=\"font:14px/1.6 Arial,sans-serif;margin:0 0 12px\">\nHi {{customer_name}},<br>\nThis is a friendly reminder that invoice <strong>{{invoice_number}}</strong> for <strong>{{amount_due}}</strong>\nwas due on <strong>{{due_date}}</strong>.\n</p>\n\n<table cellpadding=\"0\" cellspacing=\"0\" role=\"presentation\" style=\"font:14px Arial,sans-serif;margin:12px 0;border:1px solid #eee;border-collapse:collapse\">\n  <tr>\n    <td style=\"padding:8px 12px;border:1px solid #eee;background:#fafafa\">Invoice</td>\n    <td style=\"padding:8px 12px;border:1px solid #eee\">{{invoice_number}}</td>\n  </tr>\n  <tr>\n    <td style=\"padding:8px 12px;border:1px solid #eee;background:#fafafa\">Due Date</td>\n    <td style=\"padding:8px 12px;border:1px solid #eee\">{{due_date}}</td>\n  </tr>\n  <tr>\n    <td style=\"padding:8px 12px;border:1px solid #eee;background:#fafafa\">Amount Due</td>\n    <td style=\"padding:8px 12px;border:1px solid #eee\"><strong>{{amount_due}}</strong></td>\n  </tr>\n</table>\n\n<p style=\"font:14px/1.6 Arial,sans-serif;margin:0 0 14px\">\nYou can settle securely here: <a href=\"{{pay_now_url}}\">{{pay_now_url}}</a>\n</p>\n\n{{signature_html}}\n{{footer_html}}\n','\nInvoice {{invoice_number}} is overdue\n\nHi {{customer_name}},\nThis is a friendly reminder that invoice {{invoice_number}} for {{amount_due}} was due on {{due_date}}.\n\nPay now: {{pay_now_url}}\n\n--\nMaxxeshop Accounts\n',1,'2025-11-26 06:15:04','2025-11-26 06:15:04');

--
-- Table structure for table `oc8d_maxxeshop_crm_contact`
--

CREATE TABLE `oc8d_maxxeshop_crm_contact` (
  `contact_id` int unsigned NOT NULL AUTO_INCREMENT,
  `customer_id` int unsigned NOT NULL,
  `name` varchar(190) NOT NULL,
  `role` varchar(190) DEFAULT NULL,
  `telephone` varchar(64) DEFAULT NULL,
  `email` varchar(190) DEFAULT NULL,
  `date_added` datetime NOT NULL DEFAULT CURRENT_TIMESTAMP,
  `phone` varchar(64) DEFAULT NULL,
  PRIMARY KEY (`contact_id`),
  KEY `idx_customer` (`customer_id`),
  KEY `idx_date_added` (`date_added`),
  KEY `idx_email` (`email`)
) ENGINE=InnoDB AUTO_INCREMENT=6 DEFAULT CHARSET=utf8mb4 COLLATE=utf8mb4_0900_ai_ci;

--
-- Dumping data for table `oc8d_maxxeshop_crm_contact`
--

INSERT INTO `oc8d_maxxeshop_crm_contact` VALUES (1,574,'Peter Smith','Manager','0450236625','peter@123.com','2025-09-07 23:44:33',NULL),(2,574,'Peter Smith','Manager','0450123321','peterb@maxxeshop.com','2025-09-07 23:52:35',NULL),(3,599,'garry Peters','Sales',NULL,'garry@123.com','2025-09-08 10:20:16','0455236616'),(4,599,'jimmy atheens','Manager',NULL,'peterb@maxxeshop.com','2025-09-08 15:49:33','0425273333'),(5,603,'Max Waldron','Supply Planner',NULL,'max.waldron@walkinshawgroup.com','2025-09-08 16:32:17','0423862331');

--
-- Table structure for table `oc8d_maxxeshop_crm_document`
--

CREATE TABLE `oc8d_maxxeshop_crm_document` (
  `document_id` int unsigned NOT NULL AUTO_INCREMENT,
  `customer_id` int unsigned NOT NULL,
  `user_id` int unsigned NOT NULL,
  `filename` varchar(255) CHARACTER SET utf8mb4 COLLATE utf8mb4_general_ci NOT NULL,
  `stored` varchar(255) CHARACTER SET utf8mb4 COLLATE utf8mb4_general_ci NOT NULL,
  `mime` varchar(150) CHARACTER SET utf8mb4 COLLATE utf8mb4_general_ci NOT NULL,
  `size` int unsigned NOT NULL DEFAULT '0',
  `comment` varchar(255) CHARACTER SET utf8mb4 COLLATE utf8mb4_general_ci DEFAULT NULL,
  `remarks` text CHARACTER SET utf8mb4 COLLATE utf8mb4_general_ci,
  `date_added` datetime NOT NULL DEFAULT CURRENT_TIMESTAMP,
  PRIMARY KEY (`document_id`),
  KEY `customer_id` (`customer_id`),
  KEY `date_added` (`date_added`)
) ENGINE=InnoDB AUTO_INCREMENT=16 DEFAULT CHARSET=utf8mb4 COLLATE=utf8mb4_general_ci;

--
-- Dumping data for table `oc8d_maxxeshop_crm_document`
--

INSERT INTO `oc8d_maxxeshop_crm_document` VALUES (4,603,1,'520000430.pdf','e2e258d82c9a3603__520000430.pdf','application/pdf',54903,'Walkinshaw Order 100 LH &amp; RH Mirror Glass and Heater Elements plus 200LH Wedges',NULL,'2025-09-08 16:40:11'),(5,604,1,'PO-43-15517 (1).pdf','cd6f180f3a81e25d__PO-43-15517__1_.pdf','application/pdf',100917,'Order for spare parts RAM 1500 DT',NULL,'2025-09-10 14:54:02'),(6,590,1,'ORD00035508.pdf','adc587b5435b2d67__ORD00035508.pdf','application/pdf',251167,'',NULL,'2025-09-28 12:26:37'),(7,590,1,'ORD00035134[1].pdf','d2055276f23afa1b__ORD00035134_1_.pdf','application/pdf',249803,'',NULL,'2025-09-28 12:26:49'),(8,658,1,'PO001949.pdf','4feffb76b344ff6d__PO001949.pdf','application/pdf',45688,'10 x Mirror Order',NULL,'2025-11-12 16:02:15'),(9,658,1,'121-719-03A F150 RH Flat mirror glass.pdf','208f223be13264f4__121-719-03A_F150_RH_Flat_mirror_glass.pdf','application/pdf',57961,'F150 RH Mirror Glass',NULL,'2025-11-12 16:02:41'),(10,658,1,'121-719-03A F150 RH Flat mirror glass.dxf','9a93e08f350fd70e__121-719-03A_F150_RH_Flat_mirror_glass.dxf','image/vnd.dxf',257080,'F150 Mirror Glass DXF',NULL,'2025-11-12 16:03:13'),(11,604,1,'Gmail - Urgent_ Overdue Invoice &amp; Request for Immediate Clarification.pdf','76199e2cfd063423__Gmail_-_Urgent__Overdue_Invoice__amp__Request_for_Immediate_Clarification.pdf','application/pdf',378112,'',NULL,'2025-11-26 15:44:46'),(12,604,1,'Gmail - Invoices Due2.pdf','5b5cc2ad5e986bca__Gmail_-_Invoices_Due2.pdf','application/pdf',144458,'',NULL,'2025-11-26 15:46:30'),(13,603,1,'520000522[2].pdf','a92e9dc116b7ac6d__520000522_2_.pdf','application/pdf',52126,'New Order Dec 2025',NULL,'2025-12-04 10:20:48'),(14,590,1,'ORD00035986.pdf','357e1cf8f406b136__ORD00035986.pdf','application/pdf',250002,'6 LH &amp; 6 RH Mirror Assemblies',NULL,'2026-01-22 22:45:51'),(15,590,1,'DJR-ORD00036914.pdf','b6c945682503afb5__DJR-ORD00036914.pdf','application/pdf',250707,'Order 5 each side Mustang Racing',NULL,'2026-03-02 13:00:25');

--
-- Table structure for table `oc8d_maxxeshop_crm_email`
--

CREATE TABLE `oc8d_maxxeshop_crm_email` (
  `email_id` int unsigned NOT NULL AUTO_INCREMENT,
  `customer_id` int unsigned NOT NULL,
  `user_id` int unsigned NOT NULL,
  `subject` varchar(255) NOT NULL,
  `to_csv` text NOT NULL,
  `html` mediumtext NOT NULL,
  `date_sent` datetime NOT NULL DEFAULT CURRENT_TIMESTAMP,
  PRIMARY KEY (`email_id`),
  KEY `idx_customer` (`customer_id`),
  KEY `idx_date_sent` (`date_sent`)
) ENGINE=InnoDB AUTO_INCREMENT=5 DEFAULT CHARSET=utf8mb4 COLLATE=utf8mb4_0900_ai_ci;

--
-- Dumping data for table `oc8d_maxxeshop_crm_email`
--

INSERT INTO `oc8d_maxxeshop_crm_email` VALUES (1,23,1,'Test email','gordont@maxxeshop.com','saxqs','2025-09-21 19:08:48'),(2,23,1,'Test email 2','gordont@maxxeshop.com','gkfkfkjhgfhj','2025-09-21 19:13:49'),(3,23,1,'test only','gordont@maxxeshop.com','test upload','2025-09-21 20:11:12'),(4,23,1,'Test Only','gordont@maxxeshop.com','this is a test emails','2025-11-26 15:49:15');

--
-- Table structure for table `oc8d_maxxeshop_crm_event`
--

CREATE TABLE `oc8d_maxxeshop_crm_event` (
  `event_id` int unsigned NOT NULL AUTO_INCREMENT,
  `customer_id` int unsigned NOT NULL,
  `user_id` int unsigned NOT NULL,
  `title` varchar(255) CHARACTER SET utf8mb4 COLLATE utf8mb4_general_ci NOT NULL,
  `description` text CHARACTER SET utf8mb4 COLLATE utf8mb4_general_ci,
  `start_at` datetime NOT NULL,
  `end_at` datetime DEFAULT NULL,
  `status` enum('planned','in_progress','done','cancelled') CHARACTER SET utf8mb4 COLLATE utf8mb4_general_ci NOT NULL DEFAULT 'planned',
  `date_added` datetime NOT NULL DEFAULT CURRENT_TIMESTAMP,
  `date_modified` datetime DEFAULT NULL,
  PRIMARY KEY (`event_id`),
  KEY `customer_id` (`customer_id`),
  KEY `start_at` (`start_at`),
  KEY `status` (`status`)
) ENGINE=InnoDB AUTO_INCREMENT=20 DEFAULT CHARSET=utf8mb4 COLLATE=utf8mb4_general_ci;

--
-- Dumping data for table `oc8d_maxxeshop_crm_event`
--

INSERT INTO `oc8d_maxxeshop_crm_event` VALUES (9,603,1,'Update Progress','Deliver 100 DS RAM MirrorsHeaters (LH &amp;amp;amp;amp;amp; RH)\r\nOrder Glass - Landing 12/9/2025\r\nOrder Heaters - 9/9/2025\r\nCut &amp;amp;amp;amp;amp; Ship - 22.9.2025','2025-09-09 17:00:00','2025-09-29 16:00:00','in_progress','2025-09-08 17:54:06',NULL),(11,604,1,'Checkin Phone Call','Check with Jacob how they are travlling with Production etc','2025-09-29 14:01:00','2025-09-29 14:11:00','planned','2025-09-10 14:55:32',NULL),(12,604,1,'Maxxeshop Cina - (Parts Manufacture)','Injection moulding ordered expected shipping 14 days','2025-09-15 12:01:00','2025-09-28 12:01:00','in_progress','2025-09-17 12:01:43',NULL),(13,603,1,'MaxxeshopAuto - (QLD Factory)..','Glass Manufacture for order week of 22nd Sept','2025-09-22 12:04:00','2025-09-26 17:00:00','planned','2025-09-17 12:04:57',NULL),(14,189,1,'Replace CX5 Mirror','Mirror too small','2025-09-18 14:56:00','2025-09-19 14:56:00','planned','2025-09-18 14:56:19',NULL),(15,590,1,'Order Production','Change Payment Cycle for DJR','2025-09-29 12:28:00','2025-09-30 12:28:00','planned','2025-09-28 12:29:05',NULL),(16,628,1,'Notify when shipped and invoice dispatched','','2025-10-09 11:00:00','2025-10-09 12:31:00','planned','2025-10-09 09:03:49',NULL),(17,628,1,'Send 2 more Mirrors','once new plugs arrive send 2 mor mirrors','2025-10-17 10:07:00','2025-10-24 10:07:00','planned','2025-10-10 09:07:39',NULL),(18,658,1,'Remote Production Run QLD Factory','Talk Aaron through cutting 10 F150 Mirrors','2025-11-13 07:30:00','2025-11-13 08:30:00','done','2025-11-12 16:05:00',NULL),(19,658,1,'Deliver Order PO001949','Personally Deliver Order To Jayden','2025-11-17 09:00:00','2025-11-17 10:51:00','planned','2025-11-16 09:51:51',NULL);

--
-- Table structure for table `oc8d_maxxeshop_crm_followup_pref`
--

CREATE TABLE `oc8d_maxxeshop_crm_followup_pref` (
  `customer_id` int unsigned NOT NULL,
  `status_ids_csv` text,
  `status_csv` varchar(512) NOT NULL DEFAULT '',
  `date_added` datetime NOT NULL DEFAULT CURRENT_TIMESTAMP,
  `date_modified` datetime NOT NULL DEFAULT CURRENT_TIMESTAMP ON UPDATE CURRENT_TIMESTAMP,
  `owner_user_id` int unsigned DEFAULT NULL,
  `followup_days` int unsigned NOT NULL DEFAULT '30',
  PRIMARY KEY (`customer_id`)
) ENGINE=InnoDB DEFAULT CHARSET=utf8mb4 COLLATE=utf8mb4_0900_ai_ci;

--
-- Dumping data for table `oc8d_maxxeshop_crm_followup_pref`
--

INSERT INTO `oc8d_maxxeshop_crm_followup_pref` VALUES (23,'','','2025-09-22 03:46:00','2025-09-22 03:46:00',1,30),(590,'39,38','','2025-09-28 12:26:17','2025-09-28 12:26:17',1,60),(603,NULL,'34,3','2025-09-20 17:04:13','2025-09-20 17:14:21',1,90),(628,'38,35','','2025-10-09 09:02:23','2025-10-09 09:02:26',1,30),(658,'36,39,38','','2025-11-12 16:00:44','2025-11-12 16:05:48',1,1);

--
-- Table structure for table `oc8d_maxxeshop_crm_note`
--

CREATE TABLE `oc8d_maxxeshop_crm_note` (
  `note_id` int unsigned NOT NULL AUTO_INCREMENT,
  `customer_id` int unsigned NOT NULL,
  `user_id` int unsigned NOT NULL,
  `note` text CHARACTER SET utf8mb4 COLLATE utf8mb4_general_ci NOT NULL,
  `date_added` datetime NOT NULL DEFAULT CURRENT_TIMESTAMP,
  PRIMARY KEY (`note_id`),
  KEY `customer_id` (`customer_id`),
  KEY `date_added` (`date_added`)
) ENGINE=InnoDB AUTO_INCREMENT=10 DEFAULT CHARSET=utf8mb4 COLLATE=utf8mb4_general_ci;

--
-- Dumping data for table `oc8d_maxxeshop_crm_note`
--

INSERT INTO `oc8d_maxxeshop_crm_note` VALUES (3,603,1,'RAM Order now Paid in full','2025-09-08 16:36:02'),(4,603,1,'WeCaht Note - Jenny 16/09/2025 16:48\r\n\r\nHeating Elements will be shipped next week (Jenny) 2','2025-09-17 11:57:02'),(5,604,1,'Converter Terminal parts under order......\r\nafter a lot of mucking around we have decided to make ourselves.. \r\nParts in shippment from UK Currently \r\n\r\nExpected delivery before end of Sept','2025-09-17 11:59:51'),(6,590,1,'Racing Season seems to be causing a high number of damaged mirrors as they ordered mirrors only 3 weeks ago','2025-09-28 12:27:53'),(7,628,1,'Ordered and waiting for parts for Production','2025-10-09 09:02:55'),(8,628,1,'ordered 6 shipping 4 10/10/2025\r\n2 on backorder waiting for plug supply from china Due 17 - 27','2025-10-09 19:59:10'),(9,590,1,'Called re Payment o10:00am on 10th Oct No Answer Possibly away at Bathurst....','2025-10-10 09:11:06');

--
-- Table structure for table `oc8d_meagaheader_to_store`
--

CREATE TABLE `oc8d_meagaheader_to_store` (
  `megaheader_id` int NOT NULL,
  `store_id` int NOT NULL
) ENGINE=InnoDB DEFAULT CHARSET=utf8mb3;

--
-- Dumping data for table `oc8d_meagaheader_to_store`
--

INSERT INTO `oc8d_meagaheader_to_store` VALUES (2,0),(4,0),(5,0),(8,0),(7,0),(3,0),(6,0),(9,0),(10,0),(11,0),(1,0);

--
-- Table structure for table `oc8d_megaheader`
--

CREATE TABLE `oc8d_megaheader` (
  `megaheader_id` int NOT NULL AUTO_INCREMENT,
  `type` varchar(255) NOT NULL,
  `bgimagetype` varchar(255) NOT NULL,
  `image` text NOT NULL,
  `patternimage` varchar(255) NOT NULL,
  `row` int NOT NULL,
  `sort_order` int NOT NULL,
  `title_icon` varchar(255) NOT NULL,
  `url` varchar(255) NOT NULL,
  `open` int NOT NULL,
  `enable` int NOT NULL,
  `showicon` int NOT NULL,
  `status` int NOT NULL,
  `categories` text NOT NULL,
  `products` text NOT NULL,
  `informations` text NOT NULL,
  `manufactures` text NOT NULL,
  `col` int NOT NULL,
  `productsetting` text NOT NULL,
  `customcode` text NOT NULL,
  `menu_label` varchar(255) NOT NULL,
  `bgimageheight` varchar(255) NOT NULL,
  `bgimagewidth` varchar(255) NOT NULL,
  PRIMARY KEY (`megaheader_id`)
) ENGINE=InnoDB AUTO_INCREMENT=12 DEFAULT CHARSET=utf8mb3;

--
-- Dumping data for table `oc8d_megaheader`
--

INSERT INTO `oc8d_megaheader` VALUES (1,'editor','selectpattern','','p9',0,2,'fas fa-bullhorn','',0,0,0,1,'s:0:\"\";','s:0:\"\";','s:0:\"\";','s:0:\"\";',2,'s:0:\"\";','','','',''),(3,'customtype','','','',0,4,'fas fa-truck','https://maxxeshopauto.com/a/index.php?route=information/information&amp;language=en-gb&amp;information_id=4',0,0,0,0,'s:0:\"\";','s:0:\"\";','s:0:\"\";','s:0:\"\";',0,'s:0:\"\";','','','',''),(5,'customtype','','','',0,3,'far fa-address-card','https://maxxeshopauto.com/a/index.php?route=information/information&amp;language=en-gb&amp;information_id=1',0,0,0,1,'s:0:\"\";','s:0:\"\";','s:0:\"\";','s:0:\"\";',0,'s:0:\"\";','','','',''),(6,'customtype','','','',0,1,'fas fa-book-reader','',0,1,0,1,'s:0:\"\";','s:0:\"\";','a:4:{i:0;s:1:\"6\";i:1;s:1:\"5\";i:2;s:1:\"7\";i:3;s:1:\"8\";}','s:0:\"\";',1,'s:0:\"\";','','','',''),(9,'customtype','','','',0,0,'fas fa-hammer','',1,1,0,0,'s:0:\"\";','s:0:\"\";','s:0:\"\";','s:0:\"\";',1,'s:0:\"\";','','','',''),(10,'editor','','','',0,0,'','',0,0,0,0,'s:0:\"\";','s:0:\"\";','s:0:\"\";','s:0:\"\";',1,'s:0:\"\";','','Send Enquiry','',''),(11,'information','','','',0,0,'','',0,0,0,0,'s:0:\"\";','s:0:\"\";','s:0:\"\";','s:0:\"\";',1,'s:0:\"\";','','','','');

--
-- Table structure for table `oc8d_megaheader_ctype_desc`
--

CREATE TABLE `oc8d_megaheader_ctype_desc` (
  `megaheader_cname_id` int NOT NULL,
  `megaheader_id` int NOT NULL,
  `language_id` int NOT NULL,
  `custname` varchar(255) CHARACTER SET utf8mb3 COLLATE utf8mb3_general_ci NOT NULL,
  `custurl` varchar(255) CHARACTER SET utf8mb3 COLLATE utf8mb3_general_ci NOT NULL
) ENGINE=InnoDB DEFAULT CHARSET=utf8mb3;

--
-- Dumping data for table `oc8d_megaheader_ctype_desc`
--

INSERT INTO `oc8d_megaheader_ctype_desc` VALUES (56,9,1,'Replace Side Mirror Glass','https://maxxeshopauto.com/index.php/https-maxxeshopauto-com-welcome-to-maxxeshopauto/our-services/mirror-glass-replacement'),(57,9,1,'Mirror Assemblies','https://maxxeshopauto.com/index.php/https-maxxeshopauto-com-welcome-to-maxxeshopauto/our-services/mirror-assemblies'),(58,9,1,'On-site Services','https://maxxeshopauto.com/index.php/https-maxxeshopauto-com-welcome-to-maxxeshopauto/our-services/site-service'),(59,9,1,'Left to Right Hand OEM','https://maxxeshopauto.com/index.php/https-maxxeshopauto-com-welcome-to-maxxeshopauto/our-services/left-righthand-oem-mirror-conversions'),(61,1,1,'Contact Us','https://maxxeshopauto.com/a/index.php?route=information/contact&amp;language=en-gb');

--
-- Table structure for table `oc8d_megaheader_cuscode_desc`
--

CREATE TABLE `oc8d_megaheader_cuscode_desc` (
  `megaheader_id` int NOT NULL,
  `language_id` int NOT NULL,
  `customcode` text NOT NULL
) ENGINE=InnoDB DEFAULT CHARSET=utf8mb3;

--
-- Dumping data for table `oc8d_megaheader_cuscode_desc`
--

INSERT INTO `oc8d_megaheader_cuscode_desc` VALUES (5,1,''),(3,1,''),(6,1,''),(9,1,''),(10,1,'&lt;p&gt;&lt;span style=&quot;font-size:24px;&quot;&gt;&lt;span style=&quot;font-family:Comic Sans MS,cursive;&quot;&gt;test 1234&lt;/span&gt;&lt;/span&gt;&lt;/p&gt;'),(11,1,'&lt;p&gt;&lt;span style=&quot;font-size:24px;&quot;&gt;&lt;span style=&quot;font-family:Comic Sans MS,cursive;&quot;&gt;test 1234&lt;/span&gt;&lt;/span&gt;&lt;/p&gt;'),(1,1,'&lt;p style=&quot;text-align: center;&quot;&gt;&lt;br /&gt;\r\n&lt;br /&gt;\r\n&lt;a href=&quot;https://maxxeshopauto.com/a/index.php?route=information/contact&amp;amp;language=en-gb&quot; target=&quot;_self&quot;&gt;&lt;img alt=&quot;&quot; src=&quot;https://maxxeshopauto.com/a/image/catalog/Contact Us.jpeg&quot; style=&quot;height: 180px; width: 180px; border-width: 3px; border-style: solid; float: left;&quot; title=&quot;&quot; /&gt;&lt;/a&gt;&lt;/p&gt;');

--
-- Table structure for table `oc8d_megaheader_custom_type`
--

CREATE TABLE `oc8d_megaheader_custom_type` (
  `megaheader_cname_id` int NOT NULL AUTO_INCREMENT,
  `megaheader_id` int NOT NULL,
  `sort_order` int NOT NULL,
  PRIMARY KEY (`megaheader_cname_id`)
) ENGINE=InnoDB AUTO_INCREMENT=62 DEFAULT CHARSET=utf8mb3;

--
-- Dumping data for table `oc8d_megaheader_custom_type`
--

INSERT INTO `oc8d_megaheader_custom_type` VALUES (56,9,1),(57,9,2),(58,9,3),(59,9,4),(61,1,1);

--
-- Table structure for table `oc8d_megaheader_description`
--

CREATE TABLE `oc8d_megaheader_description` (
  `megaheader_id` int NOT NULL,
  `language_id` int NOT NULL,
  `title` varchar(128) NOT NULL
) ENGINE=InnoDB DEFAULT CHARSET=utf8mb3;

--
-- Dumping data for table `oc8d_megaheader_description`
--

INSERT INTO `oc8d_megaheader_description` VALUES (5,1,'About Us'),(3,1,'Deliveries'),(6,1,'Our Services'),(9,1,'What We Do'),(10,1,'Send Enquiry'),(11,1,'Send Enquiry'),(1,1,'Contact Us');

--
-- Table structure for table `oc8d_module`
--

CREATE TABLE `oc8d_module` (
  `module_id` int NOT NULL AUTO_INCREMENT,
  `name` varchar(64) NOT NULL,
  `code` varchar(64) NOT NULL,
  `setting` text NOT NULL,
  PRIMARY KEY (`module_id`)
) ENGINE=InnoDB AUTO_INCREMENT=15 DEFAULT CHARSET=utf8mb4 COLLATE=utf8mb4_0900_ai_ci ROW_FORMAT=DYNAMIC;

--
-- Dumping data for table `oc8d_module`
--

INSERT INTO `oc8d_module` VALUES (1,'Category Banner','opencart.banner','{\"name\":\"Category Banner\",\"banner_id\":\"6\",\"effect\":\"fade\",\"items\":\"1\",\"controls\":\"0\",\"indicators\":\"0\",\"interval\":\"5000\",\"width\":\"200\",\"height\":\"180\",\"status\":\"1\"}'),(3,'Homepage Slideshow','opencart.banner','{\"name\":\"Homepage Slideshow\",\"banner_id\":\"7\",\"effect\":\"fade\",\"items\":\"1\",\"controls\":\"1\",\"indicators\":\"1\",\"interval\":\"5000\",\"width\":\"1140\",\"height\":\"380\",\"status\":\"1\",\"module_id\":\"3\"}'),(4,'Homepage Manufacturers','opencart.banner','{\"name\":\"Homepage Manufacturers\",\"banner_id\":\"8\",\"effect\":\"slide\",\"items\":\"5\",\"controls\":\"1\",\"indicators\":\"1\",\"interval\":\"5000\",\"width\":\"130\",\"height\":\"100\",\"status\":\"1\"}'),(5,'Select Vehicle Make and Model','tmdymm.ymm','{\"name\":\"Select Vehicle Make and Model\",\"status\":\"1\"}'),(6,'Home Page Content 1','opencart.html','{\"name\":\"Home Page Content 1\",\"module_description\":{\"1\":{\"title\":\"\",\"description\":\"&lt;h1&gt;&lt;strong&gt;Top-Quality Auto Mirrors, Unmatched Customer Service&lt;\\/strong&gt;&lt;\\/h1&gt;\\r\\n\\r\\n&lt;p&gt;Welcome to MaxxEshopAuto.com, the ultimate destination for all your automotive mirror needs! With a robust inventory that ranges from car mirrors to bus and truck mirrors, we\\u2019ve got you covered. Whether you\'re an individual, a car repair shop, or a large-scale fleet operator, you\'ll find an unmatched selection of premium quality replacement mirrors here.&lt;\\/p&gt;\\r\\n\\r\\n&lt;h3&gt;&lt;u&gt;&lt;strong&gt;&lt;span style=&quot;font-size:18px;&quot;&gt;Why Choose MaxxEshopAuto.com?&lt;\\/span&gt;&lt;\\/strong&gt;&lt;\\/u&gt;&lt;\\/h3&gt;\\r\\n\\r\\n&lt;hr \\/&gt;\\r\\n&lt;p&gt;&lt;span style=&quot;color:null;&quot;&gt;&lt;span style=&quot;font-size:14px;&quot;&gt;&lt;strong&gt;Extensive Range of Products&lt;\\/strong&gt;&lt;\\/span&gt;&lt;\\/span&gt;&lt;\\/p&gt;\\r\\n\\r\\n&lt;p&gt;From side-view mirrors to rear-view mirrors, and from manual to power-adjustable options, we have something for every make and model. Our well-stocked catalogue includes:&lt;\\/p&gt;\\r\\n\\r\\n&lt;ul&gt;\\r\\n\\t&lt;li&gt;&lt;strong&gt;Car Mirrors&lt;\\/strong&gt;: Sedans, SUVs, Hatchbacks, and more&lt;\\/li&gt;\\r\\n\\t&lt;li&gt;&lt;strong&gt;Bus Mirrors&lt;\\/strong&gt;: School Buses, Public Transit, Tour Buses, etc.&lt;\\/li&gt;\\r\\n\\t&lt;li&gt;&lt;strong&gt;Truck Mirrors&lt;\\/strong&gt;: Pickups, Semis, and Heavy-Duty Trucks&lt;\\/li&gt;\\r\\n&lt;\\/ul&gt;\\r\\n\\r\\n&lt;p&gt;&lt;span style=&quot;color:null;&quot;&gt;&lt;strong&gt;&lt;span style=&quot;font-size:14px;&quot;&gt;Quality You Can Trust&lt;\\/span&gt;&lt;\\/strong&gt;&lt;\\/span&gt;&lt;\\/p&gt;\\r\\n\\r\\n&lt;p&gt;Quality assurance is our top priority. All our products meet stringent quality standards and are sourced from reputable manufacturers. Expect long-lasting durability and superior functionality with each purchase.&lt;\\/p&gt;\\r\\n\\r\\n&lt;p&gt;&lt;span style=&quot;color:null;&quot;&gt;&lt;span style=&quot;font-size:14px;&quot;&gt;&lt;strong&gt;Affordable Prices&lt;\\/strong&gt;&lt;\\/span&gt;&lt;\\/span&gt;&lt;\\/p&gt;\\r\\n\\r\\n&lt;p&gt;High quality doesn\\u2019t have to break the bank. Our competitively priced products offer exceptional value for the quality provided.&lt;\\/p&gt;\\r\\n\\r\\n&lt;p&gt;&lt;span style=&quot;color:null;&quot;&gt;&lt;span style=&quot;font-size:14px;&quot;&gt;&lt;strong&gt;Fast and Reliable Shipping&lt;\\/strong&gt;&lt;\\/span&gt;&lt;\\/span&gt;&lt;\\/p&gt;\\r\\n\\r\\n&lt;p&gt;Why wait when you can get back on the road? We pride ourselves on swift order processing and reliable shipping to ensure you receive your product when you need it.&lt;\\/p&gt;\\r\\n\\r\\n&lt;p&gt;&lt;span style=&quot;color:null;&quot;&gt;&lt;span style=&quot;font-size:14px;&quot;&gt;&lt;strong&gt;Expert Customer Service&lt;\\/strong&gt;&lt;\\/span&gt;&lt;\\/span&gt;&lt;\\/p&gt;\\r\\n\\r\\n&lt;p&gt;Got questions? Our knowledgeable customer support team is always available to guide you through your purchase. Feel free to call, email, or chat with us for a tailored shopping experience.&lt;\\/p&gt;\"}},\"status\":\"1\",\"module_id\":\"6\"}'),(7,'Home Page Content 2','opencart.html','{\"name\":\"Home Page Content 2\",\"module_description\":{\"1\":{\"title\":\"\",\"description\":\"&lt;h3 style=&quot;text-align: center;&quot;&gt;&lt;span style=&quot;font-size:28px;&quot;&gt;&lt;strong&gt;Our Most Popular Categories&lt;\\/strong&gt;&lt;\\/span&gt;&lt;\\/h3&gt;\\r\\n\\r\\n&lt;p style=&quot;text-align: center;&quot;&gt;&lt;span style=&quot;font-size:20px;&quot;&gt;&lt;span style=&quot;color:#c0392b;&quot;&gt;&lt;strong&gt;Car Side-View Mirrors&lt;\\/strong&gt;&lt;\\/span&gt;&lt;\\/span&gt;&lt;\\/p&gt;\\r\\n\\r\\n&lt;p style=&quot;text-align: center;&quot;&gt;&lt;span style=&quot;font-size:20px;&quot;&gt;&lt;span style=&quot;color:#c0392b;&quot;&gt;&lt;strong&gt;Truck Towing Mirrors&lt;\\/strong&gt;&lt;\\/span&gt;&lt;\\/span&gt;&lt;\\/p&gt;\\r\\n\\r\\n&lt;p style=&quot;text-align: center;&quot;&gt;&lt;span style=&quot;font-size:20px;&quot;&gt;&lt;span style=&quot;color:#c0392b;&quot;&gt;&lt;strong&gt;Bus Rear-View Mirrors&lt;\\/strong&gt;&lt;\\/span&gt;&lt;\\/span&gt;&lt;\\/p&gt;\\r\\n\\r\\n&lt;p style=&quot;text-align: center;&quot;&gt;&lt;span style=&quot;font-size:20px;&quot;&gt;&lt;span style=&quot;color:#c0392b;&quot;&gt;&lt;strong&gt;Heated Mirrors&lt;\\/strong&gt;&lt;\\/span&gt;&lt;\\/span&gt;&lt;\\/p&gt;\\r\\n\\r\\n&lt;p style=&quot;text-align: center;&quot;&gt;&lt;span style=&quot;font-size:20px;&quot;&gt;&lt;span style=&quot;color:#c0392b;&quot;&gt;&lt;strong&gt;Mirror Accessories &amp;amp; Replacement Parts&lt;\\/strong&gt;&lt;\\/span&gt;&lt;\\/span&gt;&lt;\\/p&gt;\\r\\n\\r\\n&lt;hr \\/&gt;\\r\\n&lt;p&gt;&amp;nbsp;&lt;\\/p&gt;\\r\\n\\r\\n&lt;p style=&quot;text-align: center;&quot;&gt;&lt;span style=&quot;font-size:28px;&quot;&gt;&lt;strong&gt;Replacement Made Simple!&lt;\\/strong&gt;&amp;nbsp;\\ud83d\\udee0&lt;\\/span&gt;&lt;\\/p&gt;\\r\\n\\r\\n&lt;p style=&quot;margin-left: 40px; text-align: center;&quot;&gt;&lt;strong&gt;&lt;span style=&quot;font-size:24px;&quot;&gt;Ever thought about fixing that mirror yourself? With our DIY kit, it\'s a breeze!&lt;\\/span&gt;&lt;\\/strong&gt;&lt;span style=&quot;font-size:18px;&quot;&gt; &lt;\\/span&gt;&lt;\\/p&gt;\\r\\n\\r\\n&lt;p style=&quot;margin-left: 40px;&quot;&gt;&lt;span style=&quot;font-size:18px;&quot;&gt;Here\'s how it works:&lt;\\/span&gt;&lt;\\/p&gt;\\r\\n\\r\\n&lt;ol&gt;\\r\\n\\t&lt;li&gt;\\r\\n\\t&lt;p style=&quot;margin-left: 40px;&quot;&gt;&lt;span style=&quot;font-size:16px;&quot;&gt;&lt;strong&gt;Perfect Match:&lt;\\/strong&gt;&amp;nbsp;We craft an exact replica of your mirror using one of our thousands of templates. It\'s tailor-made just for your vehicle.&lt;\\/span&gt;&lt;\\/p&gt;\\r\\n\\t&lt;\\/li&gt;\\r\\n\\t&lt;li&gt;\\r\\n\\t&lt;p style=&quot;margin-left: 40px;&quot;&gt;&lt;span style=&quot;font-size:16px;&quot;&gt;&lt;strong&gt;Easy Installation:&lt;\\/strong&gt;&amp;nbsp;Our kit is designed with simplicity in mind. You don\\u2019t need to be a car whiz - just follow the straightforward steps, and voila, your mirror is as good as new!&lt;\\/span&gt;&lt;\\/p&gt;\\r\\n\\t&lt;\\/li&gt;\\r\\n\\t&lt;li&gt;\\r\\n\\t&lt;p style=&quot;margin-left: 40px;&quot;&gt;&lt;span style=&quot;font-size:16px;&quot;&gt;&lt;strong&gt;Save Big:&lt;\\/strong&gt;&amp;nbsp;Why spend more when you can get the same professional finish at a fraction of the cost? With our DIY kit, not only do you save money, but you also get the satisfaction of a job well done.&lt;\\/span&gt;&lt;\\/p&gt;\\r\\n\\t&lt;\\/li&gt;\\r\\n&lt;\\/ol&gt;\\r\\n\\r\\n&lt;h3 style=&quot;margin-left: 40px; text-align: center;&quot;&gt;&amp;nbsp;&lt;\\/h3&gt;\\r\\n\\r\\n&lt;hr \\/&gt;\\r\\n&lt;h3 style=&quot;margin-left: 40px; text-align: center;&quot;&gt;&lt;a href=&quot;https:\\/\\/maxxeshopauto.com\\/a\\/index.php?route=extension\\/tmdymm\\/tmd\\/ymmsearch&amp;amp;filter_tmdmodel=0&amp;amp;filter_tmdengine=0&amp;amp;filter_firstyear=0&quot;&gt;&lt;span style=&quot;color:#c0392b;&quot;&gt;&lt;span style=&quot;font-size:28px;&quot;&gt;&lt;strong&gt;GET STARTED TODAY&amp;nbsp;\\ud83d\\udc4c\\u200b&lt;\\/strong&gt;&lt;\\/span&gt;&lt;\\/span&gt;&lt;\\/a&gt;&lt;\\/h3&gt;\\r\\n\\r\\n&lt;hr \\/&gt;\\r\\n&lt;p&gt;&amp;nbsp;&lt;\\/p&gt;\\r\\n\\r\\n&lt;p style=&quot;text-align: center;&quot;&gt;&lt;span style=&quot;font-size:14px;&quot;&gt;Don\\u2019t compromise on safety and aesthetics; choose MaxxEshopAuto.com for reliable, quality, and affordable automotive mirrors. &lt;\\/span&gt;&lt;\\/p&gt;\\r\\n\\r\\n&lt;p style=&quot;text-align: center;&quot;&gt;&lt;span style=&quot;font-size:14px;&quot;&gt;Navigate through our user-friendly website or call us at (Your Contact Number) to place an order today.&lt;\\/span&gt;&lt;\\/p&gt;\\r\\n\\r\\n&lt;p style=&quot;text-align: center;&quot;&gt;&lt;span style=&quot;font-size:22px;&quot;&gt;&lt;strong&gt;&lt;span style=&quot;color:#e74c3c;&quot;&gt;MaxxEshopAuto.com&lt;\\/span&gt; - Driving You Forward With Confidence&lt;\\/strong&gt;&lt;\\/span&gt;&lt;\\/p&gt;\\r\\n\\r\\n&lt;hr \\/&gt;\\r\\n&lt;p&gt;&amp;nbsp;&lt;\\/p&gt;\"}},\"status\":\"1\",\"module_id\":\"7\"}'),(8,'Homepage Content 3','opencart.html','{\"name\":\"Homepage Content 3\",\"module_description\":{\"1\":{\"title\":\"\",\"description\":\"&lt;p style=&quot;text-align: center;&quot;&gt;&lt;meta charset=&quot;UTF-8&quot;&gt;&lt;meta name=&quot;viewport&quot; content=&quot;width=device-width, initial-scale=1.0&quot;&gt;&lt;\\/p&gt;\\r\\n&lt;title&gt;&lt;\\/title&gt;\\r\\n&lt;meta name=&quot;description&quot; content=&quot;Serving Australia since 1995, Maxxeshopauto \\/ Mirrors4cars offers the most comprehensive range of automotive mirrors and mirror glass replacements.&quot;&gt;&lt;meta name=&quot;keywords&quot; content=&quot;Maxxeshopauto, Mirrors4cars, automotive mirrors, mirror glass replacement, Australia, ADR compliant, flat mirror, convex mirror&quot;&gt;&lt;meta name=&quot;author&quot; content=&quot;Maxxeshopauto \\/ Mirrors4cars&quot;&gt;\\r\\n&lt;h1 style=&quot;text-align: center;&quot;&gt;&amp;nbsp;&lt;\\/h1&gt;\\r\\n\\r\\n&lt;hr \\/&gt;\\r\\n&lt;h1 style=&quot;text-align: center;&quot;&gt;&lt;span style=&quot;font-size:36px;&quot;&gt;&lt;strong&gt;WELCOME TO MAXXESHOPAUTO \\/ MIRRORS4CARS&lt;\\/strong&gt;&lt;\\/span&gt;&lt;\\/h1&gt;\\r\\n\\r\\n&lt;p&gt;&amp;nbsp;&lt;\\/p&gt;\\r\\n\\r\\n&lt;p style=&quot;text-align: center;&quot;&gt;&lt;span style=&quot;font-size:24px;&quot;&gt;&lt;em&gt;Your One-Stop Solution for Automotive Mirrors in Australia&lt;\\/em&gt;&lt;\\/span&gt;&lt;\\/p&gt;\\r\\n\\r\\n&lt;p style=&quot;text-align: center;&quot;&gt;&amp;nbsp;&lt;\\/p&gt;\\r\\n\\r\\n&lt;p style=&quot;text-align: center;&quot;&gt;&lt;span style=&quot;font-size:28px;&quot;&gt;&lt;strong&gt;\\u260e\\ufe0f&amp;nbsp;&lt;\\/strong&gt;&lt;\\/span&gt;&lt;span style=&quot;font-size:36px;&quot;&gt;&lt;strong&gt;&lt;a href=&quot;tel:+610387129882&quot;&gt;Australia Wide (03) 8712-9882&lt;\\/a&gt;&lt;\\/strong&gt;&amp;nbsp; &amp;nbsp; &amp;nbsp;&lt;\\/span&gt;&lt;span style=&quot;font-size:16px;&quot;&gt;Follow us on instagram:&lt;\\/span&gt;&amp;nbsp; &lt;a href=&quot;https:\\/\\/www.instagram.com\\/maxxeshopauto\\/&quot;&gt;&lt;img alt=&quot;Instagram Icon&quot; src=&quot;https:\\/\\/upload.wikimedia.org\\/wikipedia\\/commons\\/thumb\\/a\\/a5\\/Instagram_icon.png\\/600px-Instagram_icon.png&quot; width=&quot;35&quot; \\/&gt;&lt;\\/a&gt;&lt;\\/p&gt;\\r\\n\\r\\n&lt;hr \\/&gt;\\r\\n&lt;h2 style=&quot;text-align: center;&quot;&gt;&amp;nbsp;&lt;\\/h2&gt;\\r\\n\\r\\n&lt;h2 style=&quot;text-align: center;&quot;&gt;&lt;span style=&quot;font-size:28px;&quot;&gt;&lt;strong&gt;Leading the Industry Since 1995&lt;\\/strong&gt;&lt;\\/span&gt;&lt;\\/h2&gt;\\r\\n\\r\\n&lt;p style=&quot;margin-left: 40px;&quot;&gt;&lt;span style=&quot;font-size:16px;&quot;&gt;You\'ve found your ultimate destination for automotive mirrors and mirror glass replacements. Proudly serving Australia for over 28 years, Maxxeshopauto \\/ Mirrors4cars has built a reputation for delivering unparalleled quality and service. With the most comprehensive range of mirrors and mirror glass options available anywhere in the country, you can trust us to meet all your needs\\u2014quickly and efficiently.&lt;\\/span&gt;&lt;\\/p&gt;\\r\\n\\r\\n&lt;p style=&quot;text-align: center;&quot;&gt;&amp;nbsp;&lt;\\/p&gt;\\r\\n\\r\\n&lt;h2 style=&quot;text-align: center;&quot;&gt;&lt;span style=&quot;font-size:28px;&quot;&gt;&lt;strong&gt;Cutting-Edge Technology at Your Service&lt;\\/strong&gt;&lt;\\/span&gt;&lt;\\/h2&gt;\\r\\n\\r\\n&lt;p style=&quot;text-align: center;&quot;&gt;&amp;nbsp;&lt;\\/p&gt;\\r\\n\\r\\n&lt;p style=&quot;margin-left: 40px;&quot;&gt;&lt;span style=&quot;font-size:16px;&quot;&gt;Our state-of-the-art factory is the only facility of its kind in the Southern Hemisphere, equipped with the very latest Computerised machines. These machines allow us to craft and cut any shape of mirror, ensuring that you receive a product that is perfectly suited to your specific requirements. And guess what? We offer the widest range of ADR compliant Flat and various Convex Mirror lenses, guaranteeing both safety and excellence.&lt;\\/span&gt;&lt;\\/p&gt;\\r\\n\\r\\n&lt;ul style=&quot;margin-left: 20px;&quot;&gt;\\r\\n\\t&lt;li&gt;&lt;span style=&quot;font-size:16px;&quot;&gt;&lt;strong&gt;Blindspot Etching on Mirror Glass&lt;\\/strong&gt;&lt;\\/span&gt;&lt;\\/li&gt;\\r\\n\\t&lt;li&gt;&lt;span style=&quot;font-size:16px;&quot;&gt;&lt;strong&gt;CNC Cutting of any Shape&lt;\\/strong&gt;&lt;\\/span&gt;&lt;\\/li&gt;\\r\\n\\t&lt;li&gt;&lt;span style=&quot;font-size:16px;&quot;&gt;&lt;strong&gt;Cutting from Digital Templates&lt;\\/strong&gt;&lt;\\/span&gt;&lt;\\/li&gt;\\r\\n\\t&lt;li&gt;&lt;span style=&quot;font-size:16px;&quot;&gt;&lt;strong&gt;Over 2800 Mirror templates in Stock&lt;\\/strong&gt;&lt;\\/span&gt;&lt;\\/li&gt;\\r\\n&lt;\\/ul&gt;\\r\\n\\r\\n&lt;h2 style=&quot;text-align: center;&quot;&gt;&amp;nbsp;&lt;\\/h2&gt;\\r\\n\\r\\n&lt;h2 style=&quot;text-align: center;&quot;&gt;&lt;img alt=&quot;&quot; src=&quot;https:\\/\\/maxxeshopauto.com\\/a\\/image\\/catalog\\/banners\\/sddefault.jpg&quot; style=&quot;max-width:400px&quot; title=&quot;&quot; \\/&gt;&lt;\\/h2&gt;\\r\\n\\r\\n&lt;h2 style=&quot;text-align: center;&quot;&gt;&lt;span style=&quot;font-size:26px;&quot;&gt;&lt;strong&gt;Need Assistance? Call Us!&amp;nbsp;\\u200b&amp;nbsp; &amp;nbsp;&amp;nbsp;&lt;\\/strong&gt;&lt;\\/span&gt;&lt;span style=&quot;font-size:14px;&quot;&gt;&lt;strong&gt;&amp;nbsp; &amp;nbsp; &amp;nbsp;&lt;\\/strong&gt;&lt;\\/span&gt;&lt;strong&gt;\\u260e\\ufe0f&amp;nbsp;&lt;\\/strong&gt;&lt;span style=&quot;color:#c0392b;&quot;&gt;&lt;span style=&quot;font-size:38px;&quot;&gt;&lt;strong&gt;&lt;a href=&quot;tel:+610387129882&quot;&gt;Australia Wide (03) 8712-9882&lt;\\/a&gt;&lt;\\/strong&gt;&lt;\\/span&gt;&lt;\\/span&gt;&lt;\\/h2&gt;\\r\\n\\r\\n&lt;hr \\/&gt;\\r\\n&lt;p&gt;&amp;nbsp;&lt;\\/p&gt;\\r\\n\\r\\n&lt;p style=&quot;margin-left: 40px;&quot;&gt;&lt;span style=&quot;font-size:16px;&quot;&gt;Questions? Unsure about what mirror or mirror glass replacement you need? No worries\\u2014our team of experts is here to help you. We encourage you to reach out to us by phone for personalized assistance. Our knowledgeable staff can guide you through your options and help you make the best choice for your vehicle.&lt;strong&gt;&amp;nbsp; &amp;nbsp; &amp;nbsp; &amp;nbsp; &amp;nbsp; &amp;nbsp; &amp;nbsp; &amp;nbsp; &amp;nbsp; &amp;nbsp; &amp;nbsp; &amp;nbsp; &amp;nbsp; &amp;nbsp;&lt;\\/strong&gt;&lt;\\/span&gt;&lt;\\/p&gt;\\r\\n\\r\\n&lt;p style=&quot;text-align: center;&quot;&gt;&amp;nbsp;&lt;\\/p&gt;\\r\\n\\r\\n&lt;h2 style=&quot;text-align: center;&quot;&gt;&lt;span style=&quot;font-size:26px;&quot;&gt;&lt;strong&gt;Why Choose Maxxeshopauto \\/ Mirrors4cars?&lt;\\/strong&gt;&lt;\\/span&gt;&lt;\\/h2&gt;\\r\\n\\r\\n&lt;p style=&quot;text-align: center;&quot;&gt;&amp;nbsp;&lt;\\/p&gt;\\r\\n\\r\\n&lt;ul style=&quot;margin-left: 40px;&quot;&gt;\\r\\n\\t&lt;li&gt;&lt;span style=&quot;font-size:16px;&quot;&gt;Expertise: Over 28 years of industry experience serving Australia.&lt;\\/span&gt;&lt;\\/li&gt;\\r\\n\\t&lt;li&gt;&lt;span style=&quot;font-size:16px;&quot;&gt;Quality: Premium quality mirrors crafted to meet all ADR compliance standards.&lt;\\/span&gt;&lt;\\/li&gt;\\r\\n\\t&lt;li&gt;&lt;span style=&quot;font-size:16px;&quot;&gt;Range: The most extensive selection of mirrors and mirror glass options.&lt;\\/span&gt;&lt;\\/li&gt;\\r\\n\\t&lt;li&gt;&lt;span style=&quot;font-size:16px;&quot;&gt;Technology: Cutting-edge machinery for precision crafting and cutting.&lt;\\/span&gt;&lt;\\/li&gt;\\r\\n\\t&lt;li&gt;&lt;span style=&quot;font-size:16px;&quot;&gt;Service: Highly trained staff ready to assist you via phone.&lt;\\/span&gt;&lt;\\/li&gt;\\r\\n&lt;\\/ul&gt;\\r\\n\\r\\n&lt;p style=&quot;text-align: center;&quot;&gt;&amp;nbsp;&lt;\\/p&gt;\\r\\n\\r\\n&lt;p style=&quot;margin-left: 40px;&quot;&gt;&lt;span style=&quot;font-size:16px;&quot;&gt;Trust Maxxeshopauto \\/ Mirrors4cars for all your automotive mirror needs. With our unparalleled range, technology, and experience, we are confident you won\\u2019t find a better solution anywhere else.&lt;\\/span&gt;&lt;\\/p&gt;\\r\\n\\r\\n&lt;p style=&quot;text-align: center;&quot;&gt;&lt;span style=&quot;font-size:20px;&quot;&gt;\\ud83d\\udcde &lt;\\/span&gt;&lt;span style=&quot;font-size:22px;&quot;&gt;&lt;strong&gt;Don\\u2019t hesitate\\u2014call us now for expert advice and assistance!&lt;\\/strong&gt;&lt;\\/span&gt;&lt;\\/p&gt;\\r\\n\\r\\n&lt;p style=&quot;text-align: center;&quot;&gt;&lt;span style=&quot;font-size:36px;&quot;&gt;&lt;a href=&quot;tel:+610387129882&quot;&gt;Australia Wide (03) 8712-9882&lt;\\/a&gt;&lt;\\/span&gt;&lt;\\/p&gt;\\r\\n\\r\\n&lt;h2 style=&quot;text-align: center;&quot;&gt;&lt;img alt=&quot;&quot; src=&quot;https:\\/\\/maxxeshopauto.com\\/a\\/image\\/catalog\\/banners\\/Car_Mirror_Replacement.jpg&quot; style=&quot;max-width:400px&quot; title=&quot;&quot; \\/&gt;&lt;\\/h2&gt;\\r\\n\\r\\n&lt;p&gt;&amp;nbsp;&lt;\\/p&gt;\\r\\n\\r\\n&lt;hr \\/&gt;\\r\\n&lt;p&gt;&amp;nbsp;&lt;\\/p&gt;\\r\\n\\r\\n&lt;p&gt;&amp;nbsp;&lt;\\/p&gt;\"}},\"status\":\"1\",\"module_id\":\"8\"}'),(10,'Featured','opencart.featured','{\"name\":\"Featured\",\"product\":[\"4992\",\"1882\",\"1490\",\"3241\"],\"axis\":\"horizontal\",\"width\":\"200\",\"height\":\"200\",\"status\":\"1\",\"module_id\":\"10\"}'),(11,'DIY video Default','opencart.html','{\"name\":\"DIY video Default\",\"module_description\":{\"1\":{\"title\":\"\",\"description\":\"&lt;p style=&quot;text-align: center;&quot;&gt;&lt;span style=&quot;font-size:48px;&quot;&gt;&lt;span style=&quot;font-family:Arial,Helvetica,sans-serif;&quot;&gt;&lt;span style=&quot;color:#c0392b;&quot;&gt;&lt;strong&gt;DIY KIT&lt;\\/strong&gt;&lt;\\/span&gt;&lt;\\/span&gt;&lt;\\/span&gt;&lt;\\/p&gt;\\r\\n\\r\\n&lt;p style=&quot;text-align: center;&quot;&gt;&lt;span style=&quot;font-size:24px;&quot;&gt;&lt;span style=&quot;font-family:Arial,Helvetica,sans-serif;&quot;&gt;&lt;strong&gt;INSTRUCTIONS&lt;\\/strong&gt;&lt;\\/span&gt;&lt;\\/span&gt;&lt;\\/p&gt;\\r\\n\\r\\n&lt;p style=&quot;text-align: center;&quot;&gt;&lt;span style=&quot;font-size:18px;&quot;&gt;&lt;span style=&quot;font-family:Arial,Helvetica,sans-serif;&quot;&gt;Maxxeshop has prepared a number of short videos\'s to assist in the installation process:&lt;\\/span&gt;&lt;\\/span&gt;&lt;\\/p&gt;\\r\\n\\r\\n&lt;p&gt;&amp;nbsp;&lt;\\/p&gt;\\r\\n\\r\\n&lt;table align=&quot;center&quot; border=&quot;0&quot; cellpadding=&quot;1&quot; cellspacing=&quot;1&quot; style=&quot;width:750px;&quot;&gt;\\r\\n\\t&lt;tbody&gt;\\r\\n\\t\\t&lt;tr&gt;\\r\\n\\t\\t\\t&lt;td style=&quot;text-align: center;&quot;&gt;&lt;img alt=&quot;&quot; src=&quot;https:\\/\\/maxxeshopauto.com\\/a\\/image\\/catalog\\/banners\\/wikiHow_01.png&quot; style=&quot;width: 250px;&quot; title=&quot;&quot; \\/&gt;&lt;\\/td&gt;\\r\\n\\t\\t\\t&lt;td style=&quot;text-align: center;&quot;&gt;&lt;img alt=&quot;&quot; src=&quot;https:\\/\\/maxxeshopauto.com\\/a\\/image\\/catalog\\/banners\\/wikiHow_02.png&quot; style=&quot;width: 250px;&quot; title=&quot;&quot; \\/&gt;&lt;\\/td&gt;\\r\\n\\t\\t\\t&lt;td style=&quot;text-align: center;&quot;&gt;&lt;img alt=&quot;&quot; src=&quot;https:\\/\\/maxxeshopauto.com\\/a\\/image\\/catalog\\/banners\\/wikiHow_03.png&quot; style=&quot;width: 250px;&quot; title=&quot;&quot; \\/&gt;&lt;\\/td&gt;\\r\\n\\t\\t&lt;\\/tr&gt;\\r\\n\\t&lt;\\/tbody&gt;\\r\\n&lt;\\/table&gt;\\r\\n\\r\\n&lt;p&gt;&amp;nbsp;&lt;\\/p&gt;\\r\\n\\r\\n&lt;p&gt;&amp;nbsp;&lt;\\/p&gt;\\r\\n\\r\\n&lt;p style=&quot;text-align: center;&quot;&gt;&amp;nbsp;&lt;\\/p&gt;\\r\\n\\r\\n&lt;p style=&quot;text-align: center;&quot;&gt;&lt;span style=&quot;font-size:18px;&quot;&gt;&lt;strong&gt;&lt;span style=&quot;font-family:Arial,Helvetica,sans-serif;&quot;&gt;&lt;a href=&quot;https:\\/\\/www.youtube.com\\/watch?v=N_NvL5e8xRc&quot; target=&quot;_blank&quot;&gt;&lt;span style=&quot;color:#c0392b;&quot;&gt;REMOVE BROKEN MIRROR&lt;\\/span&gt;&lt;\\/a&gt;&lt;\\/span&gt;&lt;\\/strong&gt;&lt;\\/span&gt;&lt;\\/p&gt;\\r\\n\\r\\n&lt;p style=&quot;text-align: center;&quot;&gt;&amp;nbsp;&lt;\\/p&gt;\\r\\n\\r\\n&lt;p style=&quot;text-align: center;&quot;&gt;&lt;span style=&quot;font-size:18px;&quot;&gt;&lt;iframe allowfullscreen=&quot;&quot; frameborder=&quot;0&quot; height=&quot;315&quot; src=&quot;https:\\/\\/www.youtube.com\\/embed\\/N_NvL5e8xRc&quot; width=&quot;560&quot;&gt;&lt;\\/iframe&gt;&lt;\\/span&gt;&lt;\\/p&gt;\\r\\n\\r\\n&lt;p style=&quot;text-align: center;&quot;&gt;&amp;nbsp;&lt;\\/p&gt;\\r\\n\\r\\n&lt;p style=&quot;text-align: center;&quot;&gt;&lt;span style=&quot;font-size:18px;&quot;&gt;&lt;strong&gt;&lt;span style=&quot;font-family:Arial,Helvetica,sans-serif;&quot;&gt;&lt;a href=&quot;https:\\/\\/www.youtube.com\\/embed\\/cPoAAqEaylA&quot; target=&quot;_blank&quot;&gt;&lt;span style=&quot;color:#c0392b;&quot;&gt;REPLACE A MIRROR GLASS WIITH BACKING PLATE IN THE CAR&lt;\\/span&gt;&lt;\\/a&gt;&lt;\\/span&gt;&lt;\\/strong&gt;&lt;\\/span&gt;&lt;\\/p&gt;\\r\\n\\r\\n&lt;p style=&quot;text-align: center;&quot;&gt;&amp;nbsp;&lt;\\/p&gt;\\r\\n\\r\\n&lt;p style=&quot;text-align: center;&quot;&gt;&lt;span style=&quot;font-size:18px;&quot;&gt;&lt;strong&gt;&lt;span style=&quot;font-family:Arial,Helvetica,sans-serif;&quot;&gt;&lt;iframe allowfullscreen=&quot;&quot; frameborder=&quot;0&quot; height=&quot;315&quot; src=&quot;https:\\/\\/www.youtube.com\\/embed\\/cPoAAqEaylA&quot; width=&quot;560&quot;&gt;&lt;\\/iframe&gt;&lt;\\/span&gt;&lt;\\/strong&gt;&lt;\\/span&gt;&lt;\\/p&gt;\\r\\n\\r\\n&lt;p style=&quot;text-align: center;&quot;&gt;&amp;nbsp;&lt;\\/p&gt;\\r\\n\\r\\n&lt;p style=&quot;text-align: center;&quot;&gt;&lt;span style=&quot;font-size:18px;&quot;&gt;&lt;strong&gt;&lt;span style=&quot;font-family:Arial,Helvetica,sans-serif;&quot;&gt;&lt;a href=&quot;https:\\/\\/www.youtube.com\\/embed\\/N_NvL5e8xRc&quot; target=&quot;_blank&quot;&gt;&lt;span style=&quot;color:#c0392b;&quot;&gt;REMOVE THE BACKING PLATE FROM THE CAR&lt;\\/span&gt;&lt;\\/a&gt;&lt;\\/span&gt;&lt;\\/strong&gt;&lt;\\/span&gt;&lt;\\/p&gt;\\r\\n\\r\\n&lt;p style=&quot;text-align: center;&quot;&gt;&amp;nbsp;&lt;\\/p&gt;\\r\\n\\r\\n&lt;p style=&quot;text-align: center;&quot;&gt;&lt;span style=&quot;font-size:18px;&quot;&gt;&lt;strong&gt;&lt;span style=&quot;font-family:Arial,Helvetica,sans-serif;&quot;&gt;&lt;iframe allowfullscreen=&quot;&quot; frameborder=&quot;0&quot; height=&quot;315&quot; src=&quot;https:\\/\\/www.youtube.com\\/embed\\/N_NvL5e8xRc&quot; width=&quot;560&quot;&gt;&lt;\\/iframe&gt;&lt;\\/span&gt;&lt;\\/strong&gt;&lt;\\/span&gt;&lt;\\/p&gt;\\r\\n\\r\\n&lt;p style=&quot;text-align: center;&quot;&gt;&amp;nbsp;&lt;\\/p&gt;\\r\\n\\r\\n&lt;p style=&quot;text-align: center;&quot;&gt;&lt;span style=&quot;font-size:18px;&quot;&gt;&lt;strong&gt;&lt;span style=&quot;font-family:Arial,Helvetica,sans-serif;&quot;&gt;&lt;a href=&quot;https:\\/\\/www.youtube.com\\/embed\\/cwtm3TEhXGs&quot; target=&quot;_blank&quot;&gt;&lt;span style=&quot;color:#c0392b;&quot;&gt;REPLACE A WING MIRROR ASSEMBLY ON THE CAR&lt;\\/span&gt;&lt;\\/a&gt;&lt;\\/span&gt;&lt;\\/strong&gt;&lt;\\/span&gt;&lt;\\/p&gt;\\r\\n\\r\\n&lt;p style=&quot;text-align: center;&quot;&gt;&amp;nbsp;&lt;\\/p&gt;\\r\\n\\r\\n&lt;p style=&quot;text-align: center;&quot;&gt;&lt;span style=&quot;font-size:18px;&quot;&gt;&lt;strong&gt;&lt;span style=&quot;font-family:Arial,Helvetica,sans-serif;&quot;&gt;&lt;iframe allowfullscreen=&quot;&quot; frameborder=&quot;0&quot; height=&quot;315&quot; src=&quot;https:\\/\\/www.youtube.com\\/embed\\/cwtm3TEhXGs&quot; width=&quot;560&quot;&gt;&lt;\\/iframe&gt;&lt;\\/span&gt;&lt;\\/strong&gt;&lt;\\/span&gt;&lt;\\/p&gt;\\r\\n\\r\\n&lt;h5 style=&quot;text-align: center;&quot;&gt;&lt;strong&gt;&lt;span style=&quot;color:#c0392b;&quot;&gt;&lt;span style=&quot;font-family:Arial,Helvetica,sans-serif;&quot;&gt;&lt;span style=&quot;font-size:14px;&quot;&gt;Please keep all materials and products supplied with te DIY Kit in a safe place ans secured&lt;\\/span&gt;&lt;\\/span&gt;&lt;\\/span&gt;&lt;\\/strong&gt;&lt;\\/h5&gt;\\r\\n\\r\\n&lt;h5 style=&quot;text-align: center;&quot;&gt;&lt;strong&gt;&lt;span style=&quot;color:#c0392b;&quot;&gt;&lt;span style=&quot;font-family:Arial,Helvetica,sans-serif;&quot;&gt;&lt;span style=&quot;font-size:14px;&quot;&gt;from children under the age of 18 years. If miss-use occurs please seek inmediate medical attention.&lt;\\/span&gt;&lt;\\/span&gt;&lt;\\/span&gt;&lt;\\/strong&gt;&lt;\\/h5&gt;\\r\\n\\r\\n&lt;p style=&quot;text-align: center;&quot;&gt;&amp;nbsp;&lt;\\/p&gt;\\r\\n\\r\\n&lt;p style=&quot;text-align: center;&quot;&gt;&lt;strong&gt;&lt;span style=&quot;font-size:20px;&quot;&gt;If you have any question feel free to call us, we are glad to help!&lt;\\/span&gt;&lt;\\/strong&gt;&lt;\\/p&gt;\\r\\n\\r\\n&lt;p style=&quot;text-align: center;&quot;&gt;&lt;span style=&quot;font-size:20px;&quot;&gt;\\u260e\\ufe0f\\u200b 1300361605&lt;\\/span&gt;&lt;\\/p&gt;\\r\\n\\r\\n&lt;p style=&quot;text-align: center;&quot;&gt;&amp;nbsp;&lt;\\/p&gt;\\r\\n\\r\\n&lt;p style=&quot;text-align: center;&quot;&gt;&lt;img alt=&quot;maxxeshopauto Logo&quot; src=&quot;https:\\/\\/maxxeshopauto.com\\/a\\/image\\/catalog\\/banners\\/Maxxeshop_Auto_Parts_Logo_2.png&quot; style=&quot;width: 250px; height: 107px;&quot; title=&quot;&quot; \\/&gt;&lt;\\/p&gt;\\r\\n\\r\\n&lt;p style=&quot;text-align: center;&quot;&gt;&amp;nbsp;&lt;\\/p&gt;\"}},\"status\":\"1\",\"module_id\":\"11\"}'),(12,'DIY &amp; Onsite Install','opencart.html','{\"name\":\"DIY &amp; Onsite Install\",\"module_description\":{\"1\":{\"title\":\"\",\"description\":\"&lt;p style=&quot;text-align: center;&quot;&gt;&amp;nbsp;&lt;\\/p&gt;\\r\\n\\r\\n&lt;p style=&quot;text-align: center;&quot;&gt;&lt;span style=&quot;font-size:28px;&quot;&gt;&lt;strong&gt;&lt;span style=&quot;color:#0000ff;&quot;&gt;&lt;u&gt;&lt;span style=&quot;background-color:#ffff00;&quot;&gt;Australia\'s Largest&amp;nbsp;Range&lt;\\/span&gt;&lt;\\/u&gt;&lt;\\/span&gt; of&amp;nbsp;DIY Kits from $15.00 &lt;span style=&quot;color:#cc0000;&quot;&gt;&lt;u&gt;&lt;em&gt;Fast Delivery&amp;nbsp;Australia Wide&lt;\\/em&gt;&lt;\\/u&gt;&lt;\\/span&gt;&lt;\\/strong&gt;&lt;\\/span&gt;&lt;\\/p&gt;\\r\\n\\r\\n&lt;p style=&quot;text-align: center;&quot;&gt;&lt;span style=&quot;color:#0033ff;&quot;&gt;&lt;span style=&quot;font-size:36px;&quot;&gt;&lt;strong&gt;&lt;u&gt;&lt;em&gt;We Do Onsite I&lt;\\/em&gt;&lt;\\/u&gt;&lt;\\/strong&gt;&lt;\\/span&gt;&lt;\\/span&gt;&lt;span style=&quot;font-size:22px;&quot;&gt;&lt;strong&gt;&lt;span style=&quot;color:#0033ff;&quot;&gt;&lt;u&gt;&lt;em&gt;&lt;span style=&quot;font-size:36px;&quot;&gt;nstallation&lt;\\/span&gt;&lt;\\/em&gt;&lt;\\/u&gt;&lt;em&gt;&lt;span style=&quot;font-size:36px;&quot;&gt;&amp;nbsp;&amp;nbsp;&lt;\\/span&gt;&lt;\\/em&gt;&lt;\\/span&gt;&lt;span style=&quot;color:#cc0000;&quot;&gt;&lt;em&gt; &lt;\\/em&gt;&lt;\\/span&gt;&lt;\\/strong&gt;&lt;\\/span&gt;&lt;\\/p&gt;\\r\\n\\r\\n&lt;p style=&quot;text-align: center;&quot;&gt;&lt;span style=&quot;font-size:22px;&quot;&gt;&lt;strong&gt;&lt;span style=&quot;color:null;&quot;&gt;&lt;u&gt;&lt;em&gt;(In Selected&lt;\\/em&gt;&lt;\\/u&gt;&lt;\\/span&gt;&lt;\\/strong&gt;&lt;\\/span&gt;&lt;span style=&quot;color:null;&quot;&gt;&lt;span style=&quot;font-size:28px;&quot;&gt;&lt;strong&gt;&lt;u&gt;&lt;em&gt; &lt;\\/em&gt;&lt;\\/u&gt;&lt;\\/strong&gt;&lt;\\/span&gt;&lt;span style=&quot;font-size:22px;&quot;&gt;&lt;strong&gt;&lt;u&gt;&lt;em&gt;Areas)&lt;\\/em&gt;&lt;\\/u&gt;&lt;\\/strong&gt;&lt;\\/span&gt;&lt;\\/span&gt;&lt;\\/p&gt;\\r\\n\\r\\n&lt;p style=&quot;text-align: center;&quot;&gt;&lt;span style=&quot;font-size:22px;&quot;&gt;&lt;strong&gt;&lt;span style=&quot;font-family:Arial,Helvetica,sans-serif;&quot;&gt;&lt;em&gt;Call Now - &lt;\\/em&gt;&lt;\\/span&gt;&lt;\\/strong&gt;&lt;\\/span&gt;&lt;span style=&quot;font-size:36px;&quot;&gt;&lt;strong&gt;&lt;span style=&quot;font-family:Arial,Helvetica,sans-serif;&quot;&gt;&lt;span style=&quot;color:#c0392b;&quot;&gt;1300 361-605 &lt;\\/span&gt;&lt;\\/span&gt;&lt;\\/strong&gt;&lt;\\/span&gt;&lt;span style=&quot;font-size:28px;&quot;&gt;&lt;span style=&quot;font-family:Arial,Helvetica,sans-serif;&quot;&gt;or&lt;\\/span&gt;&lt;\\/span&gt;&lt;span style=&quot;font-size:36px;&quot;&gt;&lt;strong&gt;&lt;span style=&quot;font-family:Arial,Helvetica,sans-serif;&quot;&gt;&lt;span style=&quot;color:#c0392b;&quot;&gt; &lt;\\/span&gt;&lt;\\/span&gt;&lt;\\/strong&gt;&lt;\\/span&gt;&lt;\\/p&gt;\\r\\n\\r\\n&lt;p style=&quot;text-align: center;&quot;&gt;&lt;span style=&quot;font-size:26px;&quot;&gt;&amp;nbsp;&lt;\\/span&gt;&lt;a href=&quot;https:\\/\\/maxxeshopauto.com\\/a\\/index.php?route=information\\/contact&amp;amp;language=en-gb&quot; target=&quot;_self&quot;&gt;&lt;img alt=&quot;&quot; src=&quot;https:\\/\\/maxxeshopauto.com\\/a\\/image\\/catalog\\/Free  Quote.png&quot; style=&quot;height: 180px; width: 200px;&quot; title=&quot;&quot; \\/&gt;&lt;\\/a&gt;&lt;\\/p&gt;\\r\\n\\r\\n&lt;hr \\/&gt;\\r\\n&lt;p&gt;&amp;nbsp;&lt;\\/p&gt;\"}},\"status\":\"1\",\"module_id\":\"12\"}'),(13,'VIC DIY &amp; Onsite Installation','opencart.html','{\"name\":\"VIC DIY &amp; Onsite Installation\",\"module_description\":{\"1\":{\"title\":\"\",\"description\":\"&lt;p style=&quot;text-align: center;&quot;&gt;&lt;span style=&quot;font-size:24px;&quot;&gt;&lt;em&gt;Call:&amp;nbsp;&lt;\\/em&gt;&lt;\\/span&gt;&lt;span style=&quot;font-size:36px;&quot;&gt; &amp;nbsp;&lt;strong&gt;&lt;a href=&quot;tel:+610449834233&quot;&gt;&lt;span style=&quot;color:#c0392b;&quot;&gt;0449 834-233&lt;\\/span&gt;&lt;\\/a&gt;&lt;\\/strong&gt;&lt;\\/span&gt;&lt;\\/p&gt;\\r\\n\\r\\n&lt;p style=&quot;text-align: center;&quot;&gt;&amp;nbsp;&lt;\\/p&gt;\\r\\n\\r\\n&lt;p style=&quot;text-align: center;&quot;&gt;&lt;u&gt;&lt;span style=&quot;font-size:22px;&quot;&gt;&lt;strong&gt;&lt;span style=&quot;color:#0033ff;&quot;&gt;&lt;em&gt;&lt;span style=&quot;font-size:36px;&quot;&gt;Melbourne &amp;amp; Surrounding Areas..&lt;\\/span&gt;&lt;\\/em&gt;&lt;\\/span&gt;&lt;\\/strong&gt;&lt;\\/span&gt;&lt;\\/u&gt;&lt;\\/p&gt;\\r\\n\\r\\n&lt;p style=&quot;text-align: center;&quot;&gt;&lt;span style=&quot;font-size:22px;&quot;&gt;&lt;span style=&quot;color:#2980b9;&quot;&gt;&lt;span style=&quot;caret-color: rgb(192, 57, 43);&quot;&gt;&lt;b&gt;&lt;span style=&quot;background-color:#f1c40f;&quot;&gt;We come to YOU.! At Work or Home&lt;\\/span&gt;&lt;\\/b&gt;&lt;\\/span&gt;&lt;\\/span&gt;&lt;\\/span&gt;&lt;\\/p&gt;\\r\\n\\r\\n&lt;p style=&quot;text-align: center;&quot;&gt;&lt;span style=&quot;font-size:22px;&quot;&gt;&lt;strong&gt;&lt;span style=&quot;font-family:Arial,Helvetica,sans-serif;&quot;&gt;&lt;em&gt;Call Now - &lt;\\/em&gt;&lt;\\/span&gt;&lt;\\/strong&gt;&lt;\\/span&gt;&lt;strong&gt;&lt;span style=&quot;font-size:24px;&quot;&gt;&lt;a href=&quot;tel:+610391239811&quot;&gt;(03) 9123-9811&lt;\\/a&gt;&lt;\\/span&gt;&lt;\\/strong&gt;&lt;\\/p&gt;\\r\\n\\r\\n&lt;p style=&quot;text-align: center;&quot;&gt;&lt;br \\/&gt;\\r\\n&lt;span style=&quot;font-size:14px;&quot;&gt;&lt;em&gt;(Selected Area\'s Australia Wide)&lt;\\/em&gt;&lt;\\/span&gt;&lt;\\/p&gt;\\r\\n\\r\\n&lt;p style=&quot;text-align: center;&quot;&gt;&lt;span style=&quot;font-size:28px;&quot;&gt;&lt;span style=&quot;color:#c0392b;&quot;&gt;&lt;strong&gt;&lt;em&gt;Mirror Glass only&amp;nbsp;&lt;\\/em&gt;&lt;\\/strong&gt;&lt;\\/span&gt;&lt;\\/span&gt;&lt;span style=&quot;font-size:16px;&quot;&gt;&lt;strong&gt;&lt;i&gt;Or &lt;\\/i&gt;&lt;\\/strong&gt;&lt;\\/span&gt;&lt;span style=&quot;color:#c0392b;&quot;&gt;&lt;span style=&quot;font-size:28px;&quot;&gt;&lt;strong&gt;&lt;i&gt;Full&lt;\\/i&gt;&lt;\\/strong&gt;&lt;\\/span&gt;&lt;span style=&quot;font-size:16px;&quot;&gt;&lt;strong&gt;&lt;i&gt;&amp;nbsp;&lt;\\/i&gt;&lt;\\/strong&gt;&lt;\\/span&gt;&lt;\\/span&gt;&lt;span style=&quot;font-size:28px;&quot;&gt;&lt;strong&gt;&lt;span style=&quot;color:#c0392b;&quot;&gt;&lt;i&gt;Mirror Assemblies&lt;\\/i&gt;&lt;\\/span&gt;&lt;\\/strong&gt;&lt;\\/span&gt;&lt;\\/p&gt;\\r\\n\\r\\n&lt;p style=&quot;text-align: center;&quot;&gt;&lt;e&lt;span style=&quot;color:null;&quot;&gt;&lt;span style=&quot;font-size:20px;&quot;&gt;We also have&lt;\\/span&gt;&lt;\\/e&lt;span&gt;&lt;\\/p&gt;\\r\\n\\r\\n&lt;p style=&quot;text-align: center;&quot;&gt;&lt;span style=&quot;font-size:28px;&quot;&gt;&lt;strong&gt;&lt;span style=&quot;color:#2980b9;&quot;&gt;&amp;nbsp;DIY Kits from &lt;\\/span&gt;&lt;u&gt;&lt;span style=&quot;color:#e74c3c;&quot;&gt;&lt;span style=&quot;background-color:#ffff00;&quot;&gt;$15.00&lt;\\/span&gt;&lt;\\/span&gt;&lt;\\/u&gt;&amp;nbsp;&lt;\\/strong&gt;&lt;\\/span&gt;&lt;\\/p&gt;\\r\\n\\r\\n&lt;p style=&quot;text-align: center;&quot;&gt;&lt;em&gt;&lt;span style=&quot;font-size:28px;&quot;&gt;&lt;span style=&quot;color:#0000ff;&quot;&gt;&lt;span style=&quot;background-color:null;&quot;&gt;Australia\'s Largest&amp;nbsp;Range&lt;\\/span&gt;&lt;\\/span&gt;&lt;\\/span&gt;&lt;\\/em&gt;&lt;\\/p&gt;\\r\\n\\r\\n&lt;p style=&quot;text-align: center;&quot;&gt;&lt;span style=&quot;color:#c0392b;&quot;&gt;&lt;strong&gt;&lt;span style=&quot;font-size:14px;&quot;&gt;&lt;span style=&quot;background-color:#ffff66;&quot;&gt;Brisbane&amp;nbsp; -&amp;nbsp; Gold Coast&amp;nbsp; -&amp;nbsp; Sydney&amp;nbsp; -&amp;nbsp; Melbourne&amp;nbsp; -&amp;nbsp; Adelaide&amp;nbsp; -&amp;nbsp; Perth&amp;nbsp; -&amp;nbsp; Regional Australia&lt;\\/span&gt;&lt;\\/span&gt;&lt;\\/strong&gt;&lt;\\/span&gt;&lt;\\/p&gt;\\r\\n\\r\\n&lt;hr \\/&gt;\\r\\n&lt;p&gt;&amp;nbsp;&lt;\\/p&gt;\"}},\"status\":\"1\",\"module_id\":\"13\"}'),(14,'All States Australia 2','opencart.html','{\"name\":\"All States Australia 2\",\"module_description\":{\"1\":{\"title\":\"\",\"description\":\"&lt;p style=&quot;text-align: center;&quot;&gt;&lt;a href=&quot;http:\\/\\/maxxeshopauto.com\\/a\\/index.php?route=extension\\/ausfactory_parts_reply\\/module\\/parts_reply&amp;amp;modal=1&quot;&gt;&lt;img alt=&quot;&quot; src=&quot;https:\\/\\/maxxeshopauto.com\\/a\\/image\\/catalog\\/Quote Request_cropped.png&quot; style=&quot;height: 76px; width: 300px;&quot; title=&quot;&quot; \\/&gt;&lt;\\/a&gt;&lt;\\/p&gt;\\r\\n\\r\\n&lt;p style=&quot;text-align: center;&quot;&gt;&lt;img alt=&quot;&quot; src=&quot;https:\\/\\/maxxeshopauto.com\\/a\\/image\\/catalog\\/CellPhone2.png&quot; style=&quot;height: 40px; width: 40px;&quot; title=&quot;&quot; \\/&gt;&lt;span style=&quot;font-size:36px;&quot;&gt;&lt;strong&gt;&lt;a href=&quot;tel:+61403647550&quot;&gt;0403 647-55&lt;\\/a&gt;&lt;\\/strong&gt;&lt;\\/span&gt;&lt;a href=&quot;http:\\/\\/tel:+61403647550&quot;&gt;&lt;span style=&quot;font-size:36px;&quot;&gt;&lt;strong&gt;0&lt;\\/strong&gt;&lt;\\/span&gt;&lt;\\/a&gt;&lt;\\/p&gt;\\r\\n\\r\\n&lt;p style=&quot;text-align: center;&quot;&gt;&lt;span style=&quot;font-size:26px;&quot;&gt;&lt;u&gt;&lt;span style=&quot;color:#0033ff;&quot;&gt;&lt;strong&gt;&lt;em&gt;Mirror Glass &lt;\\/em&gt;&lt;\\/strong&gt;&lt;\\/span&gt;&lt;span style=&quot;color:#e67e22;&quot;&gt;&lt;strong&gt;&lt;em&gt;&amp;amp;&lt;\\/em&gt;&lt;\\/strong&gt;&lt;\\/span&gt;&lt;span style=&quot;color:#0033ff;&quot;&gt;&lt;strong&gt;&lt;em&gt;&amp;nbsp;&lt;\\/em&gt;&lt;i&gt;Assemblies&lt;\\/i&gt;&lt;\\/strong&gt;&lt;\\/span&gt;&lt;\\/u&gt;&lt;\\/span&gt;&lt;\\/p&gt;\\r\\n\\r\\n&lt;p&gt;&amp;nbsp;\\r\\n&lt;p style=&quot;text-align: center;&quot;&gt;&lt;span style=&quot;font-size:24px;&quot;&gt;&lt;strong&gt;\\u260e\\ufe0f&lt;\\/strong&gt;&amp;nbsp;&lt;strong&gt;&lt;a href=&quot;tel:+61391239811&quot;&gt;Melbourne ..... (03) 9123-9811&lt;\\/a&gt;&lt;\\/strong&gt;&lt;\\/span&gt;&lt;\\/p&gt;\\r\\n&lt;\\/p&gt;\\r\\n\\r\\n&lt;p style=&quot;text-align: center;&quot;&gt;&lt;span style=&quot;font-size:24px;&quot;&gt;&lt;strong&gt;\\u260e\\ufe0f&lt;\\/strong&gt;&amp;nbsp;&lt;strong&gt;&lt;a href=&quot;tel:+61285284240&quot;&gt;Sydney ..... (02) 8528-4240&lt;\\/a&gt;&lt;\\/strong&gt;&lt;\\/span&gt;&lt;\\/p&gt;\\r\\n\\r\\n&lt;p style=&quot;text-align: center;&quot;&gt;&lt;span style=&quot;font-size:24px;&quot;&gt;&lt;strong&gt;\\u260e\\ufe0f&lt;\\/strong&gt;&amp;nbsp;&lt;strong&gt;&lt;a href=&quot;tel:+61721414914&quot;&gt;Brisbane ..... (07) 2141-4914&lt;\\/a&gt;&lt;\\/strong&gt;&lt;\\/span&gt;&lt;\\/p&gt;\\r\\n\\r\\n&lt;p style=&quot;text-align: center;&quot;&gt;&lt;span style=&quot;font-size:24px;&quot;&gt;&lt;strong&gt;\\u260e\\ufe0f&lt;\\/strong&gt;&amp;nbsp;&lt;strong&gt;&lt;a href=&quot;tel:+61756266676&quot;&gt;Gold Coast ..... (07) 5626-6676&lt;\\/a&gt;&lt;\\/strong&gt;&lt;\\/span&gt;&lt;\\/p&gt;\\r\\n\\r\\n&lt;p style=&quot;text-align: center;&quot;&gt;&lt;a href=&quot;https:\\/\\/maxxeshopauto.com\\/a\\/index.php?route=information\\/contact&amp;amp;language=en-gb&quot;&gt;&lt;span style=&quot;color:#c0392b;&quot;&gt;&lt;strong&gt;&lt;span style=&quot;font-size:14px;&quot;&gt;&lt;span style=&quot;background-color:#ffff66;&quot;&gt;Brisbane&amp;nbsp; -&amp;nbsp; Gold Coast&amp;nbsp; -&amp;nbsp; Sydney&amp;nbsp; -&amp;nbsp; Melbourne&amp;nbsp; -&amp;nbsp; Adelaide&amp;nbsp; -&amp;nbsp; Perth&amp;nbsp; -&amp;nbsp; Regional Australia&lt;\\/span&gt;&lt;\\/span&gt;&lt;\\/strong&gt;&lt;\\/span&gt;&lt;\\/a&gt;&lt;\\/p&gt;\\r\\n\\r\\n&lt;p style=&quot;text-align: center;&quot;&gt;&lt;a href=&quot;https:\\/\\/maxxeshopauto.com\\/a\\/index.php?route=information\\/contact&amp;amp;language=en-gb&quot;&gt;&lt;img alt=&quot;&quot; src=&quot;https:\\/\\/maxxeshopauto.com\\/a\\/image\\/Email_Button5.png&quot; style=&quot;width: 200px; height: 72px;&quot; \\/&gt;&lt;\\/a&gt;&amp;nbsp; &amp;nbsp; &amp;nbsp; &amp;nbsp;&amp;nbsp;&lt;a href=&quot;https:\\/\\/maxxeshopauto.com\\/a\\/index.php?route=information\\/contact&amp;amp;language=en-gb&quot;&gt;&lt;img alt=&quot;&quot; src=&quot;https:\\/\\/maxxeshopauto.com\\/a\\/image\\/catalog\\/Callback3.png&quot; style=&quot;height: 91px; width: 200px;&quot; title=&quot;&quot; \\/&gt;&lt;\\/a&gt;&lt;\\/p&gt;\\r\\n\\r\\n&lt;p style=&quot;text-align: center;&quot;&gt;&lt;span style=&quot;font-size:28px;&quot;&gt;&lt;strong&gt;&lt;span style=&quot;color:#2980b9;&quot;&gt;DIY Kits from &lt;\\/span&gt;&lt;u&gt;&lt;span style=&quot;color:#e74c3c;&quot;&gt;&lt;span style=&quot;background-color:#ffff00;&quot;&gt;$15.00&lt;\\/span&gt;&lt;\\/span&gt;&lt;\\/u&gt;&amp;nbsp;&lt;\\/strong&gt;&lt;\\/span&gt;&lt;\\/p&gt;\\r\\n\\r\\n&lt;hr \\/&gt;\\r\\n&lt;p&gt;&amp;nbsp;&lt;\\/p&gt;\"}},\"status\":\"1\",\"module_id\":\"14\"}');

--
-- Table structure for table `oc8d_notification`
--

CREATE TABLE `oc8d_notification` (
  `notification_id` int NOT NULL AUTO_INCREMENT,
  `title` varchar(64) NOT NULL,
  `text` text NOT NULL,
  `status` tinyint NOT NULL,
  `date_added` datetime NOT NULL,
  PRIMARY KEY (`notification_id`)
) ENGINE=InnoDB DEFAULT CHARSET=utf8mb4 COLLATE=utf8mb4_0900_ai_ci ROW_FORMAT=DYNAMIC;

--
-- Dumping data for table `oc8d_notification`
--


--
-- Table structure for table `oc8d_option`
--

CREATE TABLE `oc8d_option` (
  `option_id` int NOT NULL AUTO_INCREMENT,
  `type` varchar(32) NOT NULL,
  `sort_order` int NOT NULL,
  PRIMARY KEY (`option_id`)
) ENGINE=InnoDB AUTO_INCREMENT=23 DEFAULT CHARSET=utf8mb4 COLLATE=utf8mb4_0900_ai_ci ROW_FORMAT=DYNAMIC;

--
-- Dumping data for table `oc8d_option`
--

INSERT INTO `oc8d_option` VALUES (1,'radio',1),(2,'checkbox',2),(4,'text',3),(5,'select',4),(6,'textarea',5),(7,'file',6),(8,'date',7),(9,'time',8),(10,'datetime',9),(11,'select',10),(12,'date',11),(14,'checkbox',1),(15,'checkbox',2),(16,'checkbox',7),(17,'text',8),(18,'select',4),(19,'checkbox',0),(20,'radio',0),(22,'checkbox',0);

--
-- Table structure for table `oc8d_option_description`
--

CREATE TABLE `oc8d_option_description` (
  `option_id` int NOT NULL,
  `language_id` int NOT NULL,
  `name` varchar(128) NOT NULL,
  PRIMARY KEY (`option_id`,`language_id`)
) ENGINE=InnoDB DEFAULT CHARSET=utf8mb4 COLLATE=utf8mb4_0900_ai_ci ROW_FORMAT=DYNAMIC;

--
-- Dumping data for table `oc8d_option_description`
--

INSERT INTO `oc8d_option_description` VALUES (1,1,'Radio'),(2,1,'Checkbox'),(4,1,'Text'),(5,1,'Select'),(6,1,'Textarea'),(7,1,'File'),(8,1,'Date'),(9,1,'Time'),(10,1,'Date &amp; Time'),(11,1,'Size'),(12,1,'Delivery Date'),(13,1,'Delivery &amp; Fitting Service'),(14,1,'Blind Spot Required'),(15,1,'Universal Backing Plate Required'),(16,1,'Color Coding (Assembly Painting) * Customization Required'),(17,1,'VIN# / Rego Number (Include State of Rego)'),(18,1,'Convex or Flat Glass'),(19,1,'Deposit Payment Required 50%'),(20,1,'Blindspot - Wholesale ONLY'),(22,1,'Final Balance Required...');

--
-- Table structure for table `oc8d_option_value`
--

CREATE TABLE `oc8d_option_value` (
  `option_value_id` int NOT NULL AUTO_INCREMENT,
  `option_id` int NOT NULL,
  `image` varchar(255) NOT NULL,
  `sort_order` int NOT NULL,
  PRIMARY KEY (`option_value_id`)
) ENGINE=InnoDB AUTO_INCREMENT=79 DEFAULT CHARSET=utf8mb4 COLLATE=utf8mb4_0900_ai_ci ROW_FORMAT=DYNAMIC;

--
-- Dumping data for table `oc8d_option_value`
--

INSERT INTO `oc8d_option_value` VALUES (23,2,'',1),(24,2,'',2),(31,1,'',2),(32,1,'',1),(39,5,'',1),(40,5,'',2),(41,5,'',3),(42,5,'',4),(43,1,'',3),(44,2,'',3),(45,2,'',4),(46,11,'',1),(47,11,'',2),(48,11,'',3),(52,13,'catalog/Icons/repairman-clipart-3.jpg',3),(53,13,'catalog/Icons/repairman-clipart-3.jpg',4),(54,13,'catalog/Icons/repairman-clipart-3.jpg',5),(55,14,'catalog/Icons/Blindspot.png',1),(56,15,'catalog/Icons/product_P_L_PLATE_1-600x450.jpg',4),(57,14,'',2),(60,13,'catalog/Icons/repairman-clipart-3.jpg',6),(61,13,'catalog/Icons/repairman-clipart-3.jpg',7),(62,16,'catalog/Icons/painting.jpeg',0),(63,17,'',1),(66,13,'',1),(67,13,'',2),(70,18,'',2),(71,18,'',1),(73,19,'catalog/Deposit-Icon-Graphics-14066273-1.jpeg',0),(74,20,'',5),(76,20,'',0),(77,20,'',0),(78,22,'',0);

--
-- Table structure for table `oc8d_option_value_description`
--

CREATE TABLE `oc8d_option_value_description` (
  `option_value_id` int NOT NULL,
  `language_id` int NOT NULL,
  `option_id` int NOT NULL,
  `name` varchar(128) NOT NULL,
  PRIMARY KEY (`option_value_id`,`language_id`)
) ENGINE=InnoDB DEFAULT CHARSET=utf8mb4 COLLATE=utf8mb4_0900_ai_ci ROW_FORMAT=DYNAMIC;

--
-- Dumping data for table `oc8d_option_value_description`
--

INSERT INTO `oc8d_option_value_description` VALUES (23,1,2,'Checkbox 1'),(24,1,2,'Checkbox 2'),(31,1,1,'Medium'),(32,1,1,'Small'),(39,1,5,'Red'),(40,1,5,'Blue'),(41,1,5,'Green'),(42,1,5,'Yellow'),(43,1,1,'Large'),(44,1,2,'Checkbox 3'),(45,1,2,'Checkbox 4'),(46,1,11,'Small'),(47,1,11,'Medium'),(48,1,11,'Large'),(52,1,13,'Car Ute Van upto 2 Ton - (Gold Coast Qld)'),(53,1,13,'Truck over 2 Ton'),(54,1,13,'Bus over 9 Seat'),(55,1,14,'I need Blind Spot Etched on Glass'),(56,1,15,'I require A universal Backing Plate'),(57,1,14,'No Blind spot'),(60,1,13,'Car Ute Van upto 2 Ton - (Brisbane Qld)'),(61,1,13,'Car Ute Van upto 2 Ton - (Ipswich Brisbane Western Suburbs Qld)'),(62,1,16,'I need My Assembly Color Coded'),(63,1,17,'My VIN# or State &amp; Rego For Color Coding'),(66,1,13,'No Fitting Required - Standard Post'),(67,1,13,'No Fitting Required - Express Post'),(70,1,18,'Flat Glass Required'),(71,1,18,'Convex Glass Required'),(73,1,19,'Please Pay = 50%'),(74,1,20,'1 x Blindspot Etch on Single Sheet Only'),(76,1,20,'2 x Blindspot Etch on Single Sheet Only'),(77,1,20,'4 x Blindspot Etch on Single Sheet Only'),(78,1,22,'50% Deposit Already Paid');

--
-- Table structure for table `oc8d_order`
--

CREATE TABLE `oc8d_order` (
  `order_id` int NOT NULL AUTO_INCREMENT,
  `subscription_id` int NOT NULL,
  `invoice_no` int NOT NULL DEFAULT '0',
  `invoice_prefix` varchar(26) NOT NULL,
  `transaction_id` varchar(100) NOT NULL,
  `store_id` int NOT NULL DEFAULT '0',
  `store_name` varchar(64) NOT NULL,
  `store_url` varchar(255) NOT NULL,
  `customer_id` int NOT NULL DEFAULT '0',
  `customer_group_id` int NOT NULL DEFAULT '0',
  `firstname` varchar(32) NOT NULL,
  `lastname` varchar(32) NOT NULL,
  `email` varchar(96) NOT NULL,
  `telephone` varchar(32) NOT NULL,
  `custom_field` text NOT NULL,
  `payment_address_id` int NOT NULL,
  `payment_firstname` varchar(32) NOT NULL,
  `payment_lastname` varchar(32) NOT NULL,
  `payment_company` varchar(60) NOT NULL,
  `payment_address_1` varchar(128) NOT NULL,
  `payment_address_2` varchar(128) NOT NULL,
  `payment_city` varchar(128) NOT NULL,
  `payment_postcode` varchar(10) NOT NULL,
  `payment_country` varchar(128) NOT NULL,
  `payment_country_id` int NOT NULL,
  `payment_zone` varchar(128) NOT NULL,
  `payment_zone_id` int NOT NULL,
  `payment_address_format` text NOT NULL,
  `payment_custom_field` text NOT NULL,
  `payment_method` text NOT NULL,
  `shipping_address_id` int NOT NULL,
  `shipping_firstname` varchar(32) NOT NULL,
  `shipping_lastname` varchar(32) NOT NULL,
  `shipping_company` varchar(60) NOT NULL,
  `shipping_address_1` varchar(128) NOT NULL,
  `shipping_address_2` varchar(128) NOT NULL,
  `shipping_city` varchar(128) NOT NULL,
  `shipping_postcode` varchar(10) NOT NULL,
  `shipping_country` varchar(128) NOT NULL,
  `shipping_country_id` int NOT NULL,
  `shipping_zone` varchar(128) NOT NULL,
  `shipping_zone_id` int NOT NULL,
  `shipping_address_format` text NOT NULL,
  `shipping_custom_field` text NOT NULL,
  `shipping_method` text NOT NULL,
  `comment` text NOT NULL,
  `total` decimal(15,4) NOT NULL DEFAULT '0.0000',
  `order_status_id` int NOT NULL DEFAULT '8',
  `affiliate_id` int NOT NULL,
  `commission` decimal(15,4) NOT NULL,
  `marketing_id` int NOT NULL,
  `tracking` varchar(64) NOT NULL,
  `language_id` int NOT NULL,
  `language_code` varchar(5) NOT NULL,
  `currency_id` int NOT NULL,
  `currency_code` varchar(3) NOT NULL,
  `currency_value` decimal(15,8) NOT NULL DEFAULT '1.00000000',
  `ip` varchar(40) NOT NULL,
  `forwarded_ip` varchar(40) NOT NULL,
  `user_agent` varchar(255) NOT NULL,
  `accept_language` varchar(255) NOT NULL,
  `date_added` datetime NOT NULL,
  `date_modified` datetime NOT NULL,
  `ponumchk_pono` text,
  `ponumchk_pofile` text,
  PRIMARY KEY (`order_id`)
) ENGINE=InnoDB AUTO_INCREMENT=780 DEFAULT CHARSET=utf8mb4 COLLATE=utf8mb4_0900_ai_ci ROW_FORMAT=DYNAMIC;

--
-- Dumping data for table `oc8d_order`
--

INSERT INTO `oc8d_order` VALUES (26,0,1,'INV-2023-00','',0,'Maxxeshop Auto','https://maxxeshopauto.com/a/admin2/',0,1,'Brett','Davies','brett.davies@iinet.net.au','','[]',0,'Brett','Davies','','76 GLENCOE LOOP','','WA~KINROSS','6028','Australia',13,'Western Australia',198,'{firstname} {lastname}\r\n{company}\r\n{address_1}\r\n{address_2}\r\n{city}, {zone} {postcode}\r\n{country}','\"\"','{\"code\":\"stripe.stripe\",\"name\":\"Credit \\/ Debit Card\"}',0,'','','','','','','','',0,'',0,'','[]','','',100.0001,3,0,0.0000,0,'',1,'',8,'AUD',1.00000000,'106.69.227.231','','Mozilla/5.0 (Windows NT 10.0; Win64; x64) AppleWebKit/537.36 (KHTML, like Gecko) Chrome/119.0.0.0 Safari/537.36 Edg/119.0.0.0','en-US,en;q=0.9','2023-11-07 22:30:07','2023-12-11 09:39:20',NULL,NULL),(27,0,0,'INV-2023-00','',0,'Maxxeshop Auto','https://maxxeshopauto.com/a/',5,1,'Kaitlin','Sprinkhuizen','kaitlinsprinkhuizen@gmail.com','','\"\"',3,'Kaitlin','Sprinkhuizen','','Unit 2 67 Torquay rd','','East devonport','7310','Australia',13,'Tasmania',196,'{firstname} {lastname}\r\n{company}\r\n{address_1}\r\n{address_2}\r\n{city}, {zone} {postcode}\r\n{country}','\"\"','{\"code\":\"stripe.stripe\",\"name\":\"Credit \\/ Debit Card\"}',0,'','','','','','','','',0,'',0,'','[]','','',85.0001,16,0,0.0000,0,'',1,'',8,'AUD',1.00000000,'14.201.8.4','','Mozilla/5.0 (Windows NT 10.0; Win64; x64) AppleWebKit/537.36 (KHTML, like Gecko) Chrome/118.0.0.0 Safari/537.36 Edg/118.0.2088.76','en-GB,en;q=0.9,en-US;q=0.8','2023-11-08 10:10:08','2023-12-11 10:35:23',NULL,NULL),(29,0,8,'INV-2023-00','',0,'Maxxeshop Auto','https://maxxeshopauto.com/a/',0,1,'mel','mcardle','mcardlefamily05@gmail.com','','[]',0,'mel','mcardle','','17 Mondra Street','','Kenmore HIlls','4069','Australia',13,'Queensland',194,'{firstname} {lastname}\r\n{company}\r\n{address_1}\r\n{address_2}\r\n{city}, {zone} {postcode}\r\n{country}','\"\"','{\"code\":\"paypal_payment_gateway.paypal_payment_gateway\",\"name\":\"PayPal\"}',0,'','','','','','','','',0,'',0,'','[]','','',70.0000,3,0,0.0000,0,'',1,'',8,'AUD',1.00000000,'49.191.98.119','','Mozilla/5.0 (Windows NT 10.0; Win64; x64) AppleWebKit/537.36 (KHTML, like Gecko) Chrome/119.0.0.0 Safari/537.36 Edg/119.0.0.0','en-US,en;q=0.9','2023-11-19 11:55:08','2024-01-31 19:37:50',NULL,NULL),(30,0,2,'INV-2023-00','',0,'Maxxeshop Auto','https://maxxeshopauto.com/a/admin2/',0,1,'Chett','Aplin','chettaplin42@gmail.com','','[]',4,'Chett','Aplin','','25 Matilda Rd','','Gaven','4211','Australia',13,'Queensland',194,'{firstname} {lastname}\r\n{company}\r\n{address_1}\r\n{address_2}\r\n{city}, {zone} {postcode}\r\n{country}','\"\"','{\"code\":\"stripe.stripe\",\"name\":\"Credit \\/ Debit Card\"}',0,'','','','','','','','',0,'',0,'','[]','','',100.0001,3,0,0.0000,0,'',1,'',8,'AUD',1.00000000,'49.182.141.177','','Mozilla/5.0 (iPhone; CPU iPhone OS 16_0_3 like Mac OS X) AppleWebKit/605.1.15 (KHTML, like Gecko) Version/16.0 Mobile/15E148 Safari/604.1','en-AU,en;q=0.9','2023-11-19 16:13:23','2023-12-11 10:34:24',NULL,NULL),(32,0,7,'INV-2023-00','',0,'Maxxeshop Auto','https://maxxeshopauto.com/a/admin2/',0,1,'Jared','Erasmus','Mr.jarederasmus@gmail.com','','[]',0,'Jared','Erasmus','','10 Taryn Court','','Upper Coomera','4209','Australia',13,'Queensland',194,'{firstname} {lastname}\r\n{company}\r\n{address_1}\r\n{address_2}\r\n{city}, {zone} {postcode}\r\n{country}','\"\"','{\"code\":\"paypal_payment_gateway.paypal_payment_gateway\",\"name\":\"PayPal\"}',0,'','','','','','','','',0,'',0,'','[]','','',70.0000,3,0,0.0000,0,'',1,'',8,'AUD',1.00000000,'103.216.220.23','','Mozilla/5.0 (iPhone; CPU iPhone OS 17_1_2 like Mac OS X) AppleWebKit/605.1.15 (KHTML, like Gecko) Version/17.1.2 Mobile/15E148 Safari/604.1','en-AU,en;q=0.9','2023-12-05 15:34:37','2023-12-12 09:08:27',NULL,NULL),(33,0,6,'INV-2023-00','',0,'Maxxeshop Auto','https://maxxeshopauto.com/a/',0,1,'Chris','Hembury','chrishembury@hotmail.com','','[]',0,'Chris','Hembury','','23/4 Lewis Place','','Brisbane','4179','Australia',13,'Queensland',194,'{firstname} {lastname}\r\n{company}\r\n{address_1}\r\n{address_2}\r\n{city}, {zone} {postcode}\r\n{country}','\"\"','{\"code\":\"stripe.stripe\",\"name\":\"Credit \\/ Debit Card\"}',0,'','','','','','','','',0,'',0,'','[]','','',100.0001,3,0,0.0000,0,'',1,'',8,'AUD',1.00000000,'60.241.219.30','','Mozilla/5.0 (Windows NT 10.0; Win64; x64) AppleWebKit/537.36 (KHTML, like Gecko) Chrome/119.0.0.0 Safari/537.36','en-GB,en-US;q=0.9,en;q=0.8','2023-12-07 08:28:34','2023-12-12 09:08:49',NULL,NULL),(34,0,11,'INV-2023-00','',0,'Maxxeshop Auto','https://maxxeshopauto.com/a/admin2/',0,1,'Bayoe','Otto','bayoe.otto@gmail.com','','[]',0,'Bayoe','Otto','','3/115A Williams Rd','','Prahran','3181','Australia',13,'Victoria',197,'{firstname} {lastname}\r\n{company}\r\n{address_1}\r\n{address_2}\r\n{city}, {zone} {postcode}\r\n{country}','\"\"','{\"code\":\"paypal_payment_gateway.paypal_payment_gateway\",\"name\":\"PayPal\"}',0,'','','','','','','','',0,'',0,'','[]','','',70.0000,3,0,0.0000,0,'',1,'',8,'AUD',1.00000000,'49.185.173.251','','Mozilla/5.0 (Linux; Android 10; K) AppleWebKit/537.36 (KHTML, like Gecko) Chrome/119.0.0.0 Mobile Safari/537.36','ja-JP,ja;q=0.9,en-AU;q=0.8,en;q=0.7,ko-KR;q=0.6,ko;q=0.5,en-US;q=0.4','2023-12-07 11:34:52','2023-12-12 09:16:43',NULL,NULL),(35,0,3,'INV-2023-00','',0,'Maxxeshop Auto','https://maxxeshopauto.com/a/admin2/',0,1,'Stephen','McEwan','shuffles66@bigpond.com','','[]',0,'Stephen','McEwan','','22 Crane Court','','Ocean Grove','3226','Australia',13,'Victoria',197,'{firstname} {lastname}\r\n{company}\r\n{address_1}\r\n{address_2}\r\n{city}, {zone} {postcode}\r\n{country}','\"\"','{\"code\":\"paypal_payment_gateway.paypal_payment_gateway\",\"name\":\"PayPal\"}',0,'','','','','','','','',0,'',0,'','[]','','',70.0000,3,0,0.0000,0,'',1,'',8,'AUD',1.00000000,'165.225.226.78','','Mozilla/5.0 (Macintosh; Intel Mac OS X 10_15_7) AppleWebKit/605.1.15 (KHTML, like Gecko) Version/16.3 Safari/605.1.15','en-AU,en;q=0.9','2023-12-18 17:17:37','2024-02-01 23:32:58',NULL,NULL),(36,0,10,'INV-2023-00','',0,'Maxxeshop Auto','https://maxxeshopauto.com/a/',14,1,'Brett','Webb','brett@maxxeshop.com','','[]',5,'Brett','Webb','Maxxeshop Pty Ltd','75 Waterway Drive','Unit 19','Coomera','4209','Australia',13,'Queensland',194,'{firstname} {lastname}\r\n{company}\r\n{address_1}\r\n{address_2}\r\n{city}, {zone} {postcode}\r\n{country}','\"\"','{\"code\":\"stripe.stripe\",\"name\":\"Credit \\/ Debit Card\"}',0,'','','','','','','','',0,'',0,'','[]','','',54.0000,3,0,0.0000,0,'',1,'',8,'AUD',1.00000000,'14.201.8.4','','Mozilla/5.0 (Macintosh; Intel Mac OS X 10_15_7) AppleWebKit/537.36 (KHTML, like Gecko) Chrome/116.0.0.0 Safari/537.36','en-GB,en-US;q=0.9,en;q=0.8','2023-12-19 09:41:43','2024-01-31 19:37:39',NULL,NULL),(37,0,9,'INV-2023-00','',0,'Maxxeshop Auto','https://maxxeshopauto.com/a/',0,1,'Gordon','Tudor','gordont@maxxeshop.com','','[]',0,'Gordon','Tudor','Maxxeshop','6016 Calardo Avenue, Hope Island QLD 4212','The Lakes East, 6109 Lugano Drive E, Hope Island QLD 4212','Hope Island','4212','Australia',13,'South Australia',195,'{firstname} {lastname}\r\n{company}\r\n{address_1}\r\n{address_2}\r\n{city}, {zone} {postcode}\r\n{country}','\"\"','{\"code\":\"stripe.stripe\",\"name\":\"Credit \\/ Debit Card\"}',0,'Gordon','Tudor','Maxxeshop','6016 Calardo Avenue, Hope Island QLD 4212','The Lakes East, 6109 Lugano Drive E, Hope Island QLD 4212','Hope Island','4212','Australia',13,'South Australia',195,'{firstname} {lastname}\r\n{company}\r\n{address_1}\r\n{address_2}\r\n{city}, {zone} {postcode}\r\n{country}','\"\"','{\"code\":\"category_product_based.category_product_based_0\",\"extension\":\"category_product_based\",\"sort_order\":\"1g\",\"title\":\"Standard Post\",\"name\":\"Standard Post\",\"cost\":4.54545400000000032747493605711497366428375244140625,\"value\":4.54545400000000032747493605711497366428375244140625,\"tax_class_id\":\"11\",\"text\":\"$5.00\"}','',53.9500,3,0,0.0000,0,'',1,'',8,'AUD',1.00000000,'118.209.239.179','','Mozilla/5.0 (Macintosh; Intel Mac OS X 10_15_7) AppleWebKit/537.36 (KHTML, like Gecko) Chrome/116.0.0.0 Safari/537.36 Edg/116.0.1938.62','en-US,en;q=0.9','2023-12-20 06:47:27','2024-01-31 19:37:25',NULL,NULL),(38,0,4,'INV-2023-00','',0,'Maxxeshop Auto','https://maxxeshopauto.com/a/',0,1,'Clive','Dale','clive@bioom.com.au','','[]',0,'Clive','Dale','','6 High Street','','Balmain','2041','Australia',13,'New South Wales',192,'{firstname} {lastname}\r\n{company}\r\n{address_1}\r\n{address_2}\r\n{city}, {zone} {postcode}\r\n{country}','\"\"','{\"code\":\"stripe.stripe\",\"name\":\"Credit \\/ Debit Card\"}',0,'Clive','Dale','','6 High Street','','Balmain','2041','Australia',13,'New South Wales',192,'{firstname} {lastname}\r\n{company}\r\n{address_1}\r\n{address_2}\r\n{city}, {zone} {postcode}\r\n{country}','\"\"','{\"code\":\"category_product_based.category_product_based_1\",\"extension\":\"category_product_based\",\"sort_order\":\"1g\",\"title\":\"Express post\",\"name\":\"Express post\",\"cost\":9.090908999999999906549419392831623554229736328125,\"value\":9.090908999999999906549419392831623554229736328125,\"tax_class_id\":\"11\",\"text\":\"$10.00\"}','ASAP would be much appreciated. Thanks.',58.9500,3,0,0.0000,0,'',1,'',8,'AUD',1.00000000,'104.28.125.4','','Mozilla/5.0 (iPhone; CPU iPhone OS 17_1_2 like Mac OS X) AppleWebKit/605.1.15 (KHTML, like Gecko) Version/17.1.2 Mobile/15E148 Safari/604.1','en-GB,en;q=0.9','2023-12-22 08:30:03','2024-02-01 23:31:46',NULL,NULL),(39,0,5,'INV-2023-00','',0,'Maxxeshop Auto','https://maxxeshopauto.com/a/',15,1,'Arthur','Cheung','arthurtlcheung@gmail.com','','[]',6,'Arthur','Cheung','','27 Nyora St','','Malvern East','3145','Australia',13,'Victoria',197,'{firstname} {lastname}\r\n{company}\r\n{address_1}\r\n{address_2}\r\n{city}, {zone} {postcode}\r\n{country}','\"\"','{\"code\":\"stripe.stripe\",\"name\":\"Credit \\/ Debit Card\"}',0,'Arthur','Cheung','','27 Nyora St','','Malvern East','3145','Australia',13,'Victoria',197,'{firstname} {lastname}\r\n{company}\r\n{address_1}\r\n{address_2}\r\n{city}, {zone} {postcode}\r\n{country}','\"\"','{\"code\":\"category_product_based.category_product_based_1\",\"extension\":\"category_product_based\",\"sort_order\":\"1g\",\"title\":\"Express post\",\"name\":\"Express post\",\"cost\":9.090908999999999906549419392831623554229736328125,\"value\":9.090908999999999906549419392831623554229736328125,\"tax_class_id\":\"11\",\"text\":\"$10.00\"}','',64.0000,3,0,0.0000,0,'',1,'',8,'AUD',1.00000000,'130.41.62.85','','Mozilla/5.0 (Macintosh; Intel Mac OS X 10_15_7) AppleWebKit/537.36 (KHTML, like Gecko) Chrome/119.0.0.0 Safari/537.36','en-US,en;q=0.9','2023-12-24 22:55:10','2024-01-31 19:36:52',NULL,NULL),(40,0,6,'INV-2024-00','',0,'Maxxeshop Auto','https://maxxeshopauto.com/a/admin2/',16,1,'Sadiel','Sheikh','sadielsdesign@hotmail.com','','[]',7,'Sadiel','Sheikh','','16 Yamba Close','','Cranbourne North','3977','Australia',13,'Victoria',197,'{firstname} {lastname}\r\n{company}\r\n{address_1}\r\n{address_2}\r\n{city}, {zone} {postcode}\r\n{country}','\"\"','{\"code\":\"paypal_payment_gateway.paypal_payment_gateway\",\"name\":\"PayPal\"}',0,'Sadiel','Sheikh','','16 Yamba Close','','Cranbourne North','3977','Australia',13,'Victoria',197,'{firstname} {lastname}\r\n{company}\r\n{address_1}\r\n{address_2}\r\n{city}, {zone} {postcode}\r\n{country}','\"\"','{\"code\":\"category_product_based.category_product_based_0\",\"extension\":\"category_product_based\",\"sort_order\":\"1g\",\"title\":\"Standard Post\",\"name\":\"Standard Post\",\"cost\":4.54545400000000032747493605711497366428375244140625,\"value\":4.54545400000000032747493605711497366428375244140625,\"tax_class_id\":\"11\",\"text\":\"$5.00\"}','',75.0000,3,0,0.0000,0,'',1,'',8,'AUD',1.00000000,'115.70.22.8','','Mozilla/5.0 (Linux; Android 14; SAMSUNG SM-S918B) AppleWebKit/537.36 (KHTML, like Gecko) SamsungBrowser/23.0 Chrome/115.0.0.0 Mobile Safari/537.36','en-AU,en-GB;q=0.9,en-US;q=0.8,en;q=0.7','2024-01-04 11:46:14','2024-01-31 19:36:38',NULL,NULL),(41,0,7,'INV-2024-00','',0,'Maxxeshop Auto','https://maxxeshopauto.com/a/admin2/',0,1,'XUAN','LE','vivitravel@gmail.com','','[]',9,'XUAN','LE','','75 PROSPECT DRIVE','','KEILOR EAST','3033','Australia',13,'Victoria',197,'{firstname} {lastname}\r\n{company}\r\n{address_1}\r\n{address_2}\r\n{city}, {zone} {postcode}\r\n{country}','\"\"','{\"code\":\"stripe.stripe\",\"name\":\"Credit \\/ Debit Card\"}',10,'XUAN','LE','','78 ALFREIDA ST','','ST ALBANS','3021','Australia',13,'Victoria',197,'{firstname} {lastname}\r\n{company}\r\n{address_1}\r\n{address_2}\r\n{city}, {zone} {postcode}\r\n{country}','\"\"','{\"code\":\"category_product_based.category_product_based_1\",\"extension\":\"category_product_based\",\"sort_order\":\"1g\",\"title\":\"Express post\",\"name\":\"Express post\",\"cost\":9.090908999999999906549419392831623554229736328125,\"value\":9.090908999999999906549419392831623554229736328125,\"tax_class_id\":\"11\",\"text\":\"$10.00\"}','',110.0001,3,0,0.0000,0,'',1,'',8,'AUD',1.00000000,'120.150.87.98','','Mozilla/5.0 (Windows NT 10.0; Win64; x64) AppleWebKit/537.36 (KHTML, like Gecko) Chrome/120.0.0.0 Safari/537.36','en-GB,en-US;q=0.9,en;q=0.8','2024-01-08 21:08:13','2024-01-31 19:30:31',NULL,NULL),(42,0,8,'INV-2024-00','',0,'Maxxeshop Auto','https://maxxeshopauto.com/a/admin2/',0,1,'Gary','Pocock','garyp64@hotmail.com','','[]',0,'Gary','Pocock','','125a Pallert Street','Middle Park','BRISBANE','4074','Australia',13,'Queensland',194,'{firstname} {lastname}\r\n{company}\r\n{address_1}\r\n{address_2}\r\n{city}, {zone} {postcode}\r\n{country}','\"\"','{\"code\":\"paypal_payment_gateway.paypal_payment_gateway\",\"name\":\"PayPal\"}',0,'Gary','Pocock','','125a Pallert Street','Middle Park','BRISBANE','4074','Australia',13,'Queensland',194,'{firstname} {lastname}\r\n{company}\r\n{address_1}\r\n{address_2}\r\n{city}, {zone} {postcode}\r\n{country}','\"\"','{\"code\":\"category_product_based.category_product_based_1\",\"extension\":\"category_product_based\",\"sort_order\":\"1g\",\"title\":\"Express post\",\"name\":\"Express post\",\"cost\":9.090908999999999906549419392831623554229736328125,\"value\":9.090908999999999906549419392831623554229736328125,\"tax_class_id\":\"11\",\"text\":\"$10.00\"}','',125.0002,3,0,0.0000,0,'',1,'',8,'AUD',1.00000000,'1.156.161.55','','Mozilla/5.0 (Linux; Android 13; SAMSUNG SM-G986B) AppleWebKit/537.36 (KHTML, like Gecko) SamsungBrowser/23.0 Chrome/115.0.0.0 Mobile Safari/537.36','en-AU,en-GB;q=0.9,en-US;q=0.8,en;q=0.7','2024-01-17 12:14:09','2024-01-31 19:29:59',NULL,NULL),(43,0,9,'INV-2024-00','',0,'Maxxeshop Auto','https://maxxeshopauto.com/a/admin2/',0,1,'Morne','Gerber','morne_gerber@outlook.com','','[]',11,'Morne','Gerber','','70 Bottlebrush Crescent','','South Hedland','6722','Australia',13,'Western Australia',198,'{firstname} {lastname}\r\n{company}\r\n{address_1}\r\n{address_2}\r\n{city}, {zone} {postcode}\r\n{country}','\"\"','{\"code\":\"stripe.stripe\",\"name\":\"Credit \\/ Debit Card\"}',0,'Morne','Gerber','','70 Bottlebrush Crescent','','South Hedland','6722','Australia',13,'Western Australia',198,'{firstname} {lastname}\r\n{company}\r\n{address_1}\r\n{address_2}\r\n{city}, {zone} {postcode}\r\n{country}','\"\"','{\"code\":\"category_product_based.category_product_based_1\",\"extension\":\"category_product_based\",\"sort_order\":\"2g\",\"title\":\"Express post\",\"name\":\"Express post\",\"cost\":9.090908999999999906549419392831623554229736328125,\"value\":9.090908999999999906549419392831623554229736328125,\"tax_class_id\":\"11\",\"text\":\"$10.00\"}','',80.0000,3,2,0.0000,0,'',1,'',8,'AUD',1.00000000,'1.127.23.39','','Mozilla/5.0 (iPhone; CPU iPhone OS 16_1_1 like Mac OS X) AppleWebKit/605.1.15 (KHTML, like Gecko) Version/16.1 Mobile/15E148 Safari/604.1','en-AU,en;q=0.9','2024-01-18 07:39:38','2024-01-31 19:29:42',NULL,NULL),(44,0,10,'INV-2024-00','',0,'Maxxeshop Auto','https://maxxeshopauto.com/a/',0,1,'Joe','Spano','joespano01@optusnet.com.au','','[]',0,'Joe','Spano','','15 Ilma Grove','','Northcote','3070','Australia',13,'Victoria',197,'{firstname} {lastname}\r\n{company}\r\n{address_1}\r\n{address_2}\r\n{city}, {zone} {postcode}\r\n{country}','\"\"','{\"code\":\"stripe.stripe\",\"name\":\"Credit \\/ Debit Card\"}',0,'Anthony','Gentilin','','53 Bushranger Dr','','Sunbury','3429','Australia',13,'Victoria',197,'{firstname} {lastname}\r\n{company}\r\n{address_1}\r\n{address_2}\r\n{city}, {zone} {postcode}\r\n{country}','\"\"','{\"code\":\"category_product_based.category_product_based_1\",\"extension\":\"category_product_based\",\"sort_order\":\"1g\",\"title\":\"Express post\",\"name\":\"Express post\",\"cost\":9.090908999999999906549419392831623554229736328125,\"value\":9.090908999999999906549419392831623554229736328125,\"tax_class_id\":\"11\",\"text\":\"$10.00\"}','',55.0000,3,0,0.0000,0,'',1,'',8,'AUD',1.00000000,'49.184.179.100','','Mozilla/5.0 (iPhone; CPU iPhone OS 16_6_1 like Mac OS X) AppleWebKit/605.1.15 (KHTML, like Gecko) Version/16.6 Mobile/15E148 Safari/604.1','en-AU,en-US;q=0.9,en;q=0.8','2024-01-18 10:45:08','2024-01-31 19:28:53',NULL,NULL),(45,0,11,'INV-2024-00','',0,'Maxxeshop Auto','https://maxxeshopauto.com/a/admin2/',21,1,'Scott','Macmillan','Macmillan_12@hotmail.com','','[]',12,'Scott','Macmillan','Icon Marine Trimming','Unit 2, 24 Smith Street Capalaba','','Brisbane','4157','Australia',13,'Queensland',194,'{firstname} {lastname}\r\n{company}\r\n{address_1}\r\n{address_2}\r\n{city}, {zone} {postcode}\r\n{country}','\"\"','{\"code\":\"paypal_payment_gateway.paypal_payment_gateway\",\"name\":\"PayPal\"}',0,'Scott','Macmillan','Icon Marine Trimming','Unit 2, 24 Smith Street Capalaba','','Brisbane','4157','Australia',13,'Queensland',194,'{firstname} {lastname}\r\n{company}\r\n{address_1}\r\n{address_2}\r\n{city}, {zone} {postcode}\r\n{country}','\"\"','{\"code\":\"category_product_based.category_product_based_1\",\"extension\":\"category_product_based\",\"sort_order\":\"1g\",\"title\":\"Express post\",\"name\":\"Express post\",\"cost\":9.090908999999999906549419392831623554229736328125,\"value\":9.090908999999999906549419392831623554229736328125,\"tax_class_id\":\"11\",\"text\":\"$10.00\"}','',80.0040,3,0,0.0000,0,'',1,'',8,'AUD',1.00000000,'146.75.213.13','','Mozilla/5.0 (iPhone; CPU iPhone OS 17_2_1 like Mac OS X) AppleWebKit/605.1.15 (KHTML, like Gecko) Version/17.2 Mobile/15E148 Safari/604.1','en-AU,en;q=0.9','2024-01-19 08:23:41','2024-01-31 19:28:42',NULL,NULL),(46,0,12,'INV-2024-00','',0,'Maxxeshop Auto','https://maxxeshopauto.com/a/admin2/',0,1,'Justin','Smith','JustinS327@gmail.com','','[]',0,'Justin','Smith','','6 Pinecrest Court, Oxenford','','Goldcoast','4210','Australia',13,'Queensland',194,'{firstname} {lastname}\r\n{company}\r\n{address_1}\r\n{address_2}\r\n{city}, {zone} {postcode}\r\n{country}','\"\"','{\"code\":\"stripe.stripe\",\"name\":\"Credit \\/ Debit Card\"}',0,'Justin','Smith','','6 Pinecrest Court, Oxenford','','Goldcoast','4210','Australia',13,'Queensland',194,'{firstname} {lastname}\r\n{company}\r\n{address_1}\r\n{address_2}\r\n{city}, {zone} {postcode}\r\n{country}','\"\"','{\"code\":\"category_product_based.category_product_based_1\",\"extension\":\"category_product_based\",\"sort_order\":\"1g\",\"title\":\"Express post\",\"name\":\"Express post\",\"cost\":9.090908999999999906549419392831623554229736328125,\"value\":9.090908999999999906549419392831623554229736328125,\"tax_class_id\":\"11\",\"text\":\"$10.00\"}','',110.0000,3,0,0.0000,0,'',1,'',8,'AUD',1.00000000,'60.226.165.212','','Mozilla/5.0 (Linux; Android 10; SAMSUNG SM-G965F) AppleWebKit/537.36 (KHTML, like Gecko) SamsungBrowser/23.0 Chrome/115.0.0.0 Mobile Safari/537.36','en-AU,en-GB;q=0.9,en-US;q=0.8,en;q=0.7','2024-01-22 07:35:04','2024-01-29 15:20:50',NULL,NULL),(47,0,15,'INV-2024-00','',0,'Maxxeshop Auto','https://maxxeshopauto.com/a/admin2/',25,1,'Vivi','Tran','vivi.tran01@gmail.com','','\"\"',14,'Vivi','Tran','','7 Potts Street','','Brisbane','4169','Australia',13,'Queensland',194,'{firstname} {lastname}\r\n{company}\r\n{address_1}\r\n{address_2}\r\n{city}, {zone} {postcode}\r\n{country}','\"\"','{\"code\":\"paypal_payment_gateway.paypal_payment_gateway\",\"name\":\"PayPal\"}',14,'Vivi','Tran','','7 Potts Street','','Brisbane','4169','Australia',13,'Queensland',194,'{firstname} {lastname}\r\n{company}\r\n{address_1}\r\n{address_2}\r\n{city}, {zone} {postcode}\r\n{country}','\"\"','{\"code\":\"category_product_based.category_product_based_1\",\"extension\":\"category_product_based\",\"sort_order\":\"1g\",\"title\":\"Express post\",\"name\":\"Express post\",\"cost\":9.090908999999999906549419392831623554229736328125,\"value\":9.090908999999999906549419392831623554229736328125,\"tax_class_id\":\"11\",\"text\":\"$10.00\"}','',95.0000,3,0,0.0000,0,'',1,'',8,'AUD',1.00000000,'180.150.101.42','','Mozilla/5.0 (Macintosh; Intel Mac OS X 10_15_7) AppleWebKit/537.36 (KHTML, like Gecko) Chrome/120.0.0.0 Safari/537.36','en-GB,en-US;q=0.9,en;q=0.8','2024-01-24 07:55:04','2024-01-29 15:20:34',NULL,NULL),(48,0,14,'INV-2024-00','',0,'Maxxeshop Auto','https://maxxeshopauto.com/a/',0,1,'Ross','Barnes','rosscobarnes@gmail.com','','[]',0,'Ross','Barnes','','53 Huet Street','','Wavell Heights','4012','Australia',13,'Queensland',194,'{firstname} {lastname}\r\n{company}\r\n{address_1}\r\n{address_2}\r\n{city}, {zone} {postcode}\r\n{country}','\"\"','{\"code\":\"paypal_payment_gateway.paypal_payment_gateway\",\"name\":\"PayPal\"}',0,'Ross','Barnes','','53 Huet Street','','Wavell Heights','4012','Australia',13,'Queensland',194,'{firstname} {lastname}\r\n{company}\r\n{address_1}\r\n{address_2}\r\n{city}, {zone} {postcode}\r\n{country}','\"\"','{\"code\":\"category_product_based.category_product_based_1\",\"extension\":\"category_product_based\",\"sort_order\":\"1g\",\"title\":\"Express post\",\"name\":\"Express post\",\"cost\":9.090908999999999906549419392831623554229736328125,\"value\":9.090908999999999906549419392831623554229736328125,\"tax_class_id\":\"11\",\"text\":\"$10.00\"}','',80.0000,3,0,0.0000,0,'',1,'',8,'AUD',1.00000000,'147.10.255.121','','Mozilla/5.0 (iPhone; CPU iPhone OS 17_2_1 like Mac OS X) AppleWebKit/605.1.15 (KHTML, like Gecko) Version/17.2 Mobile/15E148 Safari/604.1','en-AU,en;q=0.9','2024-01-24 09:29:48','2024-01-29 15:20:16',NULL,NULL),(49,0,13,'INV-2024-00','',0,'Maxxeshop Auto','https://maxxeshopauto.com/a/',0,1,'Tony','Timpano','Jenafabrooks@gmail.com','','[]',0,'Tony','Timpano','','2/863 Toorak Road','','Hawthorn East','3123','Australia',13,'Victoria',197,'{firstname} {lastname}\r\n{company}\r\n{address_1}\r\n{address_2}\r\n{city}, {zone} {postcode}\r\n{country}','\"\"','{\"code\":\"stripe.stripe\",\"name\":\"Credit \\/ Debit Card\"}',0,'Tony','Timpano','','2/863 Toorak Road','','Hawthorn East','3123','Australia',13,'Victoria',197,'{firstname} {lastname}\r\n{company}\r\n{address_1}\r\n{address_2}\r\n{city}, {zone} {postcode}\r\n{country}','\"\"','{\"code\":\"category_product_based.category_product_based_1\",\"extension\":\"category_product_based\",\"sort_order\":\"1g\",\"title\":\"Express post\",\"name\":\"Express post\",\"cost\":9.090908999999999906549419392831623554229736328125,\"value\":9.090908999999999906549419392831623554229736328125,\"tax_class_id\":\"11\",\"text\":\"$10.00\"}','',25.9896,3,0,0.0000,0,'',1,'',8,'AUD',1.00000000,'1.152.26.213','','Mozilla/5.0 (Linux; Android 10; K) AppleWebKit/537.36 (KHTML, like Gecko) Chrome/120.0.0.0 Mobile Safari/537.36','en-AU,en;q=0.6','2024-01-24 11:54:13','2024-01-29 15:20:02',NULL,NULL),(50,0,17,'INV-2024-00','',0,'Maxxeshop Auto','https://maxxeshopauto.com/a/',0,1,'Gary','Pocock','garyp64@hotmail.com','','[]',0,'Gary','Pocock','','125a Pallert Street','','Middle Park','4075','Australia',13,'Queensland',194,'{firstname} {lastname}\r\n{company}\r\n{address_1}\r\n{address_2}\r\n{city}, {zone} {postcode}\r\n{country}','\"\"','{\"code\":\"paypal_payment_gateway.paypal_payment_gateway\",\"name\":\"PayPal\"}',0,'Gary','Pocock','','125a Pallert Street','','Middle Park','4075','Australia',13,'Queensland',194,'{firstname} {lastname}\r\n{company}\r\n{address_1}\r\n{address_2}\r\n{city}, {zone} {postcode}\r\n{country}','\"\"','{\"code\":\"category_product_based.category_product_based_1\",\"extension\":\"category_product_based\",\"sort_order\":\"1g\",\"title\":\"Express post\",\"name\":\"Express post\",\"cost\":9.090908999999999906549419392831623554229736328125,\"value\":9.090908999999999906549419392831623554229736328125,\"tax_class_id\":\"11\",\"text\":\"$10.00\"}','',80.0000,3,0,0.0000,0,'',1,'',8,'AUD',1.00000000,'1.128.23.124','','Mozilla/5.0 (Linux; Android 13; SAMSUNG SM-G986B) AppleWebKit/537.36 (KHTML, like Gecko) SamsungBrowser/23.0 Chrome/115.0.0.0 Mobile Safari/537.36','en-AU,en-GB;q=0.9,en-US;q=0.8,en;q=0.7','2024-01-24 18:18:06','2024-01-29 15:19:51',NULL,NULL),(51,0,16,'INV-2024-00','',0,'Maxxeshop Auto','https://maxxeshopauto.com/a/',0,1,'PAUL','CHAPMAN','P.CHAPMAIL@GMAIL.COM','','[]',0,'PAUL','CHAPMAN','','76 Beatrice Street','','Bardon','4065','Australia',13,'Queensland',194,'{firstname} {lastname}\r\n{company}\r\n{address_1}\r\n{address_2}\r\n{city}, {zone} {postcode}\r\n{country}','\"\"','{\"code\":\"stripe.stripe\",\"name\":\"Credit \\/ Debit Card\"}',0,'Paul','Chapman','','76 Beatrice St','','Bardon','4065','Australia',13,'Queensland',194,'{firstname} {lastname}\r\n{company}\r\n{address_1}\r\n{address_2}\r\n{city}, {zone} {postcode}\r\n{country}','\"\"','{\"code\":\"category_product_based.category_product_based_1\",\"extension\":\"category_product_based\",\"sort_order\":\"1g\",\"title\":\"Express post\",\"name\":\"Express post\",\"cost\":9.090908999999999906549419392831623554229736328125,\"value\":9.090908999999999906549419392831623554229736328125,\"tax_class_id\":\"11\",\"text\":\"$10.00\"}','',95.0001,3,0,0.0000,0,'',1,'',8,'AUD',1.00000000,'123.243.238.211','','Mozilla/5.0 (Macintosh; Intel Mac OS X 10_15_7) AppleWebKit/605.1.15 (KHTML, like Gecko) Version/16.6 Safari/605.1.15','en-AU,en;q=0.9','2024-01-24 19:44:06','2024-01-29 15:19:39',NULL,NULL),(52,0,18,'INV-2024-00','',0,'Maxxeshop Auto','https://maxxeshopauto.com/a/',0,1,'Richard','Earley','earlrichie26@hotmail.com','','[]',0,'Richard','Earley','','42 La Grange Loop','','CURRAMBINE','6028','Australia',13,'Western Australia',198,'{firstname} {lastname}\r\n{company}\r\n{address_1}\r\n{address_2}\r\n{city}, {zone} {postcode}\r\n{country}','\"\"','{\"code\":\"stripe.stripe\",\"name\":\"Credit \\/ Debit Card\"}',0,'Richard','Earley','','42 La Grange Loop','','CURRAMBINE','6028','Australia',13,'Western Australia',198,'{firstname} {lastname}\r\n{company}\r\n{address_1}\r\n{address_2}\r\n{city}, {zone} {postcode}\r\n{country}','\"\"','{\"code\":\"category_product_based.category_product_based_0\",\"extension\":\"category_product_based\",\"sort_order\":\"1g\",\"title\":\"Standard Post\",\"name\":\"Standard Post\",\"cost\":4.54545400000000032747493605711497366428375244140625,\"value\":4.54545400000000032747493605711497366428375244140625,\"tax_class_id\":\"11\",\"text\":\"$5.00\"}','',59.0000,3,0,0.0000,0,'',1,'',8,'AUD',1.00000000,'101.115.202.217','','Mozilla/5.0 (Windows NT 10.0; Win64; x64) AppleWebKit/537.36 (KHTML, like Gecko) Chrome/120.0.0.0 Safari/537.36 Edg/120.0.0.0','en-GB,en;q=0.9,en-US;q=0.8','2024-01-25 15:40:52','2024-01-29 15:19:27',NULL,NULL),(53,0,19,'INV-2024-00','',0,'Maxxeshop Auto','https://maxxeshopauto.com/a/',0,1,'Veronica','Hall','veronica.hall@live.com.au','','[]',0,'Veronica','Hall','','Parcel Locker 1003494667','26 Brookhollow Avenue','Norwest','2153','Australia',13,'New South Wales',192,'{firstname} {lastname}\r\n{company}\r\n{address_1}\r\n{address_2}\r\n{city}, {zone} {postcode}\r\n{country}','\"\"','{\"code\":\"paypal_payment_gateway.paypal_payment_gateway\",\"name\":\"PayPal\"}',0,'Veronica','Hall','','Parcel Locker 1003494667','26 Brookhollow Avenue','Norwest','2153','Australia',13,'New South Wales',192,'{firstname} {lastname}\r\n{company}\r\n{address_1}\r\n{address_2}\r\n{city}, {zone} {postcode}\r\n{country}','\"\"','{\"code\":\"category_product_based.category_product_based_0\",\"extension\":\"category_product_based\",\"sort_order\":\"1g\",\"title\":\"Standard Post\",\"name\":\"Standard Post\",\"cost\":9.0909080000000006549498721142299473285675048828125,\"value\":9.0909080000000006549498721142299473285675048828125,\"tax_class_id\":\"11\",\"text\":\"$10.00\"}','',45.9040,3,0,0.0000,0,'',1,'',8,'AUD',1.00000000,'1.144.21.155','','Mozilla/5.0 (Linux; Android 10; K) AppleWebKit/537.36 (KHTML, like Gecko) Chrome/120.0.0.0 Mobile Safari/537.36','en-AU,en-GB;q=0.9,en-US;q=0.8,en;q=0.7','2024-01-25 16:45:55','2024-01-29 15:21:07',NULL,NULL),(55,0,20,'INV-2024-00','',0,'Maxxeshop Auto','https://maxxeshopauto.com/a/',0,1,'Madi','Russell','owenseren@gmail.com','','[]',0,'Madi','Russell','','46-48 main st','','Natimuk','3409','Australia',13,'Victoria',197,'{firstname} {lastname}\r\n{company}\r\n{address_1}\r\n{address_2}\r\n{city}, {zone} {postcode}\r\n{country}','\"\"','{\"code\":\"paypal_payment_gateway.paypal_payment_gateway\",\"name\":\"PayPal\"}',0,'Madi','Russell','','46-48 main st','','Natimuk','3409','Australia',13,'Victoria',197,'{firstname} {lastname}\r\n{company}\r\n{address_1}\r\n{address_2}\r\n{city}, {zone} {postcode}\r\n{country}','\"\"','{\"code\":\"category_product_based.category_product_based_0\",\"extension\":\"category_product_based\",\"sort_order\":\"1g\",\"title\":\"Standard Post\",\"name\":\"Standard Post\",\"cost\":4.54545400000000032747493605711497366428375244140625,\"value\":4.54545400000000032747493605711497366428375244140625,\"tax_class_id\":\"11\",\"text\":\"$5.00\"}','',22.9520,3,0,0.0000,0,'',1,'',8,'AUD',1.00000000,'149.167.3.68','','Mozilla/5.0 (Linux; Android 10; K) AppleWebKit/537.36 (KHTML, like Gecko) Chrome/121.0.0.0 Mobile Safari/537.36','en-AU,en-GB;q=0.9,en-US;q=0.8,en;q=0.7','2024-01-29 11:06:15','2024-01-29 15:21:30',NULL,NULL),(56,0,21,'INV-2024-00','',0,'Maxxeshop Auto','https://maxxeshopauto.com/a/',0,1,'Grace','Lennon','grace_glover@hotmail.com','','[]',0,'Grace','Lennon','','1 Bendick Ct','','Altona Meadows','3028','Australia',13,'Victoria',197,'{firstname} {lastname}\r\n{company}\r\n{address_1}\r\n{address_2}\r\n{city}, {zone} {postcode}\r\n{country}','\"\"','{\"code\":\"stripe.stripe\",\"name\":\"Credit \\/ Debit Card\"}',0,'Grace','Lennon','','1 Bendick Ct','','Altona Meadows','3028','Australia',13,'Victoria',197,'{firstname} {lastname}\r\n{company}\r\n{address_1}\r\n{address_2}\r\n{city}, {zone} {postcode}\r\n{country}','\"\"','{\"code\":\"category_product_based.category_product_based_0\",\"extension\":\"category_product_based\",\"sort_order\":\"1g\",\"title\":\"Standard Post\",\"name\":\"Standard Post\",\"cost\":4.54545400000000032747493605711497366428375244140625,\"value\":4.54545400000000032747493605711497366428375244140625,\"tax_class_id\":\"11\",\"text\":\"$5.00\"}','',90.0001,3,0,0.0000,0,'',1,'',8,'AUD',1.00000000,'13.210.73.153','','Mozilla/5.0 (iPhone; CPU iPhone OS 17_2_1 like Mac OS X) AppleWebKit/605.1.15 (KHTML, like Gecko) Version/17.2 Mobile/15E148 Safari/604.1','en-AU,en;q=0.9','2024-01-29 12:20:26','2024-02-02 17:16:09',NULL,NULL),(57,0,23,'INV-2024-00','',0,'Maxxeshop Auto','https://maxxeshopauto.com/a/',0,1,'Henry','Huynh','Henry_huynh20@hotmail.com','','[]',0,'Henry','Huynh','','55 ridley avenue avondale heights','','Melbourne','3034','Australia',13,'Victoria',197,'{firstname} {lastname}\r\n{company}\r\n{address_1}\r\n{address_2}\r\n{city}, {zone} {postcode}\r\n{country}','\"\"','{\"code\":\"stripe.stripe\",\"name\":\"Credit \\/ Debit Card\"}',0,'Henry','Huynh','','55 ridley avenue avondale heights','','Melbourne','3034','Australia',13,'Victoria',197,'{firstname} {lastname}\r\n{company}\r\n{address_1}\r\n{address_2}\r\n{city}, {zone} {postcode}\r\n{country}','\"\"','{\"code\":\"category_product_based.category_product_based_1\",\"extension\":\"category_product_based\",\"sort_order\":\"1g\",\"title\":\"Express post\",\"name\":\"Express post\",\"cost\":9.090908999999999906549419392831623554229736328125,\"value\":9.090908999999999906549419392831623554229736328125,\"tax_class_id\":\"11\",\"text\":\"$10.00\"}','',55.9897,3,0,0.0000,0,'',1,'',8,'AUD',1.00000000,'1.136.24.125','','Mozilla/5.0 (Linux; Android 13; SAMSUNG SM-G991B) AppleWebKit/537.36 (KHTML, like Gecko) SamsungBrowser/23.0 Chrome/115.0.0.0 Mobile Safari/537.36','en-AU,en-GB;q=0.9,en-US;q=0.8,en;q=0.7','2024-01-29 15:51:58','2024-01-31 16:08:30',NULL,NULL),(59,0,22,'INV-2024-00','',0,'Maxxeshop Auto','https://maxxeshopauto.com/a/',27,2,'Pat','Murphy','patm@select.biz','0417102413','\"[]\"',16,'Pat','Murphy','Select Cleaning','124 - 126 Railway Ave','','Ringwood East','3135','Australia',13,'Victoria',197,'{firstname} {lastname}\r\n{company}\r\n{address_1}\r\n{address_2}\r\n{city}, {zone} {postcode}\r\n{country}','[]','{\"code\":\"bank_transfer.bank_transfer\",\"name\":\"Bank Transfer\"}',16,'Pat','Murphy','Select Cleaning','124 - 126 Railway Ave','','Ringwood East','3135','Australia',13,'Victoria',197,'{firstname} {lastname}\r\n{company}\r\n{address_1}\r\n{address_2}\r\n{city}, {zone} {postcode}\r\n{country}','[]','{\"code\":\"category_product_based.category_product_based_0\",\"extension\":\"category_product_based\",\"sort_order\":\"1g\",\"title\":\"Standard Post\",\"name\":\"Standard Post\",\"cost\":4.54545400000000032747493605711497366428375244140625,\"value\":4.54545400000000032747493605711497366428375244140625,\"tax_class_id\":\"11\",\"text\":\"$5.00\"}','',59.0000,3,0,0.0000,0,'',1,'',8,'AUD',1.00000000,'14.201.8.4','','Mozilla/5.0 (Macintosh; Intel Mac OS X 10_15_7) AppleWebKit/537.36 (KHTML, like Gecko) Chrome/116.0.0.0 Safari/537.36','en-GB,en-US;q=0.9,en;q=0.8','2024-01-29 16:22:16','2024-02-02 17:15:29',NULL,NULL),(60,0,24,'INV-2024-00','',0,'Maxxeshop Auto','https://maxxeshopauto.com/a/',28,1,'Lesley','Kemp','lesley_kemp@outlook.com','0404798712','\"[]\"',17,'lesley','Kemp','','20 Pendula Place','','Corinda','4075','Australia',13,'Queensland',194,'{firstname} {lastname}\r\n{company}\r\n{address_1}\r\n{address_2}\r\n{city}, {zone} {postcode}\r\n{country}','[]','{\"code\":\"bank_transfer.bank_transfer\",\"name\":\"Bank Transfer\"}',17,'lesley','Kemp','','20 Pendula Place','','Corinda','4075','Australia',13,'Queensland',194,'{firstname} {lastname}\r\n{company}\r\n{address_1}\r\n{address_2}\r\n{city}, {zone} {postcode}\r\n{country}','[]','{\"code\":\"category_product_based.category_product_based_0\",\"extension\":\"category_product_based\",\"sort_order\":\"1g\",\"title\":\"Standard Post\",\"name\":\"Standard Post\",\"cost\":4.54545400000000032747493605711497366428375244140625,\"value\":4.54545400000000032747493605711497366428375244140625,\"tax_class_id\":\"11\",\"text\":\"$5.00\"}','',59.0000,3,0,0.0000,0,'',1,'',8,'AUD',1.00000000,'14.201.8.4','','Mozilla/5.0 (Macintosh; Intel Mac OS X 10_15_7) AppleWebKit/537.36 (KHTML, like Gecko) Chrome/116.0.0.0 Safari/537.36','en-GB,en-US;q=0.9,en;q=0.8','2024-01-29 16:42:12','2024-02-02 17:14:44',NULL,NULL),(61,0,25,'INV-2024-00','',0,'Maxxeshop Auto','https://maxxeshopauto.com/a/',29,2,'Greg','zz','info@gregsgarage.com.au','07 32943999','\"[]\"',18,'Greg','.....','Gregs Garage','487 Warwick Rd','','Yamanto','4305','Australia',13,'Queensland',194,'{firstname} {lastname}\r\n{company}\r\n{address_1}\r\n{address_2}\r\n{city}, {zone} {postcode}\r\n{country}','[]','{\"code\":\"paypal_payment_gateway.paypal_payment_gateway\",\"name\":\"PayPal\"}',18,'Greg','.....','Gregs Garage','487 Warwick Rd','','Yamanto','4305','Australia',13,'Queensland',194,'{firstname} {lastname}\r\n{company}\r\n{address_1}\r\n{address_2}\r\n{city}, {zone} {postcode}\r\n{country}','[]','{\"code\":\"category_product_based.category_product_based_0\",\"extension\":\"category_product_based\",\"sort_order\":\"1g\",\"title\":\"Standard Post\",\"name\":\"Standard Post\",\"cost\":4.54545400000000032747493605711497366428375244140625,\"value\":4.54545400000000032747493605711497366428375244140625,\"tax_class_id\":\"11\",\"text\":\"$5.00\"}','',59.0000,3,0,0.0000,0,'',1,'',8,'AUD',1.00000000,'14.201.8.4','','Mozilla/5.0 (Macintosh; Intel Mac OS X 10_15_7) AppleWebKit/537.36 (KHTML, like Gecko) Chrome/116.0.0.0 Safari/537.36','en-GB,en-US;q=0.9,en;q=0.8','2024-01-29 17:53:23','2024-02-02 17:14:00',NULL,NULL),(62,0,0,'INV-2024-00','',0,'Maxxeshop Auto','https://maxxeshopauto.com/a/',32,1,'Shannon','Cummings','Shannoncummings3@gmail.com','','[]',19,'Shannon','Cummings','','7/20 vista st','','Surfers paradise','4217','Australia',13,'Queensland',194,'{firstname} {lastname}\r\n{company}\r\n{address_1}\r\n{address_2}\r\n{city}, {zone} {postcode}\r\n{country}','\"\"','{\"code\":\"stripe.stripe\",\"name\":\"Credit \\/ Debit Card\"}',0,'Shannon','Cummings','','7/20 vista st','','Surfers paradise','4217','Australia',13,'Queensland',194,'{firstname} {lastname}\r\n{company}\r\n{address_1}\r\n{address_2}\r\n{city}, {zone} {postcode}\r\n{country}','\"\"','{\"code\":\"category_product_based.category_product_based_0\",\"extension\":\"category_product_based\",\"sort_order\":\"2g\",\"title\":\"Standard Post - Included\",\"name\":\"Standard Post - Included\",\"cost\":0,\"value\":0,\"tax_class_id\":\"11\",\"text\":\"$0.00\"}','',34.9999,22,0,0.0000,0,'',1,'',8,'AUD',1.00000000,'1.146.92.128','','Mozilla/5.0 (Linux; Android 13; SAMSUNG SM-A057F) AppleWebKit/537.36 (KHTML, like Gecko) SamsungBrowser/23.0 Chrome/115.0.0.0 Mobile Safari/537.36','en-AU,en-GB;q=0.9,en-US;q=0.8,en;q=0.7','2024-01-30 08:52:53','2024-01-30 11:48:59',NULL,NULL),(63,0,26,'INV-2024-00','',0,'Maxxeshop Auto','https://maxxeshopauto.com/a/',33,2,'Sam','Harding','sammy-h@hotmail.com','0456789159','\"[]\"',21,'Sam','Harding','','4 Burnside Street','','Burnside','4560','Australia',13,'Queensland',194,'{firstname} {lastname}\r\n{company}\r\n{address_1}\r\n{address_2}\r\n{city}, {zone} {postcode}\r\n{country}','[]','{\"code\":\"paypal_payment_gateway.paypal_payment_gateway\",\"name\":\"PayPal\"}',21,'Sam','Harding','','4 Burnside Street','','Burnside','4560','Australia',13,'Queensland',194,'{firstname} {lastname}\r\n{company}\r\n{address_1}\r\n{address_2}\r\n{city}, {zone} {postcode}\r\n{country}','[]','{\"code\":\"category_product_based.category_product_based_1\",\"extension\":\"category_product_based\",\"sort_order\":\"1g\",\"title\":\"Express post\",\"name\":\"Express post\",\"cost\":9.090908999999999906549419392831623554229736328125,\"value\":9.090908999999999906549419392831623554229736328125,\"tax_class_id\":\"11\",\"text\":\"$10.00\"}','',42.9520,3,0,0.0000,0,'',1,'',8,'AUD',1.00000000,'14.201.8.4','','Mozilla/5.0 (Macintosh; Intel Mac OS X 10_15_7) AppleWebKit/537.36 (KHTML, like Gecko) Chrome/116.0.0.0 Safari/537.36','en-GB,en-US;q=0.9,en;q=0.8','2024-01-30 12:58:37','2024-02-07 17:27:44',NULL,NULL),(64,0,27,'INV-2024-00','',0,'Maxxeshop Auto','https://maxxeshopauto.com/a/',34,2,'Dani','Rapinett','dani.rapinett@gmail.com','0412662179','\"[]\"',23,'Dani','Rapinett','','10 Marna Street','','Healsville','3777','Australia',13,'Victoria',197,'{firstname} {lastname}\r\n{company}\r\n{address_1}\r\n{address_2}\r\n{city}, {zone} {postcode}\r\n{country}','[]','{\"code\":\"paypal_payment_gateway.paypal_payment_gateway\",\"name\":\"PayPal\"}',23,'Dani','Rapinett','','10 Marna Street','','Healsville','3777','Australia',13,'Victoria',197,'{firstname} {lastname}\r\n{company}\r\n{address_1}\r\n{address_2}\r\n{city}, {zone} {postcode}\r\n{country}','[]','{\"code\":\"category_product_based.category_product_based_0\",\"extension\":\"category_product_based\",\"sort_order\":\"1g\",\"title\":\"Standard Post\",\"name\":\"Standard Post\",\"cost\":4.54545400000000032747493605711497366428375244140625,\"value\":4.54545400000000032747493605711497366428375244140625,\"tax_class_id\":\"11\",\"text\":\"$5.00\"}','',51.7500,3,0,0.0000,0,'',1,'',8,'AUD',1.00000000,'14.201.8.4','','Mozilla/5.0 (Macintosh; Intel Mac OS X 10_15_7) AppleWebKit/537.36 (KHTML, like Gecko) Chrome/116.0.0.0 Safari/537.36','en-GB,en-US;q=0.9,en;q=0.8','2024-01-30 13:25:43','2024-02-02 17:13:25',NULL,NULL),(65,0,28,'INV-2024-00','',0,'Maxxeshop Auto','https://maxxeshopauto.com/a/',35,2,'Zaydan','Osmanagic','zaydanosmanagic@gmail.com','0433583123','\"[]\"',24,'Zaydan','Osmanagic','','Unit 6','35 Hubert Ave','Glenroy','3046','Australia',13,'Victoria',197,'{firstname} {lastname}\r\n{company}\r\n{address_1}\r\n{address_2}\r\n{city}, {zone} {postcode}\r\n{country}','[]','{\"code\":\"paypal_payment_gateway.paypal_payment_gateway\",\"name\":\"PayPal\"}',24,'Zaydan','Osmanagic','','Unit 6','35 Hubert Ave','Glenroy','3046','Australia',13,'Victoria',197,'{firstname} {lastname}\r\n{company}\r\n{address_1}\r\n{address_2}\r\n{city}, {zone} {postcode}\r\n{country}','[]','{\"code\":\"category_product_based.category_product_based_1\",\"extension\":\"category_product_based\",\"sort_order\":\"1g\",\"title\":\"Express post\",\"name\":\"Express post\",\"cost\":9.090908999999999906549419392831623554229736328125,\"value\":9.090908999999999906549419392831623554229736328125,\"tax_class_id\":\"11\",\"text\":\"$10.00\"}','',66.7500,3,0,0.0000,0,'',1,'',8,'AUD',1.00000000,'14.201.8.4','','Mozilla/5.0 (Macintosh; Intel Mac OS X 10_15_7) AppleWebKit/537.36 (KHTML, like Gecko) Chrome/116.0.0.0 Safari/537.36','en-GB,en-US;q=0.9,en;q=0.8','2024-01-30 16:56:45','2024-01-31 16:07:11',NULL,NULL),(66,0,0,'INV-2024-00','',0,'Maxxeshop Auto','https://maxxeshopauto.com/a/',0,1,'James','Mitchell','jamesmmitchelll@gmail.com','','[]',0,'James','Mitchell','','14 SIDNEY ST','','NORTH TOOWOOMBA','4350','Australia',13,'Queensland',194,'{firstname} {lastname}\r\n{company}\r\n{address_1}\r\n{address_2}\r\n{city}, {zone} {postcode}\r\n{country}','\"\"','{\"code\":\"paypal_payment_gateway.paypal_payment_gateway\",\"name\":\"PayPal\"}',0,'James','Mitchell','','14 SIDNEY ST','','NORTH TOOWOOMBA','4350','Australia',13,'Queensland',194,'{firstname} {lastname}\r\n{company}\r\n{address_1}\r\n{address_2}\r\n{city}, {zone} {postcode}\r\n{country}','\"\"','{\"code\":\"category_product_based.category_product_based_1\",\"extension\":\"category_product_based\",\"sort_order\":\"1g\",\"title\":\"Express post\",\"name\":\"Express post\",\"cost\":9.090908999999999906549419392831623554229736328125,\"value\":9.090908999999999906549419392831623554229736328125,\"tax_class_id\":\"11\",\"text\":\"$10.00\"}','',95.0001,11,0,0.0000,0,'',1,'',8,'AUD',1.00000000,'58.104.228.64','','Mozilla/5.0 (iPhone; CPU iPhone OS 17_2 like Mac OS X) AppleWebKit/605.1.15 (KHTML, like Gecko) CriOS/120.0.6099.119 Mobile/15E148 Safari/604.1','en-AU,en;q=0.9','2024-01-30 20:45:06','2024-02-01 23:30:19',NULL,NULL),(67,0,29,'INV-2024-00','',0,'Maxxeshop Auto','https://maxxeshopauto.com/a/',36,1,'James','Mitchell','jamesmmitchelll@gmail.com','','\"\"',25,'James','Mitchell','','14 SIDNEY ST','','NORTH TOOWOOMBA','4350','Australia',13,'Queensland',194,'{firstname} {lastname}\r\n{company}\r\n{address_1}\r\n{address_2}\r\n{city}, {zone} {postcode}\r\n{country}','\"\"','{\"code\":\"paypal_payment_gateway.paypal_payment_gateway\",\"name\":\"PayPal\"}',0,'James','Mitchell','','14 SIDNEY ST','','NORTH TOOWOOMBA','4350','Australia',13,'Queensland',194,'{firstname} {lastname}\r\n{company}\r\n{address_1}\r\n{address_2}\r\n{city}, {zone} {postcode}\r\n{country}','\"\"','{\"code\":\"category_product_based.category_product_based_1\",\"extension\":\"category_product_based\",\"sort_order\":\"1g\",\"title\":\"Express post\",\"name\":\"Express post\",\"cost\":9.090908999999999906549419392831623554229736328125,\"value\":9.090908999999999906549419392831623554229736328125,\"tax_class_id\":\"11\",\"text\":\"$10.00\"}','',95.0001,3,0,0.0000,0,'',1,'',8,'AUD',1.00000000,'211.30.177.32','','Mozilla/5.0 (iPhone; CPU iPhone OS 17_2 like Mac OS X) AppleWebKit/605.1.15 (KHTML, like Gecko) CriOS/120.0.6099.119 Mobile/15E148 Safari/604.1','en-AU,en;q=0.9','2024-01-31 05:53:28','2024-01-31 16:07:47',NULL,NULL),(68,0,30,'INV-2024-00','',0,'Maxxeshop Auto','https://maxxeshopauto.com/a/',0,1,'Shannon','Cummings','Shannoncummings3@gmail.com','','[]',0,'Shannon','Cummings','','7/20 vista st','','Surfers paradise','4317','Australia',13,'Queensland',194,'{firstname} {lastname}\r\n{company}\r\n{address_1}\r\n{address_2}\r\n{city}, {zone} {postcode}\r\n{country}','\"\"','{\"code\":\"stripe.stripe\",\"name\":\"Credit \\/ Debit Card\"}',0,'Shannon','Cummings','','7/20 vista st','','Surfers paradise','4317','Australia',13,'Queensland',194,'{firstname} {lastname}\r\n{company}\r\n{address_1}\r\n{address_2}\r\n{city}, {zone} {postcode}\r\n{country}','\"\"','{\"code\":\"category_product_based.category_product_based_1\",\"extension\":\"category_product_based\",\"sort_order\":\"1g\",\"title\":\"Express post\",\"name\":\"Express post\",\"cost\":9.090908999999999906549419392831623554229736328125,\"value\":9.090908999999999906549419392831623554229736328125,\"tax_class_id\":\"11\",\"text\":\"$10.00\"}','',44.9999,3,0,0.0000,0,'',1,'',8,'AUD',1.00000000,'1.146.105.100','','Mozilla/5.0 (Linux; Android 13; SAMSUNG SM-A057F) AppleWebKit/537.36 (KHTML, like Gecko) SamsungBrowser/23.0 Chrome/115.0.0.0 Mobile Safari/537.36','en-AU,en-GB;q=0.9,en-US;q=0.8,en;q=0.7','2024-01-31 12:47:12','2024-02-02 17:12:50',NULL,NULL),(69,0,31,'INV-2024-00','',0,'Maxxeshop Auto','https://maxxeshopauto.com/a/',0,1,'Luisa','Davidson','craigandluisa@bigpond.com','','[]',0,'Luisa','Davidson','','6161 Bolsena Circuit','','Hope Island','4212','Australia',13,'Queensland',194,'{firstname} {lastname}\r\n{company}\r\n{address_1}\r\n{address_2}\r\n{city}, {zone} {postcode}\r\n{country}','\"\"','{\"code\":\"paypal_payment_gateway.paypal_payment_gateway\",\"name\":\"PayPal\"}',0,'Luisa','Davidson','','6161 Bolsena Circuit','','Hope Island','4212','Australia',13,'Queensland',194,'{firstname} {lastname}\r\n{company}\r\n{address_1}\r\n{address_2}\r\n{city}, {zone} {postcode}\r\n{country}','\"\"','{\"code\":\"category_product_based.category_product_based_0\",\"extension\":\"category_product_based\",\"sort_order\":\"1g\",\"title\":\"Standard Post\",\"name\":\"Standard Post\",\"cost\":4.54545400000000032747493605711497366428375244140625,\"value\":4.54545400000000032747493605711497366428375244140625,\"tax_class_id\":\"11\",\"text\":\"$5.00\"}','Please leave at front door if no one home',59.0000,3,0,0.0000,0,'',1,'',8,'AUD',1.00000000,'104.28.35.17','','Mozilla/5.0 (iPhone; CPU iPhone OS 17_2_1 like Mac OS X) AppleWebKit/605.1.15 (KHTML, like Gecko) Version/17.2 Mobile/15E148 Safari/604.1','en-AU,en;q=0.9','2024-01-31 13:51:42','2024-02-02 17:12:26',NULL,NULL),(70,0,32,'INV-2024-00','',0,'Maxxeshop Auto','https://maxxeshopauto.com/a/',0,1,'Gabrielle','Hannan','gabhannan.k@gmail.com','','[]',0,'Gabrielle','Hannan','','24 Minerva Close','','Ocean Grove','3226','Australia',13,'Victoria',197,'{firstname} {lastname}\r\n{company}\r\n{address_1}\r\n{address_2}\r\n{city}, {zone} {postcode}\r\n{country}','\"\"','{\"code\":\"stripe.stripe\",\"name\":\"Credit \\/ Debit Card\"}',0,'Gabrielle','Hannan','','24 Minerva Close','','Ocean Grove','3226','Australia',13,'Victoria',197,'{firstname} {lastname}\r\n{company}\r\n{address_1}\r\n{address_2}\r\n{city}, {zone} {postcode}\r\n{country}','\"\"','{\"code\":\"category_product_based.category_product_based_0\",\"extension\":\"category_product_based\",\"sort_order\":\"1g\",\"title\":\"Standard Post\",\"name\":\"Standard Post\",\"cost\":4.54545400000000032747493605711497366428375244140625,\"value\":4.54545400000000032747493605711497366428375244140625,\"tax_class_id\":\"11\",\"text\":\"$5.00\"}','',59.0000,3,0,0.0000,0,'',1,'',8,'AUD',1.00000000,'120.148.174.37','','Mozilla/5.0 (iPhone; CPU iPhone OS 17_2 like Mac OS X) AppleWebKit/605.1.15 (KHTML, like Gecko) CriOS/121.0.6167.66 Mobile/15E148 Safari/604.1','en-AU,en;q=0.9','2024-02-01 07:30:28','2024-02-02 17:11:50',NULL,NULL),(71,0,33,'INV-2024-00','',0,'Maxxeshop Auto','https://maxxeshopauto.com/a/',37,1,'John','Nelson','js.nelson@hotmail.com','','[]',26,'John','Nelson','','46 Campbell Street','','Kew','3101','Australia',13,'Victoria',197,'{firstname} {lastname}\r\n{company}\r\n{address_1}\r\n{address_2}\r\n{city}, {zone} {postcode}\r\n{country}','\"\"','{\"code\":\"stripe.stripe\",\"name\":\"Credit \\/ Debit Card\"}',26,'John','Nelson','','46 Campbell Street','','Kew','3101','Australia',13,'Victoria',197,'{firstname} {lastname}\r\n{company}\r\n{address_1}\r\n{address_2}\r\n{city}, {zone} {postcode}\r\n{country}','\"\"','{\"code\":\"category_product_based.category_product_based_1\",\"extension\":\"category_product_based\",\"sort_order\":\"1g\",\"title\":\"Express post\",\"name\":\"Express post\",\"cost\":9.090908999999999906549419392831623554229736328125,\"value\":9.090908999999999906549419392831623554229736328125,\"tax_class_id\":\"11\",\"text\":\"$10.00\"}','',64.0000,3,0,0.0000,0,'',1,'',8,'AUD',1.00000000,'220.240.194.239','','Mozilla/5.0 (Windows NT 10.0; Win64; x64) AppleWebKit/537.36 (KHTML, like Gecko) Chrome/120.0.0.0 Safari/537.36 Edg/120.0.0.0','en-US,en;q=0.9','2024-02-01 10:53:06','2024-02-02 17:11:20',NULL,NULL),(72,0,34,'INV-2024-00','',0,'Maxxeshop Auto','https://maxxeshopauto.com/a/',0,1,'Selen','Giyik','selengiyik@gmail.com','','[]',0,'Selen','Giyik','Mira property styling','42 Grevillia Rd','','Oak Park','3046','Australia',13,'Victoria',197,'{firstname} {lastname}\r\n{company}\r\n{address_1}\r\n{address_2}\r\n{city}, {zone} {postcode}\r\n{country}','\"\"','{\"code\":\"paypal_payment_gateway.paypal_payment_gateway\",\"name\":\"PayPal\"}',0,'Selen','Giyik','Mira property styling','42 Grevillia Rd','','Oak Park','3046','Australia',13,'Victoria',197,'{firstname} {lastname}\r\n{company}\r\n{address_1}\r\n{address_2}\r\n{city}, {zone} {postcode}\r\n{country}','\"\"','{\"code\":\"category_product_based.category_product_based_1\",\"extension\":\"category_product_based\",\"sort_order\":\"1g\",\"title\":\"Express post\",\"name\":\"Express post\",\"cost\":9.090908999999999906549419392831623554229736328125,\"value\":9.090908999999999906549419392831623554229736328125,\"tax_class_id\":\"11\",\"text\":\"$10.00\"}','',44.9999,3,0,0.0000,0,'',1,'',8,'AUD',1.00000000,'106.71.43.208','','Mozilla/5.0 (iPhone; CPU iPhone OS 17_3 like Mac OS X) AppleWebKit/605.1.15 (KHTML, like Gecko) Version/17.3 Mobile/15E148 Safari/604.1','en-AU,en;q=0.9','2024-02-02 10:00:51','2024-02-02 17:10:54',NULL,NULL),(73,0,35,'INV-2024-00','',0,'Maxxeshop Auto','https://maxxeshopauto.com/a/',38,1,'Tory','Stefans','torystefans@hotmail.com','','[]',27,'Tory','Stefans','','217 Loralyn ave','','SANCTUARY POINT','2540','Australia',13,'New South Wales',192,'{firstname} {lastname}\r\n{company}\r\n{address_1}\r\n{address_2}\r\n{city}, {zone} {postcode}\r\n{country}','\"\"','{\"code\":\"stripe.stripe\",\"name\":\"Credit \\/ Debit Card\"}',0,'Tory','Stefans','','217 Loralyn ave','','SANCTUARY POINT','2540','Australia',13,'New South Wales',192,'{firstname} {lastname}\r\n{company}\r\n{address_1}\r\n{address_2}\r\n{city}, {zone} {postcode}\r\n{country}','\"\"','{\"code\":\"category_product_based.category_product_based_1\",\"extension\":\"category_product_based\",\"sort_order\":\"1g\",\"title\":\"Express post\",\"name\":\"Express post\",\"cost\":9.090908999999999906549419392831623554229736328125,\"value\":9.090908999999999906549419392831623554229736328125,\"tax_class_id\":\"11\",\"text\":\"$10.00\"}','',80.0000,3,0,0.0000,0,'',1,'',8,'AUD',1.00000000,'49.181.130.77','','Mozilla/5.0 (iPhone; CPU iPhone OS 17_2 like Mac OS X) AppleWebKit/605.1.15 (KHTML, like Gecko) CriOS/121.0.6167.138 Mobile/15E148 Safari/604.1','en-AU,en;q=0.9','2024-02-02 14:17:15','2024-02-08 09:14:56',NULL,NULL),(74,0,36,'INV-2024-00','',0,'Maxxeshop Auto','https://maxxeshopauto.com/a/',39,1,'Rhys','Livermore','melbeer19@gmail.com','','[]',28,'Rhys','Livermore','','1/15 Turton Court','','Wodonga','','Australia',13,'Victoria',197,'{firstname} {lastname}\r\n{company}\r\n{address_1}\r\n{address_2}\r\n{city}, {zone} {postcode}\r\n{country}','\"\"','{\"code\":\"stripe.stripe\",\"name\":\"Credit \\/ Debit Card\"}',0,'Rhys','Livermore','','1/15 Turton Court','','Wodonga','','Australia',13,'Victoria',197,'{firstname} {lastname}\r\n{company}\r\n{address_1}\r\n{address_2}\r\n{city}, {zone} {postcode}\r\n{country}','\"\"','{\"code\":\"category_product_based.category_product_based_0\",\"extension\":\"category_product_based\",\"sort_order\":\"1g\",\"title\":\"Standard Post\",\"name\":\"Standard Post\",\"cost\":5.3181817999999996260385159985162317752838134765625,\"value\":5.3181817999999996260385159985162317752838134765625,\"tax_class_id\":\"11\",\"text\":\"$5.85\"}','',75.8500,3,0,0.0000,0,'',1,'',8,'AUD',1.00000000,'101.119.160.215','','Mozilla/5.0 (Linux; Android 13; SM-A047F Build/TP1A.220624.014; wv) AppleWebKit/537.36 (KHTML, like Gecko) Version/4.0 Chrome/121.0.6167.143 Mobile Safari/537.36 [FB_IAB/FB4A;FBAV/443.0.0.43.117;]','en-AU,en-US;q=0.9,en;q=0.8','2024-02-05 13:27:31','2024-02-07 17:27:57',NULL,NULL),(75,0,37,'INV-2024-00','',0,'Maxxeshop Auto','https://maxxeshopauto.com/a/',0,1,'troy','henderson','troy_jonnie@hotmail.com','','[]',29,'troy','henderson','','lot 3 Inglis Court','','Laceys Creek','4521','Australia',13,'Queensland',194,'{firstname} {lastname}\r\n{company}\r\n{address_1}\r\n{address_2}\r\n{city}, {zone} {postcode}\r\n{country}','\"\"','{\"code\":\"stripe.stripe\",\"name\":\"Credit \\/ Debit Card\"}',0,'troy','henderson','','lot 3 Inglis Court','','Laceys Creek','4521','Australia',13,'Queensland',194,'{firstname} {lastname}\r\n{company}\r\n{address_1}\r\n{address_2}\r\n{city}, {zone} {postcode}\r\n{country}','\"\"','{\"code\":\"category_product_based.category_product_based_1\",\"extension\":\"category_product_based\",\"sort_order\":\"1g\",\"title\":\"Express post\",\"name\":\"Express post\",\"cost\":9.772727270000000743266355129890143871307373046875,\"value\":9.772727270000000743266355129890143871307373046875,\"tax_class_id\":\"11\",\"text\":\"$10.75\"}','',27.6999,3,0,0.0000,0,'',1,'',8,'AUD',1.00000000,'119.12.208.149','','Mozilla/5.0 (iPhone; CPU iPhone OS 17_1_1 like Mac OS X) AppleWebKit/605.1.15 (KHTML, like Gecko) Version/17.1.1 Mobile/15E148 Safari/604.1','en-AU,en;q=0.9','2024-02-06 04:05:29','2024-02-07 17:28:12',NULL,NULL),(76,0,38,'INV-2024-00','',0,'Maxxeshop Auto','https://maxxeshopauto.com/a/',0,1,'Sharon','Purcell','dspurcell@live.com.au','','[]',30,'Sharon','Purcell','','44 Stuart Street','','Barellan Point','4306','Australia',13,'Queensland',194,'{firstname} {lastname}\r\n{company}\r\n{address_1}\r\n{address_2}\r\n{city}, {zone} {postcode}\r\n{country}','\"\"','{\"code\":\"stripe.stripe\",\"name\":\"Credit \\/ Debit Card\"}',0,'Sharon','Purcell','','44 Stuart Street','','Barellan Point','4306','Australia',13,'Queensland',194,'{firstname} {lastname}\r\n{company}\r\n{address_1}\r\n{address_2}\r\n{city}, {zone} {postcode}\r\n{country}','\"\"','{\"code\":\"category_product_based.category_product_based_0\",\"extension\":\"category_product_based\",\"sort_order\":\"1g\",\"title\":\"Standard Post\",\"name\":\"Standard Post\",\"cost\":5.3181817999999996260385159985162317752838134765625,\"value\":5.3181817999999996260385159985162317752838134765625,\"tax_class_id\":\"11\",\"text\":\"$5.85\"}','',47.6500,3,0,0.0000,0,'',1,'',8,'AUD',1.00000000,'27.253.27.37','','Mozilla/5.0 (Macintosh; Intel Mac OS X 10_15_7) AppleWebKit/537.36 (KHTML, like Gecko) Chrome/120.0.0.0 Safari/537.36','en-US,en;q=0.9','2024-02-06 08:59:55','2024-02-07 17:28:24',NULL,NULL),(77,0,39,'INV-2024-00','',0,'Maxxeshop Auto','https://maxxeshopauto.com/a/',43,2,'Kevin','Fergusson','kevin@fergsonthemove.org','0402577009','\"[]\"',31,'kevin','Fergusson','','PO Box 143','','Crookwell','2583','Australia',13,'New South Wales',192,'{firstname} {lastname}\r\n{company}\r\n{address_1}\r\n{address_2}\r\n{city}, {zone} {postcode}\r\n{country}','[]','{\"code\":\"paypal_payment_gateway.paypal_payment_gateway\",\"name\":\"PayPal\"}',31,'kevin','Fergusson','','PO Box 143','','Crookwell','2583','Australia',13,'New South Wales',192,'{firstname} {lastname}\r\n{company}\r\n{address_1}\r\n{address_2}\r\n{city}, {zone} {postcode}\r\n{country}','[]','{\"code\":\"category_product_based.category_product_based_0\",\"extension\":\"category_product_based\",\"sort_order\":\"1g\",\"title\":\"Standard Post\",\"name\":\"Standard Post\",\"cost\":5.3181817999999996260385159985162317752838134765625,\"value\":5.3181817999999996260385159985162317752838134765625,\"tax_class_id\":\"11\",\"text\":\"$5.85\"}','Please Supply in Flat Glass',70.0000,3,0,0.0000,0,'',1,'',8,'AUD',1.00000000,'14.201.8.4','','Mozilla/5.0 (Macintosh; Intel Mac OS X 10_15_7) AppleWebKit/537.36 (KHTML, like Gecko) Chrome/116.0.0.0 Safari/537.36','en-GB,en-US;q=0.9,en;q=0.8','2024-02-06 14:38:54','2024-02-07 17:28:36',NULL,NULL),(78,0,40,'INV-2024-00','',0,'Maxxeshop Auto','https://maxxeshopauto.com/a/',0,1,'Matthew','Mclane','mclanematt17@gmail.com','','[]',32,'Matthew','Mclane','','126 Talloom Rd','','Moree','2400','Australia',13,'New South Wales',192,'{firstname} {lastname}\r\n{company}\r\n{address_1}\r\n{address_2}\r\n{city}, {zone} {postcode}\r\n{country}','\"\"','{\"code\":\"stripe.stripe\",\"name\":\"Credit \\/ Debit Card\"}',0,'Matthew','Mclane','','126 Talloom Rd','','Moree','2400','Australia',13,'New South Wales',192,'{firstname} {lastname}\r\n{company}\r\n{address_1}\r\n{address_2}\r\n{city}, {zone} {postcode}\r\n{country}','\"\"','{\"code\":\"category_product_based.category_product_based_0\",\"extension\":\"category_product_based\",\"sort_order\":\"1g\",\"title\":\"Standard Post\",\"name\":\"Standard Post\",\"cost\":5.3181817999999996260385159985162317752838134765625,\"value\":5.3181817999999996260385159985162317752838134765625,\"tax_class_id\":\"11\",\"text\":\"$5.85\"}','',38.3000,3,0,0.0000,0,'',1,'',8,'AUD',1.00000000,'65.181.12.175','','Mozilla/5.0 (iPhone; CPU iPhone OS 17_2_1 like Mac OS X) AppleWebKit/605.1.15 (KHTML, like Gecko) Version/17.2 Mobile/15E148 Safari/604.1','en-AU,en;q=0.9','2024-02-07 16:44:42','2024-02-12 09:46:37',NULL,NULL),(79,0,41,'INV-2024-00','',0,'Maxxeshop Auto','https://maxxeshopauto.com/a/',0,1,'Jill','Vocale','jill25573@outlook.com','','[]',0,'Jill','Vocale','','41 foreshore street','','Coomera','4209','Australia',13,'Queensland',194,'{firstname} {lastname}\r\n{company}\r\n{address_1}\r\n{address_2}\r\n{city}, {zone} {postcode}\r\n{country}','\"\"','{\"code\":\"paypal_payment_gateway.paypal_payment_gateway\",\"name\":\"PayPal\"}',0,'Jill','Vocale','','PO Box 5183','Gold Coast Mail Centre','Bundall','9726','Australia',13,'Queensland',194,'{firstname} {lastname}\r\n{company}\r\n{address_1}\r\n{address_2}\r\n{city}, {zone} {postcode}\r\n{country}','\"\"','{\"code\":\"category_product_based.category_product_based_0\",\"extension\":\"category_product_based\",\"sort_order\":\"1g\",\"title\":\"Standard Post\",\"name\":\"Standard Post\",\"cost\":5.3181817999999996260385159985162317752838134765625,\"value\":5.3181817999999996260385159985162317752838134765625,\"tax_class_id\":\"11\",\"text\":\"$5.85\"}','',51.3750,3,0,0.0000,0,'',1,'',8,'AUD',1.00000000,'104.28.35.16','','Mozilla/5.0 (iPhone; CPU iPhone OS 17_2_1 like Mac OS X) AppleWebKit/605.1.15 (KHTML, like Gecko) Version/17.2 Mobile/15E148 Safari/604.1','en-AU,en;q=0.9','2024-02-07 16:51:32','2024-02-12 09:46:16',NULL,NULL),(80,0,42,'INV-2024-00','',0,'Maxxeshop Auto','https://maxxeshopauto.com/a/',0,1,'Alessio','Paoletti','Icaro444@hotmail.it','','[]',0,'Alessio','Paoletti','Alessio\'s Gardens','30 Harris st','','Beckenham','6107','Australia',13,'Western Australia',198,'{firstname} {lastname}\r\n{company}\r\n{address_1}\r\n{address_2}\r\n{city}, {zone} {postcode}\r\n{country}','\"\"','{\"code\":\"stripe.stripe\",\"name\":\"Credit \\/ Debit Card\"}',0,'Alessio','Paoletti','Alessio\'s Gardens','30 Harris st','','Beckenham','6107','Australia',13,'Western Australia',198,'{firstname} {lastname}\r\n{company}\r\n{address_1}\r\n{address_2}\r\n{city}, {zone} {postcode}\r\n{country}','\"\"','{\"code\":\"category_product_based.category_product_based_0\",\"extension\":\"category_product_based\",\"sort_order\":\"1g\",\"title\":\"Standard Post\",\"name\":\"Standard Post\",\"cost\":5.3181817999999996260385159985162317752838134765625,\"value\":5.3181817999999996260385159985162317752838134765625,\"tax_class_id\":\"11\",\"text\":\"$5.85\"}','',90.8501,3,0,0.0000,0,'',1,'',8,'AUD',1.00000000,'125.253.96.226','','Mozilla/5.0 (Linux; Android 14; SAMSUNG SM-S918B) AppleWebKit/537.36 (KHTML, like Gecko) SamsungBrowser/23.0 Chrome/115.0.0.0 Mobile Safari/537.36','en-AU,en-GB;q=0.9,en-US;q=0.8,en;q=0.7','2024-02-08 08:45:39','2024-02-12 09:46:16',NULL,NULL),(81,0,43,'INV-2024-00','',0,'Maxxeshop Auto','https://maxxeshopauto.com/a/',45,1,'Rob','Haylock','rob@acleanernoosa.com.au','','[]',33,'Rob','Haylock','A Cleaner Noosa','3 Shoal Court','','Peregian Springs','4573','Australia',13,'Queensland',194,'{firstname} {lastname}\r\n{company}\r\n{address_1}\r\n{address_2}\r\n{city}, {zone} {postcode}\r\n{country}','\"\"','{\"code\":\"stripe.stripe\",\"name\":\"Credit \\/ Debit Card\"}',0,'Rob','Haylock','A Cleaner Noosa','3 Shoal Court','','Peregian Springs','4573','Australia',13,'Queensland',194,'{firstname} {lastname}\r\n{company}\r\n{address_1}\r\n{address_2}\r\n{city}, {zone} {postcode}\r\n{country}','\"\"','{\"code\":\"category_product_based.category_product_based_1\",\"extension\":\"category_product_based\",\"sort_order\":\"1g\",\"title\":\"Express post\",\"name\":\"Express post\",\"cost\":9.772727270000000743266355129890143871307373046875,\"value\":9.772727270000000743266355129890143871307373046875,\"tax_class_id\":\"11\",\"text\":\"$10.75\"}','',95.7501,3,0,0.0000,0,'',1,'',8,'AUD',1.00000000,'103.35.83.170','','Mozilla/5.0 (Macintosh; Intel Mac OS X 10_15_7) AppleWebKit/537.36 (KHTML, like Gecko) Chrome/120.0.0.0 Safari/537.36','en-GB,en-US;q=0.9,en;q=0.8','2024-02-08 10:08:56','2024-02-12 09:46:16',NULL,NULL),(82,0,44,'INV-2024-00','',0,'Maxxeshop Auto','https://maxxeshopauto.com/a/',0,1,'Robert','R','rroch365@gmail.com','','[]',0,'Robert','R','','22 Bartels Close','','Kirwan','4817','Australia',13,'Queensland',194,'{firstname} {lastname}\r\n{company}\r\n{address_1}\r\n{address_2}\r\n{city}, {zone} {postcode}\r\n{country}','\"\"','{\"code\":\"stripe.stripe\",\"name\":\"Credit \\/ Debit Card\"}',0,'Robert','R','','22 Bartels Close','','Kirwan','4817','Australia',13,'Queensland',194,'{firstname} {lastname}\r\n{company}\r\n{address_1}\r\n{address_2}\r\n{city}, {zone} {postcode}\r\n{country}','\"\"','{\"code\":\"category_product_based.category_product_based_1\",\"extension\":\"category_product_based\",\"sort_order\":\"1g\",\"title\":\"Express post\",\"name\":\"Express post\",\"cost\":9.772727270000000743266355129890143871307373046875,\"value\":9.772727270000000743266355129890143871307373046875,\"tax_class_id\":\"11\",\"text\":\"$10.75\"}','',46.5000,3,0,0.0000,0,'',1,'',8,'AUD',1.00000000,'27.96.223.12','','Mozilla/5.0 (Windows NT 10.0; Win64; x64) AppleWebKit/537.36 (KHTML, like Gecko) Chrome/121.0.0.0 Safari/537.36 Edg/121.0.0.0','en-GB,en;q=0.9,en-US;q=0.8','2024-02-08 16:17:43','2024-02-12 09:46:16',NULL,NULL),(83,0,46,'INV-2024-00','',0,'Maxxeshop Auto','https://maxxeshopauto.com/a/',0,1,'Allan','Renner','allan_renner@yahoo.com.au','','[]',0,'Allan','Renner','','358 Flagstone Creek Road','','CARPENDALE','4344','Australia',13,'Queensland',194,'{firstname} {lastname}\r\n{company}\r\n{address_1}\r\n{address_2}\r\n{city}, {zone} {postcode}\r\n{country}','\"\"','{\"code\":\"paypal_payment_gateway.paypal_payment_gateway\",\"name\":\"PayPal\"}',0,'Allan','Renner','','358 Flagstone Creek Road','','CARPENDALE','4344','Australia',13,'Queensland',194,'{firstname} {lastname}\r\n{company}\r\n{address_1}\r\n{address_2}\r\n{city}, {zone} {postcode}\r\n{country}','\"\"','{\"code\":\"category_product_based.category_product_based_0\",\"extension\":\"category_product_based\",\"sort_order\":\"1g\",\"title\":\"Standard Post\",\"name\":\"Standard Post\",\"cost\":10.636363599999999252077031997032463550567626953125,\"value\":10.636363599999999252077031997032463550567626953125,\"tax_class_id\":\"11\",\"text\":\"$11.70\"}','Please ensure mirrors are suitable for a 2021 Hilux Rogue and the flat glass type.',166.7001,3,0,0.0000,0,'',1,'',8,'AUD',1.00000000,'1.129.26.118','','Mozilla/5.0 (Linux; Android 10; K) AppleWebKit/537.36 (KHTML, like Gecko) Chrome/121.0.0.0 Mobile Safari/537.36','en-US,en;q=0.9','2024-02-09 13:22:20','2024-02-12 09:46:15',NULL,NULL),(84,0,45,'INV-2024-00','',0,'Maxxeshop Auto','https://maxxeshopauto.com/a/',46,1,'Elaine','Evans','elaine@mylinkservices.com.au','','[]',34,'Elaine','Evans','','2/15 Pacific Street','','Main beach','','Australia',13,'Queensland',194,'{firstname} {lastname}\r\n{company}\r\n{address_1}\r\n{address_2}\r\n{city}, {zone} {postcode}\r\n{country}','\"\"','{\"code\":\"stripe.stripe\",\"name\":\"Credit \\/ Debit Card\"}',0,'Elaine','Evans','','2/15 Pacific Street','','Main beach','','Australia',13,'Queensland',194,'{firstname} {lastname}\r\n{company}\r\n{address_1}\r\n{address_2}\r\n{city}, {zone} {postcode}\r\n{country}','\"\"','{\"code\":\"category_product_based.category_product_based_0\",\"extension\":\"category_product_based\",\"sort_order\":\"1g\",\"title\":\"Standard Post\",\"name\":\"Standard Post\",\"cost\":5.3181817999999996260385159985162317752838134765625,\"value\":5.3181817999999996260385159985162317752838134765625,\"tax_class_id\":\"11\",\"text\":\"$5.85\"}','',38.8020,3,0,0.0000,0,'',1,'',8,'AUD',1.00000000,'116.206.128.94','','Mozilla/5.0 (Windows NT 10.0; Win64; x64) AppleWebKit/537.36 (KHTML, like Gecko) Chrome/121.0.0.0 Safari/537.36','en-US,en;q=0.9','2024-02-09 13:43:19','2024-02-12 09:46:15',NULL,NULL),(85,0,47,'INV-2024-00','',0,'Maxxeshop Auto','https://maxxeshopauto.com/a/',47,2,'Audree','Bonne','sabrinabonne@hotmail.com','','\"[]\"',35,'Audree','Bonne','','Unit 11','48 Brodderick Cr','Currum Downs','3201','Australia',13,'Victoria',197,'{firstname} {lastname}\r\n{company}\r\n{address_1}\r\n{address_2}\r\n{city}, {zone} {postcode}\r\n{country}','[]','{\"code\":\"paypal_payment_gateway.paypal_payment_gateway\",\"name\":\"PayPal\"}',35,'Audree','Bonne','','Unit 11','48 Brodderick Cr','Currum Downs','3201','Australia',13,'Victoria',197,'{firstname} {lastname}\r\n{company}\r\n{address_1}\r\n{address_2}\r\n{city}, {zone} {postcode}\r\n{country}','[]','{\"code\":\"category_product_based.category_product_based_1\",\"extension\":\"category_product_based\",\"sort_order\":\"1g\",\"title\":\"Express post\",\"name\":\"Express post\",\"cost\":9.772727270000000743266355129890143871307373046875,\"value\":9.772727270000000743266355129890143871307373046875,\"tax_class_id\":\"11\",\"text\":\"$10.75\"}','',54.4200,3,0,0.0000,0,'',1,'',8,'AUD',1.00000000,'14.201.8.4','','Mozilla/5.0 (Macintosh; Intel Mac OS X 10_15_7) AppleWebKit/537.36 (KHTML, like Gecko) Chrome/116.0.0.0 Safari/537.36','en-GB,en-US;q=0.9,en;q=0.8','2024-02-09 14:24:49','2024-02-12 09:46:15',NULL,NULL),(86,0,48,'INV-2024-00','',0,'Maxxeshop Auto','https://maxxeshopauto.com/a/',48,2,'Van','Hai','sales@mirrors4cars.com.au','0466400579','\"[]\"',36,'Van','Hai','','Unit 2','104 Railway Pde','Dandenong','3175','Australia',13,'Victoria',197,'{firstname} {lastname}\r\n{company}\r\n{address_1}\r\n{address_2}\r\n{city}, {zone} {postcode}\r\n{country}','[]','{\"code\":\"paypal_payment_gateway.paypal_payment_gateway\",\"name\":\"PayPal\"}',36,'Van','Hai','','Unit 2','104 Railway Pde','Dandenong','3175','Australia',13,'Victoria',197,'{firstname} {lastname}\r\n{company}\r\n{address_1}\r\n{address_2}\r\n{city}, {zone} {postcode}\r\n{country}','[]','{\"code\":\"category_product_based.category_product_based_0\",\"extension\":\"category_product_based\",\"sort_order\":\"1g\",\"title\":\"Standard Post\",\"name\":\"Standard Post\",\"cost\":5.3181817999999996260385159985162317752838134765625,\"value\":5.3181817999999996260385159985162317752838134765625,\"tax_class_id\":\"11\",\"text\":\"$5.85\"}','',37.8500,3,0,0.0000,0,'',1,'',8,'AUD',1.00000000,'14.201.8.4','','Mozilla/5.0 (Macintosh; Intel Mac OS X 10_15_7) AppleWebKit/537.36 (KHTML, like Gecko) Chrome/116.0.0.0 Safari/537.36','en-GB,en-US;q=0.9,en;q=0.8','2024-02-09 14:42:39','2024-02-12 09:46:15',NULL,NULL),(87,0,49,'INV-2024-00','',0,'Maxxeshop Auto','https://maxxeshopauto.com/a/',0,1,'Raelene','Aroney','razza1968@gmail.com','','[]',0,'Raelene','Aroney','','Unit 202 22/34 Glenside Drive','','Robina','4226','Australia',13,'Queensland',194,'{firstname} {lastname}\r\n{company}\r\n{address_1}\r\n{address_2}\r\n{city}, {zone} {postcode}\r\n{country}','\"\"','{\"code\":\"paypal_payment_gateway.paypal_payment_gateway\",\"name\":\"PayPal\"}',0,'Raelene','Aroney','','Unit 202 22/34 Glenside Drive','','Robina','4226','Australia',13,'Queensland',194,'{firstname} {lastname}\r\n{company}\r\n{address_1}\r\n{address_2}\r\n{city}, {zone} {postcode}\r\n{country}','\"\"','{\"code\":\"category_product_based.category_product_based_1\",\"extension\":\"category_product_based\",\"sort_order\":\"1g\",\"title\":\"Express post\",\"name\":\"Express post\",\"cost\":9.772727270000000743266355129890143871307373046875,\"value\":9.772727270000000743266355129890143871307373046875,\"tax_class_id\":\"11\",\"text\":\"$10.75\"}','',80.7500,3,0,0.0000,0,'',1,'',8,'AUD',1.00000000,'120.29.24.18','','Mozilla/5.0 (iPhone; CPU iPhone OS 16_7_4 like Mac OS X) AppleWebKit/605.1.15 (KHTML, like Gecko) Version/16.6 Mobile/15E148 Safari/604.1','en-AU,en;q=0.9','2024-02-09 18:25:04','2024-02-13 16:49:12',NULL,NULL),(88,0,50,'INV-2024-00','',0,'Maxxeshop Auto','https://maxxeshopauto.com/a/',49,1,'James','Thomas','james.thomas@houseofthomas.com.au','','[]',37,'James','Thomas','HOUSE OF THOMAS','12 Bulga close','','Hornsby','2077','Australia',13,'New South Wales',192,'{firstname} {lastname}\r\n{company}\r\n{address_1}\r\n{address_2}\r\n{city}, {zone} {postcode}\r\n{country}','\"\"','{\"code\":\"paypal_payment_gateway.paypal_payment_gateway\",\"name\":\"PayPal\"}',0,'James','Thomas','HOUSE OF THOMAS','12 Bulga close','','Hornsby','2077','Australia',13,'New South Wales',192,'{firstname} {lastname}\r\n{company}\r\n{address_1}\r\n{address_2}\r\n{city}, {zone} {postcode}\r\n{country}','\"\"','{\"code\":\"category_product_based.category_product_based_2\",\"extension\":\"category_product_based\",\"sort_order\":\"1g\",\"title\":\"Express post (With Tracking\",\"name\":\"Express post (With Tracking\",\"cost\":9.9545454499999994624204191495664417743682861328125,\"value\":9.9545454499999994624204191495664417743682861328125,\"tax_class_id\":\"11\",\"text\":\"$10.95\"}','',54.4000,3,0,0.0000,0,'',1,'',8,'AUD',1.00000000,'172.225.156.162','','Mozilla/5.0 (iPhone; CPU iPhone OS 17_2_1 like Mac OS X) AppleWebKit/605.1.15 (KHTML, like Gecko) Version/17.2 Mobile/15E148 Safari/604.1','en-AU,en;q=0.9','2024-02-10 16:07:38','2024-02-13 16:49:24',NULL,NULL),(89,0,51,'INV-2024-00','',0,'Maxxeshop Auto','https://maxxeshopauto.com/a/',51,2,'Malia','Naupoto','m.naupoto@hotmail.com','0422067098','\"[]\"',38,'Malia','Naupoto','','174 Molloy Road','','Morningside','4170','Australia',13,'Queensland',194,'{firstname} {lastname}\n{company}\n{address_1}\n{address_2}\n{city}, {zone} {postcode}\n{country}','[]','{\"code\":\"paypal_payment_gateway.paypal_payment_gateway\",\"name\":\"PayPal\"}',38,'Malia','Naupoto','','174 Molloy Road','','Morningside','4170','Australia',13,'Queensland',194,'{firstname} {lastname}\n{company}\n{address_1}\n{address_2}\n{city}, {zone} {postcode}\n{country}','[]','{\"code\":\"category_product_based.category_product_based_2\",\"extension\":\"category_product_based\",\"sort_order\":\"2a\",\"title\":\"Installation Brisbane South, Brisbane West &amp; Ipswich\",\"name\":\"Installation Brisbane South, Brisbane West &amp; Ipswich\",\"cost\":109.0909089999999963538357405923306941986083984375,\"value\":109.0909089999999963538357405923306941986083984375,\"tax_class_id\":\"11\",\"text\":\"$120.00\"}','Customer Has Paid $190.50 - $120 Owing at Installation',310.5000,23,0,0.0000,0,'',1,'',8,'AUD',1.00000000,'14.201.8.4','','Mozilla/5.0 (Macintosh; Intel Mac OS X 10_15_7) AppleWebKit/537.36 (KHTML, like Gecko) Chrome/116.0.0.0 Safari/537.36','en-GB,en-US;q=0.9,en;q=0.8','2024-02-12 09:59:13','2024-02-12 20:57:03',NULL,NULL),(90,0,52,'INV-2024-00','',0,'Maxxeshop Auto','https://maxxeshopauto.com/a/',52,2,'LLoyd','Kikerist','sales@lloydkikerist.com.au','02 95231234','\"[]\"',39,'LLoyd','Kikerist','','Unit 1','7 Lewis Street','Cronulla','2230','Australia',13,'New South Wales',192,'{firstname} {lastname}\n{company}\n{address_1}\n{address_2}\n{city}, {zone} {postcode}\n{country}','[]','{\"code\":\"paypal_payment_gateway.paypal_payment_gateway\",\"name\":\"PayPal\"}',39,'LLoyd','Kikerist','','Unit 1','7 Lewis Street','Cronulla','2230','Australia',13,'New South Wales',192,'{firstname} {lastname}\n{company}\n{address_1}\n{address_2}\n{city}, {zone} {postcode}\n{country}','[]','{\"code\":\"category_product_based.category_product_based_1\",\"extension\":\"category_product_based\",\"sort_order\":\"1g\",\"title\":\"Standard Post (With Tracking)\",\"name\":\"Standard Post (With Tracking)\",\"cost\":7.72727200000000014057377484277822077274322509765625,\"value\":7.72727200000000014057377484277822077274322509765625,\"tax_class_id\":\"11\",\"text\":\"$8.50\"}','',40.8500,3,0,0.0000,0,'',1,'',8,'AUD',1.00000000,'14.201.8.4','','Mozilla/5.0 (Macintosh; Intel Mac OS X 10_15_7) AppleWebKit/537.36 (KHTML, like Gecko) Chrome/116.0.0.0 Safari/537.36','en-GB,en-US;q=0.9,en;q=0.8','2024-02-12 16:01:21','2024-02-13 16:48:01',NULL,NULL),(91,0,53,'INV-2024-00','',0,'Maxxeshop Auto','https://maxxeshopauto.com/a/',0,1,'Adam','Shannon','addos100@gmail.com','','[]',0,'Adam','Shannon','','2/208 Murrumbeena rd','','Murrumbeena','3163','Australia',13,'Victoria',197,'{firstname} {lastname}\r\n{company}\r\n{address_1}\r\n{address_2}\r\n{city}, {zone} {postcode}\r\n{country}','\"\"','{\"code\":\"paypal_payment_gateway.paypal_payment_gateway\",\"name\":\"PayPal\"}',0,'Adam','Shannon','','2/208 Murrumbeena rd','','Murrumbeena','3163','Australia',13,'Victoria',197,'{firstname} {lastname}\r\n{company}\r\n{address_1}\r\n{address_2}\r\n{city}, {zone} {postcode}\r\n{country}','\"\"','{\"code\":\"category_product_based.category_product_based_0\",\"extension\":\"category_product_based\",\"sort_order\":\"1g\",\"title\":\"Standard Post (NO TRACKING)\",\"name\":\"Standard Post (NO TRACKING)\",\"cost\":3.18181799999999981309883878566324710845947265625,\"value\":3.18181799999999981309883878566324710845947265625,\"tax_class_id\":\"11\",\"text\":\"$3.50\"}','',72.5501,3,0,0.0000,0,'',1,'',8,'AUD',1.00000000,'115.64.182.234','','Mozilla/5.0 (Windows NT 10.0; Win64; x64) AppleWebKit/537.36 (KHTML, like Gecko) Chrome/121.0.0.0 Safari/537.36','en-US,en;q=0.9','2024-02-13 13:32:45','2024-02-19 10:34:37',NULL,NULL),(92,0,54,'INV-2024-00','',0,'Maxxeshop Auto','https://maxxeshopauto.com/a/',0,1,'Sami','Macleod','samimacphotos@gmail.com','','[]',0,'Sami','Macleod','','6 Bailey Street','','Capella','4723','Australia',13,'Queensland',194,'{firstname} {lastname}\r\n{company}\r\n{address_1}\r\n{address_2}\r\n{city}, {zone} {postcode}\r\n{country}','\"\"','{\"code\":\"stripe.stripe\",\"name\":\"Credit \\/ Debit Card\"}',0,'Sami','Macleod','','6 Bailey Street','','Capella','4723','Australia',13,'Queensland',194,'{firstname} {lastname}\r\n{company}\r\n{address_1}\r\n{address_2}\r\n{city}, {zone} {postcode}\r\n{country}','\"\"','{\"code\":\"category_product_based.category_product_based_1\",\"extension\":\"category_product_based\",\"sort_order\":\"1g\",\"title\":\"Standard Post (With Tracking)\",\"name\":\"Standard Post (With Tracking)\",\"cost\":7.72727200000000014057377484277822077274322509765625,\"value\":7.72727200000000014057377484277822077274322509765625,\"tax_class_id\":\"11\",\"text\":\"$8.50\"}','',58.2200,3,0,0.0000,0,'',1,'',8,'AUD',1.00000000,'1.146.101.21','','Mozilla/5.0 (iPhone; CPU iPhone OS 17_2_1 like Mac OS X) AppleWebKit/605.1.15 (KHTML, like Gecko) Version/17.2 Mobile/15E148 Safari/604.1','en-AU,en;q=0.9','2024-02-13 14:21:41','2024-02-19 10:34:48',NULL,NULL),(93,0,55,'INV-2024-00','',0,'Maxxeshop Auto','https://maxxeshopauto.com/a/',0,1,'Robert','R','rroch365@gmail.com','','[]',0,'Robert','R','','22 Bartels Close','','Kirwan','4817','Australia',13,'Queensland',194,'{firstname} {lastname}\r\n{company}\r\n{address_1}\r\n{address_2}\r\n{city}, {zone} {postcode}\r\n{country}','\"\"','{\"code\":\"stripe.stripe\",\"name\":\"Credit \\/ Debit Card\"}',0,'Robert','R','','22 Bartels Close','','Kirwan','4817','Australia',13,'Queensland',194,'{firstname} {lastname}\r\n{company}\r\n{address_1}\r\n{address_2}\r\n{city}, {zone} {postcode}\r\n{country}','\"\"','{\"code\":\"category_product_based.category_product_based_2\",\"extension\":\"category_product_based\",\"sort_order\":\"1g\",\"title\":\"Express post (With Tracking\",\"name\":\"Express post (With Tracking\",\"cost\":9.9545454499999994624204191495664417743682861328125,\"value\":9.9545454499999994624204191495664417743682861328125,\"tax_class_id\":\"11\",\"text\":\"$10.95\"}','Please make mirror 2 mm smaller than your template, all the way around. Cracked the glass trying to cut it down. Was to tight to squeeze into the housing.',46.7000,3,0,0.0000,0,'',1,'',8,'AUD',1.00000000,'27.96.223.4','','Mozilla/5.0 (Linux; Android 10; K) AppleWebKit/537.36 (KHTML, like Gecko) Chrome/112.0.0.0 Mobile Safari/537.36','en-AU,en-GB;q=0.9,en-US;q=0.8,en;q=0.7','2024-02-13 15:49:40','2024-02-19 10:34:16',NULL,NULL),(94,0,56,'INV-2024-00','',0,'Maxxeshop Auto','https://maxxeshopauto.com/a/',53,1,'Bradley','Dennis','tiago-d@live.com','','[]',40,'Bradley','Dennis','','3a Wright Cres','','Bayswater','6053','Australia',13,'Western Australia',198,'{firstname} {lastname}\r\n{company}\r\n{address_1}\r\n{address_2}\r\n{city}, {zone} {postcode}\r\n{country}','\"\"','{\"code\":\"stripe.stripe\",\"name\":\"Credit \\/ Debit Card\"}',0,'Bradley','Dennis','','3a Wright Cres','','Bayswater','6053','Australia',13,'Western Australia',198,'{firstname} {lastname}\r\n{company}\r\n{address_1}\r\n{address_2}\r\n{city}, {zone} {postcode}\r\n{country}','\"\"','{\"code\":\"category_product_based.category_product_based_2\",\"extension\":\"category_product_based\",\"sort_order\":\"1g\",\"title\":\"Express post (With Tracking\",\"name\":\"Express post (With Tracking\",\"cost\":9.9545454499999994624204191495664417743682861328125,\"value\":9.9545454499999994624204191495664417743682861328125,\"tax_class_id\":\"11\",\"text\":\"$10.95\"}','',95.9501,3,0,0.0000,0,'',1,'',8,'AUD',1.00000000,'106.68.239.54','','Mozilla/5.0 (Linux; Android 10; K) AppleWebKit/537.36 (KHTML, like Gecko) Chrome/121.0.0.0 Mobile Safari/537.36 EdgA/121.0.0.0','en-AU,en-US;q=0.9,en;q=0.8','2024-02-14 11:49:15','2024-02-19 10:34:03',NULL,NULL),(95,0,57,'INV-2024-00','',0,'Maxxeshop Auto','https://maxxeshopauto.com/a/',54,2,'Michael','Stempka','stempka@icloud.com','0499983972','\"[]\"',41,'MICHAEL','STEMPKA','','2 KARWIN ROAD','','MEDOWIE','2318','Australia',13,'New South Wales',192,'{firstname} {lastname}\n{company}\n{address_1}\n{address_2}\n{city}, {zone} {postcode}\n{country}','[]','{\"code\":\"paypal_payment_gateway.paypal_payment_gateway\",\"name\":\"PayPal\"}',41,'MICHAEL','STEMPKA','','2 KARWIN ROAD','','MEDOWIE','2318','Australia',13,'New South Wales',192,'{firstname} {lastname}\n{company}\n{address_1}\n{address_2}\n{city}, {zone} {postcode}\n{country}','[]','{\"code\":\"category_product_based.category_product_based_1\",\"extension\":\"category_product_based\",\"sort_order\":\"2a\",\"title\":\"Express Post\",\"name\":\"Express Post\",\"cost\":40.90909090000000247755451709963381290435791015625,\"value\":40.90909090000000247755451709963381290435791015625,\"tax_class_id\":\"11\",\"text\":\"$45.00\"}','',454.5000,3,0,0.0000,0,'',1,'',8,'AUD',1.00000000,'14.201.8.4','','Mozilla/5.0 (Macintosh; Intel Mac OS X 10_15_7) AppleWebKit/537.36 (KHTML, like Gecko) Chrome/116.0.0.0 Safari/537.36','en-GB,en-US;q=0.9,en;q=0.8','2024-02-14 14:00:20','2024-02-16 14:09:31',NULL,NULL),(96,0,58,'INV-2024-00','',0,'Maxxeshop Auto','https://maxxeshopauto.com/a/',0,1,'autobodies gold','Coast Pty Ltd','autobodies@bigpond.com','','[]',0,'autobodies gold','Coast Pty Ltd','AUTOBODIES GC','19 Northview Street','19 NOTHVEIW STREET','Mermaid Waters','4218','Australia',13,'Queensland',194,'{firstname} {lastname}\r\n{company}\r\n{address_1}\r\n{address_2}\r\n{city}, {zone} {postcode}\r\n{country}','\"\"','{\"code\":\"stripe.stripe\",\"name\":\"Credit \\/ Debit Card\"}',0,'autobodies gold','Coast Pty Ltd','AUTOBODIES GC','19 Northview Street','19 NOTHVEIW STREET','Mermaid Waters','4218','Australia',13,'Queensland',194,'{firstname} {lastname}\r\n{company}\r\n{address_1}\r\n{address_2}\r\n{city}, {zone} {postcode}\r\n{country}','\"\"','{\"code\":\"category_product_based.category_product_based_1\",\"extension\":\"category_product_based\",\"sort_order\":\"1g\",\"title\":\"Standard Post (With Tracking)\",\"name\":\"Standard Post (With Tracking)\",\"cost\":7.72727200000000014057377484277822077274322509765625,\"value\":7.72727200000000014057377484277822077274322509765625,\"tax_class_id\":\"11\",\"text\":\"$8.50\"}','',78.5000,3,0,0.0000,0,'',1,'',8,'AUD',1.00000000,'203.91.244.59','','Mozilla/5.0 (Windows NT 10.0; Win64; x64) AppleWebKit/537.36 (KHTML, like Gecko) Chrome/121.0.0.0 Safari/537.36','en-AU,en-NZ;q=0.9,en-US;q=0.8,en;q=0.7','2024-02-14 14:59:23','2024-02-19 10:33:51',NULL,NULL),(97,0,60,'INV-2024-00','',0,'Maxxeshop Auto','https://maxxeshopauto.com/a/',56,1,'Dwayne','Rossiter','Drossiter1992@hotmail.com','','[]',43,'Dwayne','Rossiter','','104 jamison road','','Penrith','2750','Australia',13,'New South Wales',192,'{firstname} {lastname}\r\n{company}\r\n{address_1}\r\n{address_2}\r\n{city}, {zone} {postcode}\r\n{country}','\"\"','{\"code\":\"stripe.stripe\",\"name\":\"Credit \\/ Debit Card\"}',0,'Dwayne','Rossiter','','104 jamison road','','Penrith','2750','Australia',13,'New South Wales',192,'{firstname} {lastname}\r\n{company}\r\n{address_1}\r\n{address_2}\r\n{city}, {zone} {postcode}\r\n{country}','\"\"','{\"code\":\"category_product_based.category_product_based_1\",\"extension\":\"category_product_based\",\"sort_order\":\"1g\",\"title\":\"Standard Post (With Tracking)\",\"name\":\"Standard Post (With Tracking)\",\"cost\":7.72727200000000014057377484277822077274322509765625,\"value\":7.72727200000000014057377484277822077274322509765625,\"tax_class_id\":\"11\",\"text\":\"$8.50\"}','',79.6401,3,0,0.0000,0,'',1,'',8,'AUD',1.00000000,'124.170.180.144','','Mozilla/5.0 (Linux; Android 10; K) AppleWebKit/537.36 (KHTML, like Gecko) SamsungBrowser/24.0 Chrome/117.0.0.0 Mobile Safari/537.36','en-AU,en-GB;q=0.9,en-US;q=0.8,en;q=0.7','2024-02-16 12:40:29','2024-04-04 14:09:04',NULL,NULL),(98,0,59,'INV-2024-00','',0,'Maxxeshop Auto','https://maxxeshopauto.com/a/',57,2,'ABI','Interiors','michael.mckenzie@abiinteriors.com','0417079482','\"[]\"',44,'Michael','Mckinzie','ABI Interiors','5 Lacey Crt','Factory 1','Carrara','','Australia',13,'Queensland',194,'{firstname} {lastname}\n{company}\n{address_1}\n{address_2}\n{city}, {zone} {postcode}\n{country}','[]','{\"code\":\"paypal_payment_gateway.paypal_payment_gateway\",\"name\":\"PayPal\"}',44,'Michael','Mckinzie','ABI Interiors','5 Lacey Crt','Factory 1','Carrara','','Australia',13,'Queensland',194,'{firstname} {lastname}\n{company}\n{address_1}\n{address_2}\n{city}, {zone} {postcode}\n{country}','[]','{\"code\":\"category_product_based.category_product_based_3\",\"extension\":\"category_product_based\",\"sort_order\":\"2a\",\"title\":\"Installation Gold Coast\",\"name\":\"Installation Gold Coast\",\"cost\":109.0909089999999963538357405923306941986083984375,\"value\":109.0909089999999963538357405923306941986083984375,\"tax_class_id\":\"11\",\"text\":\"$120.00\"}','',409.4000,24,0,0.0000,0,'',1,'',8,'AUD',1.00000000,'14.201.8.4','','Mozilla/5.0 (Macintosh; Intel Mac OS X 10_15_7) AppleWebKit/537.36 (KHTML, like Gecko) Chrome/116.0.0.0 Safari/537.36','en-GB,en-US;q=0.9,en;q=0.8','2024-02-16 14:00:59','2024-02-19 09:25:25',NULL,NULL),(99,0,61,'INV-2024-00','',0,'Maxxeshop Auto','https://maxxeshopauto.com/a/',0,1,'Grace','Donnelly','admin2@proactivestrata.com.au','','[]',0,'Grace','Donnelly','Pro-Active Strata Management','PO Box 7032','','SHENTON PARK','6008','Australia',13,'Western Australia',198,'{firstname} {lastname}\r\n{company}\r\n{address_1}\r\n{address_2}\r\n{city}, {zone} {postcode}\r\n{country}','\"\"','{\"code\":\"stripe.stripe\",\"name\":\"Credit \\/ Debit Card\"}',0,'Grace','Donnelly','Pro-Active Strata Management','PO Box 7032','','SHENTON PARK','6008','Australia',13,'Western Australia',198,'{firstname} {lastname}\r\n{company}\r\n{address_1}\r\n{address_2}\r\n{city}, {zone} {postcode}\r\n{country}','\"\"','{\"code\":\"category_product_based.category_product_based_2\",\"extension\":\"category_product_based\",\"sort_order\":\"1g\",\"title\":\"Express post (With Tracking\",\"name\":\"Express post (With Tracking\",\"cost\":9.9545454499999994624204191495664417743682861328125,\"value\":9.9545454499999994624204191495664417743682861328125,\"tax_class_id\":\"11\",\"text\":\"$10.95\"}','Please post to 12 Beagle Street, Mosman Park WA 6012',71.8200,3,0,0.0000,0,'',1,'',8,'AUD',1.00000000,'58.172.23.246','','Mozilla/5.0 (Windows NT 10.0; Win64; x64) AppleWebKit/537.36 (KHTML, like Gecko) Chrome/121.0.0.0 Safari/537.36','en-US,en;q=0.9','2024-02-16 14:44:39','2024-02-19 15:17:05',NULL,NULL),(100,0,62,'INV-2024-00','',0,'Maxxeshop Auto','https://maxxeshopauto.com/a/',0,1,'Bayoe','Otto','bayoe.otto@gmail.com','','[]',0,'Bayoe','Otto','','3/115A Williams Rd','','Prahran','3181','Australia',13,'Victoria',197,'{firstname} {lastname}\r\n{company}\r\n{address_1}\r\n{address_2}\r\n{city}, {zone} {postcode}\r\n{country}','\"\"','{\"code\":\"paypal_payment_gateway.paypal_payment_gateway\",\"name\":\"PayPal\"}',0,'Bayoe','Otto','','3/115A Williams Rd','','Prahran','3181','Australia',13,'Victoria',197,'{firstname} {lastname}\r\n{company}\r\n{address_1}\r\n{address_2}\r\n{city}, {zone} {postcode}\r\n{country}','\"\"','{\"code\":\"category_product_based.category_product_based_1\",\"extension\":\"category_product_based\",\"sort_order\":\"1g\",\"title\":\"Standard Post (With Tracking)\",\"name\":\"Standard Post (With Tracking)\",\"cost\":7.72727200000000014057377484277822077274322509765625,\"value\":7.72727200000000014057377484277822077274322509765625,\"tax_class_id\":\"11\",\"text\":\"$8.50\"}','Please ship it to the payment address',51.9500,3,0,0.0000,0,'',1,'',8,'AUD',1.00000000,'110.23.85.11','','Mozilla/5.0 (Windows NT 10.0; Win64; x64) AppleWebKit/537.36 (KHTML, like Gecko) Chrome/121.0.0.0 Safari/537.36','en-GB,en;q=0.7','2024-02-16 16:15:59','2024-02-19 15:17:05',NULL,NULL),(101,0,63,'INV-2024-00','',0,'Maxxeshop Auto','https://maxxeshopauto.com/a/',0,1,'Ben','Patey','benpatey1966@gmail.com','','[]',0,'Ben','Patey','','8 Tooke St','Bar Beach','Newcastle','2300','Australia',13,'New South Wales',192,'{firstname} {lastname}\r\n{company}\r\n{address_1}\r\n{address_2}\r\n{city}, {zone} {postcode}\r\n{country}','\"\"','{\"code\":\"paypal_payment_gateway.paypal_payment_gateway\",\"name\":\"PayPal\"}',0,'Ben','Patey','','8 Tooke St','Bar Beach','Newcastle','2300','Australia',13,'New South Wales',192,'{firstname} {lastname}\r\n{company}\r\n{address_1}\r\n{address_2}\r\n{city}, {zone} {postcode}\r\n{country}','\"\"','{\"code\":\"category_product_based.category_product_based_2\",\"extension\":\"category_product_based\",\"sort_order\":\"1g\",\"title\":\"Express post (With Tracking\",\"name\":\"Express post (With Tracking\",\"cost\":9.9545454499999994624204191495664417743682861328125,\"value\":9.9545454499999994624204191495664417743682861328125,\"tax_class_id\":\"11\",\"text\":\"$10.95\"}','',26.9396,3,0,0.0000,0,'',1,'',8,'AUD',1.00000000,'111.220.104.174','','Mozilla/5.0 (Macintosh; Intel Mac OS X 10_15_7) AppleWebKit/537.36 (KHTML, like Gecko) Chrome/121.0.0.0 Safari/537.36','en-GB,en-US;q=0.9,en;q=0.8','2024-02-18 10:27:47','2024-02-19 15:17:05',NULL,NULL),(102,0,64,'INV-2024-00','',0,'Maxxeshop Auto','https://maxxeshopauto.com/a/',0,1,'Jay','Coulter','coulterjay2@gmail.com','','[]',0,'Jay','Coulter','','16 Felette Street','','Leichhardt','4305','Australia',13,'Queensland',194,'{firstname} {lastname}\r\n{company}\r\n{address_1}\r\n{address_2}\r\n{city}, {zone} {postcode}\r\n{country}','\"\"','{\"code\":\"stripe.stripe\",\"name\":\"Credit \\/ Debit Card\"}',0,'Jay','Coulter','','16 Felette Street','','Leichhardt','4305','Australia',13,'Queensland',194,'{firstname} {lastname}\r\n{company}\r\n{address_1}\r\n{address_2}\r\n{city}, {zone} {postcode}\r\n{country}','\"\"','{\"code\":\"category_product_based.category_product_based_2\",\"extension\":\"category_product_based\",\"sort_order\":\"1g\",\"title\":\"Express post (With Tracking\",\"name\":\"Express post (With Tracking\",\"cost\":9.9545454499999994624204191495664417743682861328125,\"value\":9.9545454499999994624204191495664417743682861328125,\"tax_class_id\":\"11\",\"text\":\"$10.95\"}','',54.0000,3,0,0.0000,0,'',1,'',8,'AUD',1.00000000,'149.135.48.242','','Mozilla/5.0 (Windows NT 10.0; Win64; x64) AppleWebKit/537.36 (KHTML, like Gecko) Chrome/121.0.0.0 Safari/537.36','en-US,en;q=0.9','2024-02-19 09:15:34','2024-02-19 15:17:04',NULL,NULL),(103,0,65,'INV-2024-00','',0,'Maxxeshop Auto','https://maxxeshopauto.com/a/',0,1,'Lara','Costanzo','laracozzy2@icloud.com','','[]',0,'Lara','Costanzo','','9 birrilee street','','Brisbane','4152','Australia',13,'Queensland',194,'{firstname} {lastname}\r\n{company}\r\n{address_1}\r\n{address_2}\r\n{city}, {zone} {postcode}\r\n{country}','\"\"','{\"code\":\"stripe.stripe\",\"name\":\"Credit \\/ Debit Card\"}',0,'Lara','Costanzo','','9 birrilee street carina heights','','Brisbane','4152','Australia',13,'Queensland',194,'{firstname} {lastname}\r\n{company}\r\n{address_1}\r\n{address_2}\r\n{city}, {zone} {postcode}\r\n{country}','\"\"','{\"code\":\"category_product_based.category_product_based_2\",\"extension\":\"category_product_based\",\"sort_order\":\"1g\",\"title\":\"Express post (With Tracking\",\"name\":\"Express post (With Tracking\",\"cost\":9.9545454499999994624204191495664417743682861328125,\"value\":9.9545454499999994624204191495664417743682861328125,\"tax_class_id\":\"11\",\"text\":\"$10.95\"}','Driver side mirror replace',53.3000,3,0,0.0000,0,'',1,'',8,'AUD',1.00000000,'1.132.18.212','','Mozilla/5.0 (iPhone; CPU iPhone OS 17_1_1 like Mac OS X) AppleWebKit/605.1.15 (KHTML, like Gecko) Version/17.1.1 Mobile/15E148 Safari/604.1','en-AU,en;q=0.9','2024-02-19 11:15:41','2024-02-19 15:14:53',NULL,NULL),(104,0,66,'INV-2024-00','',0,'Maxxeshop Auto','https://maxxeshopauto.com/a/',0,1,'Scott','Hulme','hulme@iinet.net.au','','[]',0,'Scott','Hulme','','22 Nankeen Elbow','','BEELIAR','6164','Australia',13,'Western Australia',198,'{firstname} {lastname}\r\n{company}\r\n{address_1}\r\n{address_2}\r\n{city}, {zone} {postcode}\r\n{country}','\"\"','{\"code\":\"stripe.stripe\",\"name\":\"Credit \\/ Debit Card\"}',0,'Scott','Hulme','C/o Parmelia Hilton','14 Mill St','','Perth','6000','Australia',13,'Western Australia',198,'{firstname} {lastname}\r\n{company}\r\n{address_1}\r\n{address_2}\r\n{city}, {zone} {postcode}\r\n{country}','\"\"','{\"code\":\"category_product_based.category_product_based_2\",\"extension\":\"category_product_based\",\"sort_order\":\"1g\",\"title\":\"Express post (With Tracking\",\"name\":\"Express post (With Tracking\",\"cost\":9.9545454499999994624204191495664417743682861328125,\"value\":9.9545454499999994624204191495664417743682861328125,\"tax_class_id\":\"11\",\"text\":\"$10.95\"}','',64.9500,3,0,0.0000,0,'',1,'',8,'AUD',1.00000000,'104.28.108.2','','Mozilla/5.0 (iPhone; CPU iPhone OS 17_3_1 like Mac OS X) AppleWebKit/605.1.15 (KHTML, like Gecko) Version/17.3.1 Mobile/15E148 Safari/604.1','en-AU,en;q=0.9','2024-02-19 14:40:29','2024-02-23 07:01:23',NULL,NULL),(105,0,67,'INV-2024-00','',0,'Maxxeshop Auto','https://maxxeshopauto.com/a/',0,1,'Simon','Wilding','Simonrwilding@yahoo.co.uk','','[]',0,'Simon','Wilding','','8 seacrest avenue','','Seaford','3198','Australia',13,'Victoria',197,'{firstname} {lastname}\r\n{company}\r\n{address_1}\r\n{address_2}\r\n{city}, {zone} {postcode}\r\n{country}','\"\"','{\"code\":\"paypal_payment_gateway.paypal_payment_gateway\",\"name\":\"PayPal\"}',0,'Simon','Wilding','','8 seacrest avenue','','Seaford','3198','Australia',13,'Victoria',197,'{firstname} {lastname}\r\n{company}\r\n{address_1}\r\n{address_2}\r\n{city}, {zone} {postcode}\r\n{country}','\"\"','{\"code\":\"category_product_based.category_product_based_0\",\"extension\":\"category_product_based\",\"sort_order\":\"1g\",\"title\":\"Standard Post (NO TRACKING)\",\"name\":\"Standard Post (NO TRACKING)\",\"cost\":3.18181799999999981309883878566324710845947265625,\"value\":3.18181799999999981309883878566324710845947265625,\"tax_class_id\":\"11\",\"text\":\"$3.50\"}','',67.8350,3,0,0.0000,0,'',1,'',8,'AUD',1.00000000,'120.19.182.89','','Mozilla/5.0 (Linux; Android 10; K) AppleWebKit/537.36 (KHTML, like Gecko) Chrome/121.0.0.0 Mobile Safari/537.36','en-AU,en-GB;q=0.9,en-US;q=0.8,en;q=0.7','2024-02-20 18:09:26','2024-02-23 07:01:52',NULL,NULL),(106,0,68,'INV-2024-00','',0,'Maxxeshop Auto','https://maxxeshopauto.com/a/',0,1,'Brendon','CUllen','bc68@bigpond.com','','[]',0,'Brendon','CUllen','','24-26 Buckingham Way','','Elanora','4221','Australia',13,'Queensland',194,'{firstname} {lastname}\r\n{company}\r\n{address_1}\r\n{address_2}\r\n{city}, {zone} {postcode}\r\n{country}','\"\"','{\"code\":\"paypal_payment_gateway.paypal_payment_gateway\",\"name\":\"PayPal\"}',0,'Brendon','CUllen','','24-26 Buckingham Way','','Elanora','4221','Australia',13,'Queensland',194,'{firstname} {lastname}\r\n{company}\r\n{address_1}\r\n{address_2}\r\n{city}, {zone} {postcode}\r\n{country}','\"\"','{\"code\":\"category_product_based.category_product_based_0\",\"extension\":\"category_product_based\",\"sort_order\":\"1g\",\"title\":\"Standard Post (NO TRACKING)\",\"name\":\"Standard Post (NO TRACKING)\",\"cost\":3.18181799999999981309883878566324710845947265625,\"value\":3.18181799999999981309883878566324710845947265625,\"tax_class_id\":\"11\",\"text\":\"$3.50\"}','',56.0800,3,0,0.0000,0,'',1,'',8,'AUD',1.00000000,'124.176.23.117','','Mozilla/5.0 (Windows NT 10.0; Win64; x64) AppleWebKit/537.36 (KHTML, like Gecko) Chrome/121.0.0.0 Safari/537.36 Edg/121.0.0.0','en-US,en;q=0.9','2024-02-20 19:54:23','2024-02-23 07:02:17',NULL,NULL),(107,0,69,'INV-2024-00','',0,'Maxxeshop Auto','https://maxxeshopauto.com/a/admin2/',58,1,'Peyvand','Ahmadpour','peyvand_ahmadpour@hotmail.com','','[]',45,'Peyvand','Ahmadpour','','91A St James Rd','','Rosanna','3084','Australia',13,'Victoria',197,'{firstname} {lastname}\n{company}\n{address_1}\n{address_2}\n{city}, {zone} {postcode}\n{country}','\"\"','{\"code\":\"paypal_payment_gateway.paypal_payment_gateway\",\"name\":\"PayPal\"}',0,'Peyvand','Ahmadpour','','91A St James Rd','','Rosanna','3084','Australia',13,'Victoria',197,'{firstname} {lastname}\n{company}\n{address_1}\n{address_2}\n{city}, {zone} {postcode}\n{country}','\"\"','{\"code\":\"category_product_based.category_product_based_2\",\"extension\":\"category_product_based\",\"sort_order\":\"1g\",\"title\":\"Express post (With Tracking\",\"name\":\"Express post (With Tracking\",\"cost\":9.9545454499999994624204191495664417743682861328125,\"value\":9.9545454499999994624204191495664417743682861328125,\"tax_class_id\":\"11\",\"text\":\"$10.95\"}','My car is GLE 2022 and I need the passenger side Mirror glass with Blind Spot',95.0040,22,0,0.0000,0,'',1,'',8,'AUD',1.00000000,'3.106.16.167','','Mozilla/5.0 (Windows NT 10.0; Win64; x64) AppleWebKit/537.36 (KHTML, like Gecko) Chrome/121.0.0.0 Safari/537.36','en-US,en;q=0.9,fa-IR;q=0.8,fa;q=0.7,en-AU;q=0.6','2024-02-21 12:18:36','2024-02-21 16:26:26',NULL,NULL),(108,0,70,'INV-2024-00','',0,'Maxxeshop Auto','https://maxxeshopauto.com/a/',0,1,'Wendy','Ide','Wendy.elspeth@gmail.com','','[]',0,'Wendy','Ide','','1/123 Barrenjoey Rd','','Ettalong Beach','2257','Australia',13,'New South Wales',192,'{firstname} {lastname}\r\n{company}\r\n{address_1}\r\n{address_2}\r\n{city}, {zone} {postcode}\r\n{country}','\"\"','{\"code\":\"stripe.stripe\",\"name\":\"Credit \\/ Debit Card\"}',0,'Wendy','Ide','','1/123 Barrenjoey Rd','','Ettalong Beach','2257','Australia',13,'New South Wales',192,'{firstname} {lastname}\r\n{company}\r\n{address_1}\r\n{address_2}\r\n{city}, {zone} {postcode}\r\n{country}','\"\"','{\"code\":\"category_product_based.category_product_based_1\",\"extension\":\"category_product_based\",\"sort_order\":\"1g\",\"title\":\"Standard Post (With Tracking)\",\"name\":\"Standard Post (With Tracking)\",\"cost\":7.72727200000000014057377484277822077274322509765625,\"value\":7.72727200000000014057377484277822077274322509765625,\"tax_class_id\":\"11\",\"text\":\"$8.50\"}','',40.9500,3,0,0.0000,0,'',1,'',8,'AUD',1.00000000,'149.167.34.167','','Mozilla/5.0 (iPhone; CPU iPhone OS 17_2 like Mac OS X) AppleWebKit/605.1.15 (KHTML, like Gecko) GSA/303.0.605094169 Mobile/15E148 Safari/604.1','en-AU,en;q=0.9','2024-02-21 15:31:04','2024-02-23 07:02:17',NULL,NULL),(109,0,71,'INV-2024-00','',0,'Maxxeshop Auto','https://maxxeshopauto.com/a/',59,1,'Tina','Johnson','tina.joy.johnson@gmail.com','','[]',46,'Tina','Johnson','Tina Johnson','12 Karingal Place','','Blue Haven','2262','Australia',13,'New South Wales',192,'{firstname} {lastname}\r\n{company}\r\n{address_1}\r\n{address_2}\r\n{city}, {zone} {postcode}\r\n{country}','\"\"','{\"code\":\"paypal_payment_gateway.paypal_payment_gateway\",\"name\":\"PayPal\"}',0,'Tina','Johnson','Tina Johnson','12 Karingal Place','','Blue Haven','2262','Australia',13,'New South Wales',192,'{firstname} {lastname}\r\n{company}\r\n{address_1}\r\n{address_2}\r\n{city}, {zone} {postcode}\r\n{country}','\"\"','{\"code\":\"category_product_based.category_product_based_0\",\"extension\":\"category_product_based\",\"sort_order\":\"1g\",\"title\":\"Standard Post (NO TRACKING)\",\"name\":\"Standard Post (NO TRACKING)\",\"cost\":3.18181799999999981309883878566324710845947265625,\"value\":3.18181799999999981309883878566324710845947265625,\"tax_class_id\":\"11\",\"text\":\"$3.50\"}','',32.6500,3,0,0.0000,0,'',1,'',8,'AUD',1.00000000,'123.208.18.210','','Mozilla/5.0 (iPhone; CPU iPhone OS 15_8 like Mac OS X) AppleWebKit/605.1.15 (KHTML, like Gecko) Version/15.6.6 Mobile/15E148 Safari/604.1','en-AU,en;q=0.9','2024-02-21 16:47:58','2024-02-23 07:02:17',NULL,NULL),(110,0,72,'INV-2024-00','',0,'Maxxeshop Auto','https://maxxeshopauto.com/a/',0,1,'Shane','Prosser','shane.prosser92@icloud.com','','[]',0,'Shane','Prosser','','Unit 3/29 Bell Street','Kangaroo Point','Brisbane','4169','Australia',13,'Queensland',194,'{firstname} {lastname}\r\n{company}\r\n{address_1}\r\n{address_2}\r\n{city}, {zone} {postcode}\r\n{country}','\"\"','{\"code\":\"stripe.stripe\",\"name\":\"Credit \\/ Debit Card\"}',0,'Shane','Prosser','','Unit 3 / 29 Bell Street','Kangaroo Point','Brisbane','4169','Australia',13,'Queensland',194,'{firstname} {lastname}\r\n{company}\r\n{address_1}\r\n{address_2}\r\n{city}, {zone} {postcode}\r\n{country}','\"\"','{\"code\":\"category_product_based.category_product_based_2\",\"extension\":\"category_product_based\",\"sort_order\":\"1g\",\"title\":\"Express post (With Tracking\",\"name\":\"Express post (With Tracking\",\"cost\":9.9545454499999994624204191495664417743682861328125,\"value\":9.9545454499999994624204191495664417743682861328125,\"tax_class_id\":\"11\",\"text\":\"$10.95\"}','',46.6120,3,0,0.0000,0,'',1,'',8,'AUD',1.00000000,'124.171.79.80','124.171.79.80','Mozilla/5.0 (Windows NT 10.0; Win64; x64) AppleWebKit/537.36 (KHTML, like Gecko) Chrome/121.0.0.0 Safari/537.36','en-GB,en-US;q=0.9,en;q=0.8','2024-02-22 11:36:50','2024-02-26 10:32:20',NULL,NULL),(111,0,73,'INV-2024-00','',0,'Maxxeshop Auto','https://maxxeshopauto.com/a/',58,1,'Peyvand','Ahmadpour','peyvand_ahmadpour@hotmail.com','','\"\"',45,'Peyvand','Ahmadpour','','91A St James Rd','','Rosanna','3084','Australia',13,'Victoria',197,'{firstname} {lastname}\r\n{company}\r\n{address_1}\r\n{address_2}\r\n{city}, {zone} {postcode}\r\n{country}','\"\"','{\"code\":\"paypal_payment_gateway.paypal_payment_gateway\",\"name\":\"PayPal\"}',45,'Peyvand','Ahmadpour','','91A St James Rd','','Rosanna','3084','Australia',13,'Victoria',197,'{firstname} {lastname}\r\n{company}\r\n{address_1}\r\n{address_2}\r\n{city}, {zone} {postcode}\r\n{country}','\"\"','{\"code\":\"category_product_based.category_product_based_2\",\"extension\":\"category_product_based\",\"sort_order\":\"1g\",\"title\":\"Express post (With Tracking\",\"name\":\"Express post (With Tracking\",\"cost\":9.9545454499999994624204191495664417743682861328125,\"value\":9.9545454499999994624204191495664417743682861328125,\"tax_class_id\":\"11\",\"text\":\"$10.95\"}','Please make sure it\'s the GLE passenger side mirror glass with Blind spot triangle',95.0300,3,0,0.0000,0,'',1,'',8,'AUD',1.00000000,'13.237.242.178','','Mozilla/5.0 (Windows NT 10.0; Win64; x64) AppleWebKit/537.36 (KHTML, like Gecko) Chrome/121.0.0.0 Safari/537.36','en-US,en;q=0.9,fa-IR;q=0.8,fa;q=0.7,en-AU;q=0.6','2024-02-22 15:08:46','2024-02-26 10:32:20',NULL,NULL),(112,0,74,'INV-2024-00','',0,'Maxxeshop Auto','https://maxxeshopauto.com/a/',0,1,'Ian','Williams','willie52@internode.on.net','','[]',47,'Ian','Williams','','11 McDougal Street','','Bowen 4805','4805','Australia',13,'Queensland',194,'{firstname} {lastname}\r\n{company}\r\n{address_1}\r\n{address_2}\r\n{city}, {zone} {postcode}\r\n{country}','\"\"','{\"code\":\"paypal_payment_gateway.paypal_payment_gateway\",\"name\":\"PayPal\"}',0,'Ian','Williams','','11 McDougal Street','','Bowen 4805','4805','Australia',13,'Queensland',194,'{firstname} {lastname}\r\n{company}\r\n{address_1}\r\n{address_2}\r\n{city}, {zone} {postcode}\r\n{country}','\"\"','{\"code\":\"category_product_based.category_product_based_1\",\"extension\":\"category_product_based\",\"sort_order\":\"1g\",\"title\":\"Standard Post (With Tracking)\",\"name\":\"Standard Post (With Tracking)\",\"cost\":7.72727200000000014057377484277822077274322509765625,\"value\":7.72727200000000014057377484277822077274322509765625,\"tax_class_id\":\"11\",\"text\":\"$8.50\"}','',54.8100,3,0,0.0000,0,'',1,'',8,'AUD',1.00000000,'27.32.22.24','','Mozilla/5.0 (Macintosh; Intel Mac OS X 10_15_7) AppleWebKit/537.36 (KHTML, like Gecko) Chrome/121.0.0.0 Safari/537.36','en,uk;q=0.9,en-US;q=0.8,ru;q=0.7','2024-02-23 13:11:56','2024-02-26 10:32:19',NULL,NULL),(113,0,75,'INV-2024-00','',0,'Maxxeshop Auto','https://maxxeshopauto.com/a/admin2/',61,1,'henry','Chavez','chmhen@hotmail.com','','[]',48,'henry','Chavez','','Unit 411 / 66 Manning St','South Brisbane','Brisbane','4101','Australia',13,'Queensland',194,'{firstname} {lastname}\r\n{company}\r\n{address_1}\r\n{address_2}\r\n{city}, {zone} {postcode}\r\n{country}','[]','{\"code\":\"stripe.stripe\",\"name\":\"Credit \\/ Debit Card\"}',0,'henry','Chavez','','Unit 411 / 66 Manning St','South Brisbane','Brisbane','4101','Australia',13,'Queensland',194,'{firstname} {lastname}\r\n{company}\r\n{address_1}\r\n{address_2}\r\n{city}, {zone} {postcode}\r\n{country}','[]','{\"code\":\"category_product_based.category_product_based_0\",\"extension\":\"category_product_based\",\"sort_order\":\"1g\",\"title\":\"Standard Post (NO TRACKING)\",\"name\":\"Standard Post (NO TRACKING)\",\"cost\":3.18181799999999981309883878566324710845947265625,\"value\":3.18181799999999981309883878566324710845947265625,\"tax_class_id\":\"11\",\"text\":\"$3.50\"}','',46.9500,3,0,0.0000,0,'',1,'',8,'AUD',1.00000000,'103.100.225.104','','Mozilla/5.0 (Windows NT 10.0; Win64; x64) AppleWebKit/537.36 (KHTML, like Gecko) Chrome/122.0.0.0 Safari/537.36','en-US,en;q=0.7','2024-02-24 10:42:25','2024-02-28 16:13:21',NULL,NULL),(114,0,76,'INV-2024-00','',0,'Maxxeshop Auto','https://maxxeshopauto.com/a/',62,1,'Prateek','Anand','wana_s2000@yahoo.com','','[]',50,'Prateek','Anand','','17 Lucinda court','','Huntingdale','6112','Australia',13,'Western Australia',198,'{firstname} {lastname}\r\n{company}\r\n{address_1}\r\n{address_2}\r\n{city}, {zone} {postcode}\r\n{country}','\"\"','{\"code\":\"paypal_payment_gateway.paypal_payment_gateway\",\"name\":\"PayPal\"}',0,'Prateek','Anand','','17 Lucinda court','','Huntingdale','6112','Australia',13,'Western Australia',198,'{firstname} {lastname}\r\n{company}\r\n{address_1}\r\n{address_2}\r\n{city}, {zone} {postcode}\r\n{country}','\"\"','{\"code\":\"category_product_based.category_product_based_2\",\"extension\":\"category_product_based\",\"sort_order\":\"1g\",\"title\":\"Express post (With Tracking\",\"name\":\"Express post (With Tracking\",\"cost\":9.9545454499999994624204191495664417743682861328125,\"value\":9.9545454499999994624204191495664417743682861328125,\"tax_class_id\":\"11\",\"text\":\"$10.95\"}','',64.9500,3,0,0.0000,0,'',1,'',8,'AUD',1.00000000,'220.240.31.73','','Mozilla/5.0 (iPhone; CPU iPhone OS 17_3_1 like Mac OS X) AppleWebKit/605.1.15 (KHTML, like Gecko) Version/17.3.1 Mobile/15E148 Safari/604.1','en-AU,en;q=0.9','2024-02-24 15:09:29','2024-02-28 16:12:59',NULL,NULL),(115,0,77,'INV-2024-00','',0,'Maxxeshop Auto','https://maxxeshopauto.com/a/',0,1,'Sean','Quinn','sean.quinn50@gmail.com','','[]',0,'Sean','Quinn','','4/15a Nancy Street','North Bondi','Sydney','2026','Australia',13,'New South Wales',192,'{firstname} {lastname}\r\n{company}\r\n{address_1}\r\n{address_2}\r\n{city}, {zone} {postcode}\r\n{country}','\"\"','{\"code\":\"stripe.stripe\",\"name\":\"Credit \\/ Debit Card\"}',0,'Sean','Quinn','','4/15a Nancy Street','North Bondi','Sydney','2026','Australia',13,'New South Wales',192,'{firstname} {lastname}\r\n{company}\r\n{address_1}\r\n{address_2}\r\n{city}, {zone} {postcode}\r\n{country}','\"\"','{\"code\":\"category_product_based.category_product_based_1\",\"extension\":\"category_product_based\",\"sort_order\":\"1g\",\"title\":\"Standard Post (With Tracking)\",\"name\":\"Standard Post (With Tracking)\",\"cost\":7.72727200000000014057377484277822077274322509765625,\"value\":7.72727200000000014057377484277822077274322509765625,\"tax_class_id\":\"11\",\"text\":\"$8.50\"}','',62.5000,3,0,0.0000,0,'',1,'',8,'AUD',1.00000000,'49.186.37.81','','Mozilla/5.0 (iPhone; CPU iPhone OS 17_1_1 like Mac OS X) AppleWebKit/605.1.15 (KHTML, like Gecko) Version/17.1.1 Mobile/15E148 Safari/604.1','en-GB,en;q=0.9','2024-02-25 11:40:57','2024-02-28 16:12:59',NULL,NULL),(116,0,78,'INV-2024-00','',0,'Maxxeshop Auto','https://maxxeshopauto.com/a/',0,1,'Melisa','Holloway','Melisa_holloway@yahoo.com.au','','[]',0,'Melisa','Holloway','','50/1 bass court','','North lakes','4509','Australia',13,'Queensland',194,'{firstname} {lastname}\r\n{company}\r\n{address_1}\r\n{address_2}\r\n{city}, {zone} {postcode}\r\n{country}','\"\"','{\"code\":\"stripe.stripe\",\"name\":\"Credit \\/ Debit Card\"}',0,'Melisa','Holloway','','50/1 bass court','','North lakes','4509','Australia',13,'Queensland',194,'{firstname} {lastname}\r\n{company}\r\n{address_1}\r\n{address_2}\r\n{city}, {zone} {postcode}\r\n{country}','\"\"','{\"code\":\"category_product_based.category_product_based_0\",\"extension\":\"category_product_based\",\"sort_order\":\"1g\",\"title\":\"Standard Post (NO TRACKING)\",\"name\":\"Standard Post (NO TRACKING)\",\"cost\":3.18181799999999981309883878566324710845947265625,\"value\":3.18181799999999981309883878566324710845947265625,\"tax_class_id\":\"11\",\"text\":\"$3.50\"}','',51.3500,3,0,0.0000,0,'',1,'',8,'AUD',1.00000000,'110.32.191.111','','Mozilla/5.0 (Linux; Android 10; K) AppleWebKit/537.36 (KHTML, like Gecko) SamsungBrowser/24.0 Chrome/117.0.0.0 Mobile Safari/537.36','en-AU,en-GB;q=0.9,en-US;q=0.8,en;q=0.7','2024-02-26 08:23:10','2024-02-28 16:12:59',NULL,NULL),(117,0,79,'INV-2024-00','',0,'Maxxeshop Auto','https://maxxeshopauto.com/a/',64,2,'Chris','Barnes','barnes5@westnet.com.au','0402304386','\"[]\"',51,'Chris','Barnes','','24 Gullies Road','','Bundanoon','2578','Australia',13,'New South Wales',192,'{firstname} {lastname}\r\n{company}\r\n{address_1}\r\n{address_2}\r\n{city}, {zone} {postcode}\r\n{country}','[]','{\"code\":\"paypal_payment_gateway.paypal_payment_gateway\",\"name\":\"PayPal\"}',51,'Chris','Barnes','','24 Gullies Road','','Bundanoon','2578','Australia',13,'New South Wales',192,'{firstname} {lastname}\r\n{company}\r\n{address_1}\r\n{address_2}\r\n{city}, {zone} {postcode}\r\n{country}','[]','{\"code\":\"category_product_based.category_product_based_1\",\"extension\":\"category_product_based\",\"sort_order\":\"1g\",\"title\":\"Standard Post (With Tracking)\",\"name\":\"Standard Post (With Tracking)\",\"cost\":7.72727200000000014057377484277822077274322509765625,\"value\":7.72727200000000014057377484277822077274322509765625,\"tax_class_id\":\"11\",\"text\":\"$8.50\"}','',44.5800,3,0,0.0000,0,'',1,'',8,'AUD',1.00000000,'14.201.8.4','','Mozilla/5.0 (Macintosh; Intel Mac OS X 10_15_7) AppleWebKit/537.36 (KHTML, like Gecko) Chrome/116.0.0.0 Safari/537.36','en-GB,en-US;q=0.9,en;q=0.8','2024-02-26 09:49:21','2024-02-28 16:12:59',NULL,NULL),(118,0,80,'INV-2024-00','',0,'Maxxeshop Auto','https://maxxeshopauto.com/a/',65,1,'Luke','Reiser','lr0270@gmail.com','','[]',52,'Luke','Reiser','','PO Box 183','','Romsey','3434','Australia',13,'Victoria',197,'{firstname} {lastname}\r\n{company}\r\n{address_1}\r\n{address_2}\r\n{city}, {zone} {postcode}\r\n{country}','\"\"','{\"code\":\"stripe.stripe\",\"name\":\"Credit \\/ Debit Card\"}',0,'Luke','Reiser','','PO Box 183','','Romsey','3434','Australia',13,'Victoria',197,'{firstname} {lastname}\r\n{company}\r\n{address_1}\r\n{address_2}\r\n{city}, {zone} {postcode}\r\n{country}','\"\"','{\"code\":\"category_product_based.category_product_based_2\",\"extension\":\"category_product_based\",\"sort_order\":\"1g\",\"title\":\"Express post (With Tracking\",\"name\":\"Express post (With Tracking\",\"cost\":9.9545454499999994624204191495664417743682861328125,\"value\":9.9545454499999994624204191495664417743682861328125,\"tax_class_id\":\"11\",\"text\":\"$10.95\"}','Could you please put words on the mirror glass.\r\n(Objects in mirror are closer than they appear)',79.9500,3,0,0.0000,0,'',1,'',8,'AUD',1.00000000,'180.150.37.87','','Mozilla/5.0 (Windows NT 10.0; Win64; x64) AppleWebKit/537.36 (KHTML, like Gecko) Chrome/121.0.0.0 Safari/537.36 AVG/121.0.0.0','en-US,en;q=0.9','2024-02-26 15:01:16','2024-02-28 16:12:59',NULL,NULL),(119,0,81,'INV-2024-00','',0,'Maxxeshop Auto','https://maxxeshopauto.com/a/',66,1,'Mitchell','Ainsworth','mitchellainsworth@icloud.com','','[]',53,'Mitchell','Ainsworth','','63 Cranleigh Street','','Dayton','6055','Australia',13,'Western Australia',198,'{firstname} {lastname}\r\n{company}\r\n{address_1}\r\n{address_2}\r\n{city}, {zone} {postcode}\r\n{country}','\"\"','{\"code\":\"paypal_payment_gateway.paypal_payment_gateway\",\"name\":\"PayPal\"}',0,'Mitchell','Ainsworth','','63 Cranleigh Street','','Dayton','6055','Australia',13,'Western Australia',198,'{firstname} {lastname}\r\n{company}\r\n{address_1}\r\n{address_2}\r\n{city}, {zone} {postcode}\r\n{country}','\"\"','{\"code\":\"category_product_based.category_product_based_2\",\"extension\":\"category_product_based\",\"sort_order\":\"1g\",\"title\":\"Express post (With Tracking\",\"name\":\"Express post (With Tracking\",\"cost\":19.909090899999998924840838299132883548736572265625,\"value\":19.909090899999998924840838299132883548736572265625,\"tax_class_id\":\"11\",\"text\":\"$21.90\"}','',80.2000,3,0,0.0000,0,'',1,'',8,'AUD',1.00000000,'1.146.151.139','','Mozilla/5.0 (iPhone; CPU iPhone OS 17_3_1 like Mac OS X) AppleWebKit/605.1.15 (KHTML, like Gecko) Version/17.3.1 Mobile/15E148 Safari/604.1','en-AU,en;q=0.9','2024-02-27 11:32:22','2024-02-28 16:12:59',NULL,NULL),(120,0,82,'INV-2024-00','',0,'Maxxeshop Auto','https://maxxeshopauto.com/a/',0,1,'Paul','Wilson','paul@pbmsafety.services','','[]',0,'Paul','Wilson','PBM Safety Services','1 Rutherford Road','','Muswellbrook','NSW','Australia',13,'New South Wales',192,'{firstname} {lastname}\r\n{company}\r\n{address_1}\r\n{address_2}\r\n{city}, {zone} {postcode}\r\n{country}','\"\"','{\"code\":\"paypal_payment_gateway.paypal_payment_gateway\",\"name\":\"PayPal\"}',0,'Paul','Wilson','PBM Safety Services','1 Rutherford Road','','Muswellbrook','2333','Australia',13,'New South Wales',192,'{firstname} {lastname}\r\n{company}\r\n{address_1}\r\n{address_2}\r\n{city}, {zone} {postcode}\r\n{country}','\"\"','{\"code\":\"category_product_based.category_product_based_1\",\"extension\":\"category_product_based\",\"sort_order\":\"1g\",\"title\":\"Standard Post (With Tracking)\",\"name\":\"Standard Post (With Tracking)\",\"cost\":7.72727200000000014057377484277822077274322509765625,\"value\":7.72727200000000014057377484277822077274322509765625,\"tax_class_id\":\"11\",\"text\":\"$8.50\"}','Please leave in letterbox or front porch',63.6500,3,0,0.0000,0,'',1,'',8,'AUD',1.00000000,'185.54.228.104','','Mozilla/5.0 (Windows NT 10.0; Win64; x64) AppleWebKit/537.36 (KHTML, like Gecko) Chrome/121.0.0.0 Safari/537.36 Herring/90.1.1787.9','en-US,en;q=0.9, en-NO;q=0.1','2024-02-27 12:16:18','2024-02-28 16:12:58',NULL,NULL),(121,0,83,'INV-2024-00','',0,'Maxxeshop Auto','https://maxxeshopauto.com/a/',68,1,'Michael','Gibbes','gibbesfamily@gmail.com','','[]',54,'Michael','Gibbes','','28 Eastview Road','Church Point','Sydney','2105','Australia',13,'New South Wales',192,'{firstname} {lastname}\r\n{company}\r\n{address_1}\r\n{address_2}\r\n{city}, {zone} {postcode}\r\n{country}','\"\"','{\"code\":\"stripe.stripe\",\"name\":\"Credit \\/ Debit Card\"}',0,'Michael','Gibbes','','28 Eastview Road','Church Point','Sydney','2105','Australia',13,'New South Wales',192,'{firstname} {lastname}\r\n{company}\r\n{address_1}\r\n{address_2}\r\n{city}, {zone} {postcode}\r\n{country}','\"\"','{\"code\":\"category_product_based.category_product_based_0\",\"extension\":\"category_product_based\",\"sort_order\":\"1g\",\"title\":\"Standard Post (NO TRACKING)\",\"name\":\"Standard Post (NO TRACKING)\",\"cost\":3.18181799999999981309883878566324710845947265625,\"value\":3.18181799999999981309883878566324710845947265625,\"tax_class_id\":\"11\",\"text\":\"$3.50\"}','',54.3750,3,0,0.0000,0,'',1,'',8,'AUD',1.00000000,'172.225.60.21','','Mozilla/5.0 (iPhone; CPU iPhone OS 17_3_1 like Mac OS X) AppleWebKit/605.1.15 (KHTML, like Gecko) Version/17.3.1 Mobile/15E148 Safari/604.1','en-AU,en;q=0.9','2024-02-27 13:13:46','2024-02-28 16:12:58',NULL,NULL),(122,0,84,'INV-2024-00','',0,'Maxxeshop Auto','https://maxxeshopauto.com/a/',69,1,'Jennifer','Margetts','jenmarg3105@gmail.com','','[]',55,'Jennifer','Margetts','','222b Cassidys Road','','Bonville','2450','Australia',13,'New South Wales',192,'{firstname} {lastname}\r\n{company}\r\n{address_1}\r\n{address_2}\r\n{city}, {zone} {postcode}\r\n{country}','\"\"','{\"code\":\"paypal_payment_gateway.paypal_payment_gateway\",\"name\":\"PayPal\"}',0,'Jennifer','Margetts','','222b Cassidys Road','','Bonville','2450','Australia',13,'New South Wales',192,'{firstname} {lastname}\r\n{company}\r\n{address_1}\r\n{address_2}\r\n{city}, {zone} {postcode}\r\n{country}','\"\"','{\"code\":\"category_product_based.category_product_based_2\",\"extension\":\"category_product_based\",\"sort_order\":\"1g\",\"title\":\"Express post (With Tracking\",\"name\":\"Express post (With Tracking\",\"cost\":9.9545454499999994624204191495664417743682861328125,\"value\":9.9545454499999994624204191495664417743682861328125,\"tax_class_id\":\"11\",\"text\":\"$10.95\"}','',48.1300,3,0,0.0000,0,'',1,'',8,'AUD',1.00000000,'116.250.212.124','','Mozilla/5.0 (Macintosh; Intel Mac OS X 10_11_6) AppleWebKit/537.36 (KHTML, like Gecko) Chrome/103.0.0.0 Safari/537.36','en-US,en;q=0.9','2024-02-27 16:00:45','2024-02-28 16:12:58',NULL,NULL),(123,0,85,'INV-2024-00','',0,'Maxxeshop Auto','https://maxxeshopauto.com/a/',0,1,'Mark','Thompson','mark_fayeben@hotmail.com','','[]',0,'Mark','Thompson','','33 Alfred Road, Mount Claremont','','Perth','6010','Australia',13,'Western Australia',198,'{firstname} {lastname}\r\n{company}\r\n{address_1}\r\n{address_2}\r\n{city}, {zone} {postcode}\r\n{country}','\"\"','{\"code\":\"stripe.stripe\",\"name\":\"Credit \\/ Debit Card\"}',0,'Mark','Thompson','','33 Alfred Road, Mount Claremont','','Perth','6010','Australia',13,'Western Australia',198,'{firstname} {lastname}\r\n{company}\r\n{address_1}\r\n{address_2}\r\n{city}, {zone} {postcode}\r\n{country}','\"\"','{\"code\":\"category_product_based.category_product_based_0\",\"extension\":\"category_product_based\",\"sort_order\":\"1g\",\"title\":\"Standard Post (NO TRACKING)\",\"name\":\"Standard Post (NO TRACKING)\",\"cost\":3.18181799999999981309883878566324710845947265625,\"value\":3.18181799999999981309883878566324710845947265625,\"tax_class_id\":\"11\",\"text\":\"$3.50\"}','',44.6400,3,0,0.0000,0,'',1,'',8,'AUD',1.00000000,'58.169.51.108','58.169.51.108','Mozilla/5.0 (Windows NT 10.0; Win64; x64) AppleWebKit/537.36 (KHTML, like Gecko) Chrome/122.0.0.0 Safari/537.36','en-GB,en-US;q=0.9,en;q=0.8','2024-02-28 13:24:43','2024-03-07 16:35:44',NULL,NULL),(124,0,86,'INV-2024-00','',0,'Maxxeshop Auto','https://maxxeshopauto.com/a/',0,1,'James','Egan','james@vpservices.com.au','','[]',0,'James','Egan','Village Property Services','24 Buontempo Road','','Carrum Downs','3201','Australia',13,'Victoria',197,'{firstname} {lastname}\r\n{company}\r\n{address_1}\r\n{address_2}\r\n{city}, {zone} {postcode}\r\n{country}','\"\"','{\"code\":\"stripe.stripe\",\"name\":\"Credit \\/ Debit Card\"}',0,'james','Egan','Village Property Services','24 Buontempo Road','','Carrum Downs','3201','Australia',13,'Victoria',197,'{firstname} {lastname}\r\n{company}\r\n{address_1}\r\n{address_2}\r\n{city}, {zone} {postcode}\r\n{country}','\"\"','{\"code\":\"category_product_based.category_product_based_2\",\"extension\":\"category_product_based\",\"sort_order\":\"1g\",\"title\":\"Express post (With Tracking\",\"name\":\"Express post (With Tracking\",\"cost\":9.9545454499999994624204191495664417743682861328125,\"value\":9.9545454499999994624204191495664417743682861328125,\"tax_class_id\":\"11\",\"text\":\"$10.95\"}','',82.7000,3,0,0.0000,0,'',1,'',8,'AUD',1.00000000,'220.233.4.88','','Mozilla/5.0 (Windows NT 10.0; Win64; x64) AppleWebKit/537.36 (KHTML, like Gecko) Chrome/122.0.0.0 Safari/537.36','en-GB,en-US;q=0.9,en;q=0.8','2024-02-29 06:59:34','2024-03-07 16:35:44',NULL,NULL),(125,0,87,'INV-2024-00','',0,'Maxxeshop Auto','https://maxxeshopauto.com/a/',70,2,'Graeme','Leete','ghleete@bigpond.com','0490003064','\"[]\"',56,'Graeme','Leete','','10 Genoa Port','','Mount Waverley','3149','Australia',13,'Victoria',197,'{firstname} {lastname}\r\n{company}\r\n{address_1}\r\n{address_2}\r\n{city}, {zone} {postcode}\r\n{country}','[]','{\"code\":\"paypal_payment_gateway.paypal_payment_gateway\",\"name\":\"PayPal\"}',56,'Graeme','Leete','','10 Genoa Port','','Mount Waverley','3149','Australia',13,'Victoria',197,'{firstname} {lastname}\r\n{company}\r\n{address_1}\r\n{address_2}\r\n{city}, {zone} {postcode}\r\n{country}','[]','{\"code\":\"category_product_based.category_product_based_0\",\"extension\":\"category_product_based\",\"sort_order\":\"1g\",\"title\":\"Standard Post (NO TRACKING)\",\"name\":\"Standard Post (NO TRACKING)\",\"cost\":3.18181799999999981309883878566324710845947265625,\"value\":3.18181799999999981309883878566324710845947265625,\"tax_class_id\":\"11\",\"text\":\"$3.50\"}','',56.0800,3,0,0.0000,0,'',1,'',8,'AUD',1.00000000,'14.201.8.4','','Mozilla/5.0 (Macintosh; Intel Mac OS X 10_15_7) AppleWebKit/537.36 (KHTML, like Gecko) Chrome/116.0.0.0 Safari/537.36','en-GB,en-US;q=0.9,en;q=0.8','2024-02-29 09:48:22','2024-03-07 16:35:44',NULL,NULL),(126,0,88,'INV-2024-00','',0,'Maxxeshop Auto','https://maxxeshopauto.com/a/',71,1,'Steve','Justice','cazstevejustice@hotmail.com','','[]',57,'Steve','Justice','','PO Box 462','','Bright','3741','Australia',13,'Victoria',197,'{firstname} {lastname}\n{company}\n{address_1}\n{address_2}\n{city}, {zone} {postcode}\n{country}','\"\"','{\"code\":\"paypal_payment_gateway.paypal_payment_gateway\",\"name\":\"PayPal\"}',58,'Steve','Justice','','PO Box 462','','Bright','3741','Australia',13,'Victoria',197,'{firstname} {lastname}\n{company}\n{address_1}\n{address_2}\n{city}, {zone} {postcode}\n{country}','\"\"','{\"code\":\"category_product_based.category_product_based_0\",\"extension\":\"category_product_based\",\"sort_order\":\"1g\",\"title\":\"Standard Post (NO TRACKING)\",\"name\":\"Standard Post (NO TRACKING)\",\"cost\":3.18181799999999981309883878566324710845947265625,\"value\":3.18181799999999981309883878566324710845947265625,\"tax_class_id\":\"11\",\"text\":\"$3.50\"}','RH flat mirror glass for 2023 Ford Ranger as discussed with Gordon.',53.2200,3,0,0.0000,0,'',1,'',8,'AUD',1.00000000,'101.190.87.114','','Mozilla/5.0 (Linux; Android 10; K) AppleWebKit/537.36 (KHTML, like Gecko) Chrome/122.0.0.0 Mobile Safari/537.36','en-AU,en;q=0.9','2024-02-29 16:10:50','2024-06-17 06:36:21',NULL,NULL),(127,0,89,'INV-2024-00','',0,'Maxxeshop Auto','https://maxxeshopauto.com/a/',0,1,'Sharen','Nisbet','sharen.n@gmail.com','','[]',0,'Sharen','Nisbet','','66 Bowman St','','Drummoyne','2047','Australia',13,'New South Wales',192,'{firstname} {lastname}\r\n{company}\r\n{address_1}\r\n{address_2}\r\n{city}, {zone} {postcode}\r\n{country}','\"\"','{\"code\":\"paypal_payment_gateway.paypal_payment_gateway\",\"name\":\"PayPal\"}',0,'Sharen','Nisbet','','66 Bowman St','','Drummoyne','2047','Australia',13,'New South Wales',192,'{firstname} {lastname}\r\n{company}\r\n{address_1}\r\n{address_2}\r\n{city}, {zone} {postcode}\r\n{country}','\"\"','{\"code\":\"category_product_based.category_product_based_0\",\"extension\":\"category_product_based\",\"sort_order\":\"1g\",\"title\":\"Standard Post (NO TRACKING)\",\"name\":\"Standard Post (NO TRACKING)\",\"cost\":3.18181799999999981309883878566324710845947265625,\"value\":3.18181799999999981309883878566324710845947265625,\"tax_class_id\":\"11\",\"text\":\"$3.50\"}','',57.5000,3,0,0.0000,0,'',1,'',8,'AUD',1.00000000,'121.218.11.17','','Mozilla/5.0 (iPhone; CPU iPhone OS 17_3_1 like Mac OS X) AppleWebKit/605.1.15 (KHTML, like Gecko) Version/17.3 Mobile/15E148 DuckDuckGo/7 Safari/605.1.15','en-AU,en;q=0.9','2024-03-01 06:25:06','2024-03-07 16:35:06',NULL,NULL),(128,0,90,'INV-2024-00','',0,'Maxxeshop Auto','https://maxxeshopauto.com/a/',53,1,'Bradley','Dennis','tiago-d@live.com','','\"\"',40,'Bradley','Dennis','','3a Wright Cres','','Bayswater','6053','Australia',13,'Western Australia',198,'{firstname} {lastname}\r\n{company}\r\n{address_1}\r\n{address_2}\r\n{city}, {zone} {postcode}\r\n{country}','\"\"','{\"code\":\"stripe.stripe\",\"name\":\"Credit \\/ Debit Card\"}',40,'Bradley','Dennis','','3a Wright Cres','','Bayswater','6053','Australia',13,'Western Australia',198,'{firstname} {lastname}\r\n{company}\r\n{address_1}\r\n{address_2}\r\n{city}, {zone} {postcode}\r\n{country}','\"\"','{\"code\":\"category_product_based.category_product_based_2\",\"extension\":\"category_product_based\",\"sort_order\":\"1g\",\"title\":\"Express post (With Tracking\",\"name\":\"Express post (With Tracking\",\"cost\":9.9545454499999994624204191495664417743682861328125,\"value\":9.9545454499999994624204191495664417743682861328125,\"tax_class_id\":\"11\",\"text\":\"$10.95\"}','',78.5850,3,0,0.0000,0,'',1,'',8,'AUD',1.00000000,'220.235.35.53','','Mozilla/5.0 (Linux; Android 10; K) AppleWebKit/537.36 (KHTML, like Gecko) Chrome/122.0.0.0 Mobile Safari/537.36','en-AU,en-GB;q=0.9,en-US;q=0.8,en;q=0.7','2024-03-04 10:57:40','2024-03-07 16:35:06',NULL,NULL),(129,0,91,'INV-2024-00','',0,'Maxxeshop Auto','https://maxxeshopauto.com/a/',0,1,'Stuart','McKenzie','stumck61@gmail.com','','[]',0,'Stuart','McKenzie','','5 Nardino Drive','','Yinnar','3869','Australia',13,'Victoria',197,'{firstname} {lastname}\r\n{company}\r\n{address_1}\r\n{address_2}\r\n{city}, {zone} {postcode}\r\n{country}','\"\"','{\"code\":\"paypal_payment_gateway.paypal_payment_gateway\",\"name\":\"PayPal\"}',0,'Stuart','McKenzie','','5 Nardino Drive','','Yinnar','3869','Australia',13,'Victoria',197,'{firstname} {lastname}\r\n{company}\r\n{address_1}\r\n{address_2}\r\n{city}, {zone} {postcode}\r\n{country}','\"\"','{\"code\":\"category_product_based.category_product_based_0\",\"extension\":\"category_product_based\",\"sort_order\":\"1g\",\"title\":\"Standard Post (NO TRACKING)\",\"name\":\"Standard Post (NO TRACKING)\",\"cost\":3.18181799999999981309883878566324710845947265625,\"value\":3.18181799999999981309883878566324710845947265625,\"tax_class_id\":\"11\",\"text\":\"$3.50\"}','',35.0700,3,0,0.0000,0,'',1,'',8,'AUD',1.00000000,'116.251.2.216','','Mozilla/5.0 (Linux; Android 13; SAMSUNG SM-A326B) AppleWebKit/537.36 (KHTML, like Gecko) SamsungBrowser/23.0 Chrome/115.0.0.0 Mobile Safari/537.36','en-AU,en-GB;q=0.9,en-US;q=0.8,en;q=0.7','2024-03-05 14:49:40','2024-03-07 16:35:06',NULL,NULL),(130,0,92,'INV-2024-00','',0,'Maxxeshop Auto','https://maxxeshopauto.com/a/',73,1,'Graham','Baynes','grahambaynes@gmail.com','','[]',59,'Graham','Baynes','','43 Boonderabbi Drive','','Clifton Springs','3222','Australia',13,'Victoria',197,'{firstname} {lastname}\r\n{company}\r\n{address_1}\r\n{address_2}\r\n{city}, {zone} {postcode}\r\n{country}','\"\"','{\"code\":\"paypal_payment_gateway.paypal_payment_gateway\",\"name\":\"PayPal\"}',0,'Graham','Baynes','','43 Boonderabbi Drive','','Clifton Springs','3222','Australia',13,'Victoria',197,'{firstname} {lastname}\r\n{company}\r\n{address_1}\r\n{address_2}\r\n{city}, {zone} {postcode}\r\n{country}','\"\"','{\"code\":\"category_product_based.category_product_based_2\",\"extension\":\"category_product_based\",\"sort_order\":\"1g\",\"title\":\"Express post (With Tracking\",\"name\":\"Express post (With Tracking\",\"cost\":9.9545454499999994624204191495664417743682861328125,\"value\":9.9545454499999994624204191495664417743682861328125,\"tax_class_id\":\"11\",\"text\":\"$10.95\"}','',45.2700,3,0,0.0000,0,'',1,'',8,'AUD',1.00000000,'49.190.99.216','','Mozilla/5.0 (iPhone; CPU iPhone OS 17_4 like Mac OS X) AppleWebKit/605.1.15 (KHTML, like Gecko) Version/17.4 Mobile/15E148 Safari/604.1','en-AU,en;q=0.9','2024-03-06 10:38:12','2024-03-07 16:35:06',NULL,NULL),(131,0,93,'INV-2024-00','',0,'Maxxeshop Auto','https://maxxeshopauto.com/a/',0,1,'Timothy','Walker','timothy.walker@health.qld.gov.au','','[]',0,'Timothy','Walker','','3 Iluka Street, Palm Beach','','PALM BEACH','4221','Australia',13,'Queensland',194,'{firstname} {lastname}\r\n{company}\r\n{address_1}\r\n{address_2}\r\n{city}, {zone} {postcode}\r\n{country}','\"\"','{\"code\":\"stripe.stripe\",\"name\":\"Credit \\/ Debit Card\"}',0,'Timothy','Walker','','3 Iluka Street, Palm Beach','','PALM BEACH','4221','Australia',13,'Queensland',194,'{firstname} {lastname}\r\n{company}\r\n{address_1}\r\n{address_2}\r\n{city}, {zone} {postcode}\r\n{country}','\"\"','{\"code\":\"category_product_based.category_product_based_0\",\"extension\":\"category_product_based\",\"sort_order\":\"1g\",\"title\":\"Standard Post (NO TRACKING)\",\"name\":\"Standard Post (NO TRACKING)\",\"cost\":3.18181799999999981309883878566324710845947265625,\"value\":3.18181799999999981309883878566324710845947265625,\"tax_class_id\":\"11\",\"text\":\"$3.50\"}','',47.1700,3,0,0.0000,0,'',1,'',8,'AUD',1.00000000,'165.86.81.72','','Mozilla/5.0 (Windows NT 10.0; Win64; x64) AppleWebKit/537.36 (KHTML, like Gecko) Chrome/119.0.0.0 Safari/537.36 Edg/119.0.0.0','en-GB,en;q=0.9,en-US;q=0.8','2024-03-06 12:05:54','2024-03-07 16:35:06',NULL,NULL),(132,0,94,'INV-2024-00','',0,'Maxxeshop Auto','https://maxxeshopauto.com/a/',74,1,'Zack','Chaoui','zackchaoui23@gmail.com','','[]',60,'Zack','Chaoui','','147 raglan street, Port Melbourne','','Melbourne','3207','Australia',13,'Victoria',197,'{firstname} {lastname}\r\n{company}\r\n{address_1}\r\n{address_2}\r\n{city}, {zone} {postcode}\r\n{country}','\"\"','{\"code\":\"stripe.stripe\",\"name\":\"Credit \\/ Debit Card\"}',0,'Zack','Chaoui','','147 raglan street, Port Melbourne','','Melbourne','3207','Australia',13,'Victoria',197,'{firstname} {lastname}\r\n{company}\r\n{address_1}\r\n{address_2}\r\n{city}, {zone} {postcode}\r\n{country}','\"\"','{\"code\":\"category_product_based.category_product_based_0\",\"extension\":\"category_product_based\",\"sort_order\":\"1g\",\"title\":\"Standard Post (NO TRACKING)\",\"name\":\"Standard Post (NO TRACKING)\",\"cost\":3.18181799999999981309883878566324710845947265625,\"value\":3.18181799999999981309883878566324710845947265625,\"tax_class_id\":\"11\",\"text\":\"$3.50\"}','',51.3500,3,0,0.0000,0,'',1,'',8,'AUD',1.00000000,'120.21.111.149','','Mozilla/5.0 (iPhone; CPU iPhone OS 17_1_1 like Mac OS X) AppleWebKit/605.1.15 (KHTML, like Gecko) Version/17.1.1 Mobile/15E148 Safari/604.1','en-AU,en;q=0.9','2024-03-06 14:34:36','2024-03-07 16:35:06',NULL,NULL),(133,0,95,'INV-2024-00','',0,'Maxxeshop Auto','https://maxxeshopauto.com/a/',0,1,'Michelle','Owens','michelleowens76@gmail.com','','[]',0,'Michelle','Owens','','90 Pelican parade ballajura','','Perth','6066','Australia',13,'Western Australia',198,'{firstname} {lastname}\r\n{company}\r\n{address_1}\r\n{address_2}\r\n{city}, {zone} {postcode}\r\n{country}','\"\"','{\"code\":\"paypal_payment_gateway.paypal_payment_gateway\",\"name\":\"PayPal\"}',0,'Michelle','Owens','','90 Pelican parade ballajura','','Perth','6066','Australia',13,'Western Australia',198,'{firstname} {lastname}\r\n{company}\r\n{address_1}\r\n{address_2}\r\n{city}, {zone} {postcode}\r\n{country}','\"\"','{\"code\":\"category_product_based.category_product_based_2\",\"extension\":\"category_product_based\",\"sort_order\":\"1g\",\"title\":\"Express post (With Tracking\",\"name\":\"Express post (With Tracking\",\"cost\":9.9545454499999994624204191495664417743682861328125,\"value\":9.9545454499999994624204191495664417743682861328125,\"tax_class_id\":\"11\",\"text\":\"$10.95\"}','',52.4200,3,0,0.0000,0,'',1,'',8,'AUD',1.00000000,'1.159.189.145','','Mozilla/5.0 (iPhone; CPU iPhone OS 17_3 like Mac OS X) AppleWebKit/605.1.15 (KHTML, like Gecko) GSA/305.1.610629488 Mobile/15E148 Safari/604.1','en-AU,en;q=0.9','2024-03-06 15:26:12','2024-03-07 16:35:06',NULL,NULL),(134,0,96,'INV-2024-00','',0,'Maxxeshop Auto','https://maxxeshopauto.com/a/',0,1,'Louise','Dunn','dunn.louise@outlook.com','','[]',0,'Louise','Dunn','','821/1 Dyer Street','','RICHMOND','3121','Australia',13,'Victoria',197,'{firstname} {lastname}\r\n{company}\r\n{address_1}\r\n{address_2}\r\n{city}, {zone} {postcode}\r\n{country}','\"\"','{\"code\":\"stripe.stripe\",\"name\":\"Credit \\/ Debit Card\"}',0,'Louise','Dunn','','821/1 Dyer Street','','RICHMOND','3121','Australia',13,'Victoria',197,'{firstname} {lastname}\r\n{company}\r\n{address_1}\r\n{address_2}\r\n{city}, {zone} {postcode}\r\n{country}','\"\"','{\"code\":\"category_product_based.category_product_based_2\",\"extension\":\"category_product_based\",\"sort_order\":\"1g\",\"title\":\"Express post (With Tracking\",\"name\":\"Express post (With Tracking\",\"cost\":9.9545454499999994624204191495664417743682861328125,\"value\":9.9545454499999994624204191495664417743682861328125,\"tax_class_id\":\"11\",\"text\":\"$10.95\"}','',26.9396,3,0,0.0000,0,'',1,'',8,'AUD',1.00000000,'49.185.62.160','','Mozilla/5.0 (iPhone; CPU iPhone OS 17_3 like Mac OS X) AppleWebKit/605.1.15 (KHTML, like Gecko) CriOS/121.0.6167.171 Mobile/15E148 Safari/604.1','en-AU,en;q=0.9','2024-03-07 07:47:23','2024-03-07 16:34:03',NULL,NULL),(135,0,97,'INV-2024-00','',0,'Maxxeshop Auto','https://maxxeshopauto.com/a/',0,1,'Martin','Klein','Martin_klein@live.com','','[]',0,'Martin','Klein','','9 Brinsmead Rd','','Mount Nelson','7007','Australia',13,'Tasmania',196,'{firstname} {lastname}\r\n{company}\r\n{address_1}\r\n{address_2}\r\n{city}, {zone} {postcode}\r\n{country}','\"\"','{\"code\":\"paypal_payment_gateway.paypal_payment_gateway\",\"name\":\"PayPal\"}',0,'Martin','Klein','','9 Brinsmead','Mount nelson','Mount Nelson','7007','Australia',13,'Tasmania',196,'{firstname} {lastname}\r\n{company}\r\n{address_1}\r\n{address_2}\r\n{city}, {zone} {postcode}\r\n{country}','\"\"','{\"code\":\"category_product_based.category_product_based_2\",\"extension\":\"category_product_based\",\"sort_order\":\"1g\",\"title\":\"Express post (With Tracking\",\"name\":\"Express post (With Tracking\",\"cost\":9.9545454499999994624204191495664417743682861328125,\"value\":9.9545454499999994624204191495664417743682861328125,\"tax_class_id\":\"11\",\"text\":\"$10.95\"}','',77.0301,3,0,0.0000,0,'',1,'',8,'AUD',1.00000000,'1.136.21.190','','Mozilla/5.0 (iPhone; CPU iPhone OS 17_3_1 like Mac OS X) AppleWebKit/605.1.15 (KHTML, like Gecko) Version/17.3.1 Mobile/15E148 Safari/604.1','en-US,en;q=0.9','2024-03-07 13:09:19','2024-03-13 09:03:10',NULL,NULL),(136,0,98,'INV-2024-00','',0,'Maxxeshop Auto','https://maxxeshopauto.com/a/',0,1,'Timothy','Walker','timothy.walker@health.qld.gov.au','','[]',0,'Timothy','Walker','','3 Iluka Street, Palm Beach','','PALM BEACH','4221','Australia',13,'Queensland',194,'{firstname} {lastname}\r\n{company}\r\n{address_1}\r\n{address_2}\r\n{city}, {zone} {postcode}\r\n{country}','\"\"','{\"code\":\"stripe.stripe\",\"name\":\"Credit \\/ Debit Card\"}',0,'Timothy','Walker','','3 Iluka Street, Palm Beach','','PALM BEACH','4221','Australia',13,'Queensland',194,'{firstname} {lastname}\r\n{company}\r\n{address_1}\r\n{address_2}\r\n{city}, {zone} {postcode}\r\n{country}','\"\"','{\"code\":\"category_product_based.category_product_based_0\",\"extension\":\"category_product_based\",\"sort_order\":\"1g\",\"title\":\"Standard Post (NO TRACKING)\",\"name\":\"Standard Post (NO TRACKING)\",\"cost\":3.18181799999999981309883878566324710845947265625,\"value\":3.18181799999999981309883878566324710845947265625,\"tax_class_id\":\"11\",\"text\":\"$3.50\"}','',47.1700,3,0,0.0000,0,'',1,'',8,'AUD',1.00000000,'165.86.81.72','','Mozilla/5.0 (Windows NT 10.0; Win64; x64) AppleWebKit/537.36 (KHTML, like Gecko) Chrome/119.0.0.0 Safari/537.36 Edg/119.0.0.0','en-GB,en;q=0.9,en-US;q=0.8','2024-03-07 13:36:59','2024-03-13 09:03:10',NULL,NULL),(137,0,99,'INV-2024-00','',0,'Maxxeshop Auto','https://maxxeshopauto.com/a/',0,1,'Virginia','Abblitt','virginia.abblitt@gmail.com','','[]',0,'Virginia','Abblitt','','RA 2147 Trowutta Road','','Trowutta','7330','Australia',13,'Tasmania',196,'{firstname} {lastname}\r\n{company}\r\n{address_1}\r\n{address_2}\r\n{city}, {zone} {postcode}\r\n{country}','\"\"','{\"code\":\"stripe.stripe\",\"name\":\"Credit \\/ Debit Card\"}',0,'Virginia','Abblitt','','RA 2147 Trowutta Road','','Trowutta','7330','Australia',13,'Tasmania',196,'{firstname} {lastname}\r\n{company}\r\n{address_1}\r\n{address_2}\r\n{city}, {zone} {postcode}\r\n{country}','\"\"','{\"code\":\"category_product_based.category_product_based_2\",\"extension\":\"category_product_based\",\"sort_order\":\"1g\",\"title\":\"Express post (With Tracking\",\"name\":\"Express post (With Tracking\",\"cost\":9.9545454499999994624204191495664417743682861328125,\"value\":9.9545454499999994624204191495664417743682861328125,\"tax_class_id\":\"11\",\"text\":\"$10.95\"}','',58.9650,3,0,0.0000,0,'',1,'',8,'AUD',1.00000000,'1.145.168.97','','Mozilla/5.0 (Linux; Android 10; K) AppleWebKit/537.36 (KHTML, like Gecko) Chrome/119.0.0.0 Mobile Safari/537.36','en-AU,en-GB;q=0.9,en-US;q=0.8,en;q=0.7','2024-03-08 13:30:09','2024-03-13 09:03:10',NULL,NULL),(138,0,100,'INV-2024-00','',0,'Maxxeshop Auto','https://maxxeshopauto.com/a/',0,1,'Mohammed Rehan','Shaikh','rehanshaikhr36@gmail.com','','[]',61,'Mohammed Rehan','Shaikh','','Unit 1/8 Anthony street','Newcomb','Geelong','3219','Australia',13,'Victoria',197,'{firstname} {lastname}\r\n{company}\r\n{address_1}\r\n{address_2}\r\n{city}, {zone} {postcode}\r\n{country}','\"\"','{\"code\":\"paypal_payment_gateway.paypal_payment_gateway\",\"name\":\"PayPal\"}',0,'Mohammed Rehan','Shaikh','','Unit 1/8 Anthony street','Newcomb','Geelong','3219','Australia',13,'Victoria',197,'{firstname} {lastname}\r\n{company}\r\n{address_1}\r\n{address_2}\r\n{city}, {zone} {postcode}\r\n{country}','\"\"','{\"code\":\"category_product_based.category_product_based_2\",\"extension\":\"category_product_based\",\"sort_order\":\"1g\",\"title\":\"Express post (With Tracking\",\"name\":\"Express post (With Tracking\",\"cost\":9.9545454499999994624204191495664417743682861328125,\"value\":9.9545454499999994624204191495664417743682861328125,\"tax_class_id\":\"11\",\"text\":\"$10.95\"}','',34.6000,3,0,0.0000,0,'',1,'',8,'AUD',1.00000000,'144.6.1.24','','Mozilla/5.0 (iPhone; CPU iPhone OS 17_2 like Mac OS X) AppleWebKit/605.1.15 (KHTML, like Gecko) Version/17.2 Mobile/15E148 Safari/604.1','en-AU,en;q=0.9','2024-03-08 16:20:56','2024-03-13 09:03:10',NULL,NULL),(139,0,0,'INV-2024-00','',0,'Maxxeshop Auto','https://maxxeshopauto.com/a/',76,1,'Amber','Robinson','amberrobinson2001@yahoo.com','','[]',62,'Amber','Robinson','','119 Murphys Ave','','Keiraville','2500','Australia',13,'New South Wales',192,'{firstname} {lastname}\n{company}\n{address_1}\n{address_2}\n{city}, {zone} {postcode}\n{country}','\"\"','{\"code\":\"stripe.stripe\",\"name\":\"Credit \\/ Debit Card\"}',0,'Amber','Robinson','','119 Murphys Ave','','Keiraville','2500','Australia',13,'New South Wales',192,'{firstname} {lastname}\n{company}\n{address_1}\n{address_2}\n{city}, {zone} {postcode}\n{country}','\"\"','{\"code\":\"category_product_based.category_product_based_2\",\"extension\":\"category_product_based\",\"sort_order\":\"1g\",\"title\":\"Express post (With Tracking\",\"name\":\"Express post (With Tracking\",\"cost\":9.9545454499999994624204191495664417743682861328125,\"value\":9.9545454499999994624204191495664417743682861328125,\"tax_class_id\":\"11\",\"text\":\"$10.95\"}','',65.0000,22,0,0.0000,0,'',1,'',8,'AUD',1.00000000,'115.70.39.88','','Mozilla/5.0 (iPhone; CPU iPhone OS 16_6 like Mac OS X) AppleWebKit/605.1.15 (KHTML, like Gecko) Version/16.6 Mobile/15E148 Safari/604.1','en-AU,en;q=0.9','2024-03-11 10:54:36','2024-04-09 13:21:23',NULL,NULL),(140,0,101,'INV-2024-00','',0,'Maxxeshop Auto','https://maxxeshopauto.com/a/',77,2,'Dave','Motutara','tuatu@anzo.net.au','0421818761','\"[]\"',63,'Dave','Motutara','','126 Greville Street','','Chatswood West','2067','Australia',13,'New South Wales',192,'{firstname} {lastname}\r\n{company}\r\n{address_1}\r\n{address_2}\r\n{city}, {zone} {postcode}\r\n{country}','[]','{\"code\":\"paypal_payment_gateway.paypal_payment_gateway\",\"name\":\"PayPal\"}',63,'Dave','Motutara','','126 Greville Street','','Chatswood West','2067','Australia',13,'New South Wales',192,'{firstname} {lastname}\r\n{company}\r\n{address_1}\r\n{address_2}\r\n{city}, {zone} {postcode}\r\n{country}','[]','{\"code\":\"category_product_based.category_product_based_2\",\"extension\":\"category_product_based\",\"sort_order\":\"1g\",\"title\":\"Express post (With Tracking\",\"name\":\"Express post (With Tracking\",\"cost\":9.9545454499999994624204191495664417743682861328125,\"value\":9.9545454499999994624204191495664417743682861328125,\"tax_class_id\":\"11\",\"text\":\"$10.95\"}','',45.9499,3,0,0.0000,0,'',1,'',8,'AUD',1.00000000,'14.201.8.4','','Mozilla/5.0 (Macintosh; Intel Mac OS X 10_15_7) AppleWebKit/537.36 (KHTML, like Gecko) Chrome/116.0.0.0 Safari/537.36','en-GB,en-US;q=0.9,en;q=0.8','2024-03-12 09:16:30','2024-03-13 09:03:10',NULL,NULL),(141,0,102,'INV-2024-00','',0,'Maxxeshop Auto','https://maxxeshopauto.com/a/',0,1,'Anna','Horniak','ahorniak@gmail.com','','[]',0,'Anna','Horniak','','23 Dudley Street','','Annerley','4103','Australia',13,'Queensland',194,'{firstname} {lastname}\r\n{company}\r\n{address_1}\r\n{address_2}\r\n{city}, {zone} {postcode}\r\n{country}','\"\"','{\"code\":\"stripe.stripe\",\"name\":\"Credit \\/ Debit Card\"}',0,'Anna','Horniak','AC Hargreaves','23 Dudley Street','','Annerley','4103','Australia',13,'Queensland',194,'{firstname} {lastname}\r\n{company}\r\n{address_1}\r\n{address_2}\r\n{city}, {zone} {postcode}\r\n{country}','\"\"','{\"code\":\"category_product_based.category_product_based_0\",\"extension\":\"category_product_based\",\"sort_order\":\"1g\",\"title\":\"Standard Post (NO TRACKING)\",\"name\":\"Standard Post (NO TRACKING)\",\"cost\":6.3636359999999996261976775713264942169189453125,\"value\":6.3636359999999996261976775713264942169189453125,\"tax_class_id\":\"11\",\"text\":\"$7.00\"}','',85.8700,3,0,0.0000,0,'',1,'',8,'AUD',1.00000000,'180.216.233.64','','Mozilla/5.0 (Windows NT 10.0; Win64; x64) AppleWebKit/537.36 (KHTML, like Gecko) Chrome/122.0.0.0 Safari/537.36','en-GB,en-US;q=0.9,en;q=0.8','2024-03-12 18:09:13','2024-03-15 12:27:13',NULL,NULL),(142,0,103,'INV-2024-00','',0,'Maxxeshop Auto','https://maxxeshopauto.com/a/',0,1,'Thomas','Cain','thomas.cain17@gmail.com','','[]',0,'Thomas','Cain','','4 Barcoo Close','','Clifton Grove','2800','Australia',13,'New South Wales',192,'{firstname} {lastname}\r\n{company}\r\n{address_1}\r\n{address_2}\r\n{city}, {zone} {postcode}\r\n{country}','\"\"','{\"code\":\"paypal_payment_gateway.paypal_payment_gateway\",\"name\":\"PayPal\"}',0,'Thomas','Cain','','4 Barcoo Close','','Clifton Grove','2800','Australia',13,'New South Wales',192,'{firstname} {lastname}\r\n{company}\r\n{address_1}\r\n{address_2}\r\n{city}, {zone} {postcode}\r\n{country}','\"\"','{\"code\":\"category_product_based.category_product_based_0\",\"extension\":\"category_product_based\",\"sort_order\":\"1g\",\"title\":\"Standard Post (NO TRACKING)\",\"name\":\"Standard Post (NO TRACKING)\",\"cost\":3.18181799999999981309883878566324710845947265625,\"value\":3.18181799999999981309883878566324710845947265625,\"tax_class_id\":\"11\",\"text\":\"$3.50\"}','',57.5000,3,0,0.0000,0,'',1,'',8,'AUD',1.00000000,'163.53.144.58','','Mozilla/5.0 (Macintosh; Intel Mac OS X 10_15_7) AppleWebKit/537.36 (KHTML, like Gecko) Chrome/122.0.0.0 Safari/537.36','en-GB,en-US;q=0.9,en;q=0.8','2024-03-12 18:53:21','2024-03-15 12:27:13',NULL,NULL),(143,0,104,'INV-2024-00','',0,'Maxxeshop Auto','https://maxxeshopauto.com/a/',0,1,'Ben','Day','bday@myadbox.com','','[]',0,'Ben','Day','Bottomturn','34 Ocean Boulevard','','Jan Juc','3228','Australia',13,'Victoria',197,'{firstname} {lastname}\r\n{company}\r\n{address_1}\r\n{address_2}\r\n{city}, {zone} {postcode}\r\n{country}','\"\"','{\"code\":\"stripe.stripe\",\"name\":\"Credit \\/ Debit Card\"}',0,'Ben','Day','Bottomturn','34 Ocean Boulevard','','Jan Juc','3228','Australia',13,'Victoria',197,'{firstname} {lastname}\r\n{company}\r\n{address_1}\r\n{address_2}\r\n{city}, {zone} {postcode}\r\n{country}','\"\"','{\"code\":\"category_product_based.category_product_based_0\",\"extension\":\"category_product_based\",\"sort_order\":\"1g\",\"title\":\"Standard Post (NO TRACKING)\",\"name\":\"Standard Post (NO TRACKING)\",\"cost\":6.3636359999999996261976775713264942169189453125,\"value\":6.3636359999999996261976775713264942169189453125,\"tax_class_id\":\"11\",\"text\":\"$7.00\"}','',97.6400,3,0,0.0000,0,'',1,'',8,'AUD',1.00000000,'124.170.204.112','','Mozilla/5.0 (iPhone; CPU iPhone OS 16_1_1 like Mac OS X) AppleWebKit/605.1.15 (KHTML, like Gecko) Version/16.1 Mobile/15E148 Safari/604.1','en-US,en;q=0.9','2024-03-13 11:59:29','2024-03-15 12:26:45',NULL,NULL),(144,0,105,'INV-2024-00','',0,'Maxxeshop Auto','https://maxxeshopauto.com/a/',78,1,'Ajay','Manu','ajay@ajayscarclinic.com','','[]',64,'Ajay','Manu','AJAYS CAR CLINIC','2/10 Kamholtz Court','','Molendinar','4214','Australia',13,'Queensland',194,'{firstname} {lastname}\r\n{company}\r\n{address_1}\r\n{address_2}\r\n{city}, {zone} {postcode}\r\n{country}','\"\"','{\"code\":\"stripe.stripe\",\"name\":\"Credit \\/ Debit Card\"}',0,'Ajay','Manu','AJAYS CAR CLINIC','2/10 Kamholtz Court','','Molendinar','4214','Australia',13,'Queensland',194,'{firstname} {lastname}\r\n{company}\r\n{address_1}\r\n{address_2}\r\n{city}, {zone} {postcode}\r\n{country}','\"\"','{\"code\":\"category_product_based.category_product_based_1\",\"extension\":\"category_product_based\",\"sort_order\":\"1g\",\"title\":\"Standard Post (With Tracking)\",\"name\":\"Standard Post (With Tracking)\",\"cost\":7.72727200000000014057377484277822077274322509765625,\"value\":7.72727200000000014057377484277822077274322509765625,\"tax_class_id\":\"11\",\"text\":\"$8.50\"}','',53.5000,3,0,0.0000,0,'',1,'',8,'AUD',1.00000000,'203.45.132.201','','Mozilla/5.0 (Windows NT 10.0; Win64; x64) AppleWebKit/537.36 (KHTML, like Gecko) Chrome/122.0.0.0 Safari/537.36','en-GB,en-US;q=0.9,en;q=0.8','2024-03-13 12:52:21','2024-03-15 12:26:45',NULL,NULL),(145,0,106,'INV-2024-00','',0,'Maxxeshop Auto','https://maxxeshopauto.com/a/',79,1,'Anne','Adams','anne61adams@gmail.com','','[]',65,'Anne','Adams','','21 Cambridge St','','BERKELEY','2506','Australia',13,'New South Wales',192,'{firstname} {lastname}\r\n{company}\r\n{address_1}\r\n{address_2}\r\n{city}, {zone} {postcode}\r\n{country}','\"\"','{\"code\":\"stripe.stripe\",\"name\":\"Credit \\/ Debit Card\"}',0,'Anne','Adams','','21 Cambridge St','','BERKELEY','2506','Australia',13,'New South Wales',192,'{firstname} {lastname}\r\n{company}\r\n{address_1}\r\n{address_2}\r\n{city}, {zone} {postcode}\r\n{country}','\"\"','{\"code\":\"category_product_based.category_product_based_1\",\"extension\":\"category_product_based\",\"sort_order\":\"1g\",\"title\":\"Standard Post (With Tracking)\",\"name\":\"Standard Post (With Tracking)\",\"cost\":7.72727200000000014057377484277822077274322509765625,\"value\":7.72727200000000014057377484277822077274322509765625,\"tax_class_id\":\"11\",\"text\":\"$8.50\"}','',48.6500,3,0,0.0000,0,'',1,'',8,'AUD',1.00000000,'120.147.224.214','','Mozilla/5.0 (Macintosh; Intel Mac OS X 10_15_7) AppleWebKit/537.36 (KHTML, like Gecko) Chrome/120.0.0.0 Safari/537.36','en-US,en;q=0.9','2024-03-13 21:53:51','2024-03-15 12:26:45',NULL,NULL),(146,0,107,'INV-2024-00','',0,'Maxxeshop Auto','https://maxxeshopauto.com/a/',0,1,'Chris','Dutz','dutzc1@hotmail.com','','[]',0,'Chris','Dutz','','4 golf links road','','Buderim','4556','Australia',13,'Queensland',194,'{firstname} {lastname}\r\n{company}\r\n{address_1}\r\n{address_2}\r\n{city}, {zone} {postcode}\r\n{country}','\"\"','{\"code\":\"paypal_payment_gateway.paypal_payment_gateway\",\"name\":\"PayPal\"}',0,'Chris','Dutz','','4 golf links road','','Buderim','4556','Australia',13,'Queensland',194,'{firstname} {lastname}\r\n{company}\r\n{address_1}\r\n{address_2}\r\n{city}, {zone} {postcode}\r\n{country}','\"\"','{\"code\":\"category_product_based.category_product_based_0\",\"extension\":\"category_product_based\",\"sort_order\":\"1g\",\"title\":\"Standard Post (NO TRACKING)\",\"name\":\"Standard Post (NO TRACKING)\",\"cost\":3.18181799999999981309883878566324710845947265625,\"value\":3.18181799999999981309883878566324710845947265625,\"tax_class_id\":\"11\",\"text\":\"$3.50\"}','',57.5500,3,0,0.0000,0,'',1,'',8,'AUD',1.00000000,'124.149.140.65','','Mozilla/5.0 (iPhone; CPU iPhone OS 16_6_1 like Mac OS X) AppleWebKit/605.1.15 (KHTML, like Gecko) Version/16.6 Mobile/15E148 Safari/604.1','en-AU,en;q=0.9','2024-03-14 15:13:13','2024-03-15 12:26:45',NULL,NULL),(147,0,108,'INV-2024-00','',0,'Maxxeshop Auto','https://maxxeshopauto.com/a/',80,2,'Andrew','Black','artsbydrew@bigpond.com','0403965418','\"[]\"',66,'Andrew','Black','','415 Moppett','','Hay','2711','Australia',13,'New South Wales',192,'{firstname} {lastname}\r\n{company}\r\n{address_1}\r\n{address_2}\r\n{city}, {zone} {postcode}\r\n{country}','[]','{\"code\":\"paypal_payment_gateway.paypal_payment_gateway\",\"name\":\"PayPal\"}',66,'Andrew','Black','','415 Moppett','','Hay','2711','Australia',13,'New South Wales',192,'{firstname} {lastname}\r\n{company}\r\n{address_1}\r\n{address_2}\r\n{city}, {zone} {postcode}\r\n{country}','[]','{\"code\":\"category_product_based.category_product_based_2\",\"extension\":\"category_product_based\",\"sort_order\":\"1g\",\"title\":\"Express post (With Tracking\",\"name\":\"Express post (With Tracking\",\"cost\":9.9545454499999994624204191495664417743682861328125,\"value\":9.9545454499999994624204191495664417743682861328125,\"tax_class_id\":\"11\",\"text\":\"$10.95\"}','Flat Glass Required on Driver Side',64.9500,3,0,0.0000,0,'',1,'',8,'AUD',1.00000000,'14.201.8.4','','Mozilla/5.0 (Macintosh; Intel Mac OS X 10_13_6) AppleWebKit/537.36 (KHTML, like Gecko) Chrome/111.0.0.0 Safari/537.36 Edg/111.0.1661.62','en-US,en;q=0.9','2024-03-15 09:25:14','2024-03-15 12:26:45',NULL,NULL),(148,0,109,'INV-2024-00','',0,'Maxxeshop Auto','https://maxxeshopauto.com/a/',81,2,'Guy','Newing','newingg@gmail.com','0406610256','\"[]\"',67,'Guy','Newing','','1 Jersey Road','Unit 70','Artarmon','2064','Australia',13,'New South Wales',192,'{firstname} {lastname}\r\n{company}\r\n{address_1}\r\n{address_2}\r\n{city}, {zone} {postcode}\r\n{country}','[]','{\"code\":\"paypal_payment_gateway.paypal_payment_gateway\",\"name\":\"PayPal\"}',67,'Guy','Newing','','1 Jersey Road','Unit 70','Artarmon','2064','Australia',13,'New South Wales',192,'{firstname} {lastname}\r\n{company}\r\n{address_1}\r\n{address_2}\r\n{city}, {zone} {postcode}\r\n{country}','[]','{\"code\":\"category_product_based.category_product_based_2\",\"extension\":\"category_product_based\",\"sort_order\":\"1g\",\"title\":\"Express post (With Tracking\",\"name\":\"Express post (With Tracking\",\"cost\":9.9545454499999994624204191495664417743682861328125,\"value\":9.9545454499999994624204191495664417743682861328125,\"tax_class_id\":\"11\",\"text\":\"$10.95\"}','',64.9500,3,0,0.0000,0,'',1,'',8,'AUD',1.00000000,'14.201.8.4','','Mozilla/5.0 (Macintosh; Intel Mac OS X 10_13_6) AppleWebKit/537.36 (KHTML, like Gecko) Chrome/111.0.0.0 Safari/537.36 Edg/111.0.1661.62','en-US,en;q=0.9','2024-03-15 09:42:52','2024-03-15 12:26:45',NULL,NULL),(150,0,111,'INV-2024-00','',0,'Maxxeshop Auto','https://maxxeshopauto.com/a/',0,1,'Clarke','Bovaird-Roberts','clarkebovaird@icloud.com','','[]',0,'Clarke','Bovaird-Roberts','','2/147 westgarth street','Northcote','Melbourne','3070','Australia',13,'Victoria',197,'{firstname} {lastname}\r\n{company}\r\n{address_1}\r\n{address_2}\r\n{city}, {zone} {postcode}\r\n{country}','\"\"','{\"code\":\"stripe.stripe\",\"name\":\"Credit \\/ Debit Card\"}',0,'Clarke','Bovaird-Roberts','','2/147 westgarth street','Northcote','Melbourne','3070','Australia',13,'Victoria',197,'{firstname} {lastname}\r\n{company}\r\n{address_1}\r\n{address_2}\r\n{city}, {zone} {postcode}\r\n{country}','\"\"','{\"code\":\"category_product_based.category_product_based_1\",\"extension\":\"category_product_based\",\"sort_order\":\"1g\",\"title\":\"Standard Post (With Tracking)\",\"name\":\"Standard Post (With Tracking)\",\"cost\":7.72727200000000014057377484277822077274322509765625,\"value\":7.72727200000000014057377484277822077274322509765625,\"tax_class_id\":\"11\",\"text\":\"$8.50\"}','',56.3500,3,0,0.0000,0,'',1,'',8,'AUD',1.00000000,'120.21.70.113','','Mozilla/5.0 (iPhone; CPU iPhone OS 17_3_1 like Mac OS X) AppleWebKit/605.1.15 (KHTML, like Gecko) Version/17.3.1 Mobile/15E148 Safari/604.1','en-NZ,en-AU;q=0.9,en;q=0.8','2024-03-15 10:23:44','2024-03-15 12:26:45',NULL,NULL),(151,0,112,'INV-2024-00','',0,'Maxxeshop Auto','https://maxxeshopauto.com/a/',83,2,'James','Kent','kennycan@live.com.au','0406095698','\"[]\"',69,'James','Kent','','58 Fir Street','','Victoria point','4165','Australia',13,'Queensland',194,'{firstname} {lastname}\r\n{company}\r\n{address_1}\r\n{address_2}\r\n{city}, {zone} {postcode}\r\n{country}','[]','{\"code\":\"paypal_payment_gateway.paypal_payment_gateway\",\"name\":\"PayPal\"}',69,'James','Kent','','58 Fir Street','','Victoria point','4165','Australia',13,'Queensland',194,'{firstname} {lastname}\r\n{company}\r\n{address_1}\r\n{address_2}\r\n{city}, {zone} {postcode}\r\n{country}','[]','{\"code\":\"category_product_based.category_product_based_0\",\"extension\":\"category_product_based\",\"sort_order\":\"1g\",\"title\":\"Standard Post (NO TRACKING)\",\"name\":\"Standard Post (NO TRACKING)\",\"cost\":3.18181799999999981309883878566324710845947265625,\"value\":3.18181799999999981309883878566324710845947265625,\"tax_class_id\":\"11\",\"text\":\"$3.50\"}','',19.4896,3,0,0.0000,0,'',1,'',8,'AUD',1.00000000,'14.201.8.4','','Mozilla/5.0 (Macintosh; Intel Mac OS X 10_13_6) AppleWebKit/537.36 (KHTML, like Gecko) Chrome/111.0.0.0 Safari/537.36 Edg/111.0.1661.62','en-US,en;q=0.9','2024-03-15 10:36:43','2024-03-15 12:26:45',NULL,NULL),(152,0,113,'INV-2024-00','',0,'Maxxeshop Auto','https://maxxeshopauto.com/a/',84,1,'Ross','Barnes','rosscobarnes@gmail.com','','[]',70,'Ross','Barnes','','53 Huet Street','','Wavell Heights','4012','Australia',13,'Queensland',194,'{firstname} {lastname}\r\n{company}\r\n{address_1}\r\n{address_2}\r\n{city}, {zone} {postcode}\r\n{country}','\"\"','{\"code\":\"stripe.stripe\",\"name\":\"Credit \\/ Debit Card\"}',0,'Ross','Barnes','','53 Huet Street','','Wavell Heights','4012','Australia',13,'Queensland',194,'{firstname} {lastname}\r\n{company}\r\n{address_1}\r\n{address_2}\r\n{city}, {zone} {postcode}\r\n{country}','\"\"','{\"code\":\"category_product_based.category_product_based_2\",\"extension\":\"category_product_based\",\"sort_order\":\"1g\",\"title\":\"Express post (With Tracking\",\"name\":\"Express post (With Tracking\",\"cost\":9.9545454499999994624204191495664417743682861328125,\"value\":9.9545454499999994624204191495664417743682861328125,\"tax_class_id\":\"11\",\"text\":\"$10.95\"}','',64.9500,3,0,0.0000,0,'',1,'',8,'AUD',1.00000000,'1.146.108.48','','Mozilla/5.0 (iPhone; CPU iPhone OS 17_3_1 like Mac OS X) AppleWebKit/605.1.15 (KHTML, like Gecko) Version/17.3.1 Mobile/15E148 Safari/604.1','en-AU,en;q=0.9','2024-03-15 11:09:19','2024-03-15 12:26:45',NULL,NULL),(153,0,114,'INV-2024-00','',0,'Maxxeshop Auto','https://maxxeshopauto.com/a/',85,1,'Enio','Briglia','e_brig@yahoo.com.au','','[]',71,'Enio','Briglia','Briglia Roadworks Pty. Ltd','31 Carroll Street, Beverley Park NSW 2217','','Beverley Park','2217','Australia',13,'New South Wales',192,'{firstname} {lastname}\r\n{company}\r\n{address_1}\r\n{address_2}\r\n{city}, {zone} {postcode}\r\n{country}','\"\"','{\"code\":\"stripe.stripe\",\"name\":\"Credit \\/ Debit Card\"}',0,'Enio','Briglia','Briglia Roadworks Pty. Ltd','31 Carroll Street, Beverley Park NSW 2217','','Beverley Park','2217','Australia',13,'New South Wales',192,'{firstname} {lastname}\r\n{company}\r\n{address_1}\r\n{address_2}\r\n{city}, {zone} {postcode}\r\n{country}','\"\"','{\"code\":\"category_product_based.category_product_based_2\",\"extension\":\"category_product_based\",\"sort_order\":\"1g\",\"title\":\"Express post (With Tracking\",\"name\":\"Express post (With Tracking\",\"cost\":9.9545454499999994624204191495664417743682861328125,\"value\":9.9545454499999994624204191495664417743682861328125,\"tax_class_id\":\"11\",\"text\":\"$10.95\"}','if nobody home please leave behind pot plant at front door',53.3000,3,0,0.0000,0,'',1,'',8,'AUD',1.00000000,'58.107.50.232','','Mozilla/5.0 (Windows NT 10.0; Win64; x64) AppleWebKit/537.36 (KHTML, like Gecko) Chrome/122.0.0.0 Safari/537.36 Edg/122.0.0.0','en-US,en;q=0.9,en-AU;q=0.8','2024-03-16 10:32:44','2024-03-21 15:38:41',NULL,NULL),(154,0,115,'INV-2024-00','',0,'Maxxeshop Auto','https://maxxeshopauto.com/a/',0,1,'subash','arora','subasharora@live.com','','[]',0,'subash','arora','','8 starke turn','','Ellenbrook','6069','Australia',13,'Western Australia',198,'{firstname} {lastname}\r\n{company}\r\n{address_1}\r\n{address_2}\r\n{city}, {zone} {postcode}\r\n{country}','\"\"','{\"code\":\"stripe.stripe\",\"name\":\"Credit \\/ Debit Card\"}',0,'subash','arora','','8 starke turn','','Ellenbrook','6069','Australia',13,'Western Australia',198,'{firstname} {lastname}\r\n{company}\r\n{address_1}\r\n{address_2}\r\n{city}, {zone} {postcode}\r\n{country}','\"\"','{\"code\":\"category_product_based.category_product_based_2\",\"extension\":\"category_product_based\",\"sort_order\":\"1g\",\"title\":\"Express post (With Tracking\",\"name\":\"Express post (With Tracking\",\"cost\":9.9545454499999994624204191495664417743682861328125,\"value\":9.9545454499999994624204191495664417743682861328125,\"tax_class_id\":\"11\",\"text\":\"$10.95\"}','',45.6000,3,0,0.0000,0,'',1,'',8,'AUD',1.00000000,'49.196.169.196','','Mozilla/5.0 (iPhone; CPU iPhone OS 17_3_1 like Mac OS X) AppleWebKit/605.1.15 (KHTML, like Gecko) Version/17.3.1 Mobile/15E148 Safari/604.1','en-AU,en;q=0.9','2024-03-17 13:18:13','2024-03-21 15:38:41',NULL,NULL),(155,0,116,'INV-2024-00','',0,'Maxxeshop Auto','https://maxxeshopauto.com/a/',0,1,'Peter','Wynne','pdwynne@gmail.com','','[]',0,'Peter','Wynne','','8/402 Mona Vale Road','','St Ives','2075','Australia',13,'New South Wales',192,'{firstname} {lastname}\r\n{company}\r\n{address_1}\r\n{address_2}\r\n{city}, {zone} {postcode}\r\n{country}','\"\"','{\"code\":\"stripe.stripe\",\"name\":\"Credit \\/ Debit Card\"}',0,'Peter','Wynne','','8/402 Mona Vale Road','','St Ives','2075','Australia',13,'New South Wales',192,'{firstname} {lastname}\r\n{company}\r\n{address_1}\r\n{address_2}\r\n{city}, {zone} {postcode}\r\n{country}','\"\"','{\"code\":\"category_product_based.category_product_based_0\",\"extension\":\"category_product_based\",\"sort_order\":\"1g\",\"title\":\"Standard Post (NO TRACKING)\",\"name\":\"Standard Post (NO TRACKING)\",\"cost\":3.18181799999999981309883878566324710845947265625,\"value\":3.18181799999999981309883878566324710845947265625,\"tax_class_id\":\"11\",\"text\":\"$3.50\"}','',51.0750,3,0,0.0000,0,'',1,'',8,'AUD',1.00000000,'210.1.207.119','','Mozilla/5.0 (Windows NT 10.0; Win64; x64) AppleWebKit/537.36 (KHTML, like Gecko) Chrome/122.0.0.0 Safari/537.36','en-GB,en-US;q=0.9,en;q=0.8','2024-03-18 10:01:06','2024-03-21 15:38:41',NULL,NULL),(156,0,117,'INV-2024-00','',0,'Maxxeshop Auto','https://maxxeshopauto.com/a/',87,2,'Ben','Johnson','ben@bfitter.com.au','0468409620','\"[]\"',72,'Ben','Johnson','','67 Rosemount Dr','','Willowvale','4209','Australia',13,'Queensland',194,'{firstname} {lastname}\n{company}\n{address_1}\n{address_2}\n{city}, {zone} {postcode}\n{country}','[]','{\"code\":\"paypal_payment_gateway.paypal_payment_gateway\",\"name\":\"PayPal\"}',72,'Ben','Johnson','','67 Rosemount Dr','','Willowvale','4209','Australia',13,'Queensland',194,'{firstname} {lastname}\n{company}\n{address_1}\n{address_2}\n{city}, {zone} {postcode}\n{country}','[]','{\"code\":\"category_product_based.category_product_based_0\",\"extension\":\"category_product_based\",\"sort_order\":\"1g\",\"title\":\"Standard Post (NO TRACKING)\",\"name\":\"Standard Post (NO TRACKING)\",\"cost\":3.18181799999999981309883878566324710845947265625,\"value\":3.18181799999999981309883878566324710845947265625,\"tax_class_id\":\"11\",\"text\":\"$3.50\"}','',52.1700,3,0,0.0000,0,'',1,'',8,'AUD',1.00000000,'14.201.8.4','','Mozilla/5.0 (Macintosh; Intel Mac OS X 10_13_6) AppleWebKit/537.36 (KHTML, like Gecko) Chrome/111.0.0.0 Safari/537.36 Edg/111.0.1661.62','en-US,en;q=0.9','2024-03-19 09:00:38','2024-03-21 15:38:41',NULL,NULL),(157,0,118,'INV-2024-00','',0,'Maxxeshop Auto','https://maxxeshopauto.com/a/',0,1,'Ira','Areora','I.areora@gmail.com','','[]',0,'Ira','Areora','','22 Arthur Portas Drive','','Veteran','4570','Australia',13,'Queensland',194,'{firstname} {lastname}\r\n{company}\r\n{address_1}\r\n{address_2}\r\n{city}, {zone} {postcode}\r\n{country}','\"\"','{\"code\":\"stripe.stripe\",\"name\":\"Credit \\/ Debit Card\"}',0,'Ira','Areora','','22 Arthur Portas Drive','','Veteran','4570','Australia',13,'Queensland',194,'{firstname} {lastname}\r\n{company}\r\n{address_1}\r\n{address_2}\r\n{city}, {zone} {postcode}\r\n{country}','\"\"','{\"code\":\"category_product_based.category_product_based_2\",\"extension\":\"category_product_based\",\"sort_order\":\"1g\",\"title\":\"Express post (With Tracking\",\"name\":\"Express post (With Tracking\",\"cost\":9.9545454499999994624204191495664417743682861328125,\"value\":9.9545454499999994624204191495664417743682861328125,\"tax_class_id\":\"11\",\"text\":\"$10.95\"}','',90.6701,3,0,0.0000,0,'',1,'',8,'AUD',1.00000000,'121.210.215.15','','Mozilla/5.0 (iPhone; CPU iPhone OS 17_3_1 like Mac OS X) AppleWebKit/605.1.15 (KHTML, like Gecko) Version/17.3.1 Mobile/15E148 Safari/604.1','en-AU,en;q=0.9','2024-03-19 23:29:39','2024-03-21 15:38:51',NULL,NULL),(158,0,119,'INV-2024-00','',0,'Maxxeshop Auto','https://maxxeshopauto.com/a/',89,1,'Raymond','Bowers','dibowers3@outlook.com','','[]',74,'Raymond','Bowers','','409 ryans rd, Diamond Creek, Diamond Creek','Diamond Creek','diamond creek','3089','Australia',13,'Victoria',197,'{firstname} {lastname}\r\n{company}\r\n{address_1}\r\n{address_2}\r\n{city}, {zone} {postcode}\r\n{country}','\"\"','{\"code\":\"stripe.stripe\",\"name\":\"Credit \\/ Debit Card\"}',0,'Raymond','Bowers','','409 ryans rd, Diamond Creek, Diamond Creek','Diamond Creek','diamond creek','3089','Australia',13,'Victoria',197,'{firstname} {lastname}\r\n{company}\r\n{address_1}\r\n{address_2}\r\n{city}, {zone} {postcode}\r\n{country}','\"\"','{\"code\":\"category_product_based.category_product_based_2\",\"extension\":\"category_product_based\",\"sort_order\":\"1g\",\"title\":\"Express post (With Tracking\",\"name\":\"Express post (With Tracking\",\"cost\":9.9545454499999994624204191495664417743682861328125,\"value\":9.9545454499999994624204191495664417743682861328125,\"tax_class_id\":\"11\",\"text\":\"$10.95\"}','Thai build',94.9501,3,0,0.0000,0,'',1,'',8,'AUD',1.00000000,'1.140.39.143','','Mozilla/5.0 (Linux; Android 10; K) AppleWebKit/537.36 (KHTML, like Gecko) Chrome/122.0.0.0 Mobile Safari/537.36','en-AU,en-GB;q=0.9,en-US;q=0.8,en;q=0.7','2024-03-20 16:36:59','2024-03-21 15:39:08',NULL,NULL),(159,0,121,'INV-2024-00','',0,'Maxxeshop Auto','https://maxxeshopauto.com/a/',88,1,'DANIEL','MOK','evogtr88@yahoo.com','','\"\"',73,'DANIEL','MOK','','UNIT 20, 8 VIEW STREET','','WEST PENNANT HILLS','2125','Australia',13,'New South Wales',192,'{firstname} {lastname}\r\n{company}\r\n{address_1}\r\n{address_2}\r\n{city}, {zone} {postcode}\r\n{country}','[]','{\"code\":\"stripe.stripe\",\"name\":\"Credit \\/ Debit Card\"}',73,'DANIEL','MOK','','UNIT 20, 8 VIEW STREET','','WEST PENNANT HILLS','2125','Australia',13,'New South Wales',192,'{firstname} {lastname}\r\n{company}\r\n{address_1}\r\n{address_2}\r\n{city}, {zone} {postcode}\r\n{country}','[]','{\"code\":\"category_product_based.category_product_based_1\",\"extension\":\"category_product_based\",\"sort_order\":\"1g\",\"title\":\"Standard Post (With Tracking)\",\"name\":\"Standard Post (With Tracking)\",\"cost\":15.4545440000000002811475496855564415454864501953125,\"value\":15.4545440000000002811475496855564415454864501953125,\"tax_class_id\":\"11\",\"text\":\"$17.00\"}','',58.6900,3,0,0.0000,0,'',1,'',8,'AUD',1.00000000,'120.155.13.76','','Mozilla/5.0 (Windows NT 10.0; Win64; x64) AppleWebKit/537.36 (KHTML, like Gecko) Chrome/122.0.0.0 Safari/537.36','en-GB,en-US;q=0.9,en;q=0.8','2024-03-20 16:38:42','2024-03-21 15:38:41',NULL,NULL),(160,0,120,'INV-2024-00','',0,'Maxxeshop Auto','https://maxxeshopauto.com/a/',0,1,'Hayley','Maxwell','Maxwell_hayley@yahoo.com','','[]',0,'Hayley','Maxwell','','36/12 Helensvale Rd','','Helensvale','4212','Australia',13,'Queensland',194,'{firstname} {lastname}\r\n{company}\r\n{address_1}\r\n{address_2}\r\n{city}, {zone} {postcode}\r\n{country}','\"\"','{\"code\":\"stripe.stripe\",\"name\":\"Credit \\/ Debit Card\"}',0,'Hayley','Maxwell','','36/12 Helensvale Rd','','Helensvale','4212','Australia',13,'Queensland',194,'{firstname} {lastname}\r\n{company}\r\n{address_1}\r\n{address_2}\r\n{city}, {zone} {postcode}\r\n{country}','\"\"','{\"code\":\"category_product_based.category_product_based_0\",\"extension\":\"category_product_based\",\"sort_order\":\"1g\",\"title\":\"Standard Post (NO TRACKING)\",\"name\":\"Standard Post (NO TRACKING)\",\"cost\":3.18181799999999981309883878566324710845947265625,\"value\":3.18181799999999981309883878566324710845947265625,\"tax_class_id\":\"11\",\"text\":\"$3.50\"}','',33.7500,3,0,0.0000,0,'',1,'',8,'AUD',1.00000000,'120.22.191.17','','Mozilla/5.0 (Linux; Android 10; K) AppleWebKit/537.36 (KHTML, like Gecko) Chrome/120.0.0.0 Mobile Safari/537.36','en-AU,en-GB;q=0.9,en-US;q=0.8,en;q=0.7','2024-03-20 18:12:39','2024-03-21 15:38:41',NULL,NULL),(161,0,122,'INV-2024-00','',0,'Maxxeshop Auto','https://maxxeshopauto.com/a/',0,1,'W','M','Willo.wares.design+mirror@gmail.com','','[]',0,'W','M','','207 Ness Road','','Salisbury','4107','Australia',13,'Queensland',194,'{firstname} {lastname}\r\n{company}\r\n{address_1}\r\n{address_2}\r\n{city}, {zone} {postcode}\r\n{country}','\"\"','{\"code\":\"paypal_payment_gateway.paypal_payment_gateway\",\"name\":\"PayPal\"}',0,'W','M','','207 Ness Road','','Salisbury','4107','Australia',13,'Queensland',194,'{firstname} {lastname}\r\n{company}\r\n{address_1}\r\n{address_2}\r\n{city}, {zone} {postcode}\r\n{country}','\"\"','{\"code\":\"category_product_based.category_product_based_2\",\"extension\":\"category_product_based\",\"sort_order\":\"1g\",\"title\":\"Express post (With Tracking\",\"name\":\"Express post (With Tracking\",\"cost\":9.9545454499999994624204191495664417743682861328125,\"value\":9.9545454499999994624204191495664417743682861328125,\"tax_class_id\":\"11\",\"text\":\"$10.95\"}','',26.9396,3,0,0.0000,0,'',1,'',8,'AUD',1.00000000,'165.225.232.103','','Mozilla/5.0 (Windows NT 10.0; Win64; x64) AppleWebKit/537.36 (KHTML, like Gecko) Chrome/122.0.0.0 Safari/537.36','en-US,en;q=0.9','2024-03-21 07:46:22','2024-03-21 15:38:41',NULL,NULL),(162,0,123,'INV-2024-00','',0,'Maxxeshop Auto','https://maxxeshopauto.com/a/',0,1,'Nick','Thornton','nick.thornton62@gmail.com','','[]',0,'Nick','Thornton','Ray White Chermside','PO Box 200','','Chermside South','4032','Australia',13,'Queensland',194,'{firstname} {lastname}\r\n{company}\r\n{address_1}\r\n{address_2}\r\n{city}, {zone} {postcode}\r\n{country}','\"\"','{\"code\":\"stripe.stripe\",\"name\":\"Credit \\/ Debit Card\"}',0,'Nick','Thornton','Ray White Chermside','PO Box 200','','Chermside South','4032','Australia',13,'Queensland',194,'{firstname} {lastname}\r\n{company}\r\n{address_1}\r\n{address_2}\r\n{city}, {zone} {postcode}\r\n{country}','\"\"','{\"code\":\"category_product_based.category_product_based_0\",\"extension\":\"category_product_based\",\"sort_order\":\"1g\",\"title\":\"Standard Post (NO TRACKING)\",\"name\":\"Standard Post (NO TRACKING)\",\"cost\":3.18181799999999981309883878566324710845947265625,\"value\":3.18181799999999981309883878566324710845947265625,\"tax_class_id\":\"11\",\"text\":\"$3.50\"}','Nick Thornton\r\nRay White Chermside\r\nPO Box 200\r\nChermside South Qld. 4032',72.5000,3,0,0.0000,0,'',1,'',8,'AUD',1.00000000,'103.115.13.14','','Mozilla/5.0 (Windows NT 10.0; Win64; x64) AppleWebKit/537.36 (KHTML, like Gecko) Chrome/122.0.0.0 Safari/537.36','en-US,en;q=0.9','2024-03-21 16:18:21','2024-03-22 16:14:14',NULL,NULL),(163,0,124,'INV-2024-00','',0,'Maxxeshop Auto','https://maxxeshopauto.com/a/',90,1,'John','Pater','paterjohn@hotmail.com','','\"\"',0,'John','Pater','','104 Cooper Street','','Essendon','3040','Australia',13,'Victoria',197,'{firstname} {lastname}\r\n{company}\r\n{address_1}\r\n{address_2}\r\n{city}, {zone} {postcode}\r\n{country}','\"\"','{\"code\":\"stripe.stripe\",\"name\":\"Credit \\/ Debit Card\"}',0,'John','Pater','','104 Cooper Street','','Essendon','3040','Australia',13,'Victoria',197,'{firstname} {lastname}\r\n{company}\r\n{address_1}\r\n{address_2}\r\n{city}, {zone} {postcode}\r\n{country}','\"\"','{\"code\":\"category_product_based.category_product_based_2\",\"extension\":\"category_product_based\",\"sort_order\":\"1g\",\"title\":\"Express post (With Tracking\",\"name\":\"Express post (With Tracking\",\"cost\":9.9545454499999994624204191495664417743682861328125,\"value\":9.9545454499999994624204191495664417743682861328125,\"tax_class_id\":\"11\",\"text\":\"$10.95\"}','',64.9500,3,0,0.0000,0,'',1,'',8,'AUD',1.00000000,'194.223.8.249','','Mozilla/5.0 (X11; Linux x86_64) AppleWebKit/537.36 (KHTML, like Gecko) Chrome/89.0.4389.90 Safari/537.36','en-GB,en-US;q=0.9,en;q=0.8','2024-03-21 17:33:59','2024-03-22 16:14:13',NULL,NULL),(164,0,125,'INV-2024-00','',0,'Maxxeshop Auto','https://maxxeshopauto.com/a/',91,1,'Bianca','Nicholson','bjgrowden8@gmail.com','','[]',75,'Bianca','Nicholson','','9 Riverview Rd','','NERANG','4211','Australia',13,'Queensland',194,'{firstname} {lastname}\r\n{company}\r\n{address_1}\r\n{address_2}\r\n{city}, {zone} {postcode}\r\n{country}','\"\"','{\"code\":\"stripe.stripe\",\"name\":\"Credit \\/ Debit Card\"}',0,'Bianca','Nicholson','','9 Riverview Rd','','NERANG','4211','Australia',13,'Queensland',194,'{firstname} {lastname}\r\n{company}\r\n{address_1}\r\n{address_2}\r\n{city}, {zone} {postcode}\r\n{country}','\"\"','{\"code\":\"category_product_based.category_product_based_0\",\"extension\":\"category_product_based\",\"sort_order\":\"1g\",\"title\":\"Standard Post (NO TRACKING)\",\"name\":\"Standard Post (NO TRACKING)\",\"cost\":3.18181799999999981309883878566324710845947265625,\"value\":3.18181799999999981309883878566324710845947265625,\"tax_class_id\":\"11\",\"text\":\"$3.50\"}','',57.5000,3,0,0.0000,0,'',1,'',8,'AUD',1.00000000,'1.128.23.232','','Mozilla/5.0 (Linux; Android 10; K) AppleWebKit/537.36 (KHTML, like Gecko) Chrome/122.0.0.0 Mobile Safari/537.36','en-AU,en-GB;q=0.9,en-US;q=0.8,en;q=0.7','2024-03-21 21:01:47','2024-03-22 16:14:13',NULL,NULL),(165,0,126,'INV-2024-00','',0,'Maxxeshop Auto','https://maxxeshopauto.com/a/',0,1,'Gerard','Ervin','gerard.ervin@gmail.com','','[]',0,'Gerard','Ervin','','10 Hanke Place','','Sunbury','3429','Australia',13,'Victoria',197,'{firstname} {lastname}\r\n{company}\r\n{address_1}\r\n{address_2}\r\n{city}, {zone} {postcode}\r\n{country}','\"\"','{\"code\":\"stripe.stripe\",\"name\":\"Credit \\/ Debit Card\"}',0,'Gerard','Ervin','','10 Hanke Place','','Sunbury','3429','Australia',13,'Victoria',197,'{firstname} {lastname}\r\n{company}\r\n{address_1}\r\n{address_2}\r\n{city}, {zone} {postcode}\r\n{country}','\"\"','{\"code\":\"category_product_based.category_product_based_0\",\"extension\":\"category_product_based\",\"sort_order\":\"1g\",\"title\":\"Standard Post (NO TRACKING)\",\"name\":\"Standard Post (NO TRACKING)\",\"cost\":3.18181799999999981309883878566324710845947265625,\"value\":3.18181799999999981309883878566324710845947265625,\"tax_class_id\":\"11\",\"text\":\"$3.50\"}','',34.7400,3,0,0.0000,0,'',1,'',8,'AUD',1.00000000,'124.189.16.71','','Mozilla/5.0 (Windows NT 10.0; Win64; x64) AppleWebKit/537.36 (KHTML, like Gecko) Chrome/122.0.0.0 Safari/537.36','en-GB,en-US;q=0.9,en;q=0.8','2024-03-22 09:13:45','2024-03-22 16:14:13',NULL,NULL),(166,0,127,'INV-2024-00','',0,'Maxxeshop Auto','https://maxxeshopauto.com/a/',0,1,'Bruce','Daniel','Bruced2234@gmail.com','','[]',0,'Bruce','Daniel','','77 Barnes Cres','','MENAI','2234','Australia',13,'New South Wales',192,'{firstname} {lastname}\r\n{company}\r\n{address_1}\r\n{address_2}\r\n{city}, {zone} {postcode}\r\n{country}','\"\"','{\"code\":\"paypal_payment_gateway.paypal_payment_gateway\",\"name\":\"PayPal\"}',0,'Bruce','Daniel','','77 Barnes Cres','','MENAI','2234','Australia',13,'New South Wales',192,'{firstname} {lastname}\r\n{company}\r\n{address_1}\r\n{address_2}\r\n{city}, {zone} {postcode}\r\n{country}','\"\"','{\"code\":\"category_product_based.category_product_based_0\",\"extension\":\"category_product_based\",\"sort_order\":\"1g\",\"title\":\"Standard Post (NO TRACKING)\",\"name\":\"Standard Post (NO TRACKING)\",\"cost\":6.3636359999999996261976775713264942169189453125,\"value\":6.3636359999999996261976775713264942169189453125,\"tax_class_id\":\"11\",\"text\":\"$7.00\"}','',87.3000,3,0,0.0000,0,'',1,'',8,'AUD',1.00000000,'101.115.83.221','','Mozilla/5.0 (Windows NT 10.0; Win64; x64) AppleWebKit/537.36 (KHTML, like Gecko) Chrome/122.0.0.0 Safari/537.36','en-GB,en-US;q=0.9,en;q=0.8','2024-03-22 13:59:19','2024-03-22 16:14:13',NULL,NULL),(167,0,128,'INV-2024-00','',0,'Maxxeshop Auto','https://maxxeshopauto.com/a/',0,1,'Tim','Wilson','bigbloke68@gmail.com','','[]',0,'Tim','Wilson','','6 Melaleuca Drive Strathpine','','Strathpine','4500','Australia',13,'Queensland',194,'{firstname} {lastname}\r\n{company}\r\n{address_1}\r\n{address_2}\r\n{city}, {zone} {postcode}\r\n{country}','\"\"','{\"code\":\"stripe.stripe\",\"name\":\"Credit \\/ Debit Card\"}',0,'Tim','Wilson','','6 Melaleuca Drive Strathpine','','Strathpine','4500','Australia',13,'Queensland',194,'{firstname} {lastname}\r\n{company}\r\n{address_1}\r\n{address_2}\r\n{city}, {zone} {postcode}\r\n{country}','\"\"','{\"code\":\"category_product_based.category_product_based_0\",\"extension\":\"category_product_based\",\"sort_order\":\"1g\",\"title\":\"Standard Post (NO TRACKING)\",\"name\":\"Standard Post (NO TRACKING)\",\"cost\":3.18181799999999981309883878566324710845947265625,\"value\":3.18181799999999981309883878566324710845947265625,\"tax_class_id\":\"11\",\"text\":\"$3.50\"}','If not home leave on verandah',27.1500,3,0,0.0000,0,'',1,'',8,'AUD',1.00000000,'185.54.228.36','','Mozilla/5.0 (Linux; Android 10; K) AppleWebKit/537.36 (KHTML, like Gecko) Chrome/122.0.0.0 Mobile Safari/537.36','en-US,en;q=0.9','2024-03-22 16:18:04','2024-03-27 12:37:41',NULL,NULL),(168,0,129,'INV-2024-00','',0,'Maxxeshop Auto','https://maxxeshopauto.com/a/',0,1,'Anna','Horniak','ahorniak@gmail.com','','[]',0,'Anna','Horniak','','23 Dudley street, Annerley','','Brisbane','4103','Australia',13,'Queensland',194,'{firstname} {lastname}\r\n{company}\r\n{address_1}\r\n{address_2}\r\n{city}, {zone} {postcode}\r\n{country}','\"\"','{\"code\":\"paypal_payment_gateway.paypal_payment_gateway\",\"name\":\"PayPal\"}',0,'Anna','Horniak','','23 Dudley street, Annerley','','Brisbane','4103','Australia',13,'Queensland',194,'{firstname} {lastname}\r\n{company}\r\n{address_1}\r\n{address_2}\r\n{city}, {zone} {postcode}\r\n{country}','\"\"','{\"code\":\"category_product_based.category_product_based_0\",\"extension\":\"category_product_based\",\"sort_order\":\"1g\",\"title\":\"Standard Post (NO TRACKING)\",\"name\":\"Standard Post (NO TRACKING)\",\"cost\":3.18181799999999981309883878566324710845947265625,\"value\":3.18181799999999981309883878566324710845947265625,\"tax_class_id\":\"11\",\"text\":\"$3.50\"}','',42.9350,3,0,0.0000,0,'',1,'',8,'AUD',1.00000000,'180.216.233.64','','Mozilla/5.0 (iPhone; CPU iPhone OS 15_6_1 like Mac OS X) AppleWebKit/605.1.15 (KHTML, like Gecko) Version/15.6.1 Mobile/15E148 Safari/604.1','en-AU,en;q=0.9','2024-03-22 16:28:53','2024-03-27 12:37:41',NULL,NULL),(169,0,130,'INV-2024-00','',0,'Maxxeshop Auto','https://maxxeshopauto.com/a/',102,1,'Grant','Talbot','Grant_talbot@yahoo.com','','[]',76,'Grant','Talbot','','128 Fellows rd','','Point Lonsdale','3225','Australia',13,'Victoria',197,'{firstname} {lastname}\r\n{company}\r\n{address_1}\r\n{address_2}\r\n{city}, {zone} {postcode}\r\n{country}','\"\"','{\"code\":\"stripe.stripe\",\"name\":\"Credit \\/ Debit Card\"}',0,'Grant','Talbot','','128 Fellows rd','','Point Lonsdale','3225','Australia',13,'Victoria',197,'{firstname} {lastname}\r\n{company}\r\n{address_1}\r\n{address_2}\r\n{city}, {zone} {postcode}\r\n{country}','\"\"','{\"code\":\"category_product_based.category_product_based_2\",\"extension\":\"category_product_based\",\"sort_order\":\"1g\",\"title\":\"Express post (With Tracking\",\"name\":\"Express post (With Tracking\",\"cost\":9.9545454499999994624204191495664417743682861328125,\"value\":9.9545454499999994624204191495664417743682861328125,\"tax_class_id\":\"11\",\"text\":\"$10.95\"}','',53.3000,3,0,0.0000,0,'',1,'',8,'AUD',1.00000000,'1.152.30.41','','Mozilla/5.0 (iPhone; CPU iPhone OS 17_3 like Mac OS X) AppleWebKit/605.1.15 (KHTML, like Gecko) CriOS/123.0.6312.52 Mobile/15E148 Safari/604.1','en-AU,en;q=0.9','2024-03-25 09:59:34','2024-03-27 12:38:05',NULL,NULL),(170,0,131,'INV-2024-00','',0,'Maxxeshop Auto','https://maxxeshopauto.com/a/',0,1,'steve','mcginty','stevemcginty66@yahoo.com.au','','[]',0,'steve','mcginty','','6 Toolburra way','','Westbrook','4350','Australia',13,'Queensland',194,'{firstname} {lastname}\r\n{company}\r\n{address_1}\r\n{address_2}\r\n{city}, {zone} {postcode}\r\n{country}','\"\"','{\"code\":\"paypal_payment_gateway.paypal_payment_gateway\",\"name\":\"PayPal\"}',0,'steve','mcginty','','6 Toolburra way','','Westbrook','4350','Australia',13,'Queensland',194,'{firstname} {lastname}\r\n{company}\r\n{address_1}\r\n{address_2}\r\n{city}, {zone} {postcode}\r\n{country}','\"\"','{\"code\":\"category_product_based.category_product_based_0\",\"extension\":\"category_product_based\",\"sort_order\":\"1g\",\"title\":\"Standard Post (NO TRACKING)\",\"name\":\"Standard Post (NO TRACKING)\",\"cost\":3.18181799999999981309883878566324710845947265625,\"value\":3.18181799999999981309883878566324710845947265625,\"tax_class_id\":\"11\",\"text\":\"$3.50\"}','',39.5250,3,0,0.0000,0,'',1,'',8,'AUD',1.00000000,'3.27.121.176','','Mozilla/5.0 (Windows NT 10.0; Win64; x64) AppleWebKit/537.36 (KHTML, like Gecko) Chrome/121.0.0.0 Safari/537.36 Norton/121.0.0.0','en-US,en;q=0.9','2024-03-25 17:57:02','2024-03-27 12:37:41',NULL,NULL),(171,0,132,'INV-2024-00','',0,'Maxxeshop Auto','https://maxxeshopauto.com/a/',115,2,'Peter','Light','peterjl5124@outlook.com','0428923557','\"[]\"',77,'Peter','Light','','PO Box 2131','','Echuca','3564','Australia',13,'Victoria',197,'{firstname} {lastname}\n{company}\n{address_1}\n{address_2}\n{city}, {zone} {postcode}\n{country}','[]','{\"code\":\"paypal_payment_gateway.paypal_payment_gateway\",\"name\":\"PayPal\"}',77,'Peter','Light','','PO Box 2131','','Echuca','3564','Australia',13,'Victoria',197,'{firstname} {lastname}\n{company}\n{address_1}\n{address_2}\n{city}, {zone} {postcode}\n{country}','[]','{\"code\":\"category_product_based.category_product_based_2\",\"extension\":\"category_product_based\",\"sort_order\":\"1g\",\"title\":\"Express post (With Tracking\",\"name\":\"Express post (With Tracking\",\"cost\":9.9545454499999994624204191495664417743682861328125,\"value\":9.9545454499999994624204191495664417743682861328125,\"tax_class_id\":\"11\",\"text\":\"$10.95\"}','',55.8800,3,0,0.0000,0,'',1,'',8,'AUD',1.00000000,'14.201.8.4','','Mozilla/5.0 (Windows NT 10.0; Win64; x64) AppleWebKit/537.36 (KHTML, like Gecko) Chrome/123.0.0.0 Safari/537.36','en-US,en;q=0.9','2024-03-26 12:03:45','2024-03-27 12:37:41',NULL,NULL),(172,0,133,'INV-2024-00','',0,'Maxxeshop Auto','https://maxxeshopauto.com/a/',116,2,'Rae','Brown','ramborae@hotmail.com','0401294353','\"[]\"',78,'Rae','Brown','','14 Summer Crt','','Warrington Downs','2747','Australia',13,'New South Wales',192,'{firstname} {lastname}\r\n{company}\r\n{address_1}\r\n{address_2}\r\n{city}, {zone} {postcode}\r\n{country}','[]','{\"code\":\"paypal_payment_gateway.paypal_payment_gateway\",\"name\":\"PayPal\"}',78,'Rae','Brown','','14 Summer Crt','','Warrington Downs','2747','Australia',13,'New South Wales',192,'{firstname} {lastname}\r\n{company}\r\n{address_1}\r\n{address_2}\r\n{city}, {zone} {postcode}\r\n{country}','[]','{\"code\":\"category_product_based.category_product_based_0\",\"extension\":\"category_product_based\",\"sort_order\":\"1g\",\"title\":\"Standard Post (NO TRACKING)\",\"name\":\"Standard Post (NO TRACKING)\",\"cost\":3.18181799999999981309883878566324710845947265625,\"value\":3.18181799999999981309883878566324710845947265625,\"tax_class_id\":\"11\",\"text\":\"$3.50\"}','',57.5500,3,0,0.0000,0,'',1,'',8,'AUD',1.00000000,'14.201.8.4','','Mozilla/5.0 (Windows NT 10.0; Win64; x64) AppleWebKit/537.36 (KHTML, like Gecko) Chrome/123.0.0.0 Safari/537.36','en-US,en;q=0.9','2024-03-26 12:13:41','2024-03-27 12:37:41',NULL,NULL),(173,0,134,'INV-2024-00','',0,'Maxxeshop Auto','https://maxxeshopauto.com/a/',117,2,'Damien','Connors','damien@sitathome.net','0427860586','\"[]\"',79,'Damien','Connors','','1 Hunt Street','','Seymore','3660','Australia',13,'Victoria',197,'{firstname} {lastname}\r\n{company}\r\n{address_1}\r\n{address_2}\r\n{city}, {zone} {postcode}\r\n{country}','[]','{\"code\":\"paypal_payment_gateway.paypal_payment_gateway\",\"name\":\"PayPal\"}',79,'Damien','Connors','','1 Hunt Street','','Seymore','3660','Australia',13,'Victoria',197,'{firstname} {lastname}\r\n{company}\r\n{address_1}\r\n{address_2}\r\n{city}, {zone} {postcode}\r\n{country}','[]','{\"code\":\"category_product_based.category_product_based_0\",\"extension\":\"category_product_based\",\"sort_order\":\"1g\",\"title\":\"Standard Post (NO TRACKING)\",\"name\":\"Standard Post (NO TRACKING)\",\"cost\":3.18181799999999981309883878566324710845947265625,\"value\":3.18181799999999981309883878566324710845947265625,\"tax_class_id\":\"11\",\"text\":\"$3.50\"}','',57.5000,3,0,0.0000,0,'',1,'',8,'AUD',1.00000000,'14.201.8.4','','Mozilla/5.0 (Windows NT 10.0; Win64; x64) AppleWebKit/537.36 (KHTML, like Gecko) Chrome/123.0.0.0 Safari/537.36','en-US,en;q=0.9','2024-03-26 12:27:51','2024-03-27 12:37:41',NULL,NULL),(174,0,137,'INV-2024-00','',0,'Maxxeshop Auto','https://maxxeshopauto.com/a/',120,1,'Brent','Robson','robbo238@hotmail.com','','[]',80,'Brent','Robson','','194 Sydenham Rd','Marrickville','Sydney','2204','Australia',13,'New South Wales',192,'{firstname} {lastname}\r\n{company}\r\n{address_1}\r\n{address_2}\r\n{city}, {zone} {postcode}\r\n{country}','\"\"','{\"code\":\"paypal_payment_gateway.paypal_payment_gateway\",\"name\":\"PayPal\"}',0,'Brent','Robson','','194 Sydenham Rd','Marrickville','Sydney','2204','Australia',13,'New South Wales',192,'{firstname} {lastname}\r\n{company}\r\n{address_1}\r\n{address_2}\r\n{city}, {zone} {postcode}\r\n{country}','\"\"','{\"code\":\"category_product_based.category_product_based_0\",\"extension\":\"category_product_based\",\"sort_order\":\"1g\",\"title\":\"Standard Post (NO TRACKING)\",\"name\":\"Standard Post (NO TRACKING)\",\"cost\":3.18181799999999981309883878566324710845947265625,\"value\":3.18181799999999981309883878566324710845947265625,\"tax_class_id\":\"11\",\"text\":\"$3.50\"}','',58.6500,3,0,0.0000,0,'',1,'',8,'AUD',1.00000000,'103.212.224.214','','Mozilla/5.0 (Macintosh; Intel Mac OS X 10_15_7) AppleWebKit/605.1.15 (KHTML, like Gecko) Version/17.1.2 Safari/605.1.15','en-AU,en;q=0.9','2024-03-26 16:38:29','2024-04-04 14:09:04',NULL,NULL),(175,0,135,'INV-2024-00','',0,'Maxxeshop Auto','https://maxxeshopauto.com/a/',120,1,'Brent','Robson','robbo238@hotmail.com','','\"\"',80,'Brent','Robson','','194 Sydenham Rd','Marrickville','Sydney','2204','Australia',13,'New South Wales',192,'{firstname} {lastname}\r\n{company}\r\n{address_1}\r\n{address_2}\r\n{city}, {zone} {postcode}\r\n{country}','\"\"','{\"code\":\"paypal_payment_gateway.paypal_payment_gateway\",\"name\":\"PayPal\"}',80,'Brent','Robson','','194 Sydenham Rd','Marrickville','Sydney','2204','Australia',13,'New South Wales',192,'{firstname} {lastname}\r\n{company}\r\n{address_1}\r\n{address_2}\r\n{city}, {zone} {postcode}\r\n{country}','\"\"','{\"code\":\"category_product_based.category_product_based_0\",\"extension\":\"category_product_based\",\"sort_order\":\"1g\",\"title\":\"Standard Post (NO TRACKING)\",\"name\":\"Standard Post (NO TRACKING)\",\"cost\":3.18181799999999981309883878566324710845947265625,\"value\":3.18181799999999981309883878566324710845947265625,\"tax_class_id\":\"11\",\"text\":\"$3.50\"}','',58.6500,3,0,0.0000,0,'',1,'',8,'AUD',1.00000000,'103.212.224.214','','Mozilla/5.0 (Macintosh; Intel Mac OS X 10_15_7) AppleWebKit/605.1.15 (KHTML, like Gecko) Version/17.1.2 Safari/605.1.15','en-AU,en;q=0.9','2024-03-26 16:41:00','2024-04-04 14:09:04',NULL,NULL),(176,0,136,'INV-2024-00','',0,'Maxxeshop Auto','https://maxxeshopauto.com/a/',0,1,'Steven','Miller','speedsteve1993@gmail.com','','[]',0,'Steven','Miller','','9 Nepine vista','','Wandi','6167','Australia',13,'Western Australia',198,'{firstname} {lastname}\r\n{company}\r\n{address_1}\r\n{address_2}\r\n{city}, {zone} {postcode}\r\n{country}','\"\"','{\"code\":\"stripe.stripe\",\"name\":\"Credit \\/ Debit Card\"}',0,'Steven','Miller','','9 Nepine vista','','Wandi','6167','Australia',13,'Western Australia',198,'{firstname} {lastname}\r\n{company}\r\n{address_1}\r\n{address_2}\r\n{city}, {zone} {postcode}\r\n{country}','\"\"','{\"code\":\"category_product_based.category_product_based_2\",\"extension\":\"category_product_based\",\"sort_order\":\"1g\",\"title\":\"Express post (With Tracking\",\"name\":\"Express post (With Tracking\",\"cost\":9.9545454499999994624204191495664417743682861328125,\"value\":9.9545454499999994624204191495664417743682861328125,\"tax_class_id\":\"11\",\"text\":\"$10.95\"}','',53.3950,3,0,0.0000,0,'',1,'',8,'AUD',1.00000000,'103.225.230.5','','Mozilla/5.0 (iPhone; CPU iPhone OS 17_0_1 like Mac OS X) AppleWebKit/605.1.15 (KHTML, like Gecko) Version/17.0 Mobile/15E148 Safari/604.1','en-AU,en;q=0.9','2024-03-26 18:49:03','2024-04-04 14:09:04',NULL,NULL),(177,0,138,'INV-2024-00','',0,'Maxxeshop Auto','https://maxxeshopauto.com/a/',0,1,'Edward','Trost','edtrost1961@gmail.com','','[]',0,'Edward','Trost','','174 Hillside Lane','','Wardell','2477','Australia',13,'New South Wales',192,'{firstname} {lastname}\r\n{company}\r\n{address_1}\r\n{address_2}\r\n{city}, {zone} {postcode}\r\n{country}','\"\"','{\"code\":\"stripe.stripe\",\"name\":\"Credit \\/ Debit Card\"}',0,'Edward','Trost','','174 Hillside Lane','','Wardell','2477','Australia',13,'New South Wales',192,'{firstname} {lastname}\r\n{company}\r\n{address_1}\r\n{address_2}\r\n{city}, {zone} {postcode}\r\n{country}','\"\"','{\"code\":\"category_product_based.category_product_based_1\",\"extension\":\"category_product_based\",\"sort_order\":\"1g\",\"title\":\"Standard Post (With Tracking)\",\"name\":\"Standard Post (With Tracking)\",\"cost\":7.72727200000000014057377484277822077274322509765625,\"value\":7.72727200000000014057377484277822077274322509765625,\"tax_class_id\":\"11\",\"text\":\"$8.50\"}','',93.4451,3,0,0.0000,0,'',1,'',8,'AUD',1.00000000,'101.190.67.86','','Mozilla/5.0 (Macintosh; Intel Mac OS X 10_15_7) AppleWebKit/605.1.15 (KHTML, like Gecko) Version/17.2.1 Safari/605.1.15','en-AU,en;q=0.9','2024-03-27 13:23:53','2024-04-04 14:09:04',NULL,NULL),(178,0,139,'INV-2024-00','',0,'Maxxeshop Auto','https://maxxeshopauto.com/a/',164,2,'Sarah','Engellenner','bartram.sarah@hotmail.com','0481181517','\"[]\"',81,'Sarah','Engellenner','','7 Saltlake Blvd','','Wollert','3750','Australia',13,'Victoria',197,'{firstname} {lastname}\n{company}\n{address_1}\n{address_2}\n{city}, {zone} {postcode}\n{country}','[]','{\"code\":\"paypal_payment_gateway.paypal_payment_gateway\",\"name\":\"PayPal\"}',81,'Sarah','Engellenner','','7 Saltlake Blvd','','Wollert','3750','Australia',13,'Victoria',197,'{firstname} {lastname}\n{company}\n{address_1}\n{address_2}\n{city}, {zone} {postcode}\n{country}','[]','{\"code\":\"category_product_based.category_product_based_0\",\"extension\":\"category_product_based\",\"sort_order\":\"1g\",\"title\":\"Standard Post (NO TRACKING)\",\"name\":\"Standard Post (NO TRACKING)\",\"cost\":3.18181799999999981309883878566324710845947265625,\"value\":3.18181799999999981309883878566324710845947265625,\"tax_class_id\":\"11\",\"text\":\"$3.50\"}','',69.0000,3,0,0.0000,0,'',1,'',8,'AUD',1.00000000,'14.201.8.4','','Mozilla/5.0 (Windows NT 10.0; Win64; x64) AppleWebKit/537.36 (KHTML, like Gecko) Chrome/123.0.0.0 Safari/537.36','en-US,en;q=0.9','2024-03-28 12:02:42','2024-04-04 14:09:04',NULL,NULL),(179,0,140,'INV-2024-00','',0,'Maxxeshop Auto','https://maxxeshopauto.com/a/',165,2,'Emerson','Whitehouse','emerson.whitehouse004@gmail.com','0420631869','\"[]\"',82,'Emerson','Whitehouse','Maxxeshop','189 Harbour Blvd','The Lakes East, 6109 Lugano Drive E, Hope Island QLD 4212','Shell Cove','2529','Australia',13,'New South Wales',192,'{firstname} {lastname}\n{company}\n{address_1}\n{address_2}\n{city}, {zone} {postcode}\n{country}','[]','{\"code\":\"paypal_payment_gateway.paypal_payment_gateway\",\"name\":\"PayPal\"}',82,'Emerson','Whitehouse','Maxxeshop','189 Harbour Blvd','The Lakes East, 6109 Lugano Drive E, Hope Island QLD 4212','Shell Cove','2529','Australia',13,'New South Wales',192,'{firstname} {lastname}\n{company}\n{address_1}\n{address_2}\n{city}, {zone} {postcode}\n{country}','[]','{\"code\":\"category_product_based.category_product_based_0\",\"extension\":\"category_product_based\",\"sort_order\":\"2a\",\"title\":\"Standard Post\",\"name\":\"Standard Post\",\"cost\":22.727272719999998429329934879206120967864990234375,\"value\":22.727272719999998429329934879206120967864990234375,\"tax_class_id\":\"11\",\"text\":\"$25.00\"}','',210.0000,24,0,0.0000,0,'',1,'',8,'AUD',1.00000000,'118.209.242.115','','Mozilla/5.0 (Macintosh; Intel Mac OS X 10_15_7) AppleWebKit/537.36 (KHTML, like Gecko) Chrome/116.0.0.0 Safari/537.36 Edg/116.0.1938.62','en-US,en;q=0.9,en-AU;q=0.8','2024-03-28 17:46:25','2024-04-03 10:41:58',NULL,NULL),(180,0,141,'INV-2024-00','',0,'Maxxeshop Auto','https://maxxeshopauto.com/a/',0,1,'Nicholas','Brittain','nic1006brittain@gmail.com','','[]',0,'Nicholas','Brittain','Royal Randwick medical center','royal randwick medical centre','73-115 belmore rd randwick','Randwick','2031','Australia',13,'New South Wales',192,'{firstname} {lastname}\r\n{company}\r\n{address_1}\r\n{address_2}\r\n{city}, {zone} {postcode}\r\n{country}','\"\"','{\"code\":\"stripe.stripe\",\"name\":\"Credit \\/ Debit Card\"}',0,'Nicholas','Brittain','Royal Randwick medical center','royal randwick medical centre','73-115 belmore rd randwick','Randwick','2031','Australia',13,'New South Wales',192,'{firstname} {lastname}\r\n{company}\r\n{address_1}\r\n{address_2}\r\n{city}, {zone} {postcode}\r\n{country}','\"\"','{\"code\":\"category_product_based.category_product_based_0\",\"extension\":\"category_product_based\",\"sort_order\":\"1g\",\"title\":\"Standard Post (NO TRACKING)\",\"name\":\"Standard Post (NO TRACKING)\",\"cost\":6.3636359999999996261976775713264942169189453125,\"value\":6.3636359999999996261976775713264942169189453125,\"tax_class_id\":\"11\",\"text\":\"$7.00\"}','',87.0501,3,0,0.0000,0,'',1,'',8,'AUD',1.00000000,'119.18.4.114','','Mozilla/5.0 (iPad; CPU OS 14_6 like Mac OS X) AppleWebKit/605.1.15 (KHTML, like Gecko) CriOS/113.0.5672.121 Mobile/15E148 Safari/604.1','en-au','2024-04-01 14:14:55','2024-04-04 14:08:45',NULL,NULL),(181,0,142,'INV-2024-00','',0,'Maxxeshop Auto','https://maxxeshopauto.com/a/',0,1,'Rohan','Gibbs','rohangibbs@outlook.com','','[]',0,'Rohan','Gibbs','','5 Traders Way','','Ryan','4825','Australia',13,'Queensland',194,'{firstname} {lastname}\r\n{company}\r\n{address_1}\r\n{address_2}\r\n{city}, {zone} {postcode}\r\n{country}','\"\"','{\"code\":\"paypal_payment_gateway.paypal_payment_gateway\",\"name\":\"PayPal\"}',0,'Rohan','Gibbs','','5 Traders Way','','Ryan','4825','Australia',13,'Queensland',194,'{firstname} {lastname}\r\n{company}\r\n{address_1}\r\n{address_2}\r\n{city}, {zone} {postcode}\r\n{country}','\"\"','{\"code\":\"category_product_based.category_product_based_2\",\"extension\":\"category_product_based\",\"sort_order\":\"1g\",\"title\":\"Express post (With Tracking\",\"name\":\"Express post (With Tracking\",\"cost\":9.9545454499999994624204191495664417743682861328125,\"value\":9.9545454499999994624204191495664417743682861328125,\"tax_class_id\":\"11\",\"text\":\"$10.95\"}','',51.1000,3,0,0.0000,0,'',1,'',8,'AUD',1.00000000,'131.242.9.141','','Mozilla/5.0 (Linux; Android 10; K) AppleWebKit/537.36 (KHTML, like Gecko) Chrome/123.0.0.0 Mobile Safari/537.36','en-AU,en-GB;q=0.9,en-US;q=0.8,en;q=0.7','2024-04-02 09:12:05','2024-04-04 14:08:45',NULL,NULL),(182,0,143,'INV-2024-00','',0,'Maxxeshop Auto','https://maxxeshopauto.com/a/',0,1,'Peter','Farmer','petefarmerpt@gmail.com','','[]',0,'Peter','Farmer','','U 20 129','Mystic Avenue','Balgal Beach','4816','Australia',13,'Queensland',194,'{firstname} {lastname}\r\n{company}\r\n{address_1}\r\n{address_2}\r\n{city}, {zone} {postcode}\r\n{country}','\"\"','{\"code\":\"paypal_payment_gateway.paypal_payment_gateway\",\"name\":\"PayPal\"}',0,'Peter','Farmer','','U 20 129','Mystic Avenue','Balgal Beach','4816','Australia',13,'Queensland',194,'{firstname} {lastname}\r\n{company}\r\n{address_1}\r\n{address_2}\r\n{city}, {zone} {postcode}\r\n{country}','\"\"','{\"code\":\"category_product_based.category_product_based_0\",\"extension\":\"category_product_based\",\"sort_order\":\"1g\",\"title\":\"Standard Post (NO TRACKING)\",\"name\":\"Standard Post (NO TRACKING)\",\"cost\":3.18181799999999981309883878566324710845947265625,\"value\":3.18181799999999981309883878566324710845947265625,\"tax_class_id\":\"11\",\"text\":\"$3.50\"}','',72.5000,3,0,0.0000,0,'',1,'',8,'AUD',1.00000000,'206.83.118.228','','Mozilla/5.0 (Macintosh; Intel Mac OS X 10_15_7) AppleWebKit/605.1.15 (KHTML, like Gecko) Version/17.3.1 Safari/605.1.15','en-AU,en;q=0.9','2024-04-02 10:26:41','2024-04-04 14:08:45',NULL,NULL),(183,0,144,'INV-2024-00','',0,'Maxxeshop Auto','https://maxxeshopauto.com/a/',167,1,'Tanielle','Bailey','bailtanielle@gmail.com','','[]',83,'Tanielle','Bailey','','40A ashmole road','','Redcliffe','4021','Australia',13,'Queensland',194,'{firstname} {lastname}\r\n{company}\r\n{address_1}\r\n{address_2}\r\n{city}, {zone} {postcode}\r\n{country}','\"\"','{\"code\":\"stripe.stripe\",\"name\":\"Credit \\/ Debit Card\"}',0,'Tanielle','Bailey','','40A ashmole road','','Redcliffe','4021','Australia',13,'Queensland',194,'{firstname} {lastname}\r\n{company}\r\n{address_1}\r\n{address_2}\r\n{city}, {zone} {postcode}\r\n{country}','\"\"','{\"code\":\"category_product_based.category_product_based_2\",\"extension\":\"category_product_based\",\"sort_order\":\"1g\",\"title\":\"Express post (With Tracking\",\"name\":\"Express post (With Tracking\",\"cost\":9.9545454499999994624204191495664417743682861328125,\"value\":9.9545454499999994624204191495664417743682861328125,\"tax_class_id\":\"11\",\"text\":\"$10.95\"}','',55.1000,3,0,0.0000,0,'',1,'',8,'AUD',1.00000000,'120.22.205.164','','Mozilla/5.0 (iPhone; CPU iPhone OS 17_3_1 like Mac OS X) AppleWebKit/605.1.15 (KHTML, like Gecko) Version/17.3.1 Mobile/15E148 Safari/604.1','en-AU,en;q=0.9','2024-04-02 10:45:56','2024-04-04 14:08:45',NULL,NULL),(184,0,145,'INV-2024-00','',0,'Maxxeshop Auto','https://maxxeshopauto.com/a/',0,1,'Ravi','Bhavsar','ravi_bhavsar1978@yahoo.co.in','','[]',0,'Ravi','Bhavsar','','26 Glenfern Cct','','Truganina','3029','Australia',13,'Victoria',197,'{firstname} {lastname}\r\n{company}\r\n{address_1}\r\n{address_2}\r\n{city}, {zone} {postcode}\r\n{country}','\"\"','{\"code\":\"stripe.stripe\",\"name\":\"Credit \\/ Debit Card\"}',0,'Ravi','Bhavsar','','26 Glenfern Cct','','Truganina','3029','Australia',13,'Victoria',197,'{firstname} {lastname}\r\n{company}\r\n{address_1}\r\n{address_2}\r\n{city}, {zone} {postcode}\r\n{country}','\"\"','{\"code\":\"category_product_based.category_product_based_0\",\"extension\":\"category_product_based\",\"sort_order\":\"1g\",\"title\":\"Standard Post (NO TRACKING)\",\"name\":\"Standard Post (NO TRACKING)\",\"cost\":3.18181799999999981309883878566324710845947265625,\"value\":3.18181799999999981309883878566324710845947265625,\"tax_class_id\":\"11\",\"text\":\"$3.50\"}','',58.6500,3,0,0.0000,0,'',1,'',8,'AUD',1.00000000,'58.178.102.124','','Mozilla/5.0 (iPhone; CPU iPhone OS 17_3 like Mac OS X) AppleWebKit/605.1.15 (KHTML, like Gecko) GSA/309.1.619045077 Mobile/15E148 Safari/604.1','en-AU,en;q=0.9','2024-04-02 11:20:43','2024-04-04 14:08:45',NULL,NULL),(185,0,146,'INV-2024-00','',0,'Maxxeshop Auto','https://maxxeshopauto.com/a/',0,1,'Brad','McDonnell','brad@jmac-cars.com','','[]',0,'Brad','McDonnell','Jmac Auto Wholesale','30 Normandy Parade','30 Normandy Parade Currambine','Currambine','6028','Australia',13,'Western Australia',198,'{firstname} {lastname}\r\n{company}\r\n{address_1}\r\n{address_2}\r\n{city}, {zone} {postcode}\r\n{country}','\"\"','{\"code\":\"stripe.stripe\",\"name\":\"Credit \\/ Debit Card\"}',0,'Brad','McDonnell','Jmac Auto Wholesale','30 Normandy Parade','30 Normandy Parade Currambine','Currambine','6028','Australia',13,'Western Australia',198,'{firstname} {lastname}\r\n{company}\r\n{address_1}\r\n{address_2}\r\n{city}, {zone} {postcode}\r\n{country}','\"\"','{\"code\":\"category_product_based.category_product_based_0\",\"extension\":\"category_product_based\",\"sort_order\":\"1g\",\"title\":\"Standard Post (NO TRACKING)\",\"name\":\"Standard Post (NO TRACKING)\",\"cost\":3.18181799999999981309883878566324710845947265625,\"value\":3.18181799999999981309883878566324710845947265625,\"tax_class_id\":\"11\",\"text\":\"$3.50\"}','',57.5000,3,0,0.0000,0,'',1,'',8,'AUD',1.00000000,'58.160.139.27','','Mozilla/5.0 (Windows NT 10.0; Win64; x64) AppleWebKit/537.36 (KHTML, like Gecko) Chrome/123.0.0.0 Safari/537.36','en-GB,en-US;q=0.9,en;q=0.8','2024-04-02 15:57:59','2024-04-04 14:08:45',NULL,NULL),(186,0,147,'INV-2024-00','',0,'Maxxeshop Auto','https://maxxeshopauto.com/a/',0,1,'Greg','Baker','bakerfamily56@optusnet.com.au','','[]',0,'Greg','Baker','','4 Higinbotham Street','','BRIGHTON','3186','Australia',13,'Victoria',197,'{firstname} {lastname}\r\n{company}\r\n{address_1}\r\n{address_2}\r\n{city}, {zone} {postcode}\r\n{country}','\"\"','{\"code\":\"stripe.stripe\",\"name\":\"Credit \\/ Debit Card\"}',0,'Greg','Baker','','4 Higinbotham Street','','BRIGHTON','3186','Australia',13,'Victoria',197,'{firstname} {lastname}\r\n{company}\r\n{address_1}\r\n{address_2}\r\n{city}, {zone} {postcode}\r\n{country}','\"\"','{\"code\":\"category_product_based.category_product_based_2\",\"extension\":\"category_product_based\",\"sort_order\":\"1g\",\"title\":\"Express post (With Tracking\",\"name\":\"Express post (With Tracking\",\"cost\":9.9545454499999994624204191495664417743682861328125,\"value\":9.9545454499999994624204191495664417743682861328125,\"tax_class_id\":\"11\",\"text\":\"$10.95\"}','',61.8250,3,0,0.0000,0,'',1,'',8,'AUD',1.00000000,'175.38.15.164','','Mozilla/5.0 (Windows NT 10.0; Win64; x64) AppleWebKit/537.36 (KHTML, like Gecko) Chrome/123.0.0.0 Safari/537.36','en-GB,en-US;q=0.9,en;q=0.8','2024-04-02 16:41:13','2024-04-04 14:08:45',NULL,NULL),(187,0,0,'INV-2024-00','',0,'Maxxeshop Auto','https://maxxeshopauto.com/a/',169,1,'christian','fletcher','christianfletcher96@hotmail.com','','[]',86,'christian','fletcher','','6/14 Hillman Drive (1774)','','Nairne','5252','Australia',13,'South Australia',195,'{firstname} {lastname}\r\n{company}\r\n{address_1}\r\n{address_2}\r\n{city}, {zone} {postcode}\r\n{country}','\"\"','{\"code\":\"paypal_payment_gateway.paypal_payment_gateway\",\"name\":\"PayPal\"}',0,'christian','fletcher','','6/14 Hillman Drive (1774)','','Nairne','5252','Australia',13,'South Australia',195,'{firstname} {lastname}\r\n{company}\r\n{address_1}\r\n{address_2}\r\n{city}, {zone} {postcode}\r\n{country}','\"\"','{\"code\":\"category_product_based.category_product_based_0\",\"extension\":\"category_product_based\",\"sort_order\":\"1g\",\"title\":\"Standard Post (NO TRACKING)\",\"name\":\"Standard Post (NO TRACKING)\",\"cost\":3.18181799999999981309883878566324710845947265625,\"value\":3.18181799999999981309883878566324710845947265625,\"tax_class_id\":\"11\",\"text\":\"$3.50\"}','',73.6501,22,0,0.0000,0,'',1,'',8,'AUD',1.00000000,'1.147.77.243','','Mozilla/5.0 (iPhone; CPU iPhone OS 17_3_1 like Mac OS X) AppleWebKit/605.1.15 (KHTML, like Gecko) Version/17.3.1 Mobile/15E148 Safari/604.1','en-GB,en;q=0.9','2024-04-03 08:25:56','2024-04-09 13:20:47',NULL,NULL),(188,0,148,'INV-2024-00','',0,'Maxxeshop Auto','https://maxxeshopauto.com/a/',170,2,'Rebecca','Bird','rbird.pheonix@gmail.com','0409409113105','\"[]\"',87,'Rebecca','Bird','','PO Box 4005','','Woodlands','6018','Australia',13,'Western Australia',198,'{firstname} {lastname}\r\n{company}\r\n{address_1}\r\n{address_2}\r\n{city}, {zone} {postcode}\r\n{country}','[]','{\"code\":\"paypal_payment_gateway.paypal_payment_gateway\",\"name\":\"PayPal\"}',87,'Rebecca','Bird','','PO Box 4005','','Woodlands','6018','Australia',13,'Western Australia',198,'{firstname} {lastname}\r\n{company}\r\n{address_1}\r\n{address_2}\r\n{city}, {zone} {postcode}\r\n{country}','[]','{\"code\":\"category_product_based.category_product_based_0\",\"extension\":\"category_product_based\",\"sort_order\":\"1g\",\"title\":\"Standard Post (NO TRACKING)\",\"name\":\"Standard Post (NO TRACKING)\",\"cost\":3.18181799999999981309883878566324710845947265625,\"value\":3.18181799999999981309883878566324710845947265625,\"tax_class_id\":\"11\",\"text\":\"$3.50\"}','',51.4930,3,0,0.0000,0,'',1,'',8,'AUD',1.00000000,'14.201.8.4','','Mozilla/5.0 (Windows NT 10.0; Win64; x64) AppleWebKit/537.36 (KHTML, like Gecko) Chrome/123.0.0.0 Safari/537.36','en-US,en;q=0.9','2024-04-03 12:38:12','2024-04-04 14:08:45',NULL,NULL),(189,0,149,'INV-2024-00','',0,'Maxxeshop Auto','https://maxxeshopauto.com/a/',171,1,'Peter','Nyary','pnyary58@gmail.com','','[]',88,'Peter','Nyary','','137 Victoria ave','','Albert park','3206','Australia',13,'Victoria',197,'{firstname} {lastname}\r\n{company}\r\n{address_1}\r\n{address_2}\r\n{city}, {zone} {postcode}\r\n{country}','\"\"','{\"code\":\"stripe.stripe\",\"name\":\"Credit \\/ Debit Card\"}',0,'Peter','Nyary','','137 Victoria ave','','Albert park','3206','Australia',13,'Victoria',197,'{firstname} {lastname}\r\n{company}\r\n{address_1}\r\n{address_2}\r\n{city}, {zone} {postcode}\r\n{country}','\"\"','{\"code\":\"category_product_based.category_product_based_1\",\"extension\":\"category_product_based\",\"sort_order\":\"1g\",\"title\":\"Standard Post (With Tracking)\",\"name\":\"Standard Post (With Tracking)\",\"cost\":7.72727200000000014057377484277822077274322509765625,\"value\":7.72727200000000014057377484277822077274322509765625,\"tax_class_id\":\"11\",\"text\":\"$8.50\"}','',62.5000,3,0,0.0000,0,'',1,'',8,'AUD',1.00000000,'104.28.90.36','','Mozilla/5.0 (iPhone; CPU iPhone OS 17_3_1 like Mac OS X) AppleWebKit/605.1.15 (KHTML, like Gecko) Version/17.3.1 Mobile/15E148 Safari/604.1','en-AU,en;q=0.9','2024-04-03 13:26:37','2024-04-04 14:08:45',NULL,NULL),(190,0,150,'INV-2024-00','',0,'Maxxeshop Auto','https://maxxeshopauto.com/a/',172,1,'Magdalena','Smolak','magdalenasmolak@gmail.com','','[]',89,'Magdalena','Smolak','','Unit 4 430 Gainsborough Drive','','Pimpama','4209','Australia',13,'Queensland',194,'{firstname} {lastname}\r\n{company}\r\n{address_1}\r\n{address_2}\r\n{city}, {zone} {postcode}\r\n{country}','\"\"','{\"code\":\"stripe.stripe\",\"name\":\"Credit \\/ Debit Card\"}',0,'Magdalena','Smolak','','Unit 4 430 Gainsborough Drive','','Pimpama','4209','Australia',13,'Queensland',194,'{firstname} {lastname}\r\n{company}\r\n{address_1}\r\n{address_2}\r\n{city}, {zone} {postcode}\r\n{country}','\"\"','{\"code\":\"category_product_based.category_product_based_0\",\"extension\":\"category_product_based\",\"sort_order\":\"1g\",\"title\":\"Standard Post (NO TRACKING)\",\"name\":\"Standard Post (NO TRACKING)\",\"cost\":3.18181799999999981309883878566324710845947265625,\"value\":3.18181799999999981309883878566324710845947265625,\"tax_class_id\":\"11\",\"text\":\"$3.50\"}','PLEASE LEAVE BEHIND RED BUCKET AT FRONT DOOR. WILL COLLECT TONIGHT, PLEASE DO NOT POST',23.8500,3,0,0.0000,0,'',1,'',8,'AUD',1.00000000,'149.57.49.206','','Mozilla/5.0 (Windows NT 10.0; Win64; x64) AppleWebKit/537.36 (KHTML, like Gecko) Chrome/109.0.0.0 Safari/537.36','en-US,en;q=0.9','2024-04-03 14:44:08','2024-04-04 14:08:45',NULL,NULL),(191,0,152,'INV-2024-00','',0,'Maxxeshop Auto','https://maxxeshopauto.com/a/',173,1,'Daniel','Dossetor','daniel.dossetor@icloud.com','','[]',90,'Daniel','Dossetor','','685 Valery rd','685 Valery rd','Valery','2454','Australia',13,'New South Wales',192,'{firstname} {lastname}\r\n{company}\r\n{address_1}\r\n{address_2}\r\n{city}, {zone} {postcode}\r\n{country}','\"\"','{\"code\":\"stripe.stripe\",\"name\":\"Credit \\/ Debit Card\"}',0,'Daniel','Dossetor','','685 Valery rd','685 Valery rd','Valery','2454','Australia',13,'New South Wales',192,'{firstname} {lastname}\r\n{company}\r\n{address_1}\r\n{address_2}\r\n{city}, {zone} {postcode}\r\n{country}','\"\"','{\"code\":\"category_product_based.category_product_based_0\",\"extension\":\"category_product_based\",\"sort_order\":\"1g\",\"title\":\"Standard Post (NO TRACKING)\",\"name\":\"Standard Post (NO TRACKING)\",\"cost\":3.18181799999999981309883878566324710845947265625,\"value\":3.18181799999999981309883878566324710845947265625,\"tax_class_id\":\"11\",\"text\":\"$3.50\"}','',57.5000,3,0,0.0000,0,'',1,'',8,'AUD',1.00000000,'121.221.156.215','','Mozilla/5.0 (iPad; CPU OS 17_3 like Mac OS X) AppleWebKit/605.1.15 (KHTML, like Gecko) Version/17.3 Mobile/15E148 Safari/604.1','en-AU,en;q=0.9','2024-04-04 09:06:16','2024-04-11 15:26:57',NULL,NULL),(192,0,151,'INV-2024-00','',0,'Maxxeshop Auto','https://maxxeshopauto.com/a/',174,1,'Adam','Browner','adam.ifbb@gmail.com','','[]',91,'Adam','Browner','Dynamic repair solutions','201 Latimer Rd','','Logan village','4207','Australia',13,'Queensland',194,'{firstname} {lastname}\r\n{company}\r\n{address_1}\r\n{address_2}\r\n{city}, {zone} {postcode}\r\n{country}','\"\"','{\"code\":\"stripe.stripe\",\"name\":\"Credit \\/ Debit Card\"}',0,'Adam','Browner','Dynamic repair solutions','201 Latimer Rd','','Logan village','4207','Australia',13,'Queensland',194,'{firstname} {lastname}\r\n{company}\r\n{address_1}\r\n{address_2}\r\n{city}, {zone} {postcode}\r\n{country}','\"\"','{\"code\":\"category_product_based.category_product_based_0\",\"extension\":\"category_product_based\",\"sort_order\":\"1g\",\"title\":\"Standard Post (NO TRACKING)\",\"name\":\"Standard Post (NO TRACKING)\",\"cost\":3.18181799999999981309883878566324710845947265625,\"value\":3.18181799999999981309883878566324710845947265625,\"tax_class_id\":\"11\",\"text\":\"$3.50\"}','',57.5000,3,0,0.0000,0,'',1,'',8,'AUD',1.00000000,'49.182.163.58','','Mozilla/5.0 (iPhone; CPU iPhone OS 17_3_1 like Mac OS X) AppleWebKit/605.1.15 (KHTML, like Gecko) Version/17.3.1 Mobile/15E148 Safari/604.1','en-AU,en;q=0.9','2024-04-04 12:09:41','2024-04-11 15:26:57',NULL,NULL),(193,0,153,'INV-2024-00','',0,'Maxxeshop Auto','https://maxxeshopauto.com/a/',0,1,'BRETT','PEEL','brettpeel22@gmail.com','','[]',0,'BRETT','PEEL','NA','22 Angliss Street','Angliss Street','Wilston','4051','Australia',13,'Queensland',194,'{firstname} {lastname}\r\n{company}\r\n{address_1}\r\n{address_2}\r\n{city}, {zone} {postcode}\r\n{country}','\"\"','{\"code\":\"stripe.stripe\",\"name\":\"Credit \\/ Debit Card\"}',0,'BRETT','PEEL','NA','22 Angliss Street','Angliss Street','Wilston','4051','Australia',13,'Queensland',194,'{firstname} {lastname}\r\n{company}\r\n{address_1}\r\n{address_2}\r\n{city}, {zone} {postcode}\r\n{country}','\"\"','{\"code\":\"category_product_based.category_product_based_1\",\"extension\":\"category_product_based\",\"sort_order\":\"1g\",\"title\":\"Standard Post (With Tracking)\",\"name\":\"Standard Post (With Tracking)\",\"cost\":7.72727200000000014057377484277822077274322509765625,\"value\":7.72727200000000014057377484277822077274322509765625,\"tax_class_id\":\"11\",\"text\":\"$8.50\"}','',48.3200,3,0,0.0000,0,'',1,'',8,'AUD',1.00000000,'193.116.66.197','','Mozilla/5.0 (Linux; Android 10; K) AppleWebKit/537.36 (KHTML, like Gecko) Chrome/123.0.0.0 Mobile Safari/537.36','en-AU,en;q=0.9,fr-FR;q=0.8,fr;q=0.7,en-GB;q=0.6,en-US;q=0.5','2024-04-04 15:20:22','2024-04-11 15:26:57',NULL,NULL),(194,0,154,'INV-2024-00','',0,'Maxxeshop Auto','https://maxxeshopauto.com/a/',0,1,'Jeremy','Gaschk','j.gaschk@live.com.au','','[]',0,'Jeremy','Gaschk','','6 Hawthorne','','Dalby','4405','Australia',13,'Queensland',194,'{firstname} {lastname}\r\n{company}\r\n{address_1}\r\n{address_2}\r\n{city}, {zone} {postcode}\r\n{country}','\"\"','{\"code\":\"paypal_payment_gateway.paypal_payment_gateway\",\"name\":\"PayPal\"}',0,'Jeremy','Gaschk','','6 Hawthorne','','Dalby','4405','Australia',13,'Queensland',194,'{firstname} {lastname}\r\n{company}\r\n{address_1}\r\n{address_2}\r\n{city}, {zone} {postcode}\r\n{country}','\"\"','{\"code\":\"category_product_based.category_product_based_0\",\"extension\":\"category_product_based\",\"sort_order\":\"1g\",\"title\":\"Standard Post (NO TRACKING)\",\"name\":\"Standard Post (NO TRACKING)\",\"cost\":3.18181799999999981309883878566324710845947265625,\"value\":3.18181799999999981309883878566324710845947265625,\"tax_class_id\":\"11\",\"text\":\"$3.50\"}','',53.3000,3,0,0.0000,0,'',1,'',8,'AUD',1.00000000,'206.83.120.213','','Mozilla/5.0 (iPhone; CPU iPhone OS 16_7_2 like Mac OS X) AppleWebKit/605.1.15 (KHTML, like Gecko) Version/16.6 Mobile/15E148 Safari/604.1','en-AU,en;q=0.9','2024-04-05 13:02:49','2024-04-11 15:26:34',NULL,NULL),(195,0,155,'INV-2024-00','',0,'Maxxeshop Auto','https://maxxeshopauto.com/a/',175,1,'Leah','Wheeler','leah.i.wheeler@outlook.com','','[]',92,'Leah','Wheeler','','4 Beaumont Crescent','','Bellbird Park','4300','Australia',13,'Queensland',194,'{firstname} {lastname}\r\n{company}\r\n{address_1}\r\n{address_2}\r\n{city}, {zone} {postcode}\r\n{country}','\"\"','{\"code\":\"stripe.stripe\",\"name\":\"Credit \\/ Debit Card\"}',93,'Leah','Wheeler','','4 Beaumont Crescent','','Bellbird Park','4300','Australia',13,'Queensland',194,'{firstname} {lastname}\r\n{company}\r\n{address_1}\r\n{address_2}\r\n{city}, {zone} {postcode}\r\n{country}','\"\"','{\"code\":\"category_product_based.category_product_based_2\",\"extension\":\"category_product_based\",\"sort_order\":\"1g\",\"title\":\"Express post (With Tracking\",\"name\":\"Express post (With Tracking\",\"cost\":9.9545454499999994624204191495664417743682861328125,\"value\":9.9545454499999994624204191495664417743682861328125,\"tax_class_id\":\"11\",\"text\":\"$10.95\"}','',26.9396,3,0,0.0000,0,'',1,'',8,'AUD',1.00000000,'220.233.36.38','','Mozilla/5.0 (Linux; Android 10; K) AppleWebKit/537.36 (KHTML, like Gecko) Chrome/123.0.0.0 Mobile Safari/537.36','en-US,en;q=0.9','2024-04-05 14:30:26','2024-04-11 15:26:34',NULL,NULL),(196,0,156,'INV-2024-00','',0,'Maxxeshop Auto','https://maxxeshopauto.com/a/',177,2,'Emily','Brianton','ebrianton@gmail.com','0407830527','\"[]\"',95,'Emily','Brianton','','544 Station Rd','','Carlton North','3054','Australia',13,'Victoria',197,'{firstname} {lastname}\n{company}\n{address_1}\n{address_2}\n{city}, {zone} {postcode}\n{country}','[]','{\"code\":\"paypal_payment_gateway.paypal_payment_gateway\",\"name\":\"PayPal\"}',95,'Emily','Brianton','','544 Station Rd','','Carlton North','3054','Australia',13,'Victoria',197,'{firstname} {lastname}\n{company}\n{address_1}\n{address_2}\n{city}, {zone} {postcode}\n{country}','[]','{\"code\":\"category_product_based.category_product_based_0\",\"extension\":\"category_product_based\",\"sort_order\":\"2a\",\"title\":\"Standard Post\",\"name\":\"Standard Post\",\"cost\":22.727272719999998429329934879206120967864990234375,\"value\":22.727272719999998429329934879206120967864990234375,\"tax_class_id\":\"11\",\"text\":\"$25.00\"}','',314.8000,3,0,0.0000,0,'',1,'',8,'AUD',1.00000000,'14.201.8.4','','Mozilla/5.0 (Windows NT 10.0; Win64; x64) AppleWebKit/537.36 (KHTML, like Gecko) Chrome/123.0.0.0 Safari/537.36','en-US,en;q=0.9','2024-04-05 16:52:14','2024-04-11 15:26:09',NULL,NULL),(197,0,157,'INV-2024-00','',0,'Maxxeshop Auto','https://maxxeshopauto.com/a/',179,1,'Kirby','O\'Shea','kirbyos9@hotmail.com','','\"\"',96,'Kirby','O\'Shea','','822 Wynnum Road','Unit 1','Cannon Hill','4170','Australia',13,'Queensland',194,'{firstname} {lastname}\r\n{company}\r\n{address_1}\r\n{address_2}\r\n{city}, {zone} {postcode}\r\n{country}','\"\"','{\"code\":\"stripe.stripe\",\"name\":\"Credit \\/ Debit Card\"}',96,'Kirby','O\'Shea','','822 Wynnum Road','Unit 1','Cannon Hill','4170','Australia',13,'Queensland',194,'{firstname} {lastname}\r\n{company}\r\n{address_1}\r\n{address_2}\r\n{city}, {zone} {postcode}\r\n{country}','\"\"','{\"code\":\"category_product_based.category_product_based_0\",\"extension\":\"category_product_based\",\"sort_order\":\"1g\",\"title\":\"Standard Post (NO TRACKING)\",\"name\":\"Standard Post (NO TRACKING)\",\"cost\":3.18181799999999981309883878566324710845947265625,\"value\":3.18181799999999981309883878566324710845947265625,\"tax_class_id\":\"11\",\"text\":\"$3.50\"}','',35.9500,3,0,0.0000,0,'',1,'',8,'AUD',1.00000000,'103.95.114.77','','Mozilla/5.0 (iPhone; CPU iPhone OS 17_3_1 like Mac OS X) AppleWebKit/605.1.15 (KHTML, like Gecko) Version/17.3.1 Mobile/15E148 Safari/604.1','en-AU,en;q=0.9','2024-04-06 23:19:54','2024-04-11 15:26:34',NULL,NULL),(198,0,158,'INV-2024-00','',0,'Maxxeshop Auto','https://maxxeshopauto.com/a/',0,1,'Brooke','Nolan-Beckett','bmnolan71@yahoo.com','','[]',0,'Brooke','Nolan-Beckett','','126 Easthill Drive','','Robina','4226','Australia',13,'Queensland',194,'{firstname} {lastname}\r\n{company}\r\n{address_1}\r\n{address_2}\r\n{city}, {zone} {postcode}\r\n{country}','\"\"','{\"code\":\"stripe.stripe\",\"name\":\"Credit \\/ Debit Card\"}',0,'Brooke','Nolan-Beckett','','126 Easthill Drive','','Robina','4226','Australia',13,'Queensland',194,'{firstname} {lastname}\r\n{company}\r\n{address_1}\r\n{address_2}\r\n{city}, {zone} {postcode}\r\n{country}','\"\"','{\"code\":\"category_product_based.category_product_based_2\",\"extension\":\"category_product_based\",\"sort_order\":\"1g\",\"title\":\"Express post (With Tracking\",\"name\":\"Express post (With Tracking\",\"cost\":9.9545454499999994624204191495664417743682861328125,\"value\":9.9545454499999994624204191495664417743682861328125,\"tax_class_id\":\"11\",\"text\":\"$10.95\"}','',64.9500,3,0,0.0000,0,'',1,'',8,'AUD',1.00000000,'104.28.35.17','','Mozilla/5.0 (iPhone; CPU iPhone OS 17_3_1 like Mac OS X) AppleWebKit/605.1.15 (KHTML, like Gecko) Version/17.3.1 Mobile/15E148 Safari/604.1','en-AU,en;q=0.9','2024-04-07 07:59:51','2024-04-11 15:26:34',NULL,NULL),(199,0,0,'INV-2024-00','',0,'Maxxeshop Auto','https://maxxeshopauto.com/a/',0,1,'Sophie','Drummond','sophiedrummo28@gmail.com','','[]',0,'Sophie','Drummond','','98 Mowbray Drive','','Wantirna South','','Australia',13,'Victoria',197,'{firstname} {lastname}\r\n{company}\r\n{address_1}\r\n{address_2}\r\n{city}, {zone} {postcode}\r\n{country}','\"\"','{\"code\":\"paypal_payment_gateway.paypal_payment_gateway\",\"name\":\"PayPal\"}',0,'Sophie','Drummond','','98 Mowbray Drive','','Wantirna South','','Australia',13,'Victoria',197,'{firstname} {lastname}\r\n{company}\r\n{address_1}\r\n{address_2}\r\n{city}, {zone} {postcode}\r\n{country}','\"\"','{\"code\":\"category_product_based.category_product_based_2\",\"extension\":\"category_product_based\",\"sort_order\":\"1g\",\"title\":\"Express post (With Tracking\",\"name\":\"Express post (With Tracking\",\"cost\":9.9545454499999994624204191495664417743682861328125,\"value\":9.9545454499999994624204191495664417743682861328125,\"tax_class_id\":\"11\",\"text\":\"$10.95\"}','',64.9500,22,0,0.0000,0,'',1,'',8,'AUD',1.00000000,'120.21.238.208','','Mozilla/5.0 (iPhone; CPU iPhone OS 17_2_1 like Mac OS X) AppleWebKit/605.1.15 (KHTML, like Gecko) Version/17.2 Mobile/15E148 Safari/604.1','en-AU,en;q=0.9','2024-04-08 14:32:57','2024-04-09 13:20:13',NULL,NULL),(200,0,159,'INV-2024-00','',0,'Maxxeshop Auto','https://maxxeshopauto.com/a/',0,1,'Sophie','Drummond','sophiedrummo28@gmail.com','','[]',0,'Sophie','Drummond','','98 Mowbray Drive','','Wantirna South','3152','Australia',13,'Victoria',197,'{firstname} {lastname}\r\n{company}\r\n{address_1}\r\n{address_2}\r\n{city}, {zone} {postcode}\r\n{country}','\"\"','{\"code\":\"stripe.stripe\",\"name\":\"Credit \\/ Debit Card\"}',0,'Sophie','Drummond','','98 Mowbray Drive','','Wantirna South','3152','Australia',13,'Victoria',197,'{firstname} {lastname}\r\n{company}\r\n{address_1}\r\n{address_2}\r\n{city}, {zone} {postcode}\r\n{country}','\"\"','{\"code\":\"category_product_based.category_product_based_2\",\"extension\":\"category_product_based\",\"sort_order\":\"1g\",\"title\":\"Express post (With Tracking\",\"name\":\"Express post (With Tracking\",\"cost\":9.9545454499999994624204191495664417743682861328125,\"value\":9.9545454499999994624204191495664417743682861328125,\"tax_class_id\":\"11\",\"text\":\"$10.95\"}','',64.9500,3,0,0.0000,0,'',1,'',8,'AUD',1.00000000,'120.148.26.90','','Mozilla/5.0 (iPhone; CPU iPhone OS 17_2_1 like Mac OS X) AppleWebKit/605.1.15 (KHTML, like Gecko) Version/17.2 Mobile/15E148 Safari/604.1','en-AU,en;q=0.9','2024-04-09 10:32:05','2024-04-11 15:26:34',NULL,NULL),(201,0,161,'INV-2024-00','',0,'Maxxeshop Auto','https://maxxeshopauto.com/a/',180,1,'Amber','McGrath','amberlee24@hotmail.com','','[]',97,'Amber','McGrath','','7 Bassett St','','Flinders','2529','Australia',13,'New South Wales',192,'{firstname} {lastname}\r\n{company}\r\n{address_1}\r\n{address_2}\r\n{city}, {zone} {postcode}\r\n{country}','\"\"','{\"code\":\"stripe.stripe\",\"name\":\"Credit \\/ Debit Card\"}',0,'Amber','McGrath','','7 Bassett St','','Flinders','2529','Australia',13,'New South Wales',192,'{firstname} {lastname}\r\n{company}\r\n{address_1}\r\n{address_2}\r\n{city}, {zone} {postcode}\r\n{country}','\"\"','{\"code\":\"category_product_based.category_product_based_2\",\"extension\":\"category_product_based\",\"sort_order\":\"1g\",\"title\":\"Express post (With Tracking\",\"name\":\"Express post (With Tracking\",\"cost\":9.9545454499999994624204191495664417743682861328125,\"value\":9.9545454499999994624204191495664417743682861328125,\"tax_class_id\":\"11\",\"text\":\"$10.95\"}','',58.8000,3,0,0.0000,0,'',1,'',8,'AUD',1.00000000,'1.157.128.24','','Mozilla/5.0 (iPhone; CPU iPhone OS 17_4_1 like Mac OS X) AppleWebKit/605.1.15 (KHTML, like Gecko) Version/17.4.1 Mobile/15E148 Safari/604.1','en-AU,en;q=0.9','2024-04-09 15:02:46','2024-04-11 15:26:34',NULL,NULL),(202,0,160,'INV-2024-00','',0,'Maxxeshop Auto','https://maxxeshopauto.com/a/',181,2,'Renee','Mokai-story','ren.young@hotmail.com','0420714130','\"[]\"',98,'Renee','Mokai-story','','314 Daw Road','','Runcorn','4113','Australia',13,'Queensland',194,'{firstname} {lastname}\n{company}\n{address_1}\n{address_2}\n{city}, {zone} {postcode}\n{country}','[]','{\"code\":\"paypal_payment_gateway.paypal_payment_gateway\",\"name\":\"PayPal\"}',98,'Renee','Mokai-story','','314 Daw Road','','Runcorn','4113','Australia',13,'Queensland',194,'{firstname} {lastname}\n{company}\n{address_1}\n{address_2}\n{city}, {zone} {postcode}\n{country}','[]','{\"code\":\"category_product_based.category_product_based_0\",\"extension\":\"category_product_based\",\"sort_order\":\"2a\",\"title\":\"Standard Post\",\"name\":\"Standard Post\",\"cost\":22.727272719999998429329934879206120967864990234375,\"value\":22.727272719999998429329934879206120967864990234375,\"tax_class_id\":\"11\",\"text\":\"$25.00\"}','',234.4000,3,0,0.0000,0,'',1,'',8,'AUD',1.00000000,'14.201.8.4','','Mozilla/5.0 (Windows NT 10.0; Win64; x64) AppleWebKit/537.36 (KHTML, like Gecko) Chrome/123.0.0.0 Safari/537.36','en-US,en;q=0.9','2024-04-09 15:18:27','2024-04-11 15:25:44',NULL,NULL),(203,0,162,'INV-2024-00','',0,'Maxxeshop Auto','https://maxxeshopauto.com/a/',0,1,'Tyson','Matthews','tygmatthews@gmail.com','','[]',0,'Tyson','Matthews','','200 Carlton Terrace','','Manly','4179','Australia',13,'Queensland',194,'{firstname} {lastname}\r\n{company}\r\n{address_1}\r\n{address_2}\r\n{city}, {zone} {postcode}\r\n{country}','\"\"','{\"code\":\"paypal_payment_gateway.paypal_payment_gateway\",\"name\":\"PayPal\"}',0,'Tyson','MATTHEWS','','200 Carlton tce','','Manly','4179','Australia',13,'Queensland',194,'{firstname} {lastname}\r\n{company}\r\n{address_1}\r\n{address_2}\r\n{city}, {zone} {postcode}\r\n{country}','\"\"','{\"code\":\"category_product_based.category_product_based_0\",\"extension\":\"category_product_based\",\"sort_order\":\"1g\",\"title\":\"Standard Post (NO TRACKING)\",\"name\":\"Standard Post (NO TRACKING)\",\"cost\":3.18181799999999981309883878566324710845947265625,\"value\":3.18181799999999981309883878566324710845947265625,\"tax_class_id\":\"11\",\"text\":\"$3.50\"}','',45.8500,3,0,0.0000,0,'',1,'',8,'AUD',1.00000000,'49.197.217.51','','Mozilla/5.0 (Linux; Android 10; K) AppleWebKit/537.36 (KHTML, like Gecko) Chrome/123.0.0.0 Mobile Safari/537.36','en-US,en;q=0.9','2024-04-10 11:30:21','2024-04-11 15:26:34',NULL,NULL),(204,0,164,'INV-2024-00','',0,'Maxxeshop Auto','https://maxxeshopauto.com/a/',0,1,'Matthew','Bryant','Msb082@hotmail.com','','[]',0,'Matthew','Bryant','','669 Waterfall Way','','Fernmount','2454','Australia',13,'New South Wales',192,'{firstname} {lastname}\r\n{company}\r\n{address_1}\r\n{address_2}\r\n{city}, {zone} {postcode}\r\n{country}','\"\"','{\"code\":\"stripe.stripe\",\"name\":\"Credit \\/ Debit Card\"}',0,'Matthew','Bryant','','669 Waterfall Way','','Fernmount','2454','Australia',13,'New South Wales',192,'{firstname} {lastname}\r\n{company}\r\n{address_1}\r\n{address_2}\r\n{city}, {zone} {postcode}\r\n{country}','\"\"','{\"code\":\"category_product_based.category_product_based_0\",\"extension\":\"category_product_based\",\"sort_order\":\"1g\",\"title\":\"Standard Post (NO TRACKING)\",\"name\":\"Standard Post (NO TRACKING)\",\"cost\":3.18181799999999981309883878566324710845947265625,\"value\":3.18181799999999981309883878566324710845947265625,\"tax_class_id\":\"11\",\"text\":\"$3.50\"}','',34.6300,3,0,0.0000,0,'',1,'',8,'AUD',1.00000000,'49.181.58.70','','Mozilla/5.0 (Linux; Android 10; K) AppleWebKit/537.36 (KHTML, like Gecko) Chrome/123.0.0.0 Mobile Safari/537.36','en-US,en-AU;q=0.9,en;q=0.8','2024-04-10 12:24:52','2024-04-11 15:26:34',NULL,NULL),(205,0,163,'INV-2024-00','',0,'Maxxeshop Auto','https://maxxeshopauto.com/a/',0,1,'Antony','Fragar','tonyfragar@gmail.com','','[]',0,'Antony','Fragar','','25 Crammond Avenue','','Bundeena','2230','Australia',13,'New South Wales',192,'{firstname} {lastname}\r\n{company}\r\n{address_1}\r\n{address_2}\r\n{city}, {zone} {postcode}\r\n{country}','\"\"','{\"code\":\"paypal_payment_gateway.paypal_payment_gateway\",\"name\":\"PayPal\"}',0,'Antony','Fragar','','25 Crammond Avenue','','Bundeena','2230','Australia',13,'New South Wales',192,'{firstname} {lastname}\r\n{company}\r\n{address_1}\r\n{address_2}\r\n{city}, {zone} {postcode}\r\n{country}','\"\"','{\"code\":\"category_product_based.category_product_based_0\",\"extension\":\"category_product_based\",\"sort_order\":\"1g\",\"title\":\"Standard Post (NO TRACKING)\",\"name\":\"Standard Post (NO TRACKING)\",\"cost\":3.18181799999999981309883878566324710845947265625,\"value\":3.18181799999999981309883878566324710845947265625,\"tax_class_id\":\"11\",\"text\":\"$3.50\"}','',57.5000,3,0,0.0000,0,'',1,'',8,'AUD',1.00000000,'120.147.214.80','','Mozilla/5.0 (Macintosh; Intel Mac OS X 10_15_7) AppleWebKit/605.1.15 (KHTML, like Gecko) Version/17.2 Safari/605.1.15','en-AU,en;q=0.9','2024-04-10 14:34:29','2024-04-11 15:26:34',NULL,NULL),(206,0,165,'INV-2024-00','',0,'Maxxeshop Auto','https://maxxeshopauto.com/a/',0,1,'Matt','Groarke','matt@bidwaustralia.com.au','','[]',0,'Matt','Groarke','BI&amp;DW Australia','52 Riverview Road','','Oyster Bay','2225','Australia',13,'New South Wales',192,'{firstname} {lastname}\r\n{company}\r\n{address_1}\r\n{address_2}\r\n{city}, {zone} {postcode}\r\n{country}','\"\"','{\"code\":\"paypal_payment_gateway.paypal_payment_gateway\",\"name\":\"PayPal\"}',0,'Matt','Groarke','BI&amp;DW Australia','52 Riverview Road','','Oyster Bay','2225','Australia',13,'New South Wales',192,'{firstname} {lastname}\r\n{company}\r\n{address_1}\r\n{address_2}\r\n{city}, {zone} {postcode}\r\n{country}','\"\"','{\"code\":\"category_product_based.category_product_based_2\",\"extension\":\"category_product_based\",\"sort_order\":\"1g\",\"title\":\"Express post (With Tracking\",\"name\":\"Express post (With Tracking\",\"cost\":9.9545454499999994624204191495664417743682861328125,\"value\":9.9545454499999994624204191495664417743682861328125,\"tax_class_id\":\"11\",\"text\":\"$10.95\"}','',64.9500,3,0,0.0000,0,'',1,'',8,'AUD',1.00000000,'1.40.41.55','','Mozilla/5.0 (Macintosh; Intel Mac OS X 10_15_7) AppleWebKit/537.36 (KHTML, like Gecko) Chrome/123.0.0.0 Safari/537.36','en-US,en;q=0.9','2024-04-10 17:09:02','2024-04-11 15:26:34',NULL,NULL),(207,0,166,'INV-2024-00','',0,'Maxxeshop Auto','https://maxxeshopauto.com/a/',183,2,'Andrew','King','sngus.king@hotmail.com.au','0403410009','\"[]\"',99,'Andrew','King','','7 Owens Lane','Unit 2','Southport','','Australia',13,'Queensland',194,'{firstname} {lastname}\n{company}\n{address_1}\n{address_2}\n{city}, {zone} {postcode}\n{country}','[]','{\"code\":\"paypal_payment_gateway.paypal_payment_gateway\",\"name\":\"PayPal\"}',99,'Andrew','King','','7 Owens Lane','Unit 2','Southport','','Australia',13,'Queensland',194,'{firstname} {lastname}\n{company}\n{address_1}\n{address_2}\n{city}, {zone} {postcode}\n{country}','[]','{\"code\":\"category_product_based.category_product_based_3\",\"extension\":\"category_product_based\",\"sort_order\":\"2a\",\"title\":\"Installation Gold Coast\",\"name\":\"Installation Gold Coast\",\"cost\":218.181817999999992707671481184661388397216796875,\"value\":218.181817999999992707671481184661388397216796875,\"tax_class_id\":\"11\",\"text\":\"$240.00\"}','',413.5000,18,0,0.0000,0,'',1,'',8,'AUD',1.00000000,'14.201.8.4','','Mozilla/5.0 (Windows NT 10.0; Win64; x64) AppleWebKit/537.36 (KHTML, like Gecko) Chrome/123.0.0.0 Safari/537.36','en-US,en;q=0.9','2024-04-11 16:03:36','2024-04-11 16:16:25',NULL,NULL),(208,0,167,'INV-2024-00','',0,'Maxxeshop Auto','https://maxxeshopauto.com/a/',0,1,'James','Sweetapple','james@cargoroadwines.com.au','','[]',0,'James','Sweetapple','Cargo Road Wines','1064 Cargo Road','','Orange','2800','Australia',13,'New South Wales',192,'{firstname} {lastname}\r\n{company}\r\n{address_1}\r\n{address_2}\r\n{city}, {zone} {postcode}\r\n{country}','\"\"','{\"code\":\"stripe.stripe\",\"name\":\"Credit \\/ Debit Card\"}',0,'James','Sweetapple','Cargo Road Wines','1064 Cargo Road','','Orange','2800','Australia',13,'New South Wales',192,'{firstname} {lastname}\r\n{company}\r\n{address_1}\r\n{address_2}\r\n{city}, {zone} {postcode}\r\n{country}','\"\"','{\"code\":\"category_product_based.category_product_based_0\",\"extension\":\"category_product_based\",\"sort_order\":\"1g\",\"title\":\"Standard Post (NO TRACKING)\",\"name\":\"Standard Post (NO TRACKING)\",\"cost\":3.18181799999999981309883878566324710845947265625,\"value\":3.18181799999999981309883878566324710845947265625,\"tax_class_id\":\"11\",\"text\":\"$3.50\"}','',42.5500,3,0,0.0000,0,'',1,'',8,'AUD',1.00000000,'14.200.130.198','','Mozilla/5.0 (Windows NT 10.0; Win64; x64) AppleWebKit/537.36 (KHTML, like Gecko) Chrome/123.0.0.0 Safari/537.36','en-AU,en-GB;q=0.9,en-US;q=0.8,en;q=0.7','2024-04-12 13:14:08','2024-04-15 16:27:38',NULL,NULL),(209,0,168,'INV-2024-00','',0,'Maxxeshop Auto','https://maxxeshopauto.com/a/',0,1,'Ali','Dogru','emkelali@gmail.com','','[]',0,'Ali','Dogru','','13 greenham Avenue craigieburn','','Melbourne','3064','Australia',13,'Victoria',197,'{firstname} {lastname}\r\n{company}\r\n{address_1}\r\n{address_2}\r\n{city}, {zone} {postcode}\r\n{country}','\"\"','{\"code\":\"paypal_payment_gateway.paypal_payment_gateway\",\"name\":\"PayPal\"}',0,'Ali','Dogru','','13 greenham Avenue craigieburn','','Melbourne','3064','Australia',13,'Victoria',197,'{firstname} {lastname}\r\n{company}\r\n{address_1}\r\n{address_2}\r\n{city}, {zone} {postcode}\r\n{country}','\"\"','{\"code\":\"category_product_based.category_product_based_2\",\"extension\":\"category_product_based\",\"sort_order\":\"1g\",\"title\":\"Express post (With Tracking\",\"name\":\"Express post (With Tracking\",\"cost\":19.909090899999998924840838299132883548736572265625,\"value\":19.909090899999998924840838299132883548736572265625,\"tax_class_id\":\"11\",\"text\":\"$21.90\"}','',69.2000,3,0,0.0000,0,'',1,'',8,'AUD',1.00000000,'125.253.110.87','','Mozilla/5.0 (Linux; Android 10; K) AppleWebKit/537.36 (KHTML, like Gecko) Chrome/123.0.0.0 Mobile Safari/537.36','en-AU,en;q=0.9,en-GB;q=0.8,en-US;q=0.7,tr;q=0.6','2024-04-12 23:15:35','2024-04-15 16:27:38',NULL,NULL),(210,0,169,'INV-2024-00','',0,'Maxxeshop Auto','https://maxxeshopauto.com/a/',0,1,'christian','fletcher','christianfletcher96@hotmail.com','','[]',0,'christian','fletcher','','6/14 Hillman Drive (1774)','','Nairne','5252','Australia',13,'South Australia',195,'{firstname} {lastname}\r\n{company}\r\n{address_1}\r\n{address_2}\r\n{city}, {zone} {postcode}\r\n{country}','\"\"','{\"code\":\"paypal_payment_gateway.paypal_payment_gateway\",\"name\":\"PayPal\"}',0,'christian','fletcher','','6/14 Hillman Drive (1774)','','Nairne','5252','Australia',13,'South Australia',195,'{firstname} {lastname}\r\n{company}\r\n{address_1}\r\n{address_2}\r\n{city}, {zone} {postcode}\r\n{country}','\"\"','{\"code\":\"category_product_based.category_product_based_0\",\"extension\":\"category_product_based\",\"sort_order\":\"1g\",\"title\":\"Standard Post (NO TRACKING)\",\"name\":\"Standard Post (NO TRACKING)\",\"cost\":3.18181799999999981309883878566324710845947265625,\"value\":3.18181799999999981309883878566324710845947265625,\"tax_class_id\":\"11\",\"text\":\"$3.50\"}','',73.6501,3,0,0.0000,0,'',1,'',8,'AUD',1.00000000,'125.168.140.126','','Mozilla/5.0 (iPhone; CPU iPhone OS 17_4_1 like Mac OS X) AppleWebKit/605.1.15 (KHTML, like Gecko) Version/17.4.1 Mobile/15E148 Safari/604.1','en-GB,en;q=0.9','2024-04-13 19:34:54','2024-04-15 16:27:38',NULL,NULL),(211,0,170,'INV-2024-00','',0,'Maxxeshop Auto','https://maxxeshopauto.com/a/',184,1,'Cameron','Porter','cameron.porter@astrazeneca.com','','[]',100,'Cameron','Porter','Astrazeneca','40 Dilgara Street','','Tugun','4224','Australia',13,'Queensland',194,'{firstname} {lastname}\r\n{company}\r\n{address_1}\r\n{address_2}\r\n{city}, {zone} {postcode}\r\n{country}','\"\"','{\"code\":\"stripe.stripe\",\"name\":\"Credit \\/ Debit Card\"}',0,'Cameron','Porter','Astrazeneca','40 Dilgara Street','','Tugun','4224','Australia',13,'Queensland',194,'{firstname} {lastname}\r\n{company}\r\n{address_1}\r\n{address_2}\r\n{city}, {zone} {postcode}\r\n{country}','\"\"','{\"code\":\"category_product_based.category_product_based_0\",\"extension\":\"category_product_based\",\"sort_order\":\"1g\",\"title\":\"Standard Post (NO TRACKING)\",\"name\":\"Standard Post (NO TRACKING)\",\"cost\":3.18181799999999981309883878566324710845947265625,\"value\":3.18181799999999981309883878566324710845947265625,\"tax_class_id\":\"11\",\"text\":\"$3.50\"}','',43.4300,3,0,0.0000,0,'',1,'',8,'AUD',1.00000000,'101.179.40.108','101.179.40.108','Mozilla/5.0 (Windows NT 10.0; Win64; x64) AppleWebKit/537.36 (KHTML, like Gecko) Chrome/123.0.0.0 Safari/537.36','en-GB,en-US;q=0.9,en;q=0.8','2024-04-15 09:19:39','2024-04-15 16:27:38',NULL,NULL),(212,0,171,'INV-2024-00','',0,'Maxxeshop Auto','https://maxxeshopauto.com/a/',185,2,'John','Murzin','lncliak16@gmail.com','0402072673','\"[]\"',101,'John','Murzin','','215 Springfield Rd','','Catherine Fields','2557','Australia',13,'New South Wales',192,'{firstname} {lastname}\r\n{company}\r\n{address_1}\r\n{address_2}\r\n{city}, {zone} {postcode}\r\n{country}','[]','{\"code\":\"paypal_payment_gateway.paypal_payment_gateway\",\"name\":\"PayPal\"}',101,'John','Murzin','','215 Springfield Rd','','Catherine Fields','2557','Australia',13,'New South Wales',192,'{firstname} {lastname}\r\n{company}\r\n{address_1}\r\n{address_2}\r\n{city}, {zone} {postcode}\r\n{country}','[]','{\"code\":\"category_product_based.category_product_based_0\",\"extension\":\"category_product_based\",\"sort_order\":\"1g\",\"title\":\"Standard Post (NO TRACKING)\",\"name\":\"Standard Post (NO TRACKING)\",\"cost\":3.18181799999999981309883878566324710845947265625,\"value\":3.18181799999999981309883878566324710845947265625,\"tax_class_id\":\"11\",\"text\":\"$3.50\"}','',67.1900,3,0,0.0000,0,'',1,'',8,'AUD',1.00000000,'14.201.8.4','','Mozilla/5.0 (Windows NT 10.0; Win64; x64) AppleWebKit/537.36 (KHTML, like Gecko) Chrome/123.0.0.0 Safari/537.36','en-US,en;q=0.9','2024-04-15 10:50:46','2024-04-15 16:27:38',NULL,NULL),(213,0,172,'INV-2024-00','',0,'Maxxeshop Auto','https://maxxeshopauto.com/a/',186,2,'Geof','Hawkins','geoffhawkins38@optusnet.com.au','0416116348','\"[]\"',102,'Geof','Hawkins','','4 Warwick Crt','','Nth Dandenong','3175','Australia',13,'Victoria',197,'{firstname} {lastname}\n{company}\n{address_1}\n{address_2}\n{city}, {zone} {postcode}\n{country}','[]','{\"code\":\"paypal_payment_gateway.paypal_payment_gateway\",\"name\":\"PayPal\"}',102,'Geof','Hawkins','','4 Warwick Crt','','Nth Dandenong','3175','Australia',13,'Victoria',197,'{firstname} {lastname}\n{company}\n{address_1}\n{address_2}\n{city}, {zone} {postcode}\n{country}','[]','{\"code\":\"category_product_based.category_product_based_0\",\"extension\":\"category_product_based\",\"sort_order\":\"2a\",\"title\":\"Standard Post\",\"name\":\"Standard Post\",\"cost\":22.727272719999998429329934879206120967864990234375,\"value\":22.727272719999998429329934879206120967864990234375,\"tax_class_id\":\"11\",\"text\":\"$25.00\"}','',111.0000,3,0,0.0000,0,'',1,'',8,'AUD',1.00000000,'14.201.8.4','','Mozilla/5.0 (Windows NT 10.0; Win64; x64) AppleWebKit/537.36 (KHTML, like Gecko) Chrome/123.0.0.0 Safari/537.36','en-US,en;q=0.9','2024-04-15 11:03:54','2024-04-15 16:28:08',NULL,NULL),(214,0,173,'INV-2024-00','',0,'Maxxeshop Auto','https://maxxeshopauto.com/a/',187,2,'Jeannie','Wharton','jeannie.wharton@bigpond.com','04077923388','\"[]\"',103,'Jeannie','Wharton','','24 Hollywood Cres','','North Willoughby','2068','Australia',13,'New South Wales',192,'{firstname} {lastname}\n{company}\n{address_1}\n{address_2}\n{city}, {zone} {postcode}\n{country}','[]','{\"code\":\"paypal_payment_gateway.paypal_payment_gateway\",\"name\":\"PayPal\"}',103,'Jeannie','Wharton','','24 Hollywood Cres','','North Willoughby','2068','Australia',13,'New South Wales',192,'{firstname} {lastname}\n{company}\n{address_1}\n{address_2}\n{city}, {zone} {postcode}\n{country}','[]','{\"code\":\"category_product_based.category_product_based_2\",\"extension\":\"category_product_based\",\"sort_order\":\"1g\",\"title\":\"Express post (With Tracking\",\"name\":\"Express post (With Tracking\",\"cost\":9.9545454499999994624204191495664417743682861328125,\"value\":9.9545454499999994624204191495664417743682861328125,\"tax_class_id\":\"11\",\"text\":\"$10.95\"}','',46.8100,3,0,0.0000,0,'',1,'',8,'AUD',1.00000000,'14.201.8.4','','Mozilla/5.0 (Windows NT 10.0; Win64; x64) AppleWebKit/537.36 (KHTML, like Gecko) Chrome/123.0.0.0 Safari/537.36','en-US,en;q=0.9','2024-04-15 11:14:21','2024-04-15 16:27:38',NULL,NULL),(215,0,174,'INV-2024-00','',0,'Maxxeshop Auto','https://maxxeshopauto.com/a/',188,1,'Lejla','Hasicevic','lejlahas8@gmail.com','','[]',104,'Lejla','Hasicevic','','30 Anne street','','Southport','4215','Australia',13,'Queensland',194,'{firstname} {lastname}\r\n{company}\r\n{address_1}\r\n{address_2}\r\n{city}, {zone} {postcode}\r\n{country}','\"\"','{\"code\":\"stripe.stripe\",\"name\":\"Credit \\/ Debit Card\"}',0,'Lejla','Hasicevic','','30 Anne street','','Southport','4215','Australia',13,'Queensland',194,'{firstname} {lastname}\r\n{company}\r\n{address_1}\r\n{address_2}\r\n{city}, {zone} {postcode}\r\n{country}','\"\"','{\"code\":\"category_product_based.category_product_based_0\",\"extension\":\"category_product_based\",\"sort_order\":\"1g\",\"title\":\"Standard Post (NO TRACKING)\",\"name\":\"Standard Post (NO TRACKING)\",\"cost\":3.18181799999999981309883878566324710845947265625,\"value\":3.18181799999999981309883878566324710845947265625,\"tax_class_id\":\"11\",\"text\":\"$3.50\"}','',35.5000,3,0,0.0000,0,'',1,'',8,'AUD',1.00000000,'218.215.150.67','','Mozilla/5.0 (Linux; Android 10; K) AppleWebKit/537.36 (KHTML, like Gecko) Chrome/123.0.0.0 Mobile Safari/537.36','en-BA,en;q=0.9,hr-BA;q=0.8,hr;q=0.7,en-GB;q=0.6,en-US;q=0.5','2024-04-15 15:25:01','2024-04-23 12:12:25',NULL,NULL),(216,0,176,'INV-2024-00','',0,'Maxxeshop Auto','https://maxxeshopauto.com/a/',189,1,'Rodney','Huon','carldenauto@hotmail.com','','[]',105,'Rodney','Huon','CARLDEN AUTOMOTIVE','22 FLORA ST','','KIRRAWEE','2232','Australia',13,'New South Wales',192,'{firstname} {lastname}\r\n{company}\r\n{address_1}\r\n{address_2}\r\n{city}, {zone} {postcode}\r\n{country}','\"\"','{\"code\":\"stripe.stripe\",\"name\":\"Credit \\/ Debit Card\"}',0,'Rodney','Huon','CARLDEN AUTOMOTIVE','22 FLORA ST','','KIRRAWEE','2232','Australia',13,'New South Wales',192,'{firstname} {lastname}\r\n{company}\r\n{address_1}\r\n{address_2}\r\n{city}, {zone} {postcode}\r\n{country}','\"\"','{\"code\":\"category_product_based.category_product_based_0\",\"extension\":\"category_product_based\",\"sort_order\":\"1g\",\"title\":\"Standard Post (NO TRACKING)\",\"name\":\"Standard Post (NO TRACKING)\",\"cost\":10.5,\"value\":10.5,\"tax_class_id\":\"11\",\"text\":\"$11.55\"}','1 X LEFT HAND SIDE\r\n1 X RIGHT HAND SIDE',104.1700,3,0,0.0000,0,'',1,'',8,'AUD',1.00000000,'159.196.124.158','','Mozilla/5.0 (Windows NT 10.0; Win64; x64) AppleWebKit/537.36 (KHTML, like Gecko) Chrome/123.0.0.0 Safari/537.36 Edg/123.0.0.0','en-US,en;q=0.9','2024-04-16 14:48:53','2024-04-23 12:12:12',NULL,NULL),(217,0,175,'INV-2024-00','',0,'Maxxeshop Auto','https://maxxeshopauto.com/a/',0,1,'Denis','Bozic','D.bozic@live.com','','[]',0,'Denis','Bozic','','2/1 greystoke court','Berwick','Melbourne','3806','Australia',13,'Victoria',197,'{firstname} {lastname}\r\n{company}\r\n{address_1}\r\n{address_2}\r\n{city}, {zone} {postcode}\r\n{country}','\"\"','{\"code\":\"stripe.stripe\",\"name\":\"Credit \\/ Debit Card\"}',0,'Denis','Bozic','','2/1 greystoke court','Berwick','Melbourne','3806','Australia',13,'Victoria',197,'{firstname} {lastname}\r\n{company}\r\n{address_1}\r\n{address_2}\r\n{city}, {zone} {postcode}\r\n{country}','\"\"','{\"code\":\"category_product_based.category_product_based_2\",\"extension\":\"category_product_based\",\"sort_order\":\"1g\",\"title\":\"Express post (With Tracking\",\"name\":\"Express post (With Tracking\",\"cost\":10.5,\"value\":10.5,\"tax_class_id\":\"11\",\"text\":\"$11.55\"}','',51.3700,3,0,0.0000,0,'',1,'',8,'AUD',1.00000000,'49.185.60.245','','Mozilla/5.0 (iPhone; CPU iPhone OS 17_4_1 like Mac OS X) AppleWebKit/605.1.15 (KHTML, like Gecko) Version/17.4.1 Mobile/15E148 Safari/604.1','en-GB,en;q=0.9','2024-04-17 07:42:12','2024-04-23 12:12:12',NULL,NULL),(218,0,177,'INV-2024-00','',0,'Maxxeshop Auto','https://maxxeshopauto.com/a/',190,1,'Matthys','Loedolff','johan.loedolff@gmail.com','','[]',106,'Matthys','Loedolff','','15 Anaconda Rd','','NARRE WARREN','3805','Australia',13,'Victoria',197,'{firstname} {lastname}\r\n{company}\r\n{address_1}\r\n{address_2}\r\n{city}, {zone} {postcode}\r\n{country}','\"\"','{\"code\":\"stripe.stripe\",\"name\":\"Credit \\/ Debit Card\"}',0,'Matthys','Loedolff','','15 Anaconda Rd','','NARRE WARREN','3805','Australia',13,'Victoria',197,'{firstname} {lastname}\r\n{company}\r\n{address_1}\r\n{address_2}\r\n{city}, {zone} {postcode}\r\n{country}','\"\"','{\"code\":\"category_product_based.category_product_based_0\",\"extension\":\"category_product_based\",\"sort_order\":\"1g\",\"title\":\"Standard Post (NO TRACKING)\",\"name\":\"Standard Post (NO TRACKING)\",\"cost\":10.5,\"value\":10.5,\"tax_class_id\":\"11\",\"text\":\"$11.55\"}','',97.5500,3,0,0.0000,0,'',1,'',8,'AUD',1.00000000,'122.150.188.237','','Mozilla/5.0 (Linux; Android 10; K) AppleWebKit/537.36 (KHTML, like Gecko) Chrome/123.0.0.0 Mobile Safari/537.36','en-GB,en-US;q=0.9,en;q=0.8','2024-04-17 14:17:52','2024-04-23 12:12:12',NULL,NULL),(219,0,178,'INV-2024-00','',0,'Maxxeshop Auto','https://maxxeshopauto.com/a/',0,1,'Rei','Takahashi','rt20020109@gmail.com','','[]',0,'Rei','Takahashi','','20 Maxwell Brown Drive','','Southport','4215','Australia',13,'Queensland',194,'{firstname} {lastname}\r\n{company}\r\n{address_1}\r\n{address_2}\r\n{city}, {zone} {postcode}\r\n{country}','\"\"','{\"code\":\"stripe.stripe\",\"name\":\"Credit \\/ Debit Card\"}',0,'Rei','Takahashi','','20 Maxwell Brown Drive','','Southport','4215','Australia',13,'Queensland',194,'{firstname} {lastname}\r\n{company}\r\n{address_1}\r\n{address_2}\r\n{city}, {zone} {postcode}\r\n{country}','\"\"','{\"code\":\"category_product_based.category_product_based_2\",\"extension\":\"category_product_based\",\"sort_order\":\"1g\",\"title\":\"Express post (With Tracking\",\"name\":\"Express post (With Tracking\",\"cost\":10.5,\"value\":10.5,\"tax_class_id\":\"11\",\"text\":\"$11.55\"}','',29.5020,3,0,0.0000,0,'',1,'',8,'AUD',1.00000000,'118.209.243.129','','Mozilla/5.0 (iPhone; CPU iPhone OS 17_4_1 like Mac OS X) AppleWebKit/605.1.15 (KHTML, like Gecko) Version/17.4.1 Mobile/15E148 Safari/604.1','ja','2024-04-17 15:50:00','2024-04-23 12:12:12',NULL,NULL),(220,0,179,'INV-2024-00','',0,'Maxxeshop Auto','https://maxxeshopauto.com/a/',192,2,'Nick','Thornton','nick.thornton62@gmail.com','0407736046','\"[]\"',107,'Nick','Thornton','Ray White Chermside','PO Box 200','','Chermside','4032','Australia',13,'Queensland',194,'{firstname} {lastname}\n{company}\n{address_1}\n{address_2}\n{city}, {zone} {postcode}\n{country}','[]','{\"code\":\"cod.cod\",\"name\":\"Cash On Delivery\"}',107,'Nick','Thornton','Ray White Chermside','PO Box 200','','Chermside','4032','Australia',13,'Queensland',194,'{firstname} {lastname}\n{company}\n{address_1}\n{address_2}\n{city}, {zone} {postcode}\n{country}','[]','{\"code\":\"category_product_based.category_product_based_0\",\"extension\":\"category_product_based\",\"sort_order\":\"1g\",\"title\":\"Standard Post (NO TRACKING)\",\"name\":\"Standard Post (NO TRACKING)\",\"cost\":5.25,\"value\":5.25,\"tax_class_id\":\"11\",\"text\":\"$5.78\"}','',72.8500,3,0,0.0000,0,'',1,'',8,'AUD',1.00000000,'14.201.8.4','','Mozilla/5.0 (Windows NT 10.0; Win64; x64) AppleWebKit/537.36 (KHTML, like Gecko) Chrome/123.0.0.0 Safari/537.36 Edg/123.0.0.0','en-GB,en;q=0.9,en-US;q=0.8,en-AU;q=0.7','2024-04-18 12:26:47','2024-04-23 12:12:12',NULL,NULL),(222,0,181,'INV-2024-00','',0,'Maxxeshop Auto','https://maxxeshopauto.com/a/',0,1,'Shane','Gillies','arnel.gillies@bigpond.com','','[]',0,'Shane','Gillies','Gillies Plumbing Service','36 Regents Circuit','','Forest Lake','4078','Australia',13,'Queensland',194,'{firstname} {lastname}\r\n{company}\r\n{address_1}\r\n{address_2}\r\n{city}, {zone} {postcode}\r\n{country}','\"\"','{\"code\":\"stripe.stripe\",\"name\":\"Credit \\/ Debit Card\"}',0,'Shane','Gillies','Gillies Plumbing Service','36 Regents Circuit','','Forest Lake','4078','Australia',13,'Queensland',194,'{firstname} {lastname}\r\n{company}\r\n{address_1}\r\n{address_2}\r\n{city}, {zone} {postcode}\r\n{country}','\"\"','{\"code\":\"category_product_based.category_product_based_0\",\"extension\":\"category_product_based\",\"sort_order\":\"1g\",\"title\":\"Standard Post (NO TRACKING)\",\"name\":\"Standard Post (NO TRACKING)\",\"cost\":5.25,\"value\":5.25,\"tax_class_id\":\"11\",\"text\":\"$5.78\"}','',60.7200,3,0,0.0000,0,'',1,'',8,'AUD',1.00000000,'165.228.81.98','','Mozilla/5.0 (Macintosh; Intel Mac OS X 10_15_7) AppleWebKit/537.36 (KHTML, like Gecko) Chrome/123.0.0.0 Safari/537.36','en-GB,en-US;q=0.9,en;q=0.8','2024-04-18 13:35:50','2024-04-23 12:12:12',NULL,NULL),(223,0,182,'INV-2024-00','',0,'Maxxeshop Auto','https://maxxeshopauto.com/a/',194,1,'Chantell','Mcphail','cm.94@yahoo.com','','\"\"',109,'Chantell','Mcphail','','15a Laelana Avenue','','Budgewoi','2262','Australia',13,'New South Wales',192,'{firstname} {lastname}\r\n{company}\r\n{address_1}\r\n{address_2}\r\n{city}, {zone} {postcode}\r\n{country}','\"\"','{\"code\":\"stripe.stripe\",\"name\":\"Credit \\/ Debit Card\"}',109,'Chantell','Mcphail','','15a Laelana Avenue','','Budgewoi','2262','Australia',13,'New South Wales',192,'{firstname} {lastname}\r\n{company}\r\n{address_1}\r\n{address_2}\r\n{city}, {zone} {postcode}\r\n{country}','\"\"','{\"code\":\"category_product_based.category_product_based_0\",\"extension\":\"category_product_based\",\"sort_order\":\"1g\",\"title\":\"Standard Post (NO TRACKING)\",\"name\":\"Standard Post (NO TRACKING)\",\"cost\":5.25,\"value\":5.25,\"tax_class_id\":\"11\",\"text\":\"$5.78\"}','',37.4000,3,0,0.0000,0,'',1,'',8,'AUD',1.00000000,'49.180.195.238','','Mozilla/5.0 (iPhone; CPU iPhone OS 17_4 like Mac OS X) AppleWebKit/605.1.15 (KHTML, like Gecko) CriOS/123.0.6312.52 Mobile/15E148 Safari/604.1','en-AU,en;q=0.9','2024-04-18 14:12:10','2024-04-23 12:12:12',NULL,NULL),(224,0,183,'INV-2024-00','',0,'Maxxeshop Auto','https://maxxeshopauto.com/a/',0,1,'Josh','Ganzer','ganzer010@gmail.com','','[]',0,'Josh','Ganzer','','25 Glenvale st','','Cornubia','4130','Australia',13,'Queensland',194,'{firstname} {lastname}\r\n{company}\r\n{address_1}\r\n{address_2}\r\n{city}, {zone} {postcode}\r\n{country}','\"\"','{\"code\":\"paypal_payment_gateway.paypal_payment_gateway\",\"name\":\"PayPal\"}',0,'Josh','Ganzer','','25 Glenvale st','','Cornubia','4130','Australia',13,'Queensland',194,'{firstname} {lastname}\r\n{company}\r\n{address_1}\r\n{address_2}\r\n{city}, {zone} {postcode}\r\n{country}','\"\"','{\"code\":\"category_product_based.category_product_based_0\",\"extension\":\"category_product_based\",\"sort_order\":\"1g\",\"title\":\"Standard Post (NO TRACKING)\",\"name\":\"Standard Post (NO TRACKING)\",\"cost\":5.25,\"value\":5.25,\"tax_class_id\":\"11\",\"text\":\"$5.78\"}','',59.7750,3,0,0.0000,0,'',1,'',8,'AUD',1.00000000,'121.214.81.53','','Mozilla/5.0 (Macintosh; Intel Mac OS X 10_15_7) AppleWebKit/605.1.15 (KHTML, like Gecko) Version/17.2 Safari/605.1.15','en-AU,en;q=0.9','2024-04-18 18:12:10','2024-04-23 12:12:12',NULL,NULL),(225,0,0,'INV-2024-00','',0,'Maxxeshop Auto','https://maxxeshopauto.com/a/',0,1,'Ann Marie','Piccione','annamalia34@gmail.com','','[]',0,'Ann Marie','Piccione','','1 Bernice Crescent','','Waratah West','2298','Australia',13,'New South Wales',192,'{firstname} {lastname}\r\n{company}\r\n{address_1}\r\n{address_2}\r\n{city}, {zone} {postcode}\r\n{country}','\"\"','{\"code\":\"stripe.stripe\",\"name\":\"Credit \\/ Debit Card\"}',0,'Ann Marie','Piccione','','1 Bernice Crescent','','Waratah West','2298','Australia',13,'New South Wales',192,'{firstname} {lastname}\r\n{company}\r\n{address_1}\r\n{address_2}\r\n{city}, {zone} {postcode}\r\n{country}','\"\"','{\"code\":\"category_product_based.category_product_based_2\",\"extension\":\"category_product_based\",\"sort_order\":\"1g\",\"title\":\"Express post (With Tracking\",\"name\":\"Express post (With Tracking\",\"cost\":10.5,\"value\":10.5,\"tax_class_id\":\"11\",\"text\":\"$11.55\"}','Need it asap leave on front porch if no',79.5700,22,0,0.0000,0,'',1,'',8,'AUD',1.00000000,'120.17.7.115','','Mozilla/5.0 (iPhone; CPU iPhone OS 17_4_1 like Mac OS X) AppleWebKit/605.1.15 (KHTML, like Gecko) Version/17.4.1 Mobile/15E148 Safari/604.1','en-US,en;q=0.9','2024-04-19 09:50:59','2024-04-22 04:42:06',NULL,NULL),(226,0,184,'INV-2024-00','',0,'Maxxeshop Auto','https://maxxeshopauto.com/a/',0,1,'Eddie','Formaini','eddieformaini@gmail.com','','[]',0,'Eddie','Formaini','','28 Jubilee Street','','Nunawading','3131','Australia',13,'Victoria',197,'{firstname} {lastname}\r\n{company}\r\n{address_1}\r\n{address_2}\r\n{city}, {zone} {postcode}\r\n{country}','\"\"','{\"code\":\"paypal_payment_gateway.paypal_payment_gateway\",\"name\":\"PayPal\"}',0,'Eddie','Formaini','','28 Jubilee Street','','Nunawading','3131','Australia',13,'Victoria',197,'{firstname} {lastname}\r\n{company}\r\n{address_1}\r\n{address_2}\r\n{city}, {zone} {postcode}\r\n{country}','\"\"','{\"code\":\"category_product_based.category_product_based_0\",\"extension\":\"category_product_based\",\"sort_order\":\"1g\",\"title\":\"Standard Post (NO TRACKING)\",\"name\":\"Standard Post (NO TRACKING)\",\"cost\":5.25,\"value\":5.25,\"tax_class_id\":\"11\",\"text\":\"$5.78\"}','',37.3450,3,0,0.0000,0,'',1,'',8,'AUD',1.00000000,'121.200.6.164','','Mozilla/5.0 (Macintosh; Intel Mac OS X 10.15; rv:124.0) Gecko/20100101 Firefox/124.0','en-GB,en;q=0.5','2024-04-20 10:33:57','2024-04-23 12:12:12',NULL,NULL),(227,0,185,'INV-2024-00','',0,'Maxxeshop Auto','https://maxxeshopauto.com/a/',0,1,'David','Hare','risdave@bigpond.net.au','','[]',0,'David','Hare','','5 Ku-Ring-Gai Chase','','Petrie','4501','Australia',13,'Queensland',194,'{firstname} {lastname}\r\n{company}\r\n{address_1}\r\n{address_2}\r\n{city}, {zone} {postcode}\r\n{country}','\"\"','{\"code\":\"stripe.stripe\",\"name\":\"Credit \\/ Debit Card\"}',0,'David','Hare','','5 Ku-Ring-Gai Chase','','Petrie','4501','Australia',13,'Queensland',194,'{firstname} {lastname}\r\n{company}\r\n{address_1}\r\n{address_2}\r\n{city}, {zone} {postcode}\r\n{country}','\"\"','{\"code\":\"category_product_based.category_product_based_2\",\"extension\":\"category_product_based\",\"sort_order\":\"1g\",\"title\":\"Express post (With Tracking\",\"name\":\"Express post (With Tracking\",\"cost\":10.5,\"value\":10.5,\"tax_class_id\":\"11\",\"text\":\"$11.55\"}','',59.4000,3,0,0.0000,0,'',1,'',8,'AUD',1.00000000,'60.226.208.210','','Mozilla/5.0 (iPhone; CPU iPhone OS 17_4_1 like Mac OS X) AppleWebKit/605.1.15 (KHTML, like Gecko) Version/17.4.1 Mobile/15E148 Safari/604.1','en-GB,en;q=0.9','2024-04-21 18:43:27','2024-04-23 12:12:43',NULL,NULL),(228,0,0,'INV-2024-00','',0,'Maxxeshop Auto','https://maxxeshopauto.com/a/',0,1,'Carl','Anacin','carljanacin@yahoo.com','','[]',0,'Carl','Anacin','','13 ESSENDON CLOSE','','ARUNDEL','4214','Australia',13,'Queensland',194,'{firstname} {lastname}\r\n{company}\r\n{address_1}\r\n{address_2}\r\n{city}, {zone} {postcode}\r\n{country}','\"\"','{\"code\":\"stripe.stripe\",\"name\":\"Credit \\/ Debit Card\"}',0,'Carl','Anacin','','13 ESSENDON CLOSE','','ARUNDEL','4214','Australia',13,'Queensland',194,'{firstname} {lastname}\r\n{company}\r\n{address_1}\r\n{address_2}\r\n{city}, {zone} {postcode}\r\n{country}','\"\"','{\"code\":\"category_product_based.category_product_based_0\",\"extension\":\"category_product_based\",\"sort_order\":\"1g\",\"title\":\"Standard Post (NO TRACKING)\",\"name\":\"Standard Post (NO TRACKING)\",\"cost\":5.25,\"value\":5.25,\"tax_class_id\":\"11\",\"text\":\"$5.78\"}','',45.9250,22,0,0.0000,0,'',1,'',8,'AUD',1.00000000,'159.196.14.130','','Mozilla/5.0 (Windows NT 10.0; Win64; x64) AppleWebKit/537.36 (KHTML, like Gecko) Chrome/124.0.0.0 Safari/537.36','en-US,en;q=0.8','2024-04-22 11:16:47','2024-04-23 07:55:12',NULL,NULL),(229,0,186,'INV-2024-00','',0,'Maxxeshop Auto','https://maxxeshopauto.com/a/',0,1,'Steven','Croft','stevenscroft@gmail.com','','[]',0,'Steven','Croft','','43 Real St','Annerley','Brisbane','4103','Australia',13,'Queensland',194,'{firstname} {lastname}\r\n{company}\r\n{address_1}\r\n{address_2}\r\n{city}, {zone} {postcode}\r\n{country}','\"\"','{\"code\":\"paypal_payment_gateway.paypal_payment_gateway\",\"name\":\"PayPal\"}',0,'Savannah','Crydon','','44 Ridge St','Northgate','Brisbane','4013','Australia',13,'Queensland',194,'{firstname} {lastname}\r\n{company}\r\n{address_1}\r\n{address_2}\r\n{city}, {zone} {postcode}\r\n{country}','\"\"','{\"code\":\"category_product_based.category_product_based_0\",\"extension\":\"category_product_based\",\"sort_order\":\"1g\",\"title\":\"Standard Post (NO TRACKING)\",\"name\":\"Standard Post (NO TRACKING)\",\"cost\":5.25,\"value\":5.25,\"tax_class_id\":\"11\",\"text\":\"$5.78\"}','',42.9550,3,0,0.0000,0,'',1,'',8,'AUD',1.00000000,'1.146.79.194','','Mozilla/5.0 (iPhone; CPU iPhone OS 17_3_1 like Mac OS X) AppleWebKit/605.1.15 (KHTML, like Gecko) Version/17.3.1 Mobile/15E148 Safari/604.1','en-AU,en;q=0.9','2024-04-22 15:14:06','2024-04-23 12:12:12',NULL,NULL),(230,0,187,'INV-2024-00','',0,'Maxxeshop Auto','https://maxxeshopauto.com/a/',0,1,'David','Power','david@nasdevaus.com','','[]',0,'David','Power','','14/102','Sydney St','New Farm','4005','Australia',13,'Queensland',194,'{firstname} {lastname}\r\n{company}\r\n{address_1}\r\n{address_2}\r\n{city}, {zone} {postcode}\r\n{country}','\"\"','{\"code\":\"stripe.stripe\",\"name\":\"Credit \\/ Debit Card\"}',0,'David','Power','','14/102','Sydney St','New Farm','4005','Australia',13,'Queensland',194,'{firstname} {lastname}\r\n{company}\r\n{address_1}\r\n{address_2}\r\n{city}, {zone} {postcode}\r\n{country}','\"\"','{\"code\":\"category_product_based.category_product_based_0\",\"extension\":\"category_product_based\",\"sort_order\":\"1g\",\"title\":\"Standard Post (NO TRACKING)\",\"name\":\"Standard Post (NO TRACKING)\",\"cost\":5.25,\"value\":5.25,\"tax_class_id\":\"11\",\"text\":\"$5.78\"}','',29.4250,3,0,0.0000,0,'',1,'',8,'AUD',1.00000000,'115.70.157.135','','Mozilla/5.0 (X11; Linux x86_64) AppleWebKit/537.36 (KHTML, like Gecko) Chrome/124.0.0.0 Safari/537.36','en-AU,en-GB;q=0.9,en-US;q=0.8,en;q=0.7','2024-04-23 14:23:32','2024-04-29 12:06:26',NULL,NULL),(231,0,188,'INV-2024-00','',0,'Maxxeshop Auto','https://maxxeshopauto.com/a/',0,1,'Lori','Silver','lori_silver@icloud.com','','[]',0,'Lori','Silver','','8 Matlock Court','','Caulfield North','3161','Australia',13,'Victoria',197,'{firstname} {lastname}\r\n{company}\r\n{address_1}\r\n{address_2}\r\n{city}, {zone} {postcode}\r\n{country}','\"\"','{\"code\":\"stripe.stripe\",\"name\":\"Credit \\/ Debit Card\"}',0,'Lori','Silver','','8 Matlock Court','','Caulfield North','3161','Australia',13,'Victoria',197,'{firstname} {lastname}\r\n{company}\r\n{address_1}\r\n{address_2}\r\n{city}, {zone} {postcode}\r\n{country}','\"\"','{\"code\":\"category_product_based.category_product_based_2\",\"extension\":\"category_product_based\",\"sort_order\":\"1g\",\"title\":\"Express post (With Tracking\",\"name\":\"Express post (With Tracking\",\"cost\":10.5,\"value\":10.5,\"tax_class_id\":\"11\",\"text\":\"$11.55\"}','',65.5500,3,0,0.0000,0,'',1,'',8,'AUD',1.00000000,'172.225.156.148','','Mozilla/5.0 (iPhone; CPU iPhone OS 17_4_1 like Mac OS X) AppleWebKit/605.1.15 (KHTML, like Gecko) Version/17.4.1 Mobile/15E148 Safari/604.1','en-AU,en;q=0.9','2024-04-23 14:39:13','2024-04-29 12:06:26',NULL,NULL),(232,0,189,'INV-2024-00','',0,'Maxxeshop Auto','https://maxxeshopauto.com/a/',0,1,'Simon','Green','simongreen@hotmail.com','','[]',0,'Simon','Green','','8/39-45 POWELL ST','','HOMEBUSH','2140','Australia',13,'New South Wales',192,'{firstname} {lastname}\r\n{company}\r\n{address_1}\r\n{address_2}\r\n{city}, {zone} {postcode}\r\n{country}','\"\"','{\"code\":\"stripe.stripe\",\"name\":\"Credit \\/ Debit Card\"}',0,'Simon','Green','','8/39-45 POWELL ST','','HOMEBUSH','2140','Australia',13,'New South Wales',192,'{firstname} {lastname}\r\n{company}\r\n{address_1}\r\n{address_2}\r\n{city}, {zone} {postcode}\r\n{country}','\"\"','{\"code\":\"category_product_based.category_product_based_0\",\"extension\":\"category_product_based\",\"sort_order\":\"1g\",\"title\":\"Standard Post (NO TRACKING)\",\"name\":\"Standard Post (NO TRACKING)\",\"cost\":5.25,\"value\":5.25,\"tax_class_id\":\"11\",\"text\":\"$5.78\"}','',38.2250,3,0,0.0000,0,'',1,'',8,'AUD',1.00000000,'220.233.193.201','','Mozilla/5.0 (Windows NT 10.0; Win64; x64) AppleWebKit/537.36 (KHTML, like Gecko) Chrome/124.0.0.0 Safari/537.36','en-US,en;q=0.9','2024-04-23 17:01:48','2024-04-29 12:06:26',NULL,NULL),(233,0,191,'INV-2024-00','',0,'Maxxeshop Auto','https://maxxeshopauto.com/a/',197,1,'Leigh','Oldham','leigholdham@hotmail.com','','[]',110,'Leigh','Oldham','','15 John St','','Walloon','4306','Australia',13,'Queensland',194,'{firstname} {lastname}\r\n{company}\r\n{address_1}\r\n{address_2}\r\n{city}, {zone} {postcode}\r\n{country}','\"\"','{\"code\":\"stripe.stripe\",\"name\":\"Credit \\/ Debit Card\"}',0,'Leigh','Oldham','','15 John St','','Walloon','4306','Australia',13,'Queensland',194,'{firstname} {lastname}\r\n{company}\r\n{address_1}\r\n{address_2}\r\n{city}, {zone} {postcode}\r\n{country}','\"\"','{\"code\":\"category_product_based.category_product_based_2\",\"extension\":\"category_product_based\",\"sort_order\":\"1g\",\"title\":\"Express post (With Tracking\",\"name\":\"Express post (With Tracking\",\"cost\":10.5,\"value\":10.5,\"tax_class_id\":\"11\",\"text\":\"$11.55\"}','',41.9100,3,0,0.0000,0,'',1,'',8,'AUD',1.00000000,'1.141.109.46','','Mozilla/5.0 (iPhone; CPU iPhone OS 17_4_1 like Mac OS X) AppleWebKit/605.1.15 (KHTML, like Gecko) Version/17.4.1 Mobile/15E148 Safari/604.1','en-AU,en;q=0.9','2024-04-25 19:49:51','2024-04-29 12:06:26',NULL,NULL),(234,0,190,'INV-2024-00','',0,'Maxxeshop Auto','https://maxxeshopauto.com/a/',198,2,'Mark','McKinnon','markm2444@hotmail.com','0408060308','\"[]\"',111,'Mark','McKinnon','','3 Briarwood Row','','Port MacQuarrie','2444','Australia',13,'New South Wales',192,'{firstname} {lastname}\n{company}\n{address_1}\n{address_2}\n{city}, {zone} {postcode}\n{country}','[]','{\"code\":\"stripe.stripe\",\"name\":\"Credit \\/ Debit Card\"}',111,'Mark','McKinnon','','3 Briarwood Row','','Port MacQuarrie','2444','Australia',13,'New South Wales',192,'{firstname} {lastname}\n{company}\n{address_1}\n{address_2}\n{city}, {zone} {postcode}\n{country}','[]','{\"code\":\"category_product_based.category_product_based_2\",\"extension\":\"category_product_based\",\"sort_order\":\"1g\",\"title\":\"Express post (With Tracking\",\"name\":\"Express post (With Tracking\",\"cost\":21,\"value\":21,\"tax_class_id\":\"11\",\"text\":\"$23.10\"}','',108.0000,3,0,0.0000,0,'',1,'',8,'AUD',1.00000000,'14.201.8.4','','Mozilla/5.0 (Windows NT 10.0; Win64; x64) AppleWebKit/537.36 (KHTML, like Gecko) Chrome/124.0.0.0 Safari/537.36','en-US,en;q=0.9','2024-04-26 08:54:07','2024-04-29 12:06:26',NULL,NULL),(235,0,192,'INV-2024-00','',0,'Maxxeshop Auto','https://maxxeshopauto.com/a/',0,1,'Angela','Colman','polemic.squibs-0p@icloud.com','','[]',0,'Angela','Colman','','11/342 South Tce','','South Fremantle','6162','Australia',13,'Western Australia',198,'{firstname} {lastname}\r\n{company}\r\n{address_1}\r\n{address_2}\r\n{city}, {zone} {postcode}\r\n{country}','\"\"','{\"code\":\"stripe.stripe\",\"name\":\"Credit \\/ Debit Card\"}',0,'Angela','Colman','','11/342 South Tce','','South Fremantle','6162','Australia',13,'Western Australia',198,'{firstname} {lastname}\r\n{company}\r\n{address_1}\r\n{address_2}\r\n{city}, {zone} {postcode}\r\n{country}','\"\"','{\"code\":\"category_product_based.category_product_based_1\",\"extension\":\"category_product_based\",\"sort_order\":\"1g\",\"title\":\"Standard Post (With Tracking)\",\"name\":\"Standard Post (With Tracking)\",\"cost\":8.5,\"value\":8.5,\"tax_class_id\":\"11\",\"text\":\"$9.35\"}','',25.3396,3,0,0.0000,0,'',1,'',8,'AUD',1.00000000,'58.169.27.211','','Mozilla/5.0 (iPhone; CPU iPhone OS 17_4_1 like Mac OS X) AppleWebKit/605.1.15 (KHTML, like Gecko) Version/17.4.1 Mobile/15E148 Safari/604.1','en-AU,en;q=0.9','2024-04-29 12:02:12','2024-05-03 10:55:09',NULL,NULL),(236,0,0,'INV-2024-00','',0,'Maxxeshop Auto','https://maxxeshopauto.com/a/',199,1,'Pablo','Matthews','pablomatt04@gmail.com','','[]',112,'Pablo','Matthews','','2965 princes highway port fairy','','Port fairy','3284','Australia',13,'Victoria',197,'{firstname} {lastname}\r\n{company}\r\n{address_1}\r\n{address_2}\r\n{city}, {zone} {postcode}\r\n{country}','\"\"','{\"code\":\"stripe.stripe\",\"name\":\"Credit \\/ Debit Card\"}',0,'Pablo','Matthews','','2965 princes highway port fairy','','Port fairy','3284','Australia',13,'Victoria',197,'{firstname} {lastname}\r\n{company}\r\n{address_1}\r\n{address_2}\r\n{city}, {zone} {postcode}\r\n{country}','\"\"','{\"code\":\"category_product_based.category_product_based_0\",\"extension\":\"category_product_based\",\"sort_order\":\"1g\",\"title\":\"Standard Post (NO TRACKING)\",\"name\":\"Standard Post (NO TRACKING)\",\"cost\":5.25,\"value\":5.25,\"tax_class_id\":\"11\",\"text\":\"$5.78\"}','',41.8000,20,0,0.0000,0,'',1,'',8,'AUD',1.00000000,'1.145.173.146','','Mozilla/5.0 (iPhone; CPU iPhone OS 17_4_1 like Mac OS X) AppleWebKit/605.1.15 (KHTML, like Gecko) Version/17.4.1 Mobile/15E148 Safari/604.1','en-AU,en;q=0.9','2024-04-29 12:18:40','2024-04-29 12:38:38',NULL,NULL),(237,0,193,'INV-2024-00','',0,'Maxxeshop Auto','https://maxxeshopauto.com/a/',200,1,'Zoe','Curley','trinkabellez@yahoo.com.au','','[]',113,'Zoe','Curley','','2/5 Culgoa St','','Palm Beach','4221','Australia',13,'Queensland',194,'{firstname} {lastname}\r\n{company}\r\n{address_1}\r\n{address_2}\r\n{city}, {zone} {postcode}\r\n{country}','\"\"','{\"code\":\"paypal_payment_gateway.paypal_payment_gateway\",\"name\":\"PayPal\"}',0,'Zoe','Curley','','2/5 Culgoa St','','Palm Beach','4221','Australia',13,'Queensland',194,'{firstname} {lastname}\r\n{company}\r\n{address_1}\r\n{address_2}\r\n{city}, {zone} {postcode}\r\n{country}','\"\"','{\"code\":\"category_product_based.category_product_based_1\",\"extension\":\"category_product_based\",\"sort_order\":\"1g\",\"title\":\"Standard Post (With Tracking)\",\"name\":\"Standard Post (With Tracking)\",\"cost\":8.5,\"value\":8.5,\"tax_class_id\":\"11\",\"text\":\"$9.35\"}','Please leave near the front door if no-one’s home.',63.3500,3,0,0.0000,0,'',1,'',8,'AUD',1.00000000,'1.132.26.240','','Mozilla/5.0 (iPhone; CPU iPhone OS 17_4_1 like Mac OS X) AppleWebKit/605.1.15 (KHTML, like Gecko) Version/17.4.1 Mobile/15E148 Safari/604.1','en-AU,en;q=0.9','2024-04-29 12:25:48','2024-05-03 10:55:09',NULL,NULL),(238,0,194,'INV-2024-00','',0,'Maxxeshop Auto','https://maxxeshopauto.com/a/',0,1,'Callum','Willins','shelby6904@outlook.com','','[]',0,'Callum','Willins','','25 Thomas Duncan Court','','Worongary','4213','Australia',13,'Queensland',194,'{firstname} {lastname}\r\n{company}\r\n{address_1}\r\n{address_2}\r\n{city}, {zone} {postcode}\r\n{country}','\"\"','{\"code\":\"paypal_payment_gateway.paypal_payment_gateway\",\"name\":\"PayPal\"}',0,'Callum','Willins','','25 Thomas Duncan Court','','Worongary','4213','Australia',13,'Queensland',194,'{firstname} {lastname}\r\n{company}\r\n{address_1}\r\n{address_2}\r\n{city}, {zone} {postcode}\r\n{country}','\"\"','{\"code\":\"category_product_based.category_product_based_2\",\"extension\":\"category_product_based\",\"sort_order\":\"1g\",\"title\":\"Express post (With Tracking\",\"name\":\"Express post (With Tracking\",\"cost\":10.5,\"value\":10.5,\"tax_class_id\":\"11\",\"text\":\"$11.55\"}','',65.5500,3,0,0.0000,0,'',1,'',8,'AUD',1.00000000,'58.161.136.126','','Mozilla/5.0 (iPhone; CPU iPhone OS 17_4_1 like Mac OS X) AppleWebKit/605.1.15 (KHTML, like Gecko) Version/17.4.1 Mobile/15E148 Safari/604.1','en-AU,en;q=0.9','2024-04-29 12:54:17','2024-05-03 10:55:09',NULL,NULL),(239,0,195,'INV-2024-00','',0,'Maxxeshop Auto','https://maxxeshopauto.com/a/',0,1,'Mitchell','Cairns','mitchcairns1138@gmail.com','','[]',0,'Mitchell','Cairns','','8 Hughes Close','','Kurri Kurri','2327','Australia',13,'New South Wales',192,'{firstname} {lastname}\r\n{company}\r\n{address_1}\r\n{address_2}\r\n{city}, {zone} {postcode}\r\n{country}','\"\"','{\"code\":\"stripe.stripe\",\"name\":\"Credit \\/ Debit Card\"}',0,'Mitchell','Cairns','','8 Hughes Close','','Kurri Kurri','2327','Australia',13,'New South Wales',192,'{firstname} {lastname}\r\n{company}\r\n{address_1}\r\n{address_2}\r\n{city}, {zone} {postcode}\r\n{country}','\"\"','{\"code\":\"category_product_based.category_product_based_0\",\"extension\":\"category_product_based\",\"sort_order\":\"1g\",\"title\":\"Standard Post (NO TRACKING)\",\"name\":\"Standard Post (NO TRACKING)\",\"cost\":5.25,\"value\":5.25,\"tax_class_id\":\"11\",\"text\":\"$5.78\"}','',59.0700,3,0,0.0000,0,'',1,'',8,'AUD',1.00000000,'49.179.64.39','','Mozilla/5.0 (Linux; Android 10; K) AppleWebKit/537.36 (KHTML, like Gecko) Chrome/124.0.0.0 Mobile Safari/537.36','en-AU,en;q=0.6','2024-04-30 09:28:51','2024-05-03 10:55:09',NULL,NULL),(240,0,0,'INV-2024-00','',0,'Maxxeshop Auto','https://maxxeshopauto.com/a/',199,1,'Pablo','Matthews','pablomatt04@gmail.com','','\"\"',112,'Pablo','Matthews','','2965 princes highway port fairy','','Port fairy','3284','Australia',13,'Victoria',197,'{firstname} {lastname}\r\n{company}\r\n{address_1}\r\n{address_2}\r\n{city}, {zone} {postcode}\r\n{country}','\"\"','{\"code\":\"stripe.stripe\",\"name\":\"Credit \\/ Debit Card\"}',112,'Pablo','Matthews','','2965 princes highway port fairy','','Port fairy','3284','Australia',13,'Victoria',197,'{firstname} {lastname}\r\n{company}\r\n{address_1}\r\n{address_2}\r\n{city}, {zone} {postcode}\r\n{country}','\"\"','{\"code\":\"category_product_based.category_product_based_0\",\"extension\":\"category_product_based\",\"sort_order\":\"1g\",\"title\":\"Standard Post (NO TRACKING)\",\"name\":\"Standard Post (NO TRACKING)\",\"cost\":10.5,\"value\":10.5,\"tax_class_id\":\"11\",\"text\":\"$11.55\"}','Cheers',83.6000,20,0,0.0000,0,'',1,'',8,'AUD',1.00000000,'1.145.135.189','','Mozilla/5.0 (iPhone; CPU iPhone OS 17_4_1 like Mac OS X) AppleWebKit/605.1.15 (KHTML, like Gecko) Version/17.4.1 Mobile/15E148 Safari/604.1','en-AU,en;q=0.9','2024-04-30 19:49:10','2024-05-01 07:07:02',NULL,NULL),(241,0,196,'INV-2024-00','',0,'Maxxeshop Auto','https://maxxeshopauto.com/a/',0,1,'Andrew','Scott','sparkles.scott@gmail.com','','[]',0,'Andrew','Scott','','11 Banbury Close','','Bundamba','4304','Australia',13,'Queensland',194,'{firstname} {lastname}\r\n{company}\r\n{address_1}\r\n{address_2}\r\n{city}, {zone} {postcode}\r\n{country}','\"\"','{\"code\":\"stripe.stripe\",\"name\":\"Credit \\/ Debit Card\"}',0,'Andrew','Scott','','11 Banbury Close','','Bundamba','4304','Australia',13,'Queensland',194,'{firstname} {lastname}\r\n{company}\r\n{address_1}\r\n{address_2}\r\n{city}, {zone} {postcode}\r\n{country}','\"\"','{\"code\":\"category_product_based.category_product_based_2\",\"extension\":\"category_product_based\",\"sort_order\":\"1g\",\"title\":\"Express post (With Tracking\",\"name\":\"Express post (With Tracking\",\"cost\":10.5,\"value\":10.5,\"tax_class_id\":\"11\",\"text\":\"$11.55\"}','',65.5500,3,0,0.0000,0,'',1,'',8,'AUD',1.00000000,'149.167.137.178','','Mozilla/5.0 (Linux; Android 10; K) AppleWebKit/537.36 (KHTML, like Gecko) Chrome/124.0.0.0 Mobile Safari/537.36','en-GB,en-US;q=0.9,en;q=0.8','2024-05-01 14:51:18','2024-05-03 10:55:09',NULL,NULL),(242,0,197,'INV-2024-00','',0,'Maxxeshop Auto','https://maxxeshopauto.com/a/',202,1,'Michael','Quackenbush','mquacker@gmail.com','','[]',115,'Michael','Quackenbush','','2A Hammond Road','','Claremont','6010','Australia',13,'Western Australia',198,'{firstname} {lastname}\r\n{company}\r\n{address_1}\r\n{address_2}\r\n{city}, {zone} {postcode}\r\n{country}','\"\"','{\"code\":\"stripe.stripe\",\"name\":\"Credit \\/ Debit Card\"}',0,'Michael','Quackenbush','','2A Hammond Road','','Claremont','6010','Australia',13,'Western Australia',198,'{firstname} {lastname}\r\n{company}\r\n{address_1}\r\n{address_2}\r\n{city}, {zone} {postcode}\r\n{country}','\"\"','{\"code\":\"category_product_based.category_product_based_0\",\"extension\":\"category_product_based\",\"sort_order\":\"1g\",\"title\":\"Standard Post (NO TRACKING)\",\"name\":\"Standard Post (NO TRACKING)\",\"cost\":5.25,\"value\":5.25,\"tax_class_id\":\"11\",\"text\":\"$5.78\"}','',59.7750,3,0,0.0000,0,'',1,'',8,'AUD',1.00000000,'58.178.124.92','','Mozilla/5.0 (iPhone; CPU iPhone OS 17_4_1 like Mac OS X) AppleWebKit/605.1.15 (KHTML, like Gecko) Version/17.4.1 Mobile/15E148 Safari/604.1','en-AU,en;q=0.9','2024-05-01 15:15:49','2024-05-03 10:55:09',NULL,NULL),(243,0,0,'INV-2024-00','',0,'Maxxeshop Auto','https://maxxeshopauto.com/a/',0,1,'Wayne','Borg','wayneborg000@gmail.com','','[]',0,'Wayne','Borg','Security','16 Balmain Place','','Doonside','2767','Australia',13,'New South Wales',192,'{firstname} {lastname}\r\n{company}\r\n{address_1}\r\n{address_2}\r\n{city}, {zone} {postcode}\r\n{country}','\"\"','{\"code\":\"stripe.stripe\",\"name\":\"Credit \\/ Debit Card\"}',0,'Wayne','Borg','Security','16 Balmain Place','','Doonside','2767','Australia',13,'New South Wales',192,'{firstname} {lastname}\r\n{company}\r\n{address_1}\r\n{address_2}\r\n{city}, {zone} {postcode}\r\n{country}','\"\"','{\"code\":\"category_product_based.category_product_based_2\",\"extension\":\"category_product_based\",\"sort_order\":\"1g\",\"title\":\"Express post (With Tracking\",\"name\":\"Express post (With Tracking\",\"cost\":10.5,\"value\":10.5,\"tax_class_id\":\"11\",\"text\":\"$11.55\"}','',42.5396,20,0,0.0000,0,'',1,'',8,'AUD',1.00000000,'49.187.98.18','','Mozilla/5.0 (Linux; Android 10; K) AppleWebKit/537.36 (KHTML, like Gecko) Chrome/124.0.0.0 Mobile Safari/537.36','en-AU,en-GB;q=0.9,en-US;q=0.8,en;q=0.7','2024-05-01 18:07:34','2024-05-02 02:47:12',NULL,NULL),(244,0,199,'INV-2024-00','',0,'Maxxeshop Auto','https://maxxeshopauto.com/a/',205,1,'Albert','Pascoe','albert@avondalefoods.com.au','','[]',118,'Albert','Pascoe','Avondale Foods','836 Lake Canobolas Road','','Orange','2800','Australia',13,'New South Wales',192,'{firstname} {lastname}\r\n{company}\r\n{address_1}\r\n{address_2}\r\n{city}, {zone} {postcode}\r\n{country}','\"\"','{\"code\":\"stripe.stripe\",\"name\":\"Credit \\/ Debit Card\"}',0,'Albert','Pascoe','Avondale Foods','836 Lake Canobolas Road','','Orange','2800','Australia',13,'New South Wales',192,'{firstname} {lastname}\r\n{company}\r\n{address_1}\r\n{address_2}\r\n{city}, {zone} {postcode}\r\n{country}','\"\"','{\"code\":\"free.free\",\"name\":\"Free Shipping\",\"cost\":0,\"tax_class_id\":0,\"text\":\"$0.00\"}','',47.5750,3,0,0.0000,0,'',1,'',8,'AUD',1.00000000,'65.181.3.255','','Mozilla/5.0 (Windows NT 10.0; Win64; x64) AppleWebKit/537.36 (KHTML, like Gecko) Chrome/124.0.0.0 Safari/537.36 Edg/124.0.0.0','en-US,en;q=0.9,en-AU;q=0.8','2024-05-02 16:00:12','2024-05-03 10:55:09',NULL,NULL),(245,0,198,'INV-2024-00','',0,'Maxxeshop Auto','https://maxxeshopauto.com/a/',206,2,'Xavier','Ellis','xavier.ellis97@gmail.com','0478836084','\"[]\"',119,'Xavier','Ellis','','Unit 2','7 Gin Gin Cres','Ocean Shores','2483','Australia',13,'New South Wales',192,'{firstname} {lastname}\n{company}\n{address_1}\n{address_2}\n{city}, {zone} {postcode}\n{country}','[]','{\"code\":\"stripe.stripe\",\"name\":\"Credit \\/ Debit Card\"}',119,'Xavier','Ellis','','Unit 2','7 Gin Gin Cres','Ocean Shores','2483','Australia',13,'New South Wales',192,'{firstname} {lastname}\n{company}\n{address_1}\n{address_2}\n{city}, {zone} {postcode}\n{country}','[]','{\"code\":\"category_product_based.category_product_based_0\",\"extension\":\"category_product_based\",\"sort_order\":\"1g\",\"title\":\"Standard Post (NO TRACKING)\",\"name\":\"Standard Post (NO TRACKING)\",\"cost\":5.25,\"value\":5.25,\"tax_class_id\":\"11\",\"text\":\"$5.78\"}','',42.0200,3,0,0.0000,0,'',1,'',8,'AUD',1.00000000,'14.201.8.4','','Mozilla/5.0 (Macintosh; Intel Mac OS X 10_15_7) AppleWebKit/537.36 (KHTML, like Gecko) Chrome/116.0.0.0 Safari/537.36','en-GB,en-US;q=0.9,en;q=0.8','2024-05-02 16:15:52','2024-05-03 10:55:09',NULL,NULL),(246,0,200,'INV-2024-00','',0,'Maxxeshop Auto','https://maxxeshopauto.com/a/',207,2,'Errol','Strehlau','errolstrehlau@hotmail.com','0432777643','\"[]\"',120,'Errol','Strehlau','','Villa 55','83 Freeth Street','Ormiston','4160','Australia',13,'Queensland',194,'{firstname} {lastname}\r\n{company}\r\n{address_1}\r\n{address_2}\r\n{city}, {zone} {postcode}\r\n{country}','[]','{\"code\":\"stripe.stripe\",\"name\":\"Credit \\/ Debit Card\"}',120,'Errol','Strehlau','','Villa 55','83 Freeth Street','Ormiston','4160','Australia',13,'Queensland',194,'{firstname} {lastname}\r\n{company}\r\n{address_1}\r\n{address_2}\r\n{city}, {zone} {postcode}\r\n{country}','[]','{\"code\":\"category_product_based.category_product_based_0\",\"extension\":\"category_product_based\",\"sort_order\":\"1g\",\"title\":\"Standard Post (NO TRACKING)\",\"name\":\"Standard Post (NO TRACKING)\",\"cost\":5.25,\"value\":5.25,\"tax_class_id\":\"11\",\"text\":\"$5.78\"}','',45.5950,3,0,0.0000,0,'',1,'',8,'AUD',1.00000000,'14.201.8.4','','Mozilla/5.0 (Macintosh; Intel Mac OS X 10_15_7) AppleWebKit/537.36 (KHTML, like Gecko) Chrome/116.0.0.0 Safari/537.36','en-GB,en-US;q=0.9,en;q=0.8','2024-05-02 16:45:16','2024-05-03 10:55:09',NULL,NULL),(247,0,201,'INV-2024-00','',0,'Maxxeshop Auto','https://maxxeshopauto.com/a/',15,1,'Arthur','Cheung','arthurtlcheung@gmail.com','','\"\"',6,'Arthur','Cheung','','27 Nyora St','','Malvern East','3145','Australia',13,'Victoria',197,'{firstname} {lastname}\r\n{company}\r\n{address_1}\r\n{address_2}\r\n{city}, {zone} {postcode}\r\n{country}','\"\"','{\"code\":\"stripe.stripe\",\"name\":\"Credit \\/ Debit Card\"}',6,'Arthur','Cheung','','27 Nyora St','','Malvern East','3145','Australia',13,'Victoria',197,'{firstname} {lastname}\r\n{company}\r\n{address_1}\r\n{address_2}\r\n{city}, {zone} {postcode}\r\n{country}','\"\"','{\"code\":\"category_product_based.category_product_based_2\",\"extension\":\"category_product_based\",\"sort_order\":\"1g\",\"title\":\"Express post (With Tracking\",\"name\":\"Express post (With Tracking\",\"cost\":10.5,\"value\":10.5,\"tax_class_id\":\"11\",\"text\":\"$11.55\"}','',65.5500,3,0,0.0000,0,'',1,'',8,'AUD',1.00000000,'134.238.39.55','','Mozilla/5.0 (Macintosh; Intel Mac OS X 10_15_7) AppleWebKit/537.36 (KHTML, like Gecko) Chrome/124.0.0.0 Safari/537.36','en-US,en;q=0.9','2024-05-05 16:45:02','2024-05-15 09:13:34',NULL,NULL),(248,0,202,'INV-2024-00','',0,'Maxxeshop Auto','https://maxxeshopauto.com/a/',209,1,'Matt','Signorini','mattsig@hotmail.com','','[]',121,'Matt','Signorini','','7 floral ave tweed heads south','','Tweed heads sount','2486','Australia',13,'New South Wales',192,'{firstname} {lastname}\r\n{company}\r\n{address_1}\r\n{address_2}\r\n{city}, {zone} {postcode}\r\n{country}','\"\"','{\"code\":\"stripe.stripe\",\"name\":\"Credit \\/ Debit Card\"}',0,'Matt','Signorini','','7 floral ave tweed heads south','','Tweed heads sount','2486','Australia',13,'New South Wales',192,'{firstname} {lastname}\r\n{company}\r\n{address_1}\r\n{address_2}\r\n{city}, {zone} {postcode}\r\n{country}','\"\"','{\"code\":\"category_product_based.category_product_based_0\",\"extension\":\"category_product_based\",\"sort_order\":\"1g\",\"title\":\"Standard Post (NO TRACKING)\",\"name\":\"Standard Post (NO TRACKING)\",\"cost\":5.25,\"value\":5.25,\"tax_class_id\":\"11\",\"text\":\"$5.78\"}','Just leave parcel on back deck if no one is home',33.7150,3,0,0.0000,0,'',1,'',8,'AUD',1.00000000,'101.176.215.229','','Mozilla/5.0 (iPhone; CPU iPhone OS 17_4_1 like Mac OS X) AppleWebKit/605.1.15 (KHTML, like Gecko) Version/17.4.1 Mobile/15E148 Safari/604.1','en-AU,en;q=0.9','2024-05-06 10:09:32','2024-05-15 09:13:34',NULL,NULL),