-- Table structure for table `oc8d_startup`
--

CREATE TABLE `oc8d_startup` (
  `startup_id` int NOT NULL AUTO_INCREMENT,
  `code` varchar(64) NOT NULL,
  `action` text NOT NULL,
  `status` tinyint(1) NOT NULL,
  `sort_order` int NOT NULL,
  PRIMARY KEY (`startup_id`)
) ENGINE=InnoDB DEFAULT CHARSET=utf8mb4 COLLATE=utf8mb4_0900_ai_ci ROW_FORMAT=DYNAMIC;

--
-- Dumping data for table `oc8d_startup`
--


--
-- Table structure for table `oc8d_statistics`
--

CREATE TABLE `oc8d_statistics` (
  `statistics_id` int NOT NULL AUTO_INCREMENT,
  `code` varchar(64) NOT NULL,
  `value` decimal(15,4) NOT NULL,
  PRIMARY KEY (`statistics_id`)
) ENGINE=InnoDB AUTO_INCREMENT=8 DEFAULT CHARSET=utf8mb4 COLLATE=utf8mb4_0900_ai_ci ROW_FORMAT=DYNAMIC;

--
-- Dumping data for table `oc8d_statistics`
--

INSERT INTO `oc8d_statistics` VALUES (1,'order_sale',170658.6964),(2,'order_processing',724.0000),(3,'order_complete',379.0000),(4,'order_other',0.0000),(5,'returns',84.0000),(6,'product',0.0000),(7,'review',2.0000);

--
-- Table structure for table `oc8d_stock_status`
--

CREATE TABLE `oc8d_stock_status` (
  `stock_status_id` int NOT NULL AUTO_INCREMENT,
  `language_id` int NOT NULL,
  `name` varchar(32) NOT NULL,
  PRIMARY KEY (`stock_status_id`,`language_id`)
) ENGINE=InnoDB AUTO_INCREMENT=9 DEFAULT CHARSET=utf8mb4 COLLATE=utf8mb4_0900_ai_ci ROW_FORMAT=DYNAMIC;

--
-- Dumping data for table `oc8d_stock_status`
--

INSERT INTO `oc8d_stock_status` VALUES (5,1,'Out Of Stock'),(6,1,'2-3 Days'),(7,1,'In Stock'),(8,1,'Pre-Order');

--
-- Table structure for table `oc8d_store`
--

CREATE TABLE `oc8d_store` (
  `store_id` int NOT NULL AUTO_INCREMENT,
  `name` varchar(64) NOT NULL,
  `url` varchar(255) NOT NULL,
  PRIMARY KEY (`store_id`)
) ENGINE=InnoDB AUTO_INCREMENT=2 DEFAULT CHARSET=utf8mb4 COLLATE=utf8mb4_0900_ai_ci ROW_FORMAT=DYNAMIC;

--
-- Dumping data for table `oc8d_store`
--


--
-- Table structure for table `oc8d_stripe_customer`
--

CREATE TABLE `oc8d_stripe_customer` (
  `customer_id` int NOT NULL,
  `stripe_customer_id` varchar(18) NOT NULL,
  `transaction_mode` varchar(4) NOT NULL DEFAULT 'live',
  PRIMARY KEY (`customer_id`,`stripe_customer_id`)
) ENGINE=MyISAM DEFAULT CHARSET=utf8mb3;

--
-- Dumping data for table `oc8d_stripe_customer`
--


--
-- Table structure for table `oc8d_subscription`
--

CREATE TABLE `oc8d_subscription` (
  `subscription_id` int NOT NULL AUTO_INCREMENT,
  `order_id` int NOT NULL,
  `order_product_id` int NOT NULL,
  `store_id` int NOT NULL,
  `customer_id` int NOT NULL,
  `payment_address_id` int NOT NULL,
  `payment_method` text NOT NULL,
  `shipping_address_id` int NOT NULL,
  `shipping_method` text NOT NULL,
  `product_id` int NOT NULL,
  `quantity` int NOT NULL,
  `subscription_plan_id` int NOT NULL,
  `trial_price` decimal(10,4) NOT NULL,
  `trial_frequency` enum('day','week','semi_month','month','year') NOT NULL,
  `trial_cycle` smallint NOT NULL,
  `trial_duration` smallint NOT NULL,
  `trial_remaining` smallint NOT NULL,
  `trial_status` tinyint(1) NOT NULL,
  `price` decimal(10,4) NOT NULL,
  `frequency` enum('day','week','semi_month','month','year') NOT NULL,
  `cycle` smallint NOT NULL,
  `duration` smallint NOT NULL,
  `remaining` smallint NOT NULL,
  `date_next` datetime NOT NULL,
  `comment` text NOT NULL,
  `subscription_status_id` int NOT NULL,
  `affiliate_id` int NOT NULL,
  `marketing_id` int NOT NULL,
  `tracking` varchar(64) NOT NULL,
  `language_id` int NOT NULL,
  `currency_id` int NOT NULL,
  `ip` varchar(40) NOT NULL,
  `forwarded_ip` varchar(40) NOT NULL,
  `user_agent` varchar(255) NOT NULL,
  `accept_language` varchar(255) NOT NULL,
  `date_added` datetime NOT NULL,
  `date_modified` datetime NOT NULL,
  PRIMARY KEY (`subscription_id`),
  KEY `order_id` (`order_id`)
) ENGINE=InnoDB DEFAULT CHARSET=utf8mb4 COLLATE=utf8mb4_0900_ai_ci ROW_FORMAT=DYNAMIC;

--
-- Dumping data for table `oc8d_subscription`
--


--
-- Table structure for table `oc8d_subscription_history`
--

CREATE TABLE `oc8d_subscription_history` (
  `subscription_history_id` int NOT NULL AUTO_INCREMENT,
  `subscription_id` int NOT NULL,
  `subscription_status_id` int NOT NULL,
  `notify` tinyint(1) NOT NULL DEFAULT '0',
  `comment` text NOT NULL,
  `date_added` datetime NOT NULL,
  PRIMARY KEY (`subscription_history_id`)
) ENGINE=InnoDB DEFAULT CHARSET=utf8mb4 COLLATE=utf8mb4_0900_ai_ci ROW_FORMAT=DYNAMIC;

--
-- Dumping data for table `oc8d_subscription_history`
--


--
-- Table structure for table `oc8d_subscription_plan`
--

CREATE TABLE `oc8d_subscription_plan` (
  `subscription_plan_id` int NOT NULL AUTO_INCREMENT,
  `trial_frequency` enum('day','week','semi_month','month','year') NOT NULL,
  `trial_duration` int NOT NULL,
  `trial_cycle` int NOT NULL,
  `trial_status` tinyint NOT NULL,
  `frequency` enum('day','week','semi_month','month','year') NOT NULL,
  `duration` int NOT NULL,
  `cycle` int NOT NULL,
  `status` tinyint(1) NOT NULL,
  `sort_order` int NOT NULL,
  PRIMARY KEY (`subscription_plan_id`)
) ENGINE=InnoDB AUTO_INCREMENT=4 DEFAULT CHARSET=utf8mb4 COLLATE=utf8mb4_0900_ai_ci ROW_FORMAT=DYNAMIC;

--
-- Dumping data for table `oc8d_subscription_plan`
--

INSERT INTO `oc8d_subscription_plan` VALUES (1,'day',10,1,1,'day',0,1,1,0),(2,'week',11,2,1,'month',10,1,1,0),(3,'day',0,1,0,'day',0,1,1,0);

--
-- Table structure for table `oc8d_subscription_plan_description`
--

CREATE TABLE `oc8d_subscription_plan_description` (
  `subscription_plan_id` int NOT NULL,
  `language_id` int NOT NULL,
  `name` varchar(255) NOT NULL,
  PRIMARY KEY (`subscription_plan_id`,`language_id`)
) ENGINE=InnoDB DEFAULT CHARSET=utf8mb4 COLLATE=utf8mb4_0900_ai_ci ROW_FORMAT=DYNAMIC;

--
-- Dumping data for table `oc8d_subscription_plan_description`
--

INSERT INTO `oc8d_subscription_plan_description` VALUES (1,1,'Subscription Plan 1'),(2,1,'Subscription Plan 2'),(3,1,'Subscription Plan 3');

--
-- Table structure for table `oc8d_subscription_status`
--

CREATE TABLE `oc8d_subscription_status` (
  `subscription_status_id` int NOT NULL AUTO_INCREMENT,
  `language_id` int NOT NULL,
  `name` varchar(32) NOT NULL,
  PRIMARY KEY (`subscription_status_id`,`language_id`)
) ENGINE=InnoDB AUTO_INCREMENT=8 DEFAULT CHARSET=utf8mb4 COLLATE=utf8mb4_0900_ai_ci ROW_FORMAT=DYNAMIC;

--
-- Dumping data for table `oc8d_subscription_status`
--

INSERT INTO `oc8d_subscription_status` VALUES (1,1,'Pending'),(2,1,'Active'),(3,1,'Expired'),(4,1,'Suspended'),(5,1,'Cancelled'),(6,1,'Failed'),(7,1,'Denied');

--
-- Table structure for table `oc8d_tax_class`
--

CREATE TABLE `oc8d_tax_class` (
  `tax_class_id` int NOT NULL AUTO_INCREMENT,
  `title` varchar(32) NOT NULL,
  `description` varchar(255) NOT NULL,
  `date_added` datetime NOT NULL,
  `date_modified` datetime NOT NULL,
  PRIMARY KEY (`tax_class_id`)
) ENGINE=InnoDB AUTO_INCREMENT=12 DEFAULT CHARSET=utf8mb4 COLLATE=utf8mb4_0900_ai_ci ROW_FORMAT=DYNAMIC;

--
-- Dumping data for table `oc8d_tax_class`
--

INSERT INTO `oc8d_tax_class` VALUES (9,'Taxable Goods','Taxed goods','2009-01-06 23:21:53','2011-09-23 14:07:50'),(10,'Downloadable Products','Downloadable','2011-09-21 22:19:39','2011-09-22 10:27:36'),(11,'GST','Goods &amp; Services Tax','2023-09-14 03:25:05','2023-09-14 03:26:47');

--
-- Table structure for table `oc8d_tax_rate`
--

CREATE TABLE `oc8d_tax_rate` (
  `tax_rate_id` int NOT NULL AUTO_INCREMENT,
  `geo_zone_id` int NOT NULL DEFAULT '0',
  `name` varchar(32) NOT NULL,
  `rate` decimal(15,4) NOT NULL DEFAULT '0.0000',
  `type` char(1) NOT NULL,
  `date_added` datetime NOT NULL,
  `date_modified` datetime NOT NULL,
  PRIMARY KEY (`tax_rate_id`)
) ENGINE=InnoDB AUTO_INCREMENT=90 DEFAULT CHARSET=utf8mb4 COLLATE=utf8mb4_0900_ai_ci ROW_FORMAT=DYNAMIC;

--
-- Dumping data for table `oc8d_tax_rate`
--

INSERT INTO `oc8d_tax_rate` VALUES (86,3,'VAT (20%)',20.0000,'P','2011-03-09 21:17:10','2011-09-22 22:24:29'),(87,3,'Eco Tax (-2.00)',2.0000,'F','2011-09-21 21:49:23','2011-09-23 00:40:19'),(88,5,'GST',10.0000,'P','2023-09-14 03:26:14','2025-07-30 13:02:44');

--
-- Table structure for table `oc8d_tax_rate_to_customer_group`
--

CREATE TABLE `oc8d_tax_rate_to_customer_group` (
  `tax_rate_id` int NOT NULL,
  `customer_group_id` int NOT NULL,
  PRIMARY KEY (`tax_rate_id`,`customer_group_id`)
) ENGINE=InnoDB DEFAULT CHARSET=utf8mb4 COLLATE=utf8mb4_0900_ai_ci ROW_FORMAT=DYNAMIC;

--
-- Dumping data for table `oc8d_tax_rate_to_customer_group`
--

INSERT INTO `oc8d_tax_rate_to_customer_group` VALUES (86,1),(87,1),(88,1),(88,2),(88,3),(88,4),(88,5),(88,6),(88,7);

--
-- Table structure for table `oc8d_tax_rule`
--

CREATE TABLE `oc8d_tax_rule` (
  `tax_rule_id` int NOT NULL AUTO_INCREMENT,
  `tax_class_id` int NOT NULL,
  `tax_rate_id` int NOT NULL,
  `based` varchar(10) NOT NULL,
  `priority` int NOT NULL DEFAULT '1',
  PRIMARY KEY (`tax_rule_id`)
) ENGINE=InnoDB AUTO_INCREMENT=131 DEFAULT CHARSET=utf8mb4 COLLATE=utf8mb4_0900_ai_ci ROW_FORMAT=DYNAMIC;

--
-- Dumping data for table `oc8d_tax_rule`
--

INSERT INTO `oc8d_tax_rule` VALUES (120,10,87,'store',0),(121,10,86,'payment',1),(127,9,87,'shipping',2),(128,9,86,'shipping',1),(130,11,88,'shipping',0);

--
-- Table structure for table `oc8d_theme`
--

CREATE TABLE `oc8d_theme` (
  `theme_id` int NOT NULL AUTO_INCREMENT,
  `store_id` int NOT NULL,
  `route` varchar(64) NOT NULL,
  `code` mediumtext NOT NULL,
  `date_added` datetime NOT NULL,
  PRIMARY KEY (`theme_id`)
) ENGINE=InnoDB DEFAULT CHARSET=utf8mb4 COLLATE=utf8mb4_0900_ai_ci ROW_FORMAT=DYNAMIC;

--
-- Dumping data for table `oc8d_theme`
--


--
-- Table structure for table `oc8d_tmdengine`
--

CREATE TABLE `oc8d_tmdengine` (
  `engine_id` int NOT NULL AUTO_INCREMENT,
  `sort_order` int NOT NULL,
  `date_added` datetime NOT NULL,
  `date_modified` datetime NOT NULL,
  PRIMARY KEY (`engine_id`)
) ENGINE=InnoDB AUTO_INCREMENT=1073 DEFAULT CHARSET=utf8mb3;

--
-- Dumping data for table `oc8d_tmdengine`
--

INSERT INTO `oc8d_tmdengine` VALUES (1,1,'2023-09-18 03:01:10','2023-09-18 03:01:10'),(2,2,'2023-09-18 03:01:10','2023-09-18 03:01:10'),(3,3,'2023-09-18 03:01:10','2023-09-18 03:01:10'),(4,4,'2023-09-18 03:01:10','2023-09-18 03:01:10'),(5,5,'2023-09-18 03:01:10','2023-09-18 03:01:10'),(6,6,'2023-09-18 03:01:10','2023-09-18 03:01:10'),(7,7,'2023-09-18 03:01:10','2023-09-18 03:01:10'),(8,8,'2023-09-18 03:01:10','2023-09-18 03:01:10'),(9,9,'2023-09-18 03:01:10','2023-09-18 03:01:10'),(10,10,'2023-09-18 03:01:10','2023-09-18 03:01:10'),(11,11,'2023-09-18 03:01:10','2023-09-18 03:01:10'),(12,12,'2023-09-18 03:01:10','2023-09-18 03:01:10'),(13,13,'2023-09-18 03:01:10','2023-09-18 03:01:10'),(14,14,'2023-09-18 03:01:10','2023-09-18 03:01:10'),(15,15,'2023-09-18 03:01:10','2023-09-18 03:01:10'),(16,16,'2023-09-18 03:01:10','2023-09-18 03:01:10'),(17,17,'2023-09-18 03:01:10','2023-09-18 03:01:10'),(18,18,'2023-09-18 03:01:10','2023-09-18 03:01:10'),(19,19,'2023-09-18 03:01:10','2023-09-18 03:01:10'),(20,20,'2023-09-18 03:01:10','2023-09-18 03:01:10'),(21,21,'2023-09-18 03:01:10','2023-09-18 03:01:10'),(22,22,'2023-09-18 03:01:10','2023-09-18 03:01:10'),(23,23,'2023-09-18 03:01:10','2023-09-18 03:01:10'),(24,24,'2023-09-18 03:01:10','2023-09-18 03:01:10'),(25,25,'2023-09-18 03:01:10','2023-09-18 03:01:10'),(26,26,'2023-09-18 03:01:10','2023-09-18 03:01:10'),(27,27,'2023-09-18 03:01:10','2023-09-18 03:01:10'),(28,28,'2023-09-18 03:01:10','2023-09-18 03:01:10'),(29,29,'2023-09-18 03:01:10','2023-09-18 03:01:10'),(30,30,'2023-09-18 03:01:10','2023-09-18 03:01:10'),(31,31,'2023-09-18 03:01:10','2023-09-18 03:01:10'),(32,32,'2023-09-18 03:01:10','2023-09-18 03:01:10'),(33,33,'2023-09-18 03:01:10','2023-09-18 03:01:10'),(34,34,'2023-09-18 03:01:10','2023-09-18 03:01:10'),(35,35,'2023-09-18 03:01:10','2023-09-18 03:01:10'),(36,36,'2023-09-18 03:01:10','2023-09-18 03:01:10'),(37,37,'2023-09-18 03:01:10','2023-09-18 03:01:10'),(38,38,'2023-09-18 03:01:10','2023-09-18 03:01:10'),(39,39,'2023-09-18 03:01:10','2023-09-18 03:01:10'),(40,40,'2023-09-18 03:01:10','2023-09-18 03:01:10'),(41,41,'2023-09-18 03:01:10','2023-09-18 03:01:10'),(42,42,'2023-09-18 03:01:10','2023-09-18 03:01:10'),(43,43,'2023-09-18 03:01:10','2023-09-18 03:01:10'),(44,44,'2023-09-18 03:01:10','2023-09-18 03:01:10'),(45,45,'2023-09-18 03:01:10','2023-09-18 03:01:10'),(46,46,'2023-09-18 03:01:10','2023-09-18 03:01:10'),(47,47,'2023-09-18 03:01:10','2023-09-18 03:01:10'),(48,48,'2023-09-18 03:01:10','2023-09-18 03:01:10'),(49,49,'2023-09-18 03:01:10','2023-09-18 03:01:10'),(50,50,'2023-09-18 03:01:10','2023-09-18 03:01:10'),(51,51,'2023-09-18 03:01:10','2023-09-18 03:01:10'),(52,52,'2023-09-18 03:01:10','2023-09-18 03:01:10'),(53,53,'2023-09-18 03:01:10','2023-09-18 03:01:10'),(54,54,'2023-09-18 03:01:10','2023-09-18 03:01:10'),(55,55,'2023-09-18 03:01:10','2023-09-18 03:01:10'),(56,56,'2023-09-18 03:01:10','2023-09-18 03:01:10'),(57,57,'2023-09-18 03:01:10','2023-09-18 03:01:10'),(58,58,'2023-09-18 03:01:10','2023-09-18 03:01:10'),(59,59,'2023-09-18 03:01:10','2023-09-18 03:01:10'),(60,60,'2023-09-18 03:01:10','2023-09-18 03:01:10'),(61,61,'2023-09-18 03:01:10','2023-09-18 03:01:10'),(62,62,'2023-09-18 03:01:10','2023-09-18 03:01:10'),(63,63,'2023-09-18 03:01:10','2023-09-18 03:01:10'),(64,64,'2023-09-18 03:01:10','2023-09-18 03:01:10'),(65,65,'2023-09-18 03:01:10','2023-09-18 03:01:10'),(66,66,'2023-09-18 03:01:10','2023-09-18 03:01:10'),(67,67,'2023-09-18 03:01:10','2023-09-18 03:01:10'),(68,68,'2023-09-18 03:01:10','2023-09-18 03:01:10'),(69,69,'2023-09-18 03:01:10','2023-09-18 03:01:10'),(70,70,'2023-09-18 03:01:10','2023-09-18 03:01:10'),(71,71,'2023-09-18 03:01:10','2023-09-18 03:01:10'),(72,72,'2023-09-18 03:01:10','2023-09-18 03:01:10'),(73,73,'2023-09-18 03:01:10','2023-09-18 03:01:10'),(74,74,'2023-09-18 03:01:10','2023-09-18 03:01:10'),(75,75,'2023-09-18 03:01:10','2023-09-18 03:01:10'),(76,76,'2023-09-18 03:01:10','2023-09-18 03:01:10'),(77,77,'2023-09-18 03:01:10','2023-09-18 03:01:10'),(78,78,'2023-09-18 03:01:10','2023-09-18 03:01:10'),(79,79,'2023-09-18 03:01:10','2023-09-18 03:01:10'),(80,80,'2023-09-18 03:01:10','2023-09-18 03:01:10'),(81,81,'2023-09-18 03:01:10','2023-09-18 03:01:10'),(82,82,'2023-09-18 03:01:10','2023-09-18 03:01:10'),(83,83,'2023-09-18 03:01:10','2023-09-18 03:01:10'),(84,84,'2023-09-18 03:01:10','2023-09-18 03:01:10'),(85,85,'2023-09-18 03:01:10','2023-09-18 03:01:10'),(86,86,'2023-09-18 03:01:10','2023-09-18 03:01:10'),(87,87,'2023-09-18 03:01:10','2023-09-18 03:01:10'),(88,88,'2023-09-18 03:01:10','2023-09-18 03:01:10'),(89,89,'2023-09-18 03:01:10','2023-09-18 03:01:10'),(90,90,'2023-09-18 03:01:10','2023-09-18 03:01:10'),(91,91,'2023-09-18 03:01:10','2023-09-18 03:01:10'),(92,92,'2023-09-18 03:01:10','2023-09-18 03:01:10'),(93,93,'2023-09-18 03:01:10','2023-09-18 03:01:10'),(94,94,'2023-09-18 03:01:10','2023-09-18 03:01:10'),(95,95,'2023-09-18 03:01:10','2023-09-18 03:01:10'),(96,96,'2023-09-18 03:01:10','2023-09-18 03:01:10'),(97,97,'2023-09-18 03:01:10','2023-09-18 03:01:10'),(98,98,'2023-09-18 03:01:10','2023-09-18 03:01:10'),(99,99,'2023-09-18 03:01:10','2023-09-18 03:01:10'),(100,100,'2023-09-18 03:01:10','2023-09-18 03:01:10'),(101,101,'2023-09-18 03:01:10','2023-09-18 03:01:10'),(102,102,'2023-09-18 03:01:10','2023-09-18 03:01:10'),(103,103,'2023-09-18 03:01:10','2023-09-18 03:01:10'),(104,104,'2023-09-18 03:01:10','2023-09-18 03:01:10'),(105,105,'2023-09-18 03:01:10','2023-09-18 03:01:10'),(106,106,'2023-09-18 03:01:10','2023-09-18 03:01:10'),(107,107,'2023-09-18 03:01:10','2023-09-18 03:01:10'),(108,108,'2023-09-18 03:01:10','2023-09-18 03:01:10'),(109,109,'2023-09-18 03:01:10','2023-09-18 03:01:10'),(110,110,'2023-09-18 03:01:10','2023-09-18 03:01:10'),(111,111,'2023-09-18 03:01:10','2023-09-18 03:01:10'),(112,112,'2023-09-18 03:01:10','2023-09-18 03:01:10'),(113,113,'2023-09-18 03:01:10','2023-09-18 03:01:10'),(114,114,'2023-09-18 03:01:10','2023-09-18 03:01:10'),(115,115,'2023-09-18 03:01:10','2023-09-18 03:01:10'),(116,116,'2023-09-18 03:01:10','2023-09-18 03:01:10'),(117,117,'2023-09-18 03:01:10','2023-09-18 03:01:10'),(118,118,'2023-09-18 03:01:10','2023-09-18 03:01:10'),(119,119,'2023-09-18 03:01:10','2023-09-18 03:01:10'),(120,120,'2023-09-18 03:01:10','2023-09-18 03:01:10'),(121,121,'2023-09-18 03:01:10','2023-09-18 03:01:10'),(122,122,'2023-09-18 03:01:10','2023-09-18 03:01:10'),(123,123,'2023-09-18 03:01:10','2023-09-18 03:01:10'),(124,124,'2023-09-18 03:01:10','2023-09-18 03:01:10'),(125,125,'2023-09-18 03:01:10','2023-09-18 03:01:10'),(126,126,'2023-09-18 03:01:10','2023-09-18 03:01:10'),(127,127,'2023-09-18 03:01:10','2023-09-18 03:01:10'),(128,128,'2023-09-18 03:01:10','2023-09-18 03:01:10'),(129,129,'2023-09-18 03:01:10','2023-09-18 03:01:10'),(130,130,'2023-09-18 03:01:10','2023-09-18 03:01:10'),(131,131,'2023-09-18 03:01:10','2023-09-18 03:01:10'),(132,132,'2023-09-18 03:01:10','2023-09-18 03:01:10'),(133,133,'2023-09-18 03:01:10','2023-09-18 03:01:10'),(134,134,'2023-09-18 03:01:10','2023-09-18 03:01:10'),(135,135,'2023-09-18 03:01:10','2023-09-18 03:01:10'),(136,136,'2023-09-18 03:01:10','2023-09-18 03:01:10'),(137,137,'2023-09-18 03:01:10','2023-09-18 03:01:10'),(138,138,'2023-09-18 03:01:10','2023-09-18 03:01:10'),(139,139,'2023-09-18 03:01:10','2023-09-18 03:01:10'),(140,140,'2023-09-18 03:01:10','2023-09-18 03:01:10'),(141,141,'2023-09-18 03:01:10','2023-09-18 03:01:10'),(142,142,'2023-09-18 03:01:10','2023-09-18 03:01:10'),(143,143,'2023-09-18 03:01:10','2023-09-18 03:01:10'),(144,144,'2023-09-18 03:01:10','2023-09-18 03:01:10'),(145,145,'2023-09-18 03:01:10','2023-09-18 03:01:10'),(146,146,'2023-09-18 03:01:10','2023-09-18 03:01:10'),(147,147,'2023-09-18 03:01:10','2023-09-18 03:01:10'),(148,148,'2023-09-18 03:01:10','2023-09-18 03:01:10'),(149,149,'2023-09-18 03:01:10','2023-09-18 03:01:10'),(150,150,'2023-09-18 03:01:10','2023-09-18 03:01:10'),(151,151,'2023-09-18 03:01:10','2023-09-18 03:01:10'),(152,152,'2023-09-18 03:01:10','2023-09-18 03:01:10'),(153,153,'2023-09-18 03:01:10','2023-09-18 03:01:10'),(154,154,'2023-09-18 03:01:10','2023-09-18 03:01:10'),(155,155,'2023-09-18 03:01:10','2023-09-18 03:01:10'),(156,156,'2023-09-18 03:01:10','2023-09-18 03:01:10'),(157,157,'2023-09-18 03:01:10','2023-09-18 03:01:10'),(158,158,'2023-09-18 03:01:10','2023-09-18 03:01:10'),(159,159,'2023-09-18 03:01:10','2023-09-18 03:01:10'),(160,160,'2023-09-18 03:01:10','2023-09-18 03:01:10'),(161,161,'2023-09-18 03:01:10','2023-09-18 03:01:10'),(162,162,'2023-09-18 03:01:10','2023-09-18 03:01:10'),(163,163,'2023-09-18 03:01:10','2023-09-18 03:01:10'),(164,164,'2023-09-18 03:01:10','2023-09-18 03:01:10'),(165,165,'2023-09-18 03:01:10','2023-09-18 03:01:10'),(166,166,'2023-09-18 03:01:10','2023-09-18 03:01:10'),(167,167,'2023-09-18 03:01:10','2023-09-18 03:01:10'),(168,168,'2023-09-18 03:01:10','2023-09-18 03:01:10'),(169,169,'2023-09-18 03:01:10','2023-09-18 03:01:10'),(170,170,'2023-09-18 03:01:10','2023-09-18 03:01:10'),(171,171,'2023-09-18 03:01:10','2023-09-18 03:01:10'),(172,172,'2023-09-18 03:01:10','2023-09-18 03:01:10'),(173,173,'2023-09-18 03:01:10','2023-09-18 03:01:10'),(174,174,'2023-09-18 03:01:10','2023-09-18 03:01:10'),(175,175,'2023-09-18 03:01:10','2023-09-18 03:01:10'),(176,176,'2023-09-18 03:01:10','2023-09-18 03:01:10'),(177,177,'2023-09-18 03:01:10','2023-09-18 03:01:10'),(178,178,'2023-09-18 03:01:10','2023-09-18 03:01:10'),(179,179,'2023-09-18 03:01:10','2023-09-18 03:01:10'),(180,180,'2023-09-18 03:01:10','2023-09-18 03:01:10'),(181,181,'2023-09-18 03:01:10','2023-09-18 03:01:10'),(182,182,'2023-09-18 03:01:10','2023-09-18 03:01:10'),(183,183,'2023-09-18 03:01:10','2023-09-18 03:01:10'),(184,184,'2023-09-18 03:01:10','2023-09-18 03:01:10'),(185,185,'2023-09-18 03:01:10','2023-09-18 03:01:10'),(186,186,'2023-09-18 03:01:10','2023-09-18 03:01:10'),(187,187,'2023-09-18 03:01:10','2023-09-18 03:01:10'),(188,188,'2023-09-18 03:01:10','2023-09-18 03:01:10'),(189,189,'2023-09-18 03:01:10','2023-09-18 03:01:10'),(190,190,'2023-09-18 03:01:10','2023-09-18 03:01:10'),(191,191,'2023-09-18 03:01:10','2023-09-18 03:01:10'),(192,192,'2023-09-18 03:01:10','2023-09-18 03:01:10'),(193,193,'2023-09-18 03:01:10','2023-09-18 03:01:10'),(194,194,'2023-09-18 03:01:10','2023-09-18 03:01:10'),(195,195,'2023-09-18 03:01:10','2023-09-18 03:01:10'),(196,196,'2023-09-18 03:01:10','2023-09-18 03:01:10'),(197,197,'2023-09-18 03:01:10','2023-09-18 03:01:10'),(198,198,'2023-09-18 03:01:10','2023-09-18 03:01:10'),(199,199,'2023-09-18 03:01:10','2023-09-18 03:01:10'),(200,200,'2023-09-18 03:01:10','2023-09-18 03:01:10'),(201,201,'2023-09-18 03:01:10','2023-09-18 03:01:10'),(202,202,'2023-09-18 03:01:10','2023-09-18 03:01:10'),(203,203,'2023-09-18 03:01:10','2023-09-18 03:01:10'),(204,204,'2023-09-18 03:01:10','2023-09-18 03:01:10'),(205,205,'2023-09-18 03:01:10','2023-09-18 03:01:10'),(206,206,'2023-09-18 03:01:10','2023-09-18 03:01:10'),(207,207,'2023-09-18 03:01:10','2023-09-18 03:01:10'),(208,208,'2023-09-18 03:01:10','2023-09-18 03:01:10'),(209,209,'2023-09-18 03:01:10','2023-09-18 03:01:10'),(210,210,'2023-09-18 03:01:10','2023-09-18 03:01:10'),(211,211,'2023-09-18 03:01:10','2023-09-18 03:01:10'),(212,212,'2023-09-18 03:01:10','2023-09-18 03:01:10'),(213,213,'2023-09-18 03:01:10','2023-09-18 03:01:10'),(214,214,'2023-09-18 03:01:10','2023-09-18 03:01:10'),(215,215,'2023-09-18 03:01:10','2023-09-18 03:01:10'),(216,216,'2023-09-18 03:01:10','2023-09-18 03:01:10'),(217,217,'2023-09-18 03:01:10','2023-09-18 03:01:10'),(218,218,'2023-09-18 03:01:10','2023-09-18 03:01:10'),(219,219,'2023-09-18 03:01:10','2023-09-18 03:01:10'),(220,220,'2023-09-18 03:01:10','2023-09-18 03:01:10'),(221,221,'2023-09-18 03:01:10','2023-09-18 03:01:10'),(222,222,'2023-09-18 03:01:10','2023-09-18 03:01:10'),(223,223,'2023-09-18 03:01:10','2023-09-18 03:01:10'),(224,224,'2023-09-18 03:01:10','2023-09-18 03:01:10'),(225,225,'2023-09-18 03:01:10','2023-09-18 03:01:10'),(226,226,'2023-09-18 03:01:10','2023-09-18 03:01:10'),(227,227,'2023-09-18 03:01:10','2023-09-18 03:01:10'),(228,228,'2023-09-18 03:01:10','2023-09-18 03:01:10'),(229,229,'2023-09-18 03:01:10','2023-09-18 03:01:10'),(230,230,'2023-09-18 03:01:10','2023-09-18 03:01:10'),(231,231,'2023-09-18 03:01:10','2023-09-18 03:01:10'),(232,232,'2023-09-18 03:01:10','2023-09-18 03:01:10'),(233,233,'2023-09-18 03:01:10','2023-09-18 03:01:10'),(234,234,'2023-09-18 03:01:10','2023-09-18 03:01:10'),(235,235,'2023-09-18 03:01:10','2023-09-18 03:01:10'),(236,236,'2023-09-18 03:01:10','2023-09-18 03:01:10'),(237,237,'2023-09-18 03:01:10','2023-09-18 03:01:10'),(238,238,'2023-09-18 03:01:10','2023-09-18 03:01:10'),(239,239,'2023-09-18 03:01:10','2023-09-18 03:01:10'),(240,240,'2023-09-18 03:01:10','2023-09-18 03:01:10'),(241,241,'2023-09-18 03:01:10','2023-09-18 03:01:10'),(242,242,'2023-09-18 03:01:10','2023-09-18 03:01:10'),(243,243,'2023-09-18 03:01:10','2023-09-18 03:01:10'),(244,244,'2023-09-18 03:01:10','2023-09-18 03:01:10'),(245,245,'2023-09-18 03:01:10','2023-09-18 03:01:10'),(246,246,'2023-09-18 03:01:10','2023-09-18 03:01:10'),(247,247,'2023-09-18 03:01:10','2023-09-18 03:01:10'),(248,248,'2023-09-18 03:01:10','2023-09-18 03:01:10'),(249,249,'2023-09-18 03:01:10','2023-09-18 03:01:10'),(250,250,'2023-09-18 03:01:10','2023-09-18 03:01:10'),(251,251,'2023-09-18 03:01:10','2023-09-18 03:01:10'),(252,252,'2023-09-18 03:01:10','2023-09-18 03:01:10'),(253,253,'2023-09-18 03:01:10','2023-09-18 03:01:10'),(254,254,'2023-09-18 03:01:10','2023-09-18 03:01:10'),(255,255,'2023-09-18 03:01:10','2023-09-18 03:01:10'),(256,256,'2023-09-18 03:01:10','2023-09-18 03:01:10'),(257,257,'2023-09-18 03:01:10','2023-09-18 03:01:10'),(258,258,'2023-09-18 03:01:10','2023-09-18 03:01:10'),(259,259,'2023-09-18 03:01:10','2023-09-18 03:01:10'),(260,260,'2023-09-18 03:01:10','2023-09-18 03:01:10'),(261,261,'2023-09-18 03:01:10','2023-09-18 03:01:10'),(262,262,'2023-09-18 03:01:10','2023-09-18 03:01:10'),(263,263,'2023-09-18 03:01:10','2023-09-18 03:01:10'),(264,264,'2023-09-18 03:01:10','2023-09-18 03:01:10'),(265,265,'2023-09-18 03:01:10','2023-09-18 03:01:10'),(266,266,'2023-09-18 03:01:10','2023-09-18 03:01:10'),(267,267,'2023-09-18 03:01:10','2023-09-18 03:01:10'),(268,268,'2023-09-18 03:01:10','2023-09-18 03:01:10'),(269,269,'2023-09-18 03:01:10','2023-09-18 03:01:10'),(270,270,'2023-09-18 03:01:10','2023-09-18 03:01:10'),(271,271,'2023-09-18 03:01:10','2023-09-18 03:01:10'),(272,272,'2023-09-18 03:01:10','2023-09-18 03:01:10'),(273,273,'2023-09-18 03:01:10','2023-09-18 03:01:10'),(274,274,'2023-09-18 03:01:10','2023-09-18 03:01:10'),(275,275,'2023-09-18 03:01:10','2023-09-18 03:01:10'),(276,276,'2023-09-18 03:01:10','2023-09-18 03:01:10'),(277,277,'2023-09-18 03:01:10','2023-09-18 03:01:10'),(278,278,'2023-09-18 03:01:10','2023-09-18 03:01:10'),(279,279,'2023-09-18 03:01:10','2023-09-18 03:01:10'),(280,280,'2023-09-18 03:01:10','2023-09-18 03:01:10'),(281,281,'2023-09-18 03:01:10','2023-09-18 03:01:10'),(282,282,'2023-09-18 03:01:10','2023-09-18 03:01:10'),(283,283,'2023-09-18 03:01:10','2023-09-18 03:01:10'),(284,284,'2023-09-18 03:01:10','2023-09-18 03:01:10'),(285,285,'2023-09-18 03:01:10','2023-09-18 03:01:10'),(286,286,'2023-09-18 03:01:10','2023-09-18 03:01:10'),(287,287,'2023-09-18 03:01:10','2023-09-18 03:01:10'),(288,288,'2023-09-18 03:01:10','2023-09-18 03:01:10'),(289,289,'2023-09-18 03:01:10','2023-09-18 03:01:10'),(290,290,'2023-09-18 03:01:10','2023-09-18 03:01:10'),(291,291,'2023-09-18 03:01:10','2023-09-18 03:01:10'),(292,292,'2023-09-18 03:01:10','2023-09-18 03:01:10'),(293,293,'2023-09-18 03:01:10','2023-09-18 03:01:10'),(294,294,'2023-09-18 03:01:10','2023-09-18 03:01:10'),(295,295,'2023-09-18 03:01:10','2023-09-18 03:01:10'),(296,296,'2023-09-18 03:01:10','2023-09-18 03:01:10'),(297,297,'2023-09-18 03:01:10','2023-09-18 03:01:10'),(298,298,'2023-09-18 03:01:10','2023-09-18 03:01:10'),(299,299,'2023-09-18 03:01:10','2023-09-18 03:01:10'),(300,300,'2023-09-18 03:01:10','2023-09-18 03:01:10'),(301,301,'2023-09-18 03:01:10','2023-09-18 03:01:10'),(302,302,'2023-09-18 03:01:10','2023-09-18 03:01:10'),(303,303,'2023-09-18 03:01:10','2023-09-18 03:01:10'),(304,304,'2023-09-18 03:01:10','2023-09-18 03:01:10'),(305,305,'2023-09-18 03:01:10','2023-09-18 03:01:10'),(306,306,'2023-09-18 03:01:10','2023-09-18 03:01:10'),(307,307,'2023-09-18 03:01:10','2023-09-18 03:01:10'),(308,308,'2023-09-18 03:01:10','2023-09-18 03:01:10'),(309,309,'2023-09-18 03:01:10','2023-09-18 03:01:10'),(310,310,'2023-09-18 03:01:10','2023-09-18 03:01:10'),(311,311,'2023-09-18 03:01:10','2023-09-18 03:01:10'),(312,312,'2023-09-18 03:01:10','2023-09-18 03:01:10'),(313,313,'2023-09-18 03:01:10','2023-09-18 03:01:10'),(314,314,'2023-09-18 03:01:10','2023-09-18 03:01:10'),(315,315,'2023-09-18 03:01:10','2023-09-18 03:01:10'),(316,316,'2023-09-18 03:01:10','2023-09-18 03:01:10'),(317,317,'2023-09-18 03:01:10','2023-09-18 03:01:10'),(318,318,'2023-09-18 03:01:10','2023-09-18 03:01:10'),(319,319,'2023-09-18 03:01:10','2023-09-18 03:01:10'),(320,320,'2023-09-18 03:01:10','2023-09-18 03:01:10'),(321,321,'2023-09-18 03:01:10','2023-09-18 03:01:10'),(322,322,'2023-09-18 03:01:10','2023-09-18 03:01:10'),(323,323,'2023-09-18 03:01:10','2023-09-18 03:01:10'),(324,324,'2023-09-18 03:01:10','2023-09-18 03:01:10'),(325,325,'2023-09-18 03:01:10','2023-09-18 03:01:10'),(326,326,'2023-09-18 03:01:10','2023-09-18 03:01:10'),(327,327,'2023-09-18 03:01:10','2023-09-18 03:01:10'),(328,328,'2023-09-18 03:01:10','2023-09-18 03:01:10'),(329,329,'2023-09-18 03:01:10','2023-09-18 03:01:10'),(330,330,'2023-09-18 03:01:10','2023-09-18 03:01:10'),(331,331,'2023-09-18 03:01:10','2023-09-18 03:01:10'),(332,332,'2023-09-18 03:01:10','2023-09-18 03:01:10'),(333,333,'2023-09-18 03:01:10','2023-09-18 03:01:10'),(334,334,'2023-09-18 03:01:10','2023-09-18 03:01:10'),(335,335,'2023-09-18 03:01:10','2023-09-18 03:01:10'),(336,336,'2023-09-18 03:01:10','2023-09-18 03:01:10'),(337,337,'2023-09-18 03:01:10','2023-09-18 03:01:10'),(338,338,'2023-09-18 03:01:10','2023-09-18 03:01:10'),(339,339,'2023-09-18 03:01:10','2023-09-18 03:01:10'),(340,340,'2023-09-18 03:01:10','2023-09-18 03:01:10'),(341,341,'2023-09-18 03:01:10','2023-09-18 03:01:10'),(342,342,'2023-09-18 03:01:10','2023-09-18 03:01:10'),(343,343,'2023-09-18 03:01:10','2023-09-18 03:01:10'),(344,344,'2023-09-18 03:01:10','2023-09-18 03:01:10'),(345,345,'2023-09-18 03:01:10','2023-09-18 03:01:10'),(346,346,'2023-09-18 03:01:10','2023-09-18 03:01:10'),(347,347,'2023-09-18 03:01:10','2023-09-18 03:01:10'),(348,348,'2023-09-18 03:01:10','2023-09-18 03:01:10'),(349,349,'2023-09-18 03:01:10','2023-09-18 03:01:10'),(350,350,'2023-09-18 03:01:10','2023-09-18 03:01:10'),(351,351,'2023-09-18 03:01:10','2023-09-18 03:01:10'),(352,352,'2023-09-18 03:01:10','2023-09-18 03:01:10'),(353,353,'2023-09-18 03:01:10','2023-09-18 03:01:10'),(354,354,'2023-09-18 03:01:10','2023-09-18 03:01:10'),(355,355,'2023-09-18 03:01:10','2023-09-18 03:01:10'),(356,356,'2023-09-18 03:01:10','2023-09-18 03:01:10'),(357,357,'2023-09-18 03:01:10','2023-09-18 03:01:10'),(358,358,'2023-09-18 03:01:10','2023-09-18 03:01:10'),(359,359,'2023-09-18 03:01:10','2023-09-18 03:01:10'),(360,360,'2023-09-18 03:01:10','2023-09-18 03:01:10'),(361,361,'2023-09-18 03:01:10','2023-09-18 03:01:10'),(362,362,'2023-09-18 03:01:10','2023-09-18 03:01:10'),(363,363,'2023-09-18 03:01:10','2023-09-18 03:01:10'),(364,364,'2023-09-18 03:01:10','2023-09-18 03:01:10'),(365,365,'2023-09-18 03:01:10','2023-09-18 03:01:10'),(366,366,'2023-09-18 03:01:10','2023-09-18 03:01:10'),(367,367,'2023-09-18 03:01:10','2023-09-18 03:01:10'),(368,368,'2023-09-18 03:01:10','2023-09-18 03:01:10'),(369,369,'2023-09-18 03:01:10','2023-09-18 03:01:10'),(370,370,'2023-09-18 03:01:10','2023-09-18 03:01:10'),(371,371,'2023-09-18 03:01:10','2023-09-18 03:01:10'),(372,372,'2023-09-18 03:01:10','2023-09-18 03:01:10'),(373,373,'2023-09-18 03:01:10','2023-09-18 03:01:10'),(374,374,'2023-09-18 03:01:10','2023-09-18 03:01:10'),(375,375,'2023-09-18 03:01:10','2023-09-18 03:01:10'),(376,376,'2023-09-18 03:01:10','2023-09-18 03:01:10'),(377,377,'2023-09-18 03:01:10','2023-09-18 03:01:10'),(378,378,'2023-09-18 03:01:10','2023-09-18 03:01:10'),(379,379,'2023-09-18 03:01:10','2023-09-18 03:01:10'),(380,380,'2023-09-18 03:01:10','2023-09-18 03:01:10'),(381,381,'2023-09-18 03:01:10','2023-09-18 03:01:10'),(382,382,'2023-09-18 03:01:10','2023-09-18 03:01:10'),(383,383,'2023-09-18 03:01:10','2023-09-18 03:01:10'),(384,384,'2023-09-18 03:01:10','2023-09-18 03:01:10'),(385,385,'2023-09-18 03:01:10','2023-09-18 03:01:10'),(386,386,'2023-09-18 03:01:10','2023-09-18 03:01:10'),(387,387,'2023-09-18 03:01:10','2023-09-18 03:01:10'),(388,388,'2023-09-18 03:01:10','2023-09-18 03:01:10'),(389,389,'2023-09-18 03:01:10','2023-09-18 03:01:10'),(390,390,'2023-09-18 03:01:10','2023-09-18 03:01:10'),(391,391,'2023-09-18 03:01:10','2023-09-18 03:01:10'),(392,392,'2023-09-18 03:01:10','2023-09-18 03:01:10'),(393,393,'2023-09-18 03:01:10','2023-09-18 03:01:10'),(394,394,'2023-09-18 03:01:10','2023-09-18 03:01:10'),(395,395,'2023-09-18 03:01:10','2023-09-18 03:01:10'),(396,396,'2023-09-18 03:01:10','2023-09-18 03:01:10'),(397,397,'2023-09-18 03:01:10','2023-09-18 03:01:10'),(398,398,'2023-09-18 03:01:10','2023-09-18 03:01:10'),(399,399,'2023-09-18 03:01:10','2023-09-18 03:01:10'),(400,400,'2023-09-18 03:01:10','2023-09-18 03:01:10'),(401,401,'2023-09-18 03:01:10','2023-09-18 03:01:10'),(402,402,'2023-09-18 03:01:10','2023-09-18 03:01:10'),(403,403,'2023-09-18 03:01:10','2023-09-18 03:01:10'),(404,404,'2023-09-18 03:01:10','2023-09-18 03:01:10'),(405,405,'2023-09-18 03:01:10','2023-09-18 03:01:10'),(406,406,'2023-09-18 03:01:10','2023-09-18 03:01:10'),(407,407,'2023-09-18 03:01:10','2023-09-18 03:01:10'),(408,408,'2023-09-18 03:01:10','2023-09-18 03:01:10'),(409,409,'2023-09-18 03:01:10','2023-09-18 03:01:10'),(410,410,'2023-09-18 03:01:10','2023-09-18 03:01:10'),(411,411,'2023-09-18 03:01:10','2023-09-18 03:01:10'),(412,412,'2023-09-18 03:01:10','2023-09-18 03:01:10'),(413,413,'2023-09-18 03:01:10','2023-09-18 03:01:10'),(414,414,'2023-09-18 03:01:10','2023-09-18 03:01:10'),(415,415,'2023-09-18 03:01:10','2023-09-18 03:01:10'),(416,416,'2023-09-18 03:01:10','2023-09-18 03:01:10'),(417,417,'2023-09-18 03:01:10','2023-09-18 03:01:10'),(418,418,'2023-09-18 03:01:10','2023-09-18 03:01:10'),(419,419,'2023-09-18 03:01:10','2023-09-18 03:01:10'),(420,420,'2023-09-18 03:01:10','2023-09-18 03:01:10'),(421,421,'2023-09-18 03:01:10','2023-09-18 03:01:10'),(422,422,'2023-09-18 03:01:10','2023-09-18 03:01:10'),(423,423,'2023-09-18 03:01:10','2023-09-18 03:01:10'),(424,424,'2023-09-18 03:01:10','2023-09-18 03:01:10'),(425,425,'2023-09-18 03:01:10','2023-09-18 03:01:10'),(426,426,'2023-09-18 03:01:10','2023-09-18 03:01:10'),(427,427,'2023-09-18 03:01:10','2023-09-18 03:01:10'),(428,428,'2023-09-18 03:01:10','2023-09-18 03:01:10'),(429,429,'2023-09-18 03:01:10','2023-09-18 03:01:10'),(430,430,'2023-09-18 03:01:10','2023-09-18 03:01:10'),(431,431,'2023-09-18 03:01:10','2023-09-18 03:01:10'),(432,432,'2023-09-18 03:01:10','2023-09-18 03:01:10'),(433,433,'2023-09-18 03:01:10','2023-09-18 03:01:10'),(434,434,'2023-09-18 03:01:10','2023-09-18 03:01:10'),(435,435,'2023-09-18 03:01:10','2023-09-18 03:01:10'),(436,436,'2023-09-18 03:01:10','2023-09-18 03:01:10'),(437,437,'2023-09-18 03:01:10','2023-09-18 03:01:10'),(438,438,'2023-09-18 03:01:10','2023-09-18 03:01:10'),(439,439,'2023-09-18 03:01:10','2023-09-18 03:01:10'),(440,440,'2023-09-18 03:01:10','2023-09-18 03:01:10'),(441,441,'2023-09-18 03:01:10','2023-09-18 03:01:10'),(442,442,'2023-09-18 03:01:10','2023-09-18 03:01:10'),(443,443,'2023-09-18 03:01:10','2023-09-18 03:01:10'),(444,444,'2023-09-18 03:01:10','2023-09-18 03:01:10'),(445,445,'2023-09-18 03:01:10','2023-09-18 03:01:10'),(446,446,'2023-09-18 03:01:10','2023-09-18 03:01:10'),(447,447,'2023-09-18 03:01:10','2023-09-18 03:01:10'),(448,448,'2023-09-18 03:01:10','2023-09-18 03:01:10'),(449,449,'2023-09-18 03:01:10','2023-09-18 03:01:10'),(450,450,'2023-09-18 03:01:10','2023-09-18 03:01:10'),(451,451,'2023-09-18 03:01:10','2023-09-18 03:01:10'),(452,452,'2023-09-18 03:01:10','2023-09-18 03:01:10'),(453,453,'2023-09-18 03:01:10','2023-09-18 03:01:10'),(454,454,'2023-09-18 03:01:10','2023-09-18 03:01:10'),(455,455,'2023-09-18 03:01:10','2023-09-18 03:01:10'),(456,456,'2023-09-18 03:01:10','2023-09-18 03:01:10'),(457,457,'2023-09-18 03:01:10','2023-09-18 03:01:10'),(458,458,'2023-09-18 03:01:10','2023-09-18 03:01:10'),(459,459,'2023-09-18 03:01:10','2023-09-18 03:01:10'),(460,460,'2023-09-18 03:01:10','2023-09-18 03:01:10'),(461,461,'2023-09-18 03:01:10','2023-09-18 03:01:10'),(462,462,'2023-09-18 03:01:10','2023-09-18 03:01:10'),(463,463,'2023-09-18 03:01:10','2023-09-18 03:01:10'),(464,464,'2023-09-18 03:01:10','2023-09-18 03:01:10'),(465,465,'2023-09-18 03:01:10','2023-09-18 03:01:10'),(466,466,'2023-09-18 03:01:10','2023-09-18 03:01:10'),(467,467,'2023-09-18 03:01:10','2023-09-18 03:01:10'),(468,468,'2023-09-18 03:01:10','2023-09-18 03:01:10'),(469,469,'2023-09-18 03:01:10','2023-09-18 03:01:10'),(470,470,'2023-09-18 03:01:10','2023-09-18 03:01:10'),(471,471,'2023-09-18 03:01:10','2023-09-18 03:01:10'),(472,472,'2023-09-18 03:01:10','2023-09-18 03:01:10'),(473,473,'2023-09-18 03:01:10','2023-09-18 03:01:10'),(474,474,'2023-09-18 03:01:10','2023-09-18 03:01:10'),(475,475,'2023-09-18 03:01:10','2023-09-18 03:01:10'),(476,476,'2023-09-18 03:01:10','2023-09-18 03:01:10'),(477,477,'2023-09-18 03:01:10','2023-09-18 03:01:10'),(478,478,'2023-09-18 03:01:10','2023-09-18 03:01:10'),(479,479,'2023-09-18 03:01:10','2023-09-18 03:01:10'),(480,480,'2023-09-18 03:01:10','2023-09-18 03:01:10'),(481,481,'2023-09-18 03:01:10','2023-09-18 03:01:10'),(482,482,'2023-09-18 03:01:10','2023-09-18 03:01:10'),(483,483,'2023-09-18 03:01:10','2023-09-18 03:01:10'),(484,484,'2023-09-18 03:01:10','2023-09-18 03:01:10'),(485,485,'2023-09-18 03:01:10','2023-09-18 03:01:10'),(486,486,'2023-09-18 03:01:10','2023-09-18 03:01:10'),(487,487,'2023-09-18 03:01:10','2023-09-18 03:01:10'),(488,488,'2023-09-18 03:01:10','2023-09-18 03:01:10'),(489,489,'2023-09-18 03:01:10','2023-09-18 03:01:10'),(490,490,'2023-09-18 03:01:10','2023-09-18 03:01:10'),(491,491,'2023-09-18 03:01:10','2023-09-18 03:01:10'),(492,492,'2023-09-18 03:01:10','2023-09-18 03:01:10'),(493,493,'2023-09-18 03:01:10','2023-09-18 03:01:10'),(494,494,'2023-09-18 03:01:10','2023-09-18 03:01:10'),(495,495,'2023-09-18 03:01:10','2023-09-18 03:01:10'),(496,496,'2023-09-18 03:01:10','2023-09-18 03:01:10'),(497,497,'2023-09-18 03:01:10','2023-09-18 03:01:10'),(498,498,'2023-09-18 03:01:10','2023-09-18 03:01:10'),(499,499,'2023-09-18 03:01:10','2023-09-18 03:01:10'),(500,500,'2023-09-18 03:01:10','2023-09-18 03:01:10'),(501,501,'2023-09-18 03:01:10','2023-09-18 03:01:10'),(502,502,'2023-09-18 03:01:10','2023-09-18 03:01:10'),(503,503,'2023-09-18 03:01:10','2023-09-18 03:01:10'),(504,504,'2023-09-18 03:01:10','2023-09-18 03:01:10'),(505,505,'2023-09-18 03:01:10','2023-09-18 03:01:10'),(506,506,'2023-09-18 03:01:10','2023-09-18 03:01:10'),(507,507,'2023-09-18 03:01:10','2023-09-18 03:01:10'),(508,508,'2023-09-18 03:01:10','2023-09-18 03:01:10'),(509,509,'2023-09-18 03:01:10','2023-09-18 03:01:10'),(510,510,'2023-09-18 03:01:10','2023-09-18 03:01:10'),(511,511,'2023-09-18 03:01:10','2023-09-18 03:01:10'),(512,512,'2023-09-18 03:01:10','2023-09-18 03:01:10'),(513,513,'2023-09-18 03:01:10','2023-09-18 03:01:10'),(514,514,'2023-09-18 03:01:10','2023-09-18 03:01:10'),(515,515,'2023-09-18 03:01:10','2023-09-18 03:01:10'),(516,516,'2023-09-18 03:01:10','2023-09-18 03:01:10'),(517,517,'2023-09-18 03:01:10','2023-09-18 03:01:10'),(518,518,'2023-09-18 03:01:10','2023-09-18 03:01:10'),(519,519,'2023-09-18 03:01:10','2023-09-18 03:01:10'),(520,520,'2023-09-18 03:01:10','2023-09-18 03:01:10'),(521,521,'2023-09-18 03:01:10','2023-09-18 03:01:10'),(522,522,'2023-09-18 03:01:10','2023-09-18 03:01:10'),(523,523,'2023-09-18 03:01:10','2023-09-18 03:01:10'),(524,524,'2023-09-18 03:01:10','2023-09-18 03:01:10'),(525,525,'2023-09-18 03:01:10','2023-09-18 03:01:10'),(526,526,'2023-09-18 03:01:10','2023-09-18 03:01:10'),(527,527,'2023-09-18 03:01:10','2023-09-18 03:01:10'),(528,528,'2023-09-18 03:01:10','2023-09-18 03:01:10'),(529,529,'2023-09-18 03:01:10','2023-09-18 03:01:10'),(530,530,'2023-09-18 03:01:10','2023-09-18 03:01:10'),(531,531,'2023-09-18 03:01:10','2023-09-18 03:01:10'),(532,532,'2023-09-18 03:01:10','2023-09-18 03:01:10'),(533,533,'2023-09-18 03:01:10','2023-09-18 03:01:10'),(534,534,'2023-09-18 03:01:10','2023-09-18 03:01:10'),(535,535,'2023-09-18 03:01:10','2023-09-18 03:01:10'),(536,536,'2023-09-18 03:01:10','2023-09-18 03:01:10'),(537,537,'2023-09-18 03:01:10','2023-09-18 03:01:10'),(538,538,'2023-09-18 03:01:10','2023-09-18 03:01:10'),(539,539,'2023-09-18 03:01:10','2023-09-18 03:01:10'),(540,540,'2023-09-18 03:01:10','2023-09-18 03:01:10'),(541,541,'2023-09-18 03:01:10','2023-09-18 03:01:10'),(542,542,'2023-09-18 03:01:10','2023-09-18 03:01:10'),(543,543,'2023-09-18 03:01:10','2023-09-18 03:01:10'),(544,544,'2023-09-18 03:01:10','2023-09-18 03:01:10'),(545,545,'2023-09-18 03:01:10','2023-09-18 03:01:10'),(546,546,'2023-09-18 03:01:10','2023-09-18 03:01:10'),(547,547,'2023-09-18 03:01:10','2023-09-18 03:01:10'),(548,548,'2023-09-18 03:01:10','2023-09-18 03:01:10'),(549,549,'2023-09-18 03:01:10','2023-09-18 03:01:10'),(550,550,'2023-09-18 03:01:10','2023-09-18 03:01:10'),(551,551,'2023-09-18 03:01:10','2023-09-18 03:01:10'),(552,552,'2023-09-18 03:01:10','2023-09-18 03:01:10'),(553,553,'2023-09-18 03:01:10','2023-09-18 03:01:10'),(554,554,'2023-09-18 03:01:10','2023-09-18 03:01:10'),(555,555,'2023-09-18 03:01:10','2023-09-18 03:01:10'),(556,556,'2023-09-18 03:01:10','2023-09-18 03:01:10'),(557,557,'2023-09-18 03:01:10','2023-09-18 03:01:10'),(558,558,'2023-09-18 03:01:10','2023-09-18 03:01:10'),(559,559,'2023-09-18 03:01:10','2023-09-18 03:01:10'),(560,560,'2023-09-18 03:01:10','2023-09-18 03:01:10'),(561,561,'2023-09-18 03:01:10','2023-09-18 03:01:10'),(562,562,'2023-09-18 03:01:10','2023-09-18 03:01:10'),(563,563,'2023-09-18 03:01:10','2023-09-18 03:01:10'),(564,564,'2023-09-18 03:01:10','2023-09-18 03:01:10'),(565,565,'2023-09-18 03:01:10','2023-09-18 03:01:10'),(566,566,'2023-09-18 03:01:10','2023-09-18 03:01:10'),(567,567,'2023-09-18 03:01:10','2023-09-18 03:01:10'),(568,568,'2023-09-18 03:01:10','2023-09-18 03:01:10'),(569,569,'2023-09-18 03:01:10','2023-09-18 03:01:10'),(570,570,'2023-09-18 03:01:10','2023-09-18 03:01:10'),(571,571,'2023-09-18 03:01:10','2023-09-18 03:01:10'),(572,572,'2023-09-18 03:01:10','2023-09-18 03:01:10'),(573,573,'2023-09-18 03:01:10','2023-09-18 03:01:10'),(574,574,'2023-09-18 03:01:10','2023-09-18 03:01:10'),(575,575,'2023-09-18 03:01:10','2023-09-18 03:01:10'),(576,576,'2023-09-18 03:01:10','2023-09-18 03:01:10'),(577,577,'2023-09-18 03:01:10','2023-09-18 03:01:10'),(578,578,'2023-09-18 03:01:10','2023-09-18 03:01:10'),(579,579,'2023-09-18 03:01:10','2023-09-18 03:01:10'),(580,580,'2023-09-18 03:01:10','2023-09-18 03:01:10'),(581,581,'2023-09-18 03:01:10','2023-09-18 03:01:10'),(582,582,'2023-09-18 03:01:10','2023-09-18 03:01:10'),(583,583,'2023-09-18 03:01:10','2023-09-18 03:01:10'),(584,584,'2023-09-18 03:01:10','2023-09-18 03:01:10'),(585,585,'2023-09-18 03:01:10','2023-09-18 03:01:10'),(586,586,'2023-09-18 03:01:10','2023-09-18 03:01:10'),(587,587,'2023-09-18 03:01:10','2023-09-18 03:01:10'),(588,588,'2023-09-18 03:01:10','2023-09-18 03:01:10'),(589,589,'2023-09-18 03:01:10','2023-09-18 03:01:10'),(590,590,'2023-09-18 03:01:10','2023-09-18 03:01:10'),(591,591,'2023-09-18 03:01:10','2023-09-18 03:01:10'),(592,592,'2023-09-18 03:01:10','2023-09-18 03:01:10'),(593,593,'2023-09-18 03:01:10','2023-09-18 03:01:10'),(594,594,'2023-09-18 03:01:10','2023-09-18 03:01:10'),(595,595,'2023-09-18 03:01:10','2023-09-18 03:01:10'),(596,596,'2023-09-18 03:01:10','2023-09-18 03:01:10'),(597,597,'2023-09-18 03:01:10','2023-09-18 03:01:10'),(598,598,'2023-09-18 03:01:10','2023-09-18 03:01:10'),(599,599,'2023-09-18 03:01:10','2023-09-18 03:01:10'),(600,600,'2023-09-18 03:01:10','2023-09-18 03:01:10'),(601,601,'2023-09-18 03:01:10','2023-09-18 03:01:10'),(602,602,'2023-09-18 03:01:10','2023-09-18 03:01:10'),(603,603,'2023-09-18 03:01:10','2023-09-18 03:01:10'),(604,604,'2023-09-18 03:01:10','2023-09-18 03:01:10'),(605,605,'2023-09-18 03:01:10','2023-09-18 03:01:10'),(606,606,'2023-09-18 03:01:10','2023-09-18 03:01:10'),(607,607,'2023-09-18 03:01:10','2023-09-18 03:01:10'),(608,608,'2023-09-18 03:01:10','2023-09-18 03:01:10'),(609,609,'2023-09-18 03:01:10','2023-09-18 03:01:10'),(610,610,'2023-09-18 03:01:10','2023-09-18 03:01:10'),(611,611,'2023-09-18 03:01:10','2023-09-18 03:01:10'),(612,612,'2023-09-18 03:01:10','2023-09-18 03:01:10'),(613,613,'2023-09-18 03:01:10','2023-09-18 03:01:10'),(614,614,'2023-09-18 03:01:10','2023-09-18 03:01:10'),(615,615,'2023-09-18 03:01:10','2023-09-18 03:01:10'),(616,616,'2023-09-18 03:01:10','2023-09-18 03:01:10'),(617,617,'2023-09-18 03:01:10','2023-09-18 03:01:10'),(618,618,'2023-09-18 03:01:10','2023-09-18 03:01:10'),(619,619,'2023-09-18 03:01:10','2023-09-18 03:01:10'),(620,620,'2023-09-18 03:01:10','2023-09-18 03:01:10'),(621,621,'2023-09-18 03:01:10','2023-09-18 03:01:10'),(622,622,'2023-09-18 03:01:10','2023-09-18 03:01:10'),(623,623,'2023-09-18 03:01:10','2023-09-18 03:01:10'),(624,624,'2023-09-18 03:01:10','2023-09-18 03:01:10'),(625,625,'2023-09-18 03:01:10','2023-09-18 03:01:10'),(626,626,'2023-09-18 03:01:10','2023-09-18 03:01:10'),(627,627,'2023-09-18 03:01:10','2023-09-18 03:01:10'),(628,628,'2023-09-18 03:01:10','2023-09-18 03:01:10'),(629,629,'2023-09-18 03:01:10','2023-09-18 03:01:10'),(630,630,'2023-09-18 03:01:10','2023-09-18 03:01:10'),(631,631,'2023-09-18 03:01:10','2023-09-18 03:01:10'),(632,632,'2023-09-18 03:01:10','2023-09-18 03:01:10'),(633,633,'2023-09-18 03:01:10','2023-09-18 03:01:10'),(634,634,'2023-09-18 03:01:10','2023-09-18 03:01:10'),(635,635,'2023-09-18 03:01:10','2023-09-18 03:01:10'),(636,636,'2023-09-18 03:01:10','2023-09-18 03:01:10'),(637,637,'2023-09-18 03:01:10','2023-09-18 03:01:10'),(638,638,'2023-09-18 03:01:10','2023-09-18 03:01:10'),(639,639,'2023-09-18 03:01:10','2023-09-18 03:01:10'),(640,640,'2023-09-18 03:01:10','2023-09-18 03:01:10'),(641,641,'2023-09-18 03:01:10','2023-09-18 03:01:10'),(642,642,'2023-09-18 03:01:10','2023-09-18 03:01:10'),(643,643,'2023-09-18 03:01:10','2023-09-18 03:01:10'),(644,644,'2023-09-18 03:01:10','2023-09-18 03:01:10'),(645,645,'2023-09-18 03:01:10','2023-09-18 03:01:10'),(646,646,'2023-09-18 03:01:10','2023-09-18 03:01:10'),(647,647,'2023-09-18 03:01:10','2023-09-18 03:01:10'),(648,648,'2023-09-18 03:01:10','2023-09-18 03:01:10'),(649,649,'2023-09-18 03:01:10','2023-09-18 03:01:10'),(650,650,'2023-09-18 03:01:10','2023-09-18 03:01:10'),(651,651,'2023-09-18 03:01:10','2023-09-18 03:01:10'),(652,652,'2023-09-18 03:01:10','2023-09-18 03:01:10'),(653,653,'2023-09-18 03:01:10','2023-09-18 03:01:10'),(654,654,'2023-09-18 03:01:10','2023-09-18 03:01:10'),(655,655,'2023-09-18 03:01:10','2023-09-18 03:01:10'),(656,656,'2023-09-18 03:01:10','2023-09-18 03:01:10'),(657,657,'2023-09-18 03:01:10','2023-09-18 03:01:10'),(658,658,'2023-09-18 03:01:10','2023-09-18 03:01:10'),(659,659,'2023-09-18 03:01:10','2023-09-18 03:01:10'),(660,660,'2023-09-18 03:01:10','2023-09-18 03:01:10'),(661,661,'2023-09-18 03:01:10','2023-09-18 03:01:10'),(662,662,'2023-09-18 03:01:10','2023-09-18 03:01:10'),(663,663,'2023-09-18 03:01:10','2023-09-18 03:01:10'),(664,664,'2023-09-18 03:01:10','2023-09-18 03:01:10'),(665,665,'2023-09-18 03:01:10','2023-09-18 03:01:10'),(666,666,'2023-09-18 03:01:10','2023-09-18 03:01:10'),(667,667,'2023-09-18 03:01:10','2023-09-18 03:01:10'),(668,668,'2023-09-18 03:01:10','2023-09-18 03:01:10'),(669,669,'2023-09-18 03:01:10','2023-09-18 03:01:10'),(670,670,'2023-09-18 03:01:10','2023-09-18 03:01:10'),(671,671,'2023-09-18 03:01:10','2023-09-18 03:01:10'),(672,672,'2023-09-18 03:01:10','2023-09-18 03:01:10'),(673,673,'2023-09-18 03:01:10','2023-09-18 03:01:10'),(674,674,'2023-09-18 03:01:10','2023-09-18 03:01:10'),(675,675,'2023-09-18 03:01:10','2023-09-18 03:01:10'),(676,676,'2023-09-18 03:01:10','2023-09-18 03:01:10'),(677,677,'2023-09-18 03:01:10','2023-09-18 03:01:10'),(678,678,'2023-09-18 03:01:10','2023-09-18 03:01:10'),(679,679,'2023-09-18 03:01:10','2023-09-18 03:01:10'),(680,680,'2023-09-18 03:01:10','2023-09-18 03:01:10'),(681,681,'2023-09-18 03:01:10','2023-09-18 03:01:10'),(682,682,'2023-09-18 03:01:10','2023-09-18 03:01:10'),(683,683,'2023-09-18 03:01:10','2023-09-18 03:01:10'),(684,684,'2023-09-18 03:01:10','2023-09-18 03:01:10'),(685,685,'2023-09-18 03:01:10','2023-09-18 03:01:10'),(686,686,'2023-09-18 03:01:10','2023-09-18 03:01:10'),(687,687,'2023-09-18 03:01:10','2023-09-18 03:01:10'),(688,688,'2023-09-18 03:01:10','2023-09-18 03:01:10'),(689,689,'2023-09-18 03:01:10','2023-09-18 03:01:10'),(690,690,'2023-09-18 03:01:10','2023-09-18 03:01:10'),(691,691,'2023-09-18 03:01:10','2023-09-18 03:01:10'),(692,692,'2023-09-18 03:01:10','2023-09-18 03:01:10'),(693,693,'2023-09-18 03:01:10','2023-09-18 03:01:10'),(694,694,'2023-09-18 03:01:10','2023-09-18 03:01:10'),(695,695,'2023-09-18 03:01:10','2023-09-18 03:01:10'),(696,696,'2023-09-18 03:01:10','2023-09-18 03:01:10'),(697,697,'2023-09-18 03:01:10','2023-09-18 03:01:10'),(698,698,'2023-09-18 03:01:10','2023-09-18 03:01:10'),(699,699,'2023-09-18 03:01:10','2023-09-18 03:01:10'),(700,700,'2023-09-18 03:01:10','2023-09-18 03:01:10'),(701,701,'2023-09-18 03:01:10','2023-09-18 03:01:10'),(702,702,'2023-09-18 03:01:10','2023-09-18 03:01:10'),(703,703,'2023-09-18 03:01:10','2023-09-18 03:01:10'),(704,704,'2023-09-18 03:01:10','2023-09-18 03:01:10'),(705,705,'2023-09-18 03:01:10','2023-09-18 03:01:10'),(706,706,'2023-09-18 03:01:10','2023-09-18 03:01:10'),(707,707,'2023-09-18 03:01:10','2023-09-18 03:01:10'),(708,708,'2023-09-18 03:01:10','2023-09-18 03:01:10'),(709,709,'2023-09-18 03:01:10','2023-09-18 03:01:10'),(710,710,'2023-09-18 03:01:10','2023-09-18 03:01:10'),(711,711,'2023-09-18 03:01:10','2023-09-18 03:01:10'),(712,712,'2023-09-18 03:01:10','2023-09-18 03:01:10'),(713,713,'2023-09-18 03:01:10','2023-09-18 03:01:10'),(714,714,'2023-09-18 03:01:10','2023-09-18 03:01:10'),(715,715,'2023-09-18 03:01:10','2023-09-18 03:01:10'),(716,716,'2023-09-18 03:01:10','2023-09-18 03:01:10'),(717,717,'2023-09-18 03:01:10','2023-09-18 03:01:10'),(718,718,'2023-09-18 03:01:10','2023-09-18 03:01:10'),(719,719,'2023-09-18 03:01:10','2023-09-18 03:01:10'),(720,720,'2023-09-18 03:01:10','2023-09-18 03:01:10'),(721,721,'2023-09-18 03:01:10','2023-09-18 03:01:10'),(722,722,'2023-09-18 03:01:10','2023-09-18 03:01:10'),(723,723,'2023-09-18 03:01:10','2023-09-18 03:01:10'),(724,724,'2023-09-18 03:01:10','2023-09-18 03:01:10'),(725,725,'2023-09-18 03:01:10','2023-09-18 03:01:10'),(726,726,'2023-09-18 03:01:10','2023-09-18 03:01:10'),(727,727,'2023-09-18 03:01:10','2023-09-18 03:01:10'),(728,728,'2023-09-18 03:01:10','2023-09-18 03:01:10'),(729,729,'2023-09-18 03:01:10','2023-09-18 03:01:10'),(730,730,'2023-09-18 03:01:10','2023-09-18 03:01:10'),(731,731,'2023-09-18 03:01:10','2023-09-18 03:01:10'),(732,732,'2023-09-18 03:01:10','2023-09-18 03:01:10'),(733,733,'2023-09-18 03:01:10','2023-09-18 03:01:10'),(734,734,'2023-09-18 03:01:10','2023-09-18 03:01:10'),(735,735,'2023-09-18 03:01:10','2023-09-18 03:01:10'),(736,736,'2023-09-18 03:01:10','2023-09-18 03:01:10'),(737,737,'2023-09-18 03:01:10','2023-09-18 03:01:10'),(738,738,'2023-09-18 03:01:10','2023-09-18 03:01:10'),(739,739,'2023-09-18 03:01:10','2023-09-18 03:01:10'),(740,740,'2023-09-18 03:01:10','2023-09-18 03:01:10'),(741,741,'2023-09-18 03:01:10','2023-09-18 03:01:10'),(742,742,'2023-09-18 03:01:10','2023-09-18 03:01:10'),(743,743,'2023-09-18 03:01:10','2023-09-18 03:01:10'),(744,744,'2023-09-18 03:01:10','2023-09-18 03:01:10'),(745,745,'2023-09-18 03:01:10','2023-09-18 03:01:10'),(746,746,'2023-09-18 03:01:10','2023-09-18 03:01:10'),(747,747,'2023-09-18 03:01:10','2023-09-18 03:01:10'),(748,748,'2023-09-18 03:01:10','2023-09-18 03:01:10'),(749,749,'2023-09-18 03:01:10','2023-09-18 03:01:10'),(750,750,'2023-09-18 03:01:10','2023-09-18 03:01:10'),(751,751,'2023-09-18 03:01:10','2023-09-18 03:01:10'),(752,752,'2023-09-18 03:01:10','2023-09-18 03:01:10'),(753,753,'2023-09-18 03:01:10','2023-09-18 03:01:10'),(754,754,'2023-09-18 03:01:10','2023-09-18 03:01:10'),(755,755,'2023-09-18 03:01:10','2023-09-18 03:01:10'),(756,756,'2023-09-18 03:01:10','2023-09-18 03:01:10'),(757,757,'2023-09-18 03:01:10','2023-09-18 03:01:10'),(758,758,'2023-09-18 03:01:10','2023-09-18 03:01:10'),(759,759,'2023-09-18 03:01:10','2023-09-18 03:01:10'),(760,760,'2023-09-18 03:01:10','2023-09-18 03:01:10'),(761,761,'2023-09-18 03:01:10','2023-09-18 03:01:10'),(762,762,'2023-09-18 03:01:10','2023-09-18 03:01:10'),(763,763,'2023-09-18 03:01:10','2023-09-18 03:01:10'),(764,764,'2023-09-18 03:01:10','2023-09-18 03:01:10'),(765,765,'2023-09-18 03:01:10','2023-09-18 03:01:10'),(766,766,'2023-09-18 03:01:10','2023-09-18 03:01:10'),(767,767,'2023-09-18 03:01:10','2023-09-18 03:01:10'),(768,768,'2023-09-18 03:01:10','2023-09-18 03:01:10'),(769,769,'2023-09-18 03:01:10','2023-09-18 03:01:10'),(770,770,'2023-09-18 03:01:10','2023-09-18 03:01:10'),(771,771,'2023-09-18 03:01:10','2023-09-18 03:01:10'),(772,772,'2023-09-18 03:01:10','2023-09-18 03:01:10'),(773,773,'2023-09-18 03:01:10','2023-09-18 03:01:10'),(774,774,'2023-09-18 03:01:10','2023-09-18 03:01:10'),(775,775,'2023-09-18 03:01:10','2023-09-18 03:01:10'),(776,776,'2023-09-18 03:01:10','2023-09-18 03:01:10'),(777,777,'2023-09-18 03:01:10','2023-09-18 03:01:10'),(778,778,'2023-09-18 03:01:10','2023-09-18 03:01:10'),(779,779,'2023-09-18 03:01:10','2023-09-18 03:01:10'),(780,780,'2023-09-18 03:01:10','2023-09-18 03:01:10'),(781,781,'2023-09-18 03:01:10','2023-09-18 03:01:10'),(782,782,'2023-09-18 03:01:10','2023-09-18 03:01:10'),(783,783,'2023-09-18 03:01:10','2023-09-18 03:01:10'),(784,784,'2023-09-18 03:01:10','2023-09-18 03:01:10'),(785,785,'2023-09-18 03:01:10','2023-09-18 03:01:10'),(786,786,'2023-09-18 03:01:10','2023-09-18 03:01:10'),(787,787,'2023-09-18 03:01:10','2023-09-18 03:01:10'),(788,788,'2023-09-18 03:01:10','2023-09-18 03:01:10'),(789,789,'2023-09-18 03:01:10','2023-09-18 03:01:10'),(790,790,'2023-09-18 03:01:10','2023-09-18 03:01:10'),(791,791,'2023-09-18 03:01:10','2023-09-18 03:01:10'),(792,792,'2023-09-18 03:01:10','2023-09-18 03:01:10'),(793,793,'2023-09-18 03:01:10','2023-09-18 03:01:10'),(794,794,'2023-09-18 03:01:10','2023-09-18 03:01:10'),(795,795,'2023-09-18 03:01:10','2023-09-18 03:01:10'),(796,796,'2023-09-18 03:01:10','2023-09-18 03:01:10'),(797,797,'2023-09-18 03:01:10','2023-09-18 03:01:10'),(798,798,'2023-09-18 03:01:10','2023-09-18 03:01:10'),(799,799,'2023-09-18 03:01:10','2023-09-18 03:01:10'),(800,800,'2023-09-18 03:01:10','2023-09-18 03:01:10'),(801,801,'2023-09-18 03:01:10','2023-09-18 03:01:10'),(802,802,'2023-09-18 03:01:10','2023-09-18 03:01:10'),(803,803,'2023-09-18 03:01:10','2023-09-18 03:01:10'),(804,804,'2023-09-18 03:01:10','2023-09-18 03:01:10'),(805,805,'2023-09-18 03:01:10','2023-09-18 03:01:10'),(806,806,'2023-09-18 03:01:10','2023-09-18 03:01:10'),(807,807,'2023-09-18 03:01:10','2023-09-18 03:01:10'),(808,808,'2023-09-18 03:01:10','2023-09-18 03:01:10'),(809,809,'2023-09-18 03:01:10','2023-09-18 03:01:10'),(810,810,'2023-09-18 03:01:10','2023-09-18 03:01:10'),(811,811,'2023-09-18 03:01:10','2023-09-18 03:01:10'),(812,812,'2023-09-18 03:01:10','2023-09-18 03:01:10'),(813,813,'2023-09-18 03:01:10','2023-09-18 03:01:10'),(814,814,'2023-09-18 03:01:10','2023-09-18 03:01:10'),(815,815,'2023-09-18 03:01:10','2023-09-18 03:01:10'),(816,816,'2023-09-18 03:01:10','2023-09-18 03:01:10'),(817,817,'2023-09-18 03:01:10','2023-09-18 03:01:10'),(818,818,'2023-09-18 03:01:10','2023-09-18 03:01:10'),(819,819,'2023-09-18 03:01:10','2023-09-18 03:01:10'),(820,820,'2023-09-18 03:01:10','2023-09-18 03:01:10'),(821,821,'2023-09-18 03:01:10','2023-09-18 03:01:10'),(822,822,'2023-09-18 03:01:10','2023-09-18 03:01:10'),(823,823,'2023-09-18 03:01:10','2023-09-18 03:01:10'),(824,824,'2023-09-18 03:01:10','2023-09-18 03:01:10'),(825,825,'2023-09-18 03:01:10','2023-09-18 03:01:10'),(826,826,'2023-09-18 03:01:10','2023-09-18 03:01:10'),(827,827,'2023-09-18 03:01:10','2023-09-18 03:01:10'),(828,828,'2023-09-18 03:01:10','2023-09-18 03:01:10'),(829,829,'2023-09-18 03:01:10','2023-09-18 03:01:10'),(830,830,'2023-09-18 03:01:10','2023-09-18 03:01:10'),(831,831,'2023-09-18 03:01:10','2023-09-18 03:01:10'),(832,832,'2023-09-18 03:01:10','2023-09-18 03:01:10'),(833,833,'2023-09-18 03:01:10','2023-09-18 03:01:10'),(834,834,'2023-09-18 03:01:10','2023-09-18 03:01:10'),(835,835,'2023-09-18 03:01:10','2023-09-18 03:01:10'),(836,836,'2023-09-18 03:01:10','2023-09-18 03:01:10'),(837,837,'2023-09-18 03:01:10','2023-09-18 03:01:10'),(838,838,'2023-09-18 03:01:10','2023-09-18 03:01:10'),(839,839,'2023-09-18 03:01:10','2023-09-18 03:01:10'),(840,840,'2023-09-18 03:01:10','2023-09-18 03:01:10'),(841,841,'2023-09-18 03:01:10','2023-09-18 03:01:10'),(842,842,'2023-09-18 03:01:10','2023-09-18 03:01:10'),(843,843,'2023-09-18 03:01:10','2023-09-18 03:01:10'),(844,844,'2023-09-18 03:01:10','2023-09-18 03:01:10'),(845,845,'2023-09-18 03:01:10','2023-09-18 03:01:10'),(846,846,'2023-09-18 03:01:10','2023-09-18 03:01:10'),(847,847,'2023-09-18 03:01:10','2023-09-18 03:01:10'),(848,848,'2023-09-18 03:01:10','2023-09-18 03:01:10'),(849,849,'2023-09-18 03:01:10','2023-09-18 03:01:10'),(850,850,'2023-09-18 03:01:10','2023-09-18 03:01:10'),(851,851,'2023-09-18 03:01:10','2023-09-18 03:01:10'),(852,852,'2023-09-18 03:01:10','2023-09-18 03:01:10'),(853,853,'2023-09-18 03:01:10','2023-09-18 03:01:10'),(854,854,'2023-09-18 03:01:10','2023-09-18 03:01:10'),(855,855,'2023-09-18 03:01:10','2023-09-18 03:01:10'),(856,856,'2023-09-18 03:01:10','2023-09-18 03:01:10'),(857,857,'2023-09-18 03:01:10','2023-09-18 03:01:10'),(858,858,'2023-09-18 03:01:10','2023-09-18 03:01:10'),(859,859,'2023-09-18 03:01:10','2023-09-18 03:01:10'),(860,860,'2023-09-18 03:01:10','2023-09-18 03:01:10'),(861,861,'2023-09-18 03:01:10','2023-09-18 03:01:10'),(862,862,'2023-09-18 03:01:10','2023-09-18 03:01:10'),(863,863,'2023-09-18 03:01:10','2023-09-18 03:01:10'),(864,864,'2023-09-18 03:01:10','2023-09-18 03:01:10'),(865,865,'2023-09-18 03:01:10','2023-09-18 03:01:10'),(866,866,'2023-09-18 03:01:10','2023-09-18 03:01:10'),(867,867,'2023-09-18 03:01:10','2023-09-18 03:01:10'),(868,868,'2023-09-18 03:01:10','2023-09-18 03:01:10'),(869,869,'2023-09-18 03:01:10','2023-09-18 03:01:10'),(870,870,'2023-09-18 03:01:10','2023-09-18 03:01:10'),(871,871,'2023-09-18 03:01:10','2023-09-18 03:01:10'),(872,872,'2023-09-18 03:01:10','2023-09-18 03:01:10'),(873,873,'2023-09-18 03:01:10','2023-09-18 03:01:10'),(874,874,'2023-09-18 03:01:10','2023-09-18 03:01:10'),(875,875,'2023-09-18 03:01:10','2023-09-18 03:01:10'),(876,876,'2023-09-18 03:01:10','2023-09-18 03:01:10'),(877,877,'2023-09-18 03:01:10','2023-09-18 03:01:10'),(878,878,'2023-09-18 03:01:10','2023-09-18 03:01:10'),(879,879,'2023-09-18 03:01:10','2023-09-18 03:01:10'),(880,880,'2023-09-18 03:01:10','2023-09-18 03:01:10'),(881,881,'2023-09-18 03:01:10','2023-09-18 03:01:10'),(882,882,'2023-09-18 03:01:10','2023-09-18 03:01:10'),(883,883,'2023-09-18 03:01:10','2023-09-18 03:01:10'),(884,884,'2023-09-18 03:01:10','2023-09-18 03:01:10'),(885,885,'2023-09-18 03:01:10','2023-09-18 03:01:10'),(886,886,'2023-09-18 03:01:10','2023-09-18 03:01:10'),(887,887,'2023-09-18 03:01:10','2023-09-18 03:01:10'),(888,888,'2023-09-18 03:01:10','2023-09-18 03:01:10'),(889,889,'2023-09-18 03:01:10','2023-09-18 03:01:10'),(890,890,'2023-09-18 03:01:10','2023-09-18 03:01:10'),(891,891,'2023-09-18 03:01:10','2023-09-18 03:01:10'),(892,892,'2023-09-18 03:01:10','2023-09-18 03:01:10'),(893,893,'2023-09-18 03:01:10','2023-09-18 03:01:10'),(894,894,'2023-09-18 03:01:10','2023-09-18 03:01:10'),(895,895,'2023-09-18 03:01:10','2023-09-18 03:01:10'),(896,896,'2023-09-18 03:01:10','2023-09-18 03:01:10'),(897,897,'2023-09-18 03:01:10','2023-09-18 03:01:10'),(898,898,'2023-09-18 03:01:10','2023-09-18 03:01:10'),(899,899,'2023-09-18 03:01:10','2023-09-18 03:01:10'),(900,900,'2023-09-18 03:01:10','2023-09-18 03:01:10'),(901,901,'2023-09-18 03:01:10','2023-09-18 03:01:10'),(902,902,'2023-09-18 03:01:10','2023-09-18 03:01:10'),(903,903,'2023-09-18 03:01:10','2023-09-18 03:01:10'),(904,904,'2023-09-18 03:01:10','2023-09-18 03:01:10'),(905,905,'2023-09-18 03:01:10','2023-09-18 03:01:10'),(906,906,'2023-09-18 03:01:10','2023-09-18 03:01:10'),(907,907,'2023-09-18 03:01:10','2023-09-18 03:01:10'),(908,908,'2023-09-18 03:01:10','2023-09-18 03:01:10'),(909,909,'2023-09-18 03:01:10','2023-09-18 03:01:10'),(910,910,'2023-09-18 03:01:10','2023-09-18 03:01:10'),(911,911,'2023-09-18 03:01:10','2023-09-18 03:01:10'),(912,912,'2023-09-18 03:01:10','2023-09-18 03:01:10'),(913,913,'2023-09-18 03:01:10','2023-09-18 03:01:10'),(914,914,'2023-09-18 03:01:10','2023-09-18 03:01:10'),(915,915,'2023-09-18 03:01:10','2023-09-18 03:01:10'),(916,916,'2023-09-18 03:01:10','2023-09-18 03:01:10'),(917,917,'2023-09-18 03:01:10','2023-09-18 03:01:10'),(918,918,'2023-09-18 03:01:10','2023-09-18 03:01:10'),(919,919,'2023-09-18 03:01:10','2023-09-18 03:01:10'),(920,920,'2023-09-18 03:01:10','2023-09-18 03:01:10'),(921,921,'2023-09-18 03:01:10','2023-09-18 03:01:10'),(922,922,'2023-09-18 03:01:10','2023-09-18 03:01:10'),(923,923,'2023-09-18 03:01:10','2023-09-18 03:01:10'),(924,924,'2023-09-18 03:01:10','2023-09-18 03:01:10'),(925,925,'2023-09-18 03:01:10','2023-09-18 03:01:10'),(926,926,'2023-09-18 03:01:10','2023-09-18 03:01:10'),(927,927,'2023-09-18 03:01:10','2023-09-18 03:01:10'),(928,928,'2023-09-18 03:01:10','2023-09-18 03:01:10'),(929,929,'2023-09-18 03:01:10','2023-09-18 03:01:10'),(930,930,'2023-09-18 03:01:10','2023-09-18 03:01:10'),(931,931,'2023-09-18 03:01:10','2023-09-18 03:01:10'),(932,932,'2023-09-18 03:01:10','2023-09-18 03:01:10'),(933,933,'2023-09-18 03:01:10','2023-09-18 03:01:10'),(934,934,'2023-09-18 03:01:10','2023-09-18 03:01:10'),(935,935,'2023-09-18 03:01:10','2023-09-18 03:01:10'),(936,936,'2023-09-18 03:01:10','2023-09-18 03:01:10'),(937,937,'2023-09-18 03:01:10','2023-09-18 03:01:10'),(938,938,'2023-09-18 03:01:10','2023-09-18 03:01:10'),(939,939,'2023-09-18 03:01:10','2023-09-18 03:01:10'),(940,940,'2023-09-18 03:01:10','2023-09-18 03:01:10'),(941,941,'2023-09-18 03:01:10','2023-09-18 03:01:10'),(942,942,'2023-09-18 03:01:10','2023-09-18 03:01:10'),(943,943,'2023-09-18 03:01:10','2023-09-18 03:01:10'),(944,944,'2023-09-18 03:01:10','2023-09-18 03:01:10'),(945,945,'2023-09-18 03:01:10','2023-09-18 03:01:10'),(946,946,'2023-09-18 03:01:10','2023-09-18 03:01:10'),(947,947,'2023-09-18 03:01:10','2023-09-18 03:01:10'),(948,948,'2023-09-18 03:01:10','2023-09-18 03:01:10'),(949,949,'2023-09-18 03:01:10','2023-09-18 03:01:10'),(950,950,'2023-09-18 03:01:10','2023-09-18 03:01:10'),(951,951,'2023-09-18 03:01:10','2023-09-18 03:01:10'),(952,952,'2023-09-18 03:01:10','2023-09-18 03:01:10'),(953,953,'2023-09-18 03:01:10','2023-09-18 03:01:10'),(954,954,'2023-09-18 03:01:10','2023-09-18 03:01:10'),(955,955,'2023-09-18 03:01:10','2023-09-18 03:01:10'),(956,956,'2023-09-18 03:01:10','2023-09-18 03:01:10'),(957,957,'2023-09-18 03:01:10','2023-09-18 03:01:10'),(958,958,'2023-09-18 03:01:10','2023-09-18 03:01:10'),(959,959,'2023-09-18 03:01:10','2023-09-18 03:01:10'),(960,960,'2023-09-18 03:01:10','2023-09-18 03:01:10'),(961,961,'2023-09-18 03:01:10','2023-09-18 03:01:10'),(962,962,'2023-09-18 03:01:10','2023-09-18 03:01:10'),(963,963,'2023-09-18 03:01:10','2023-09-18 03:01:10'),(964,964,'2023-09-18 03:01:10','2023-09-18 03:01:10'),(965,965,'2023-09-18 03:01:10','2023-09-18 03:01:10'),(966,966,'2023-09-18 03:01:10','2023-09-18 03:01:10'),(967,967,'2023-09-18 03:01:10','2023-09-18 03:01:10'),(968,968,'2023-09-18 03:01:10','2023-09-18 03:01:10'),(969,969,'2023-09-18 03:01:10','2023-09-18 03:01:10'),(970,970,'2023-09-18 03:01:10','2023-09-18 03:01:10'),(971,971,'2023-09-18 03:01:10','2023-09-18 03:01:10'),(972,972,'2023-09-18 03:01:10','2023-09-18 03:01:10'),(973,973,'2023-09-18 03:01:10','2023-09-18 03:01:10'),(974,974,'2023-09-18 03:01:10','2023-09-18 03:01:10'),(975,975,'2023-09-18 03:01:10','2023-09-18 03:01:10'),(976,976,'2023-09-18 03:01:10','2023-09-18 03:01:10'),(977,977,'2023-09-18 03:01:10','2023-09-18 03:01:10'),(978,978,'2023-09-18 03:01:10','2023-09-18 03:01:10'),(979,979,'2023-09-18 03:01:10','2023-09-18 03:01:10'),(980,980,'2023-09-18 03:01:10','2023-09-18 03:01:10'),(981,981,'2023-09-18 03:01:10','2023-09-18 03:01:10'),(982,982,'2023-09-18 03:01:10','2023-09-18 03:01:10'),(983,983,'2023-09-18 03:01:10','2023-09-18 03:01:10'),(984,984,'2023-09-18 03:01:10','2023-09-18 03:01:10'),(985,985,'2023-09-18 03:01:10','2023-09-18 03:01:10'),(986,986,'2023-09-18 03:01:10','2023-09-18 03:01:10'),(987,987,'2023-09-18 03:01:10','2023-09-18 03:01:10'),(988,988,'2023-09-18 03:01:10','2023-09-18 03:01:10'),(989,989,'2023-09-18 03:01:10','2023-09-18 03:01:10'),(990,990,'2023-09-18 03:01:10','2023-09-18 03:01:10'),(991,991,'2023-09-18 03:01:10','2023-09-18 03:01:10'),(992,992,'2023-09-18 03:01:10','2023-09-18 03:01:10'),(993,993,'2023-09-18 03:01:10','2023-09-18 03:01:10'),(994,994,'2023-09-18 03:01:10','2023-09-18 03:01:10'),(995,995,'2023-09-18 03:01:10','2023-09-18 03:01:10'),(996,996,'2023-09-18 03:01:10','2023-09-18 03:01:10'),(997,997,'2023-09-18 03:01:10','2023-09-18 03:01:10'),(998,998,'2023-09-18 03:01:10','2023-09-18 03:01:10'),(999,999,'2023-09-18 03:01:10','2023-09-18 03:01:10'),(1000,1000,'2023-09-18 03:01:10','2023-09-18 03:01:10'),(1001,1001,'2023-09-18 03:01:10','2023-09-18 03:01:10'),(1002,1002,'2023-09-18 03:01:10','2023-09-18 03:01:10'),(1003,1003,'2023-09-18 03:01:10','2023-09-18 03:01:10'),(1004,1004,'2023-09-18 03:01:10','2023-09-18 03:01:10'),(1005,1005,'2023-09-18 03:01:10','2023-09-18 03:01:10'),(1006,1006,'2023-09-18 03:01:10','2023-09-18 03:01:10'),(1007,1007,'2023-09-18 03:01:10','2023-09-18 03:01:10'),(1008,1008,'2023-09-18 03:01:10','2023-09-18 03:01:10'),(1009,1009,'2023-09-18 03:01:10','2023-09-18 03:01:10'),(1010,1010,'2023-09-18 03:01:10','2023-09-18 03:01:10'),(1011,1011,'2023-09-18 03:01:10','2023-09-18 03:01:10'),(1012,1012,'2023-09-18 03:01:10','2023-09-18 03:01:10'),(1013,1013,'2023-09-18 03:01:10','2023-09-18 03:01:10'),(1014,1014,'2023-09-18 03:01:10','2023-09-18 03:01:10'),(1015,1015,'2023-09-18 03:01:10','2023-09-18 03:01:10'),(1016,1016,'2023-09-18 03:01:10','2023-09-18 03:01:10'),(1017,1017,'2023-09-18 03:01:10','2023-09-18 03:01:10'),(1018,1018,'2023-09-18 03:01:10','2023-09-18 03:01:10'),(1019,1019,'2023-09-18 03:01:10','2023-09-18 03:01:10'),(1020,1020,'2023-09-18 03:01:10','2023-09-18 03:01:10'),(1021,1021,'2023-09-18 03:01:10','2023-09-18 03:01:10'),(1022,1022,'2023-09-18 03:01:10','2023-09-18 03:01:10'),(1023,1023,'2023-09-18 03:01:10','2023-09-18 03:01:10'),(1024,1024,'2023-09-18 03:01:10','2023-09-18 03:01:10'),(1025,1025,'2023-09-18 03:01:10','2023-09-18 03:01:10'),(1026,1026,'2023-09-18 03:01:10','2023-09-18 03:01:10'),(1027,1027,'2023-09-18 03:01:10','2023-09-18 03:01:10'),(1028,1028,'2023-09-18 03:01:10','2023-09-18 03:01:10'),(1029,1029,'2023-09-18 03:01:10','2023-09-18 03:01:10'),(1030,1030,'2023-09-18 03:01:10','2023-09-18 03:01:10'),(1031,1031,'2023-09-18 03:01:10','2023-09-18 03:01:10'),(1032,1032,'2023-09-18 03:01:10','2023-09-18 03:01:10'),(1033,1033,'2023-09-18 03:01:10','2023-09-18 03:01:10'),(1034,1034,'2023-09-18 03:01:10','2023-09-18 03:01:10'),(1035,1035,'2023-09-18 03:01:10','2023-09-18 03:01:10'),(1036,1036,'2023-09-18 03:01:10','2023-09-18 03:01:10'),(1037,1037,'2023-09-18 03:01:10','2023-09-18 03:01:10'),(1038,1038,'2023-09-18 03:01:10','2023-09-18 03:01:10'),(1039,1039,'2023-09-18 03:01:10','2023-09-18 03:01:10'),(1040,1040,'2023-09-18 03:01:10','2023-09-18 03:01:10'),(1041,1041,'2023-09-18 03:01:10','2023-09-18 03:01:10'),(1042,1042,'2023-09-18 03:01:10','2023-09-18 03:01:10'),(1043,1043,'2023-09-18 03:01:10','2023-09-18 03:01:10'),(1044,1044,'2023-09-18 03:01:10','2023-09-18 03:01:10'),(1045,1045,'2023-09-18 03:01:10','2023-09-18 03:01:10'),(1046,1046,'2023-09-18 03:01:10','2023-09-18 03:01:10'),(1047,1047,'2023-09-18 03:01:10','2023-09-18 03:01:10'),(1048,1048,'2023-09-18 03:01:10','2023-09-18 03:01:10'),(1049,1049,'2023-09-18 03:01:10','2023-09-18 03:01:10'),(1050,1050,'2023-09-18 03:01:10','2023-09-18 03:01:10'),(1051,1051,'2023-09-18 03:01:10','2023-09-18 03:01:10'),(1052,1052,'2023-09-18 03:01:10','2023-09-18 03:01:10'),(1054,0,'2024-02-13 09:59:10','0000-00-00 00:00:00'),(1055,0,'2024-02-20 14:49:49','0000-00-00 00:00:00'),(1056,0,'2024-02-26 13:47:07','0000-00-00 00:00:00'),(1057,0,'2024-02-29 16:02:56','0000-00-00 00:00:00'),(1058,0,'2024-03-28 11:16:45','0000-00-00 00:00:00'),(1059,0,'2024-04-05 06:45:43','0000-00-00 00:00:00'),(1060,0,'2024-04-15 12:02:34','0000-00-00 00:00:00'),(1061,0,'2025-01-29 16:24:41','0000-00-00 00:00:00'),(1062,0,'2025-01-29 16:38:10','0000-00-00 00:00:00'),(1063,0,'2025-07-14 15:57:59','0000-00-00 00:00:00'),(1064,0,'2025-07-15 11:45:21','0000-00-00 00:00:00'),(1065,0,'2025-07-30 12:18:20','0000-00-00 00:00:00'),(1066,0,'2025-08-20 10:58:38','0000-00-00 00:00:00'),(1067,0,'2025-08-26 17:33:07','0000-00-00 00:00:00'),(1068,0,'2025-10-09 09:12:36','0000-00-00 00:00:00'),(1069,0,'2025-11-12 14:11:26','0000-00-00 00:00:00'),(1070,0,'2025-12-04 11:10:00','0000-00-00 00:00:00'),(1071,0,'2026-01-14 13:13:51','0000-00-00 00:00:00'),(1072,0,'2026-02-10 14:27:49','0000-00-00 00:00:00');

--
-- Table structure for table `oc8d_tmdengine_description`
--

CREATE TABLE `oc8d_tmdengine_description` (
  `engine_id` int NOT NULL,
  `language_id` int NOT NULL,
  `engine` varchar(255) NOT NULL
) ENGINE=InnoDB DEFAULT CHARSET=utf8mb3;

--
-- Dumping data for table `oc8d_tmdengine_description`
--

INSERT INTO `oc8d_tmdengine_description` VALUES (0,0,'engine'),(1,1,'2001 - 2011'),(2,1,'1999 - 2007'),(3,1,'2006 - 2013'),(4,1,'2006 - 2012'),(5,1,'2006 - 2012'),(6,1,'2009 - 2015'),(7,1,'2010 - 2017 8X'),(11,1,'2013 - ON 8V'),(12,1,'1995 - 2001 B5'),(13,1,'2001 - 2005 B6'),(14,1,'2005 - 2007 B7'),(15,1,'2008 - 2012 B8 SERIES 1'),(16,1,'2012 - 2015 B8 SERIES 2'),(17,1,'2015 - ON B9'),(18,1,'2007 - 2017 8T'),(19,1,'1997 - 2004 C5'),(20,1,'2004 - 2011 C6'),(21,1,'2011 - ON C7'),(22,1,'2012 - 2017 4G'),(23,1,'1995 - 2003 D2'),(24,1,'2003 - 2010 D3'),(25,1,'2008 - 2017 D4'),(26,1,'2016 - ON GA'),(27,1,'2012 - ONWARDS 8U'),(28,1,'2019 - ON F3'),(29,1,'2009 - 2017 8R'),(30,1,'2007 - 2015 4L'),(31,1,'2006 - ON'),(32,1,'1999 - 2006 8N'),(33,1,'2006 - 2014 8J'),(34,1,'2014 - 2018 8S'),(35,1,'2008 - 2011 E82'),(36,1,'2004 - 2011 E87'),(37,1,'2008 -2013 E88'),(38,1,'2011 - 2018 F20'),(39,1,'2019 - ON F40'),(40,1,'2014 - 2019 F22'),(41,1,'2019 - ON F44'),(42,1,'1983 - 1991 E30'),(43,1,'1991 - 1998 E36'),(44,1,'1991 - 1998 E36 COUPE'),(45,1,'1999 - 2005 E46'),(46,1,'2000 - 2005 E46 COUPE'),(47,1,'2005 - 2012 E90'),(48,1,'2006 - 2013 E92 COUPE'),(49,1,'2012 - 2019 F30'),(50,1,'2013 - ON F34 GRAN TURISMO'),(51,1,'2013 - ON F32'),(52,1,'1988 - 1996 E34'),(53,1,'1996 - 2003 E39'),(54,1,'2003 - 2010 E60'),(55,1,'2010 - 2017 F10'),(56,1,'2004 - 2010 E63/E64'),(57,1,'1988 - 1994 E32'),(58,1,'1995 - 2001 E38'),(59,1,'2002 - 2010 E65/E66'),(60,1,'2009 - ONWARDS F01/F02'),(61,1,'1990 - 1995 E31'),(62,1,'X1 2010 - 2015 E84'),(63,1,'X1 2015 -ON F48'),(64,1,'X2 2017 - ON F39'),(65,1,'X3 2004 - 2012 E83'),(66,1,'X3 2011-2017 F25'),(67,1,'X4 2014 - 2018 F26'),(68,1,'X5 2000 - 2007 E53'),(69,1,'X5 2007 - 2013 E70'),(70,1,'X5 2013 - 2018 F15'),(71,1,'X6 2009 - 2015 E71'),(72,1,'X6 2015 - ON F16'),(73,1,'Z3 1997 - 2002 E36'),(74,1,'Z4 2003 - 2007 E85'),(75,1,'Z4 2009 - 2016 E89'),(76,1,'2005 - 2012'),(77,1,'2012 - 2018'),(78,1,'1996 - 1999'),(79,1,'1999 - 2002 JB'),(80,1,'2000 - ON'),(81,1,'JS'),(82,1,'1997 - 2001 GS'),(83,1,'2001 - 2008 RG'),(84,1,'2008 - 2015 RT'),(85,1,'2003 - 2009 B9'),(86,1,'2009 - ON Series 2'),(87,1,'2003 - 2008'),(88,1,'2002 - 2010'),(89,1,'2005 - 2010'),(90,1,'2011 - 2015 B7'),(91,1,'2001 - 2005'),(92,1,'2008 - 2016'),(93,1,'2019 - ON'),(94,1,'2006 - 2012'),(95,1,'1998 - 2005 N7'),(96,1,'1994 - 1995'),(97,1,'1995 - 1997'),(98,1,'1995 - 1997'),(99,1,'2003 - ON HATCHBACK T200'),(100,1,'2003 - ON SEDAN T200'),(101,1,'2003 - ON J200'),(102,1,'1997 - 2003'),(103,1,'1997 - ON'),(104,1,'1999 - 2001 M100'),(105,1,'2001 - 2004 M150'),(106,1,'1997 - 1999 J100'),(107,1,'1999 - ON J150'),(108,1,'1981 - 1983 G10'),(109,1,'1985 - 1987 G11R'),(110,1,'1987 - 1993 G100'),(111,1,'1995 - 1999 G200'),(112,1,'1993 - 2003 G203'),(113,1,'1986 - 1990'),(114,1,'1998 - 2006 M100'),(115,1,'2004 - ON M301'),(116,1,'1997 - 2005 J100/J102'),(117,1,'1978 - 1985'),(118,1,'620'),(119,1,'720'),(120,1,'2007 - 2010 JS'),(121,1,'2006 - 2012 PM'),(122,1,'2007 - 2011 KA'),(123,1,'2008 - 2016 JC'),(124,1,'1989 - 1993 UA'),(125,1,'1977 - 1982 TE/TF'),(126,1,'1977 - 1985'),(127,1,'1985 - 1996 PC'),(128,1,'1996 - 1998 PD'),(129,1,'1999 - 2002 PE'),(130,1,'2002 - 2006 PG/PH'),(131,1,'1978 - 1984'),(132,1,'1984 - 1990'),(133,1,'1999 - ON'),(134,1,'2013 - ON BK'),(135,1,'2001 - 2006 BA/ZA/ZB'),(136,1,'2006 - 2008 ZC'),(137,1,'2008 - 2012 ZD'),(138,1,'2016 - 2020 ZG'),(139,1,'2015 - ON UA'),(140,1,'1996 - 2001 UN-US'),(141,1,'2001 - 2005 UT-UZ'),(142,1,'1973 - 1979'),(143,1,'1980 - 1986'),(144,1,'1987 - 1992'),(145,1,'1992 - 1998'),(146,1,'2001 - 2006'),(147,1,'1976 - 1994 XD - XF'),(148,1,'1988 - 1994 EA/EB/ED'),(149,1,'1994 - 1998 EF/EL'),(150,1,'1998 - 2002 AU1 - AU3'),(151,1,'2002 - 2008 BA/BF'),(152,1,'2008 - 2014 FG'),(153,1,'2014 - ON FG-X'),(154,1,'1979 - 1988 ZJ/ZK/ZL'),(155,1,'1988 - 1995 NA/NC'),(156,1,'1995- 1999 NF/NL'),(157,1,'1998 - 2002 NU'),(158,1,'2003 - 2007 BA/BF'),(159,1,'1991 - 1994 WA'),(160,1,'1994 - 2001 WB - WF'),(161,1,'2004 - 2008 WP/WQ'),(162,1,'2008 - 2013 WS/WT'),(163,1,'2013 - 2019 WZ'),(164,1,'2002 - 2004 LR'),(165,1,'2005 - 2009 LS/LT'),(166,1,'2009 - 2011 LV'),(167,1,'04/2011 - 2014 LW'),(168,1,'2014 - 2018 LZ'),(169,1,'1999 - 2002'),(170,1,'2012 - 2013 TE'),(171,1,'2013 - 2016 TF'),(172,1,'1981 - 1983 KA'),(173,1,'1983 - 1985 KB'),(174,1,'1985 - 1987 KC'),(175,1,'1987 - 1990 KE'),(176,1,'1990 - 1994 KF/KH'),(177,1,'1994 - 1999 KJ/KL'),(178,1,'1999 - 2002 KN/KQ'),(179,1,'1988 - 1994 DA'),(180,1,'1982 - 1985 GA/GB'),(181,1,'1985 - 1987 GC'),(182,1,'1995 - 1996 HA/HB'),(183,1,'1996 - 2001 HC/HD'),(184,1,'2007 - 2010 MA/MB'),(185,1,'2010 - 2014 MC'),(186,1,'2015 - ON MD'),(187,1,'2015 - ON FM/FN'),(188,1,'1991 - 1996 UV'),(189,1,'2006 - 2009 PJ'),(190,1,'2009 - 2011 PK'),(191,1,'2011 - 2015 PX MK1'),(193,1,'1983 - 1987 AR/AS'),(194,1,'1987 - 1992 AT/AV'),(195,1,'1992 - 1996 AX/AY'),(196,1,'2004 - 2011 SX/SY'),(197,1,'2011 - 2016 SZ'),(198,1,'1994 - 2000 VF'),(199,1,'2000 - 2006 VH'),(200,1,'2006 - 2014 VM'),(201,1,'2014 - ON VO'),(202,1,'2013 - 2017 VN'),(203,1,'1979 - 1981 MK2'),(204,1,'2009 - 2010'),(205,1,'2009 - 2011 K2'),(206,1,'2011 - 2014 K2'),(207,1,'2009 - 2011 CC'),(208,1,'2011 - ON CC'),(209,1,'2008 - 2014'),(210,1,'500X 2014 - ONWARDS'),(211,1,'2008 - 2016'),(212,1,'2012 - 2016 JF'),(213,1,'2011 - 2016'),(214,1,'1993 - 1997 JM/JP'),(215,1,'1984 - 1987 LB'),(216,1,'1987 - 1991 LD'),(217,1,'1996 - 1998 TR'),(218,1,'1998 - 2006 TS/TF'),(219,1,'2004 - 2010 AH'),(220,1,'2014 - 2015 PJ'),(221,1,'2016 - 2019 BK'),(222,1,'1985 - 1988 MB/ML'),(223,1,'1989 - 1994 MF/MH'),(224,1,'1994 - 2001 SB'),(225,1,'2001 - 2005 XC'),(226,1,'2006 - 2008 TK1 HATCHBACK'),(227,1,'2008 - 2012 TK2 HATCHBACK'),(228,1,'2006 - 2011 TK SEDAN'),(229,1,'2012 - 2016 TM HATCHBACK / SEDAN'),(230,1,'2010 - 2016 MJ'),(231,1,'2016 - ON MP'),(232,1,'1991 - 1997 YE'),(233,1,'1982 - 1989'),(234,1,'Captiva 5 / Maxx (KL3D) 2006 ~ 2013 CG'),(235,1,'Captiva 7 (KL3C) 2006 - 2011 CG'),(236,1,'Captiva 7 2011 - 2018 CG'),(237,1,'04/2001 - 2012 XC'),(238,1,'2008 - 2012 RC'),(239,1,'2012 - 2016 RG SERIES 1'),(240,1,'2016 - 2020 RG SERIES 2'),(241,1,'2012 - 2016 RG'),(242,1,'1976 - 1985 C10'),(243,1,'1978 - 1981 VB/VC'),(244,1,'1981 - 1986 VH/VK'),(245,1,'1986 - 1988 VL'),(246,1,'1988 - 1993 VN/VP'),(247,1,'1993 - 1997 VR/VS'),(248,1,'1997 - 2002 VT/VX'),(249,1,'2002 - 2004 VY'),(250,1,'2004 - 2006 VZ'),(251,1,'2006 - 2013 VE'),(252,1,'2013 - 2017 VF'),(253,1,'2002 - 2005 YG'),(254,1,'2009 - 2016 JG/JH'),(255,1,'2007 - ON EP'),(256,1,'1995 - 1998 UT'),(257,1,'1999 - 2003 MX'),(258,1,'1979 - 1982 TE'),(259,1,'1982 - 1985 TF/TG'),(260,1,'1985 - 1987 RB'),(261,1,'1985 - 1992'),(262,1,'1992 - 2004 UBS'),(263,1,'1974 - 1980 HJ/JZ'),(264,1,'2001 - 2004 V2'),(265,1,'1989 - 1994 LE/LF'),(266,1,'1994 - 1996 LG'),(267,1,'1972 - 1980 KB20'),(268,1,'1980 - 1988 KB21'),(269,1,'1988 - 1996 TF'),(270,1,'1997 - 2003 TF'),(271,1,'2003 - 2006 RA'),(272,1,'2007 - 2008 RA'),(273,1,'1982 - 1991'),(274,1,'1999 - 2003 WH'),(275,1,'2003 - 2004 WK'),(276,1,'2004 - 2006 WL'),(277,1,'2006 - 2013 WM'),(278,1,'2004 - 2009 XC'),(279,1,'2016 - ON RG'),(280,1,'2013 - 2020 TJ'),(281,1,'1997 - 2003 JR/JS'),(282,1,'2003 - ON ZC'),(283,1,'2005 - ON JF SEDAN / WAGON'),(284,1,'2005 - ON JF HATCHBACK'),(285,1,'2001 - 2005 TT'),(286,1,'1982 - 1983 SY'),(287,1,'1984 - 1986 AD73'),(288,1,'1986 - 1989 CA'),(289,1,'1989 - 1993 CB'),(290,1,'1993 - 1997 CD'),(291,1,'1997 - 2003 CG'),(292,1,'2003 - 2008 CM'),(293,1,'2008 - 2013 CP'),(294,1,'2013 - 2019 CR'),(295,1,'2003 - 2008 CL'),(296,1,'2008 - 2015 CU'),(297,1,'2009 - 2014 GM'),(298,1,'2014 - ON GM'),(299,1,'1980 - 1983'),(300,1,'1984 - 1987 AH'),(301,1,'1987 - 1991 ED'),(302,1,'1991 - 1995 EG/EH'),(303,1,'1995 - 2000 EK'),(304,1,'2000 - 2006 ES SEDAN'),(305,1,'2000 - 2006 EU HATCHBACK / EP3 TYPE R'),(306,1,'2006 - 2012 FD SEDAN'),(307,1,'2007 - 2012 FN HATCHBACK TYPE R'),(308,1,'2012 - 2016 FB SEDAN'),(309,1,'2012 - 2016 FK HATCHBACK'),(310,1,'2016 - ON FC SEDAN'),(311,1,'1996 - 2001 RD'),(312,1,'2001 - 2007 RD'),(313,1,'2007 - 2010 RE'),(314,1,'2010 - 2012 RE'),(315,1,'2012 - 2017 RM'),(316,1,'2017 - 2020 RW'),(317,1,'1992 - 1998 EG/EH'),(318,1,'1998 - 2001 GH'),(319,1,'2014 - ON RU'),(320,1,'1989 - 1993 DA/DB'),(321,1,'1993 - 2001 DC1~DC4'),(322,1,'2001 - 2005 DC5'),(323,1,'2002 - 2008 GD'),(324,1,'2008 - 2014 GE'),(325,1,'2014 - ON GF'),(326,1,'2003 - 2006 YD'),(327,1,'1995 - 2000 RA GEN 1'),(328,1,'2000 - 2004 RA GEN 2'),(329,1,'2004 - 2008 RB GEN 3'),(330,1,'2009 - 2013 RB GEN 4'),(331,1,'2013 - ON RC GEN 5'),(332,1,'1983 - 1987 AB/BA GEN 2'),(333,1,'1987 - 1991 BA GEN 3'),(334,1,'1991 - 1996 BB GEN 4'),(335,1,'1997 - 2002 BB GEN 5'),(336,1,'1999 - 2004 AP1'),(337,1,'2007 - 2009'),(338,1,'2000 - 2003 LC'),(339,1,'2003 - 2006 LC'),(340,1,'2006 - 2009 MC'),(341,1,'2011 - 2019 RB'),(342,1,'1996 - 2000'),(343,1,'2000 - 2002'),(344,1,'2000 - 2006 XD'),(345,1,'2006 - 2011 HD'),(346,1,'2011 - 2015 MD'),(347,1,'2015 - 2018 AD SERIES 1'),(348,1,'2018 - ON AD SERIES 2'),(349,1,'1987 - 1990 X1'),(350,1,'1990 - 1994 X2'),(351,1,'1994 - 2000 X3 3-DOOR HATCHBACK'),(352,1,'1994 - 1997 X3 5-DOOR HATCHBACK / SEDAN'),(353,1,'1997 - 2000 X3 5-DOOR HATCHBACK / SEDAN'),(354,1,'2002 - 2005 TB'),(355,1,'2005 - 2011 TB'),(356,1,'1999 - 2001 XG'),(357,1,'2001 - 2011 TG'),(358,1,'2010 - 2012 PB SERIES 1'),(359,1,'01/2012 - 06/2015 PB SERIES 2'),(360,1,'2007 - 2012 FD'),(361,1,'2012 - 2017 GD'),(362,1,'2017 - ON PD HATCHBACK'),(363,1,'2020 - ON CN7 SEDAN'),(364,1,'2013 - 2017 VF'),(365,1,'2010 - 2012 YF'),(366,1,'2008 - 2018 TQ'),(367,1,'2018 - ONWARDS TQ4'),(368,1,'2008 - 2018 TQ'),(369,1,'2018 - ONWARDS TQ4'),(370,1,'2018 -2022 AE'),(371,1,'2010 - 2015 LM'),(372,1,'2017 - ON OS'),(373,1,'1993 - 1995 J1'),(374,1,'1995 - 2000 J2'),(375,1,'2000 - 2006 SM'),(376,1,'2006 - 2012 CM'),(377,1,'2012 - 2018 DM'),(378,1,'2018 - ON TM'),(379,1,'1993 - 1996 Y3 SERIES 1'),(380,1,'1996 - 1998 Y3 SERIES 2'),(381,1,'1998 - 2001 EF'),(382,1,'1998 - 2005 EF-B'),(383,1,'2005 - 2014 NF'),(384,1,'2014 - ON LF'),(385,1,'2001 - 2006 HP'),(386,1,'2002 - 2007 GK'),(387,1,'2000 - 2008 FO'),(388,1,'2004 - 2010 JM'),(389,1,'2015 - ON TL/TLE'),(390,1,'2011 - ON FS'),(391,1,'2008 - 2012 TFR'),(392,1,'2012 - 2016 TFS'),(393,1,'2016 - 2020 TFS'),(394,1,'2020 - ON'),(395,1,'2013 - 2017'),(396,1,'2017- ON RF20'),(397,1,'2003 - 2007'),(398,1,'2000 - 2006'),(399,1,'1994 - 2001 XJ'),(400,1,'2001 - 2007 KJ'),(401,1,'2008 - 2012 KK'),(402,1,'2014 - ON KL'),(403,1,'2006 - 2010 XH'),(404,1,'2007 - 2012 MK'),(405,1,'1996 -1999 ZG/ZJ'),(406,1,'1999 - 2005 WJ/WG'),(407,1,'2005 - 2010 WH'),(409,1,'2007 - ON MK'),(410,1,'2015 - 2019 BU'),(411,1,'1996 - 2007 TJ'),(412,1,'2007 - ON JK'),(413,1,'2008 - 2015 X250'),(414,1,'2010 - ON X351'),(415,1,'2001 - 2010 X400'),(416,1,'2002 - 2005'),(417,1,'1999 - 2006 GQ'),(418,1,'2006 - 2014 VQ'),(419,1,'2014 - 2020 YP'),(420,1,'2004 - 2008 LD'),(421,1,'2009 - 2013 TD'),(422,1,'2013- 2018 YD'),(423,1,'2018 - ON BD'),(424,1,'2021 - ON DE'),(425,1,'2001 - 2006 GD'),(426,1,'2011 - 2015 TF'),(427,1,'2015 - 2019 JF'),(428,1,'2017 - ON JA'),(429,1,'2002 - 2004 CT'),(430,1,'2004 - 2006 CT'),(431,1,'2000 - 2002 BC'),(432,1,'2002 - 2005 BC'),(433,1,'2005 - 2011 JB'),(434,1,'2011 - 2016 UB'),(435,1,'2016 - 2022 YB'),(436,1,'2008 - 2013 UN'),(437,1,'2013- 2018 RP'),(438,1,'2002 - 2009 BL'),(439,1,'2009 - 2014 XM'),(440,1,'2014 - 2020 UM'),(441,1,'2020 - ON MQ4'),(442,1,'2009 - 2014 AM'),(443,1,'2014- 2020 PS'),(444,1,'1997 - 2004 NB'),(445,1,'2004 - 2010 KM'),(446,1,'2010 - 2015 SL'),(447,1,'2015 - ON QL'),(448,1,'2020 - ON YB'),(449,1,'2008 - 2016'),(450,1,'2005 - 2009 DISCOVERY 3 L319'),(451,1,'2009 - 2013 DISCOVERY 4 L319'),(452,1,'2016 - ON L462'),(453,1,'2015 - 2020 L550'),(454,1,'1998 - 2007 L314'),(455,1,'2007 - 2015 L359'),(456,1,'1982 - 1985'),(457,1,'1995 - 2002 P38'),(458,1,'2011 - 2018 L538'),(459,1,'2019 -ON L551'),(460,1,'2005 - 2013 L320'),(461,1,'2013 - 2018 L494'),(462,1,'2002 - 2012 L322'),(463,1,'2011 - ON ZWA10'),(464,1,'1992 - 1996 VCV10R'),(465,1,'1996 - 2001 MCV20R'),(466,1,'2001 - 2005 MCV30'),(467,1,'2013 - 2018 AVV60'),(468,1,'2018 - ON AXZH10'),(469,1,'1998 - 2005 S160'),(470,1,'2005 - 2012 S190'),(471,1,'2012 - ON GRL/GWL'),(472,1,'1999 - 2005 GXE10/JCE10'),(473,1,'2005 - 2013 GSE20'),(474,1,'2000 - 2007 USF30'),(475,1,'2007 - 2013 USF40'),(476,1,'1998 - 2007 UZJ100'),(477,1,'2007 - ON URJ201'),(478,1,'2014 - ON AGZ/AYZ'),(479,1,'2003 - 2008 GSU/MCU/MHU'),(480,1,'2009 - 2015 GGL/GYL'),(481,1,'2001 - 2010 UZZ40'),(482,1,'2002 - 2007 DY'),(483,1,'2007 - 2014 DE'),(484,1,'2014 - ON DJ HATCHBACK'),(485,1,'2015 - ON DL SEDAN'),(486,1,'2004 - 2008 BK'),(487,1,'2009 - 2014 BL'),(488,1,'2013 - 2016 BM'),(489,1,'2016- 2019 BN'),(490,1,'2002 - 2007 GG/GY'),(491,1,'2007 - 2012 GH'),(492,1,'2012 - 2016 GJ'),(493,1,'2012 - 2018 GL'),(494,1,'1987 - 1990 DA'),(495,1,'1990 - 1997 DB'),(496,1,'1996 - 2002 METRO DW'),(497,1,'1980 - 1985 BD'),(498,1,'1985 - 1989 BF'),(499,1,'1989 - 1996 BG'),(500,1,'1994 - 1998 BA'),(501,1,'1998 - 2003 BJ'),(502,1,'1983 - 1987 GC'),(503,1,'1987 - 1991 GD'),(504,1,'1992 - 1997 GE'),(505,1,'1988 - 1997 GV WAGON'),(506,1,'1997 - 2002 GF'),(507,1,'1980 - 1984'),(508,1,'1977 - 1985 B1800'),(509,1,'1985 - 1995 B2200'),(510,1,'1996 - 1998 B2500 UF'),(511,1,'1999 - 2002 B2500 UN'),(512,1,'2002 - 2006 B2600 UN2'),(513,1,'2006 - 2011 UN'),(514,1,'2011 - 2015 UP'),(515,1,'2015 - 2020 UR'),(516,1,'2015 - ON DK'),(517,1,'2012 - 2017 KE'),(518,1,'2017 - ON KF'),(519,1,'2006 - 2012 ER'),(520,1,'2007 - 2016 TB'),(521,1,'2016 - ON TC'),(522,1,'1992 - 1996'),(523,1,'1996 - 1999'),(524,1,'1978 - 1982'),(525,1,'1982 - 1988'),(526,1,'1984 - 1999'),(527,1,'1997 - 2007 JH'),(528,1,'1999 - 2006 LW'),(529,1,'1989 - 1997 NA'),(530,1,'1998 - 2005 NB'),(531,1,'2005 - 2015 NC'),(532,1,'1992 - 1997 GE'),(533,1,'2000 - 2003 CP'),(534,1,'1992 - 1999 FD'),(535,1,'2003 - 2011 FE'),(536,1,'2001 - 2006'),(537,1,'2006 - 2007'),(538,1,'1998 - 2005 W168'),(540,1,'2013 - 2018 W176'),(541,1,'2018 - ON W177'),(542,1,'2012 - 2018 W246'),(543,1,'1984 - 1994 W201'),(544,1,'1994 - 2000 W202'),(545,1,'2000 - 2007 W203'),(546,1,'2007 - 2014 W204'),(547,1,'2015 - ON W205'),(548,1,'2013 - 2018 C117'),(549,1,'2014 - 2019 X156'),(550,1,'1976 - 1985 W123'),(551,1,'1986 - 1996 W124'),(552,1,'1996 - 2002 W202'),(553,1,'2002 - 2009 W211'),(554,1,'2010 - 2015 W212'),(555,1,'2016 - ON W213'),(556,1,'2005 - 2012 X164'),(557,1,'2015 - ON X253/C253'),(558,1,'1998 - 2005 W163'),(559,1,'2005 - 2012 W164'),(560,1,'2012 - 2016 W166'),(561,1,'1981 - 1993 W126'),(562,1,'1992 - 1999 W140'),(563,1,'1999 - 2006 W220'),(564,1,'2002 - 2012 R230'),(565,1,'2002 - 2009 C209'),(566,1,'2005 - 2011 C219'),(567,1,'2004 - 2011 R171'),(568,1,'1998 - 2006 W903'),(569,1,'2006 - 2013 W906'),(570,1,'2013 - 2018 W906'),(571,1,'2018 - ON WDB907'),(572,1,'1998 - 2004 W638'),(573,1,'2004 - 2015 W639'),(574,1,'2002 - 2007 R50-R53'),(575,1,'2007 - ON R56-61'),(576,1,'2011 - 2016 R60'),(577,1,'2014 - ON F55-F57'),(578,1,'2015 - ON F54'),(579,1,'2011- 2016 R60'),(580,1,'2015 - ON F60'),(581,1,'2013 - 2016 R61'),(582,1,'2005 - 2008 DB'),(583,1,'2010 - 2019 XA/XB/XC'),(584,1,'1980 - ON'),(585,1,'1998 - 2000 PA'),(586,1,'2000 - 2006 PA'),(587,1,'2009 - 2013 PB'),(588,1,'1980 - 1990 RA~RE'),(589,1,'2004 - 2011 RG'),(590,1,'2017 - ON YA/YB'),(591,1,'2020- ON SN'),(592,1,'1989 - 1993 HG/HH'),(593,1,'1993 - 1996 HJ'),(594,1,'2004 - ONWARDS BA'),(595,1,'1979 - 1986 MA-MD'),(596,1,'1981 - 1986 SA~SD'),(597,1,'1986 - 2008 SF~SJ'),(598,1,'1994 - 2005 WA'),(599,1,'1988 - 1992 CA/CB'),(600,1,'1992 - 1996 CC SEDAN / WAGON'),(601,1,'1992 - 1996 CC COUPE'),(602,1,'1992 - 1996 CC 5D HATCHBACK'),(603,1,'1996 - 2002 CE SEDAN'),(604,1,'1996 - 2002 CE COUPE'),(605,1,'1996 - 2002 CE WAGON'),(606,1,'2002 - 2003 CG'),(607,1,'2003 - 2007 CH'),(608,1,'2007 - 2015 EVOLUTION CY/CZ'),(609,1,'2007 - 2015 CJ'),(610,1,'2015 - 2017 CF'),(611,1,'1985 - 1991 TM~TP'),(612,1,'1991 - 1996 TR/TS'),(613,1,'1996 - 2003 TE~TJ'),(614,1,'2003 - 2005 TL/TW'),(615,1,'1996 - 2003 CE'),(616,1,'2012 - 2015 LA HATCHBACK'),(617,1,'2014 - ON LA SEDAN'),(618,1,'2016 - ON LA HATCHBACK'),(619,1,'1984 - 1991 UA/UC'),(620,1,'1992 - 1998 UF'),(621,1,'1998 - 2004 UG'),(622,1,'2003 - 2006 ZE/ZF'),(623,1,'2006 - 2009 ZG'),(624,1,'2009 - 2012 ZH'),(625,1,'2012 - 2014 ZJ'),(626,1,'2015 - 2017 ZK'),(627,1,'2017 - 2021 ZL'),(628,1,'1983 - 1991 NA~NG'),(629,1,'1991 - 2000 NH~NL'),(630,1,'2000 - 2006 NM/NP'),(631,1,'2006 - ON NS/NT/NW/NX'),(632,1,'1983 - 2000 NA-NL'),(633,1,'1998 - 2002 QA'),(634,1,'2015 - 2019 QE'),(635,1,'1976 - 1979 GE'),(636,1,'1980 - 1982 GH'),(637,1,'1982 - 1987 GJ~GN'),(638,1,'1986 - 1996 ME-MJ'),(639,1,'1996 - 2006 MK'),(640,1,'2006 - 2014 ML/MN'),(641,1,'2015 - 2018 MQ'),(642,1,'2018 - ON MR'),(643,1,'1991 - 1996 KR/KS'),(644,1,'1996 - 2003 KE~KW'),(645,1,'2002 - 2009 Z33'),(646,1,'2009 - 2016'),(647,1,'2012 - ON N17'),(648,1,'2013 - 2017 L33'),(649,1,'1981 - 1986 SERIES 1~3'),(650,1,'1993 - 1997 U13'),(651,1,'2002 - 2008 Z11'),(652,1,'2008 - ON Z12'),(653,1,'2007 - 2010 J10 SERIES 1'),(654,1,'2010 - 2014 J10 SERIES 2'),(655,1,'1997 - 2002 E50'),(656,1,'2002 - 2010 E51'),(657,1,'2010 - ON E52'),(658,1,'1984 - 1989'),(659,1,'2013 - ON F15'),(660,1,'2012-2023 ZE'),(661,1,'1990 - 1995 HJ30'),(662,1,'1995 - 1999 A32'),(663,1,'1999 - 2003 A33'),(664,1,'2003 - 2009 J31'),(665,1,'2009 - 2014 J32'),(666,1,'1995 - 1998 K11'),(667,1,'2007 - 2010 K12C'),(668,1,'2010 - 2014 K13 SERIES 1'),(669,1,'2014 - 2016 K13 SERIES 2'),(670,1,'2005 - 2008 Z50'),(671,1,'2008 - 2015 Z51'),(672,1,'1986 - 1997 Z20/D21'),(673,1,'1997 - 2001 D22'),(674,1,'2001 - 2015 D22'),(675,1,'2005 - 2015 D40'),(676,1,'2015 - ON D23 NP300'),(677,1,'1986 - 1994 C220'),(678,1,'1991 - 1996'),(679,1,'1988 - 1995 WD21'),(680,1,'1995 - 1998 R50 SERIES 1'),(681,1,'1999 - 2005 R50 SERIES 2'),(682,1,'2005 - 2013 R51'),(683,1,'2013 - 2016 R52'),(684,1,'1983 - 1987 MQ'),(685,1,'1988 - 1997 GQ'),(686,1,'1997 - 2004 Y61 GU SERIES 1 ~ 3'),(687,1,'2004 - 2015 Y61 GU SERIES 4'),(688,1,'2013 - ON Y62'),(689,1,'1989 - 1993 U12'),(690,1,'1980 - 1981 N10'),(691,1,'1982 - 1987 N12'),(692,1,'1987 - 1991 N13'),(693,1,'1991 - 1995 N14'),(694,1,'1995 - 2000 N15'),(695,1,'2000 - 2005 N16 SEDAN'),(696,1,'2000 - 2005 N16 HATCHBACK'),(697,1,'2013 - ON B17 SEDAN'),(698,1,'2013 - ON C12 HATCHBACK'),(699,1,'2014 - ON J11'),(700,1,'1983 - 1986 R30'),(701,1,'1986 - 1991 R31'),(702,1,'1991 - 1993 R32'),(703,1,'1993 - 1998 R33'),(704,1,'1998 - 2002 R34'),(705,1,'2001 - 2006 V35'),(706,1,'2007 - 2010 V36'),(707,1,'1989 - 1994 180SX S13'),(708,1,'1994 - 2000 200SX S14'),(709,1,'2000 - ON 200SX S15'),(710,1,'1978 - 1982 302/303'),(711,1,'1978 - 1983'),(712,1,'2006 - 2013 C11'),(713,1,'1971 - 1983 E20'),(714,1,'1983 - 1987 E23'),(715,1,'1987 - 1993 E24'),(716,1,'2001 - 2007 T30'),(717,1,'2007 - 2014 T31'),(718,1,'2014 - ON T32'),(719,1,'1980 - 1986 C120'),(720,1,'2012 - ON AS'),(721,1,'2012 - 2016 P10'),(722,1,'2012 - ON IN'),(723,1,'1999 - 2007 T1'),(724,1,'2007 - 2012 A7'),(725,1,'2012 - 2019 A9'),(726,1,'2013 - 2018 A94'),(727,1,'1978 - 1988'),(728,1,'1994 - 1997 N3'),(729,1,'1997 - 2002 N5'),(730,1,'2001 - 2007 T5/T6'),(731,1,'2007- 2014 T7'),(732,1,'2014 - ON T9'),(733,1,'2010 - 2017 T8'),(734,1,'2017 - ON P84'),(735,1,'2004 - 2011 6C/6D/6E'),(736,1,'2009 - 2012'),(737,1,'2012 - 2017'),(738,1,'1968 - 1983'),(739,1,'2009 - 2013'),(740,1,'2017 - ON P87'),(741,1,'2008 - 2016 G9P/B9P'),(742,1,'2008 - ON B9'),(743,1,'2010 - 2014'),(744,1,'2003 - 2010'),(745,1,'92A 2010 - 2018'),(746,1,'2014 - ON 95B'),(747,1,'2004 - 2013 CM'),(748,1,'2013 - 2016 FZ'),(749,1,'2002 - 2010'),(750,1,'1997 - 2000'),(751,1,'1995 - 2002'),(752,1,'2013 - 2015 CR'),(753,1,'1996 - 2006'),(754,1,'2013 - 2016 CR'),(755,1,'1995 - 1996'),(756,1,'2014 - ON J87'),(757,1,'2001 - 2008 X65'),(758,1,'2008 - 2013 X85'),(759,1,'2010 - 2014 L38'),(760,1,'2019 - ON XFE'),(761,1,'2008 - 2016 H45'),(762,1,'2016 - ON HZG/HC'),(763,1,'2004 - 2010 F76'),(764,1,'2010 - 2013 F61 SER 1'),(765,1,'2013 - 2021 F61 SER 2'),(766,1,'2007 - 2011 III'),(767,1,'2004 - 2011 X70'),(768,1,'2011 - 2019 X62'),(769,1,'2019 - ON X62 Series 2'),(770,1,'Megane I 2001 - 2004 X64'),(771,1,'Megane II 2003 - 2010 X84'),(772,1,'Megane III 2010 - 2015'),(773,1,'Megane 4 2016 - ON'),(774,1,'2001 - 2005 I'),(775,1,'2005 - 2010 II'),(776,1,'2004 - 2014 X83'),(777,1,'2015 - ON X82'),(778,1,'2001 - 2005'),(779,1,'1998 - 2002'),(780,1,'2001 - 2007 442'),(781,1,'1994 - 1998'),(782,1,'1987 - 1998 CD/CS'),(783,1,'2011 - 2014 5J'),(784,1,'2015 - ON NJ'),(785,1,'2020 - ON NW'),(786,1,'2017 - ON NU'),(787,1,'2017 - ON NS'),(788,1,'2007 - 2013 1Z'),(789,1,'2013 - ON 5E'),(790,1,'2013 - 2017 NH3/NH9'),(791,1,'2007 - 2013 5J'),(792,1,'2020 - ON NW'),(793,1,'2010 - 2015 3T/B6'),(794,1,'2015 - ON NP'),(795,1,'2011 - ON 5L'),(796,1,'2004 - ON'),(797,1,'2007 - 2015'),(798,1,'2006 - 2012'),(799,1,'2003 - 2012'),(800,1,'2012 - ON Z1'),(801,1,'1997 - 2002 SF'),(802,1,'2002 - 2007 SG'),(803,1,'2008 - 2012 SH'),(804,1,'2013 - 2018 SJ'),(805,1,'2018 - ON SK'),(806,1,'1993 - 2000 GC/GF GEN 1'),(807,1,'2000 - 2002 GD/GG GEN 2'),(808,1,'2002 - 2005 GD/GG GEN 2'),(809,1,'2005 - 2007 GD/GG GEN 2'),(810,1,'2007 - 2011 GE/GH GEN 3'),(811,1,'2011 - 2016 GJ/GP GEN 4'),(812,1,'2016 - ON GK/GT GEN 5'),(813,1,'1980 - 1985 MY-SERIES'),(814,1,'1986 - 1994 L-SERIES'),(815,1,'1989 - 1994 BC/BF GEN 1'),(816,1,'1994 - 1998 BD/BG GEN 2'),(817,1,'1998 - 2003 BE/BH GEN 3'),(818,1,'2003 - 2009 BL/BP GEN 4'),(819,1,'2009 - 2014 BM/BR GEN 5'),(820,1,'2009 - 2014 EXIGA'),(821,1,'2014 -2019 BN/BS GEN 6'),(822,1,'1998 - 2003 BH GEN 2'),(823,1,'2003 - 2009 BP GEN 3'),(824,1,'2009 - 2014 BR GEN 4'),(825,1,'2015 - 2019 BS GEN 5'),(826,1,'2006 - 2014 B9'),(827,1,'2012 - 2017 G4X'),(828,1,'2017 - ON G5X'),(829,1,'2016 - ON VM'),(830,1,'2014 - 2022 VA'),(831,1,'2022 - ON VB/VN'),(832,1,'1980 - 1988'),(833,1,'2009 - 2013 GF'),(834,1,'2005 - ON GC416'),(835,1,'1995 - 1999 SY410 SERIES'),(836,1,'1999 - 2001'),(837,1,'1999 - 2005'),(838,1,'1998 - 2005 SQ416/420/625'),(839,1,'2005 - 2018 JB/JT'),(840,1,'2000 - 2006'),(841,1,'2016 - ON MF'),(842,1,'1998 - 2005'),(843,1,'2010 - ON FR'),(844,1,'2001 - 2007 ER RH416/RH418'),(845,1,'1981 - 1996 SJ410/413'),(846,1,'1985 - 1989 SA'),(847,1,'1989 - 1999 SF'),(848,1,'2005 - 2010 EZ'),(849,1,'2010 - 2017 FZ'),(850,1,'2017 - ON AZ'),(851,1,'2007 - 2012 GYA/GYB'),(852,1,'1988 - 1998 SE416'),(853,1,'2015 - ON LY'),(854,1,'2001 - 2005 JA'),(855,1,'12 - ON ZN6'),(856,1,'2006 - 2012 GSV40'),(857,1,'2012 - ON GSV50'),(858,1,'2000 - 2005 MCX10'),(859,1,'2001 - 2003 ACM20'),(860,1,'2003 - 2010 ACM21'),(861,1,'1985 - 1987 SV11'),(862,1,'1987 - 1992 SV21'),(863,1,'1992 - 1997 SDV10'),(864,1,'1997 - 2002 SK20'),(865,1,'2002 - 2006 CV36'),(866,1,'2006 - 2011 CV40'),(867,1,'2012 - 2014 ASV50/AVV50 SERIES 1'),(868,1,'2015 - 2017 ASV50/AVV50 SERIES 2'),(869,1,'2017 - ON ASV70'),(870,1,'1977 - 1985 RA40/RA60'),(871,1,'1985 - 1989 ST162'),(872,1,'1989 - 1994 ST184'),(873,1,'1994 - 1999 ST204'),(874,1,'1999 - 2005 ZZT231'),(875,1,'2016 - ON NGX10'),(876,1,'1993 - 2003 BB42'),(877,1,'2007 - 2021 TRB140'),(878,1,'2022 - ON GDB70'),(879,1,'1975 - 1981 KE30'),(880,1,'1981 - 1985 KE70'),(881,1,'1985 - 1989 AE80'),(882,1,'1989 - 1994 AE92 - AE95'),(883,1,'1989 - 1994 AE92 SECA'),(884,1,'1994 - 1998 AE101'),(885,1,'1998 - 2001 AE112'),(886,1,'2001 - 2004 ZE122 SERIES 1'),(887,1,'2004 - 2007 ZE122 SERIES 2'),(888,1,'2007 - 2012 ZRE152 HATCHBACK'),(889,1,'2007 - 2013 ZRE152 SEDAN'),(890,1,'2013 - 2018 ZRE182 HATCHBACK'),(891,1,'2016 - 2018 ZWE186 HATCHBACK HYBRID'),(892,1,'2013 - 2019 ZRE172 SEDAN'),(893,1,'2018 - ON MZEA12/ZWE211 HATCHBACK'),(894,1,'2018 - ON MZEA12/ZWE211 SEDAN'),(895,1,'2013 - ON NKE165'),(896,1,'1975 - 1979 RT104'),(897,1,'1979 - 1983 RT133'),(898,1,'1983 - 1987 RT141'),(899,1,'1988 - 1990 ST170'),(900,1,'1978 - 1981 MX32'),(901,1,'1981 - 1984 MX62'),(902,1,'1984 - 1988 MX73'),(903,1,'1988 - 1992 MX83'),(904,1,'1980 - 1988 MS110/MS122'),(905,1,'1980 - 1999'),(906,1,'2001 - ON'),(907,1,'1999 - 2002 NCP10 HATCHBACK'),(908,1,'1999 - 2002 NCP12 SEDAN'),(909,1,'2002 - 2005 NCP10 HATCHBACK'),(910,1,'2002 - 2005 NCP12 SEDAN'),(911,1,'2000 - 2005 MCR30W'),(912,1,'2006 - ON ACR50'),(913,1,'2015 - ON GUN156'),(914,1,'2011 - ON GSJ15R'),(915,1,'GDH303 2019 - ON'),(916,1,'1977 - 1983 RH20'),(917,1,'1983 - 1989 YH50'),(918,1,'1989 - 2005 RZH'),(919,1,'2005 - 2019 TRH/KDH'),(920,1,'2019 - ON GDH/GRH'),(921,1,'1995 - 2003 RCH'),(922,1,'1975 - 1978 RN2#'),(923,1,'1979 - 1983 RN3# / LN4#'),(924,1,'1983 - 1988 RN5# / LN6#'),(925,1,'1989 - 1997 RN8# / LN10#'),(926,1,'1997 - 2001 RN14# / LN16#'),(927,1,'2001 - 2005 RN14# / LN16#'),(928,1,'2005 - 2011 TGN/KUN/GGN'),(929,1,'2011 - 2015 TGN/KUN/GGN'),(930,1,'2015 - ON TGN/GUN/GGN'),(931,1,'2003 - 2007 MCU28'),(932,1,'2007 - 2010 GSU40 SERIES 1'),(933,1,'2010 - 2013 GSU40 SERIES 2'),(934,1,'2013 - 2019 GSU50/55'),(935,1,'1979 - 1984 50 Series'),(936,1,'1980 - 1987 60 Series'),(937,1,'1985 - 2007 70 Series'),(938,1,'1990 - 1998 80 Series'),(939,1,'1998 - 2007 100 Series'),(940,1,'2007 - 2015 200 Series 1/2'),(941,1,'2015 - 2021 200 Series 3'),(942,1,'2021 - ON 300 Series'),(943,1,'2007 - ON VDJ 70 SERIES'),(944,1,'1980 - 1985 KM20'),(945,1,'1986 - 1992 KM30'),(946,1,'ZZW30 2000 - 2005'),(947,1,'1991 - ON'),(948,1,'1996 - 2003 ZJ95 SERIES'),(949,1,'2003 - 2009 J120 SERIES'),(950,1,'2009 - 2013 J150 SERIES 1'),(951,1,'2013 - 2017 J150 SERIES 2'),(952,1,'2017 - ON J150 SERIES 3'),(953,1,'2000 - 2005 ACR30'),(954,1,'2006 - ON ACR50'),(955,1,'2001 - 2003 NHW11'),(956,1,'2003 - 2009 HW20'),(957,1,'2009 - 2016 ZVW30'),(958,1,'2016 - ONWARDS ZVW50'),(959,1,'2011 - 2017 NHP10'),(960,1,'2017 - 2020 NPH10'),(961,1,'2012 - ON ZVW40'),(962,1,'1997 - 2002 KCH40/RCH41'),(963,1,'2010 - ON AZE151R'),(964,1,'1994 - 2000 SXA10'),(965,1,'2000 - 2005 ACA20'),(966,1,'2006 - 2012 ACA30/GSA33R'),(967,1,'2013 - 2018 40 SERIES'),(968,1,'2019 - ON 50 SEREIS'),(969,1,'1993 - 1997'),(970,1,'1996 - 1999 ep91'),(971,1,'1983 - 1990 YR22'),(972,1,'1990 - 2000 TCR10'),(973,1,'2000 - 2006 ACR30R'),(974,1,'2006 - 2019 ACR50'),(975,1,'1992 - 1996'),(976,1,'1997 - 2001'),(977,1,'2005 - 2011 NCP90 HATCHBACK'),(978,1,'2006 - 2016 NCP93 SEDAN'),(979,1,'2011 - 2020 NCP130/131 HATCHBACK'),(980,1,'2020 - ON GXPA16'),(981,1,'2011 - 2016'),(982,1,'2016 - ON 2H'),(983,1,'2017 - ON 3H'),(984,1,'1999 - 2005 1J'),(985,1,'1999 - 2005 9C'),(986,1,'2012 - 2016 1L'),(987,1,'2005 - 2010 2K'),(988,1,'2010 - 2015 2K'),(989,1,'2015 - 2020 2KN'),(990,1,'2012 - ON 1S'),(991,1,'2007 - 2017 2F'),(992,1,'2007 - ON 1F'),(993,1,'1994 - 1998 MK3'),(994,1,'1998 - 2004 MK4'),(995,1,'2004 - 2008 MK5'),(996,1,'2008 - 2013 MK6'),(997,1,'2013 - ON MK7'),(998,1,'1990 - 1997 TYPE 2'),(999,1,'2006 - 2011 1KM'),(1000,1,'2011 - 2017 1B'),(1001,1,'1998 - 2001 B5'),(1002,1,'2001 - 2005 GP'),(1003,1,'2005 - 2011 B6 TYPE 3C'),(1004,1,'2011 - 2015 B7 TYPE 3C'),(1005,1,'2008 - 2012 B6 TYPE 3CC'),(1006,1,'2015 - ON B8 TYPE 3G'),(1007,1,'1996 - 2000 6N'),(1008,1,'2000 - 2002 6N'),(1009,1,'2002 - 2005 9N'),(1010,1,'2005 - 2010 9N'),(1011,1,'2010 - 2017 6R'),(1012,1,'2017 - ON AW'),(1013,1,'2008 - 2016 5N'),(1014,1,'2016 - ON 5N'),(1015,1,'2003 - 2011 7L'),(1016,1,'2003 - 2019 7L / 7P'),(1017,1,'2004 - 2006'),(1018,1,'2020 - ON C11'),(1019,1,'1992 - 2004 T4'),(1020,1,'2004 - 2015 T5'),(1021,1,'2015 - ON T6'),(1022,1,'2020 - ON A11/D11'),(1023,1,'2012 - 2014'),(1024,1,'1983 - 1993'),(1025,1,'1983 - 1996'),(1026,1,'1992 - 1997'),(1027,1,'1991 - 1997'),(1028,1,'2007 - ON'),(1029,1,'2006 - 2016'),(1030,1,'1997 - 2004'),(1031,1,'2004 - 2012'),(1032,1,'2000 - 2010'),(1033,1,'2010 - ON'),(1034,1,'1998 - 2005'),(1035,1,'2005 - 2016'),(1036,1,'1997 - 2004'),(1037,1,'1997 - 2004'),(1038,1,'2004 - 2012'),(1039,1,'1997 - 2000'),(1040,1,'2008 - 2013 T6'),(1041,1,'2009 - 2017'),(1042,1,'2003 - 2007 SZ'),(1043,1,'2007 - 2016 BZ'),(1044,1,'2003 - 2015'),(1045,1,'Coil'),(1046,1,'Lock'),(1047,1,'Starter Contact'),(1048,1,'Mirror'),(1049,1,'Lights'),(1050,1,'Misc'),(1051,1,'Receiver Drier'),(1052,1,'All'),(1054,1,'2006 - 2011'),(1055,1,'2019 - On'),(1056,1,'2019 - 2024 GSU70'),(192,1,'2015 - 2022 PX MK2 / 3'),(1057,1,'2022 - on PX4'),(1058,1,'2016 - 2019 BN'),(1059,1,'2016 - ON MP'),(408,1,'2011 - 2021 WK'),(1060,1,'2020 -  2023 CN7'),(1061,1,'2011 - 2015 J1'),(1062,1,'2008 - 2015 J3'),(539,1,'2005 - 2012 W169'),(8,1,'2018 - Current GB'),(9,1,'1997 - 2003 8L'),(10,1,'2003 - 2012 8P'),(1063,1,'2014 - 2021 DS'),(1064,1,'2010 - current Clear'),(1065,1,'2016 - 2023'),(1066,1,'2000 - 2025 Race'),(1067,1,'1950 - ON'),(1068,1,'2020 - 2027 DT'),(1069,1,'1989 - 1999 KZH100'),(1070,1,'2021 - Current XK70'),(1071,1,'2013 - 2021 L405'),(1072,1,'2021 - 2029 Gen 14');

--
-- Table structure for table `oc8d_tmdmake`
--

CREATE TABLE `oc8d_tmdmake` (
  `make_id` int NOT NULL AUTO_INCREMENT,
  `sort_order` int NOT NULL,
  `date_added` datetime NOT NULL,
  `date_modified` datetime NOT NULL,
  PRIMARY KEY (`make_id`)
) ENGINE=InnoDB AUTO_INCREMENT=53 DEFAULT CHARSET=utf8mb3;

--
-- Dumping data for table `oc8d_tmdmake`
--

INSERT INTO `oc8d_tmdmake` VALUES (1,1,'2023-09-18 02:48:42','2023-09-18 02:48:42'),(2,2,'2023-09-18 02:48:42','2023-09-18 02:48:42'),(3,3,'2023-09-18 02:48:42','2023-09-18 02:48:42'),(4,4,'2023-09-18 02:48:42','2023-09-18 02:48:42'),(5,5,'2023-09-18 02:48:42','2023-09-18 02:48:42'),(6,6,'2023-09-18 02:48:42','2023-09-18 02:48:42'),(7,7,'2023-09-18 02:48:42','2023-09-18 02:48:42'),(8,8,'2023-09-18 02:48:42','2023-09-18 02:48:42'),(9,9,'2023-09-18 02:48:42','2023-09-18 02:48:42'),(10,10,'2023-09-18 02:48:42','2023-09-18 02:48:42'),(11,11,'2023-09-18 02:48:42','2023-09-18 02:48:42'),(12,12,'2023-09-18 02:48:42','2023-09-18 02:48:42'),(13,13,'2023-09-18 02:48:42','2023-09-18 02:48:42'),(14,14,'2023-09-18 02:48:42','2023-09-18 02:48:42'),(15,15,'2023-09-18 02:48:42','2023-09-18 02:48:42'),(16,16,'2023-09-18 02:48:42','2023-09-18 02:48:42'),(17,17,'2023-09-18 02:48:42','2023-09-18 02:48:42'),(18,18,'2023-09-18 02:48:42','2023-09-18 02:48:42'),(19,19,'2023-09-18 02:48:42','2023-09-18 02:48:42'),(20,20,'2023-09-18 02:48:42','2023-09-18 02:48:42'),(21,21,'2023-09-18 02:48:42','2023-09-18 02:48:42'),(22,22,'2023-09-18 02:48:42','2023-09-18 02:48:42'),(23,23,'2023-09-18 02:48:42','2023-09-18 02:48:42'),(24,24,'2023-09-18 02:48:42','2023-09-18 02:48:42'),(25,25,'2023-09-18 02:48:42','2023-09-18 02:48:42'),(26,26,'2023-09-18 02:48:42','2023-09-18 02:48:42'),(27,27,'2023-09-18 02:48:42','2023-09-18 02:48:42'),(28,28,'2023-09-18 02:48:42','2023-09-18 02:48:42'),(29,29,'2023-09-18 02:48:42','2023-09-18 02:48:42'),(30,30,'2023-09-18 02:48:42','2023-09-18 02:48:42'),(31,31,'2023-09-18 02:48:42','2023-09-18 02:48:42'),(32,32,'2023-09-18 02:48:42','2023-09-18 02:48:42'),(33,33,'2023-09-18 02:48:42','2023-09-18 02:48:42'),(34,34,'2023-09-18 02:48:42','2023-09-18 02:48:42'),(35,35,'2023-09-18 02:48:42','2023-09-18 02:48:42'),(36,36,'2023-09-18 02:48:42','2023-09-18 02:48:42'),(37,37,'2023-09-18 02:48:42','2023-09-18 02:48:42'),(38,38,'2023-09-18 02:48:42','2023-09-18 02:48:42'),(39,39,'2023-09-18 02:48:42','2023-09-18 02:48:42'),(40,40,'2023-09-18 02:48:42','2023-09-18 02:48:42'),(41,41,'2023-09-18 02:48:42','2023-09-18 02:48:42'),(42,42,'2023-09-18 02:48:42','2023-09-18 02:48:42'),(43,43,'2023-09-18 02:48:42','2023-09-18 02:48:42'),(44,44,'2023-09-18 02:48:42','2023-09-18 02:48:42'),(45,45,'2023-09-18 02:48:42','2023-09-18 02:48:42'),(46,46,'2023-09-18 02:48:42','2023-09-18 02:48:42'),(47,47,'2023-09-18 02:48:42','2023-09-18 02:48:42'),(49,0,'2025-01-29 16:23:17','0000-00-00 00:00:00'),(50,0,'2025-07-14 15:57:10','0000-00-00 00:00:00'),(51,0,'2025-07-15 11:44:51','0000-00-00 00:00:00'),(52,0,'2025-07-30 12:16:55','0000-00-00 00:00:00');

--
-- Table structure for table `oc8d_tmdmake_description`
--

CREATE TABLE `oc8d_tmdmake_description` (
  `make_id` int NOT NULL,
  `language_id` int NOT NULL,
  `make` varchar(255) NOT NULL
) ENGINE=InnoDB DEFAULT CHARSET=utf8mb3;

--
-- Dumping data for table `oc8d_tmdmake_description`
--

INSERT INTO `oc8d_tmdmake_description` VALUES (0,0,'make'),(1,1,'Alfa Romeo'),(2,1,'Audi'),(3,1,'BMW'),(4,1,'Chrysler'),(5,1,'Citroën'),(6,1,'Daewoo'),(7,1,'Daihatsu'),(8,1,'Datsun'),(9,1,'Dodge'),(10,1,'Ford'),(11,1,'Great Wall'),(12,1,'Fiat'),(13,1,'Hino'),(14,1,'Holden'),(15,1,'Honda'),(16,1,'Hummer'),(17,1,'Hyundai'),(18,1,'Isuzu'),(19,1,'Infiniti'),(20,1,'Iveco'),(21,1,'Jeep'),(22,1,'Jaguar'),(23,1,'Kia'),(24,1,'Land Rover'),(25,1,'Lexus'),(26,1,'Mazda'),(27,1,'Mercedes-Benz'),(28,1,'Mini'),(29,1,'Mitsubishi'),(30,1,'Nissan'),(31,1,'Opel'),(32,1,'Peugeot'),(33,1,'Porsche'),(34,1,'Proton'),(35,1,'Renault'),(36,1,'Rover'),(37,1,'Saab'),(38,1,'Skoda'),(39,1,'Smart'),(40,1,'Ssangyong'),(41,1,'Subaru'),(42,1,'Suzuki'),(43,1,'Toyota'),(44,1,'Volkswagen'),(45,1,'Volvo'),(46,1,'Universal'),(47,1,'Clear Tail Lights'),(49,1,'Chery'),(50,1,'RAM'),(51,1,'Clearview'),(52,1,'Chevrolet');

--
-- Table structure for table `oc8d_tmdmodel`
--

CREATE TABLE `oc8d_tmdmodel` (
  `model_id` int NOT NULL AUTO_INCREMENT,
  `sort_order` int NOT NULL,
  `date_added` datetime NOT NULL,
  `date_modified` datetime NOT NULL,
  PRIMARY KEY (`model_id`)
) ENGINE=InnoDB AUTO_INCREMENT=473 DEFAULT CHARSET=utf8mb3;

--
-- Dumping data for table `oc8d_tmdmodel`
--

INSERT INTO `oc8d_tmdmodel` VALUES (1,1,'2023-09-18 03:13:40','2023-09-18 03:13:40'),(2,2,'2023-09-18 03:13:40','2023-09-18 03:13:40'),(3,3,'2023-09-18 03:13:40','2023-09-18 03:13:40'),(4,4,'2023-09-18 03:13:40','2023-09-18 03:13:40'),(5,5,'2023-09-18 03:13:40','2023-09-18 03:13:40'),(6,6,'2023-09-18 03:13:40','2023-09-18 03:13:40'),(7,7,'2023-09-18 03:13:40','2023-09-18 03:13:40'),(8,8,'2023-09-18 03:13:40','2023-09-18 03:13:40'),(9,9,'2023-09-18 03:13:40','2023-09-18 03:13:40'),(10,10,'2023-09-18 03:13:40','2023-09-18 03:13:40'),(11,11,'2023-09-18 03:13:40','2023-09-18 03:13:40'),(12,12,'2023-09-18 03:13:40','2023-09-18 03:13:40'),(13,13,'2023-09-18 03:13:40','2023-09-18 03:13:40'),(14,14,'2023-09-18 03:13:40','2023-09-18 03:13:40'),(15,15,'2023-09-18 03:13:40','2023-09-18 03:13:40'),(16,16,'2023-09-18 03:13:40','2023-09-18 03:13:40'),(17,17,'2023-09-18 03:13:40','2023-09-18 03:13:40'),(18,18,'2023-09-18 03:13:40','2023-09-18 03:13:40'),(19,19,'2023-09-18 03:13:40','2023-09-18 03:13:40'),(20,20,'2023-09-18 03:13:40','2023-09-18 03:13:40'),(21,21,'2023-09-18 03:13:40','2023-09-18 03:13:40'),(22,22,'2023-09-18 03:13:40','2023-09-18 03:13:40'),(23,23,'2023-09-18 03:13:40','2023-09-18 03:13:40'),(24,24,'2023-09-18 03:13:40','2023-09-18 03:13:40'),(25,25,'2023-09-18 03:13:40','2023-09-18 03:13:40'),(26,26,'2023-09-18 03:13:40','2023-09-18 03:13:40'),(27,27,'2023-09-18 03:13:40','2023-09-18 03:13:40'),(28,28,'2023-09-18 03:13:40','2023-09-18 03:13:40'),(29,29,'2023-09-18 03:13:40','2023-09-18 03:13:40'),(30,30,'2023-09-18 03:13:40','2023-09-18 03:13:40'),(31,31,'2023-09-18 03:13:40','2023-09-18 03:13:40'),(32,32,'2023-09-18 03:13:40','2023-09-18 03:13:40'),(33,33,'2023-09-18 03:13:40','2023-09-18 03:13:40'),(34,34,'2023-09-18 03:13:40','2023-09-18 03:13:40'),(35,35,'2023-09-18 03:13:40','2023-09-18 03:13:40'),(36,36,'2023-09-18 03:13:40','2023-09-18 03:13:40'),(37,37,'2023-09-18 03:13:40','2023-09-18 03:13:40'),(38,38,'2023-09-18 03:13:40','2023-09-18 03:13:40'),(39,39,'2023-09-18 03:13:40','2023-09-18 03:13:40'),(40,40,'2023-09-18 03:13:40','2023-09-18 03:13:40'),(41,41,'2023-09-18 03:13:40','2023-09-18 03:13:40'),(42,42,'2023-09-18 03:13:40','2023-09-18 03:13:40'),(43,43,'2023-09-18 03:13:40','2023-09-18 03:13:40'),(44,44,'2023-09-18 03:13:40','2023-09-18 03:13:40'),(45,45,'2023-09-18 03:13:40','2023-09-18 03:13:40'),(46,46,'2023-09-18 03:13:40','2023-09-18 03:13:40'),(47,47,'2023-09-18 03:13:40','2023-09-18 03:13:40'),(48,48,'2023-09-18 03:13:40','2023-09-18 03:13:40'),(49,49,'2023-09-18 03:13:40','2023-09-18 03:13:40'),(50,50,'2023-09-18 03:13:40','2023-09-18 03:13:40'),(51,51,'2023-09-18 03:13:40','2023-09-18 03:13:40'),(52,52,'2023-09-18 03:13:40','2023-09-18 03:13:40'),(53,53,'2023-09-18 03:13:40','2023-09-18 03:13:40'),(54,54,'2023-09-18 03:13:40','2023-09-18 03:13:40'),(55,55,'2023-09-18 03:13:40','2023-09-18 03:13:40'),(56,56,'2023-09-18 03:13:40','2023-09-18 03:13:40'),(57,57,'2023-09-18 03:13:40','2023-09-18 03:13:40'),(58,58,'2023-09-18 03:13:40','2023-09-18 03:13:40'),(59,59,'2023-09-18 03:13:40','2023-09-18 03:13:40'),(60,60,'2023-09-18 03:13:40','2023-09-18 03:13:40'),(61,61,'2023-09-18 03:13:40','2023-09-18 03:13:40'),(62,62,'2023-09-18 03:13:40','2023-09-18 03:13:40'),(63,63,'2023-09-18 03:13:40','2023-09-18 03:13:40'),(64,64,'2023-09-18 03:13:40','2023-09-18 03:13:40'),(65,65,'2023-09-18 03:13:40','2023-09-18 03:13:40'),(66,66,'2023-09-18 03:13:40','2023-09-18 03:13:40'),(67,67,'2023-09-18 03:13:40','2023-09-18 03:13:40'),(68,68,'2023-09-18 03:13:40','2023-09-18 03:13:40'),(69,69,'2023-09-18 03:13:40','2023-09-18 03:13:40'),(70,70,'2023-09-18 03:13:40','2023-09-18 03:13:40'),(71,71,'2023-09-18 03:13:40','2023-09-18 03:13:40'),(72,72,'2023-09-18 03:13:40','2023-09-18 03:13:40'),(73,73,'2023-09-18 03:13:40','2023-09-18 03:13:40'),(74,74,'2023-09-18 03:13:40','2023-09-18 03:13:40'),(75,75,'2023-09-18 03:13:40','2023-09-18 03:13:40'),(76,76,'2023-09-18 03:13:40','2023-09-18 03:13:40'),(77,77,'2023-09-18 03:13:40','2023-09-18 03:13:40'),(78,78,'2023-09-18 03:13:40','2023-09-18 03:13:40'),(79,79,'2023-09-18 03:13:40','2023-09-18 03:13:40'),(80,80,'2023-09-18 03:13:40','2023-09-18 03:13:40'),(81,81,'2023-09-18 03:13:40','2023-09-18 03:13:40'),(82,82,'2023-09-18 03:13:40','2023-09-18 03:13:40'),(83,83,'2023-09-18 03:13:40','2023-09-18 03:13:40'),(84,84,'2023-09-18 03:13:40','2023-09-18 03:13:40'),(85,85,'2023-09-18 03:13:40','2023-09-18 03:13:40'),(86,86,'2023-09-18 03:13:40','2023-09-18 03:13:40'),(87,87,'2023-09-18 03:13:40','2023-09-18 03:13:40'),(88,88,'2023-09-18 03:13:40','2023-09-18 03:13:40'),(89,89,'2023-09-18 03:13:40','2023-09-18 03:13:40'),(90,90,'2023-09-18 03:13:40','2023-09-18 03:13:40'),(91,91,'2023-09-18 03:13:40','2023-09-18 03:13:40'),(92,92,'2023-09-18 03:13:40','2023-09-18 03:13:40'),(93,93,'2023-09-18 03:13:40','2023-09-18 03:13:40'),(94,94,'2023-09-18 03:13:40','2023-09-18 03:13:40'),(95,95,'2023-09-18 03:13:40','2023-09-18 03:13:40'),(96,96,'2023-09-18 03:13:40','2023-09-18 03:13:40'),(97,97,'2023-09-18 03:13:40','2023-09-18 03:13:40'),(98,98,'2023-09-18 03:13:40','2023-09-18 03:13:40'),(99,99,'2023-09-18 03:13:40','2023-09-18 03:13:40'),(100,100,'2023-09-18 03:13:40','2023-09-18 03:13:40'),(101,101,'2023-09-18 03:13:40','2023-09-18 03:13:40'),(102,102,'2023-09-18 03:13:40','2023-09-18 03:13:40'),(103,103,'2023-09-18 03:13:40','2023-09-18 03:13:40'),(104,104,'2023-09-18 03:13:40','2023-09-18 03:13:40'),(105,105,'2023-09-18 03:13:40','2023-09-18 03:13:40'),(106,106,'2023-09-18 03:13:40','2023-09-18 03:13:40'),(107,107,'2023-09-18 03:13:40','2023-09-18 03:13:40'),(108,108,'2023-09-18 03:13:40','2023-09-18 03:13:40'),(109,109,'2023-09-18 03:13:40','2023-09-18 03:13:40'),(110,110,'2023-09-18 03:13:40','2023-09-18 03:13:40'),(111,111,'2023-09-18 03:13:40','2023-09-18 03:13:40'),(112,112,'2023-09-18 03:13:40','2023-09-18 03:13:40'),(113,113,'2023-09-18 03:13:40','2023-09-18 03:13:40'),(114,114,'2023-09-18 03:13:40','2023-09-18 03:13:40'),(115,115,'2023-09-18 03:13:40','2023-09-18 03:13:40'),(116,116,'2023-09-18 03:13:40','2023-09-18 03:13:40'),(117,117,'2023-09-18 03:13:40','2023-09-18 03:13:40'),(118,118,'2023-09-18 03:13:40','2023-09-18 03:13:40'),(119,119,'2023-09-18 03:13:40','2023-09-18 03:13:40'),(120,120,'2023-09-18 03:13:40','2023-09-18 03:13:40'),(121,121,'2023-09-18 03:13:40','2023-09-18 03:13:40'),(122,122,'2023-09-18 03:13:40','2023-09-18 03:13:40'),(123,123,'2023-09-18 03:13:40','2023-09-18 03:13:40'),(124,124,'2023-09-18 03:13:40','2023-09-18 03:13:40'),(125,125,'2023-09-18 03:13:40','2023-09-18 03:13:40'),(126,126,'2023-09-18 03:13:40','2023-09-18 03:13:40'),(127,127,'2023-09-18 03:13:40','2023-09-18 03:13:40'),(128,128,'2023-09-18 03:13:40','2023-09-18 03:13:40'),(129,129,'2023-09-18 03:13:40','2023-09-18 03:13:40'),(130,130,'2023-09-18 03:13:40','2023-09-18 03:13:40'),(131,131,'2023-09-18 03:13:40','2023-09-18 03:13:40'),(132,132,'2023-09-18 03:13:40','2023-09-18 03:13:40'),(133,133,'2023-09-18 03:13:40','2023-09-18 03:13:40'),(134,134,'2023-09-18 03:13:40','2023-09-18 03:13:40'),(135,135,'2023-09-18 03:13:40','2023-09-18 03:13:40'),(136,136,'2023-09-18 03:13:40','2023-09-18 03:13:40'),(137,137,'2023-09-18 03:13:40','2023-09-18 03:13:40'),(138,138,'2023-09-18 03:13:40','2023-09-18 03:13:40'),(139,139,'2023-09-18 03:13:40','2023-09-18 03:13:40'),(140,140,'2023-09-18 03:13:40','2023-09-18 03:13:40'),(141,141,'2023-09-18 03:13:40','2023-09-18 03:13:40'),(142,142,'2023-09-18 03:13:40','2023-09-18 03:13:40'),(143,143,'2023-09-18 03:13:40','2023-09-18 03:13:40'),(144,144,'2023-09-18 03:13:40','2023-09-18 03:13:40'),(145,145,'2023-09-18 03:13:40','2023-09-18 03:13:40'),(146,146,'2023-09-18 03:13:40','2023-09-18 03:13:40'),(147,147,'2023-09-18 03:13:40','2023-09-18 03:13:40'),(148,148,'2023-09-18 03:13:40','2023-09-18 03:13:40'),(149,149,'2023-09-18 03:13:40','2023-09-18 03:13:40'),(150,150,'2023-09-18 03:13:40','2023-09-18 03:13:40'),(151,151,'2023-09-18 03:13:40','2023-09-18 03:13:40'),(152,152,'2023-09-18 03:13:40','2023-09-18 03:13:40'),(153,153,'2023-09-18 03:13:40','2023-09-18 03:13:40'),(154,154,'2023-09-18 03:13:40','2023-09-18 03:13:40'),(155,155,'2023-09-18 03:13:40','2023-09-18 03:13:40'),(156,156,'2023-09-18 03:13:40','2023-09-18 03:13:40'),(157,157,'2023-09-18 03:13:40','2023-09-18 03:13:40'),(158,158,'2023-09-18 03:13:40','2023-09-18 03:13:40'),(159,159,'2023-09-18 03:13:40','2023-09-18 03:13:40'),(160,160,'2023-09-18 03:13:40','2023-09-18 03:13:40'),(161,161,'2023-09-18 03:13:40','2023-09-18 03:13:40'),(162,162,'2023-09-18 03:13:40','2023-09-18 03:13:40'),(163,163,'2023-09-18 03:13:40','2023-09-18 03:13:40'),(164,164,'2023-09-18 03:13:40','2023-09-18 03:13:40'),(165,165,'2023-09-18 03:13:40','2023-09-18 03:13:40'),(166,166,'2023-09-18 03:13:40','2023-09-18 03:13:40'),(167,167,'2023-09-18 03:13:40','2023-09-18 03:13:40'),(168,168,'2023-09-18 03:13:40','2023-09-18 03:13:40'),(169,169,'2023-09-18 03:13:40','2023-09-18 03:13:40'),(170,170,'2023-09-18 03:13:40','2023-09-18 03:13:40'),(171,171,'2023-09-18 03:13:40','2023-09-18 03:13:40'),(172,172,'2023-09-18 03:13:40','2023-09-18 03:13:40'),(173,173,'2023-09-18 03:13:40','2023-09-18 03:13:40'),(174,174,'2023-09-18 03:13:40','2023-09-18 03:13:40'),(175,175,'2023-09-18 03:13:40','2023-09-18 03:13:40'),(176,176,'2023-09-18 03:13:40','2023-09-18 03:13:40'),(177,177,'2023-09-18 03:13:40','2023-09-18 03:13:40'),(178,178,'2023-09-18 03:13:40','2023-09-18 03:13:40'),(179,179,'2023-09-18 03:13:40','2023-09-18 03:13:40'),(180,180,'2023-09-18 03:13:40','2023-09-18 03:13:40'),(181,181,'2023-09-18 03:13:40','2023-09-18 03:13:40'),(182,182,'2023-09-18 03:13:40','2023-09-18 03:13:40'),(183,183,'2023-09-18 03:13:40','2023-09-18 03:13:40'),(184,184,'2023-09-18 03:13:40','2023-09-18 03:13:40'),(185,185,'2023-09-18 03:13:40','2023-09-18 03:13:40'),(186,186,'2023-09-18 03:13:40','2023-09-18 03:13:40'),(187,187,'2023-09-18 03:13:40','2023-09-18 03:13:40'),(188,188,'2023-09-18 03:13:40','2023-09-18 03:13:40'),(189,189,'2023-09-18 03:13:40','2023-09-18 03:13:40'),(190,190,'2023-09-18 03:13:40','2023-09-18 03:13:40'),(191,191,'2023-09-18 03:13:40','2023-09-18 03:13:40'),(192,192,'2023-09-18 03:13:40','2023-09-18 03:13:40'),(193,193,'2023-09-18 03:13:40','2023-09-18 03:13:40'),(194,194,'2023-09-18 03:13:40','2023-09-18 03:13:40'),(195,195,'2023-09-18 03:13:40','2023-09-18 03:13:40'),(196,196,'2023-09-18 03:13:40','2023-09-18 03:13:40'),(197,197,'2023-09-18 03:13:40','2023-09-18 03:13:40'),(198,198,'2023-09-18 03:13:40','2023-09-18 03:13:40'),(199,199,'2023-09-18 03:13:40','2023-09-18 03:13:40'),(200,200,'2023-09-18 03:13:40','2023-09-18 03:13:40'),(201,201,'2023-09-18 03:13:40','2023-09-18 03:13:40'),(202,202,'2023-09-18 03:13:40','2023-09-18 03:13:40'),(203,203,'2023-09-18 03:13:40','2023-09-18 03:13:40'),(204,204,'2023-09-18 03:13:40','2023-09-18 03:13:40'),(205,205,'2023-09-18 03:13:40','2023-09-18 03:13:40'),(206,206,'2023-09-18 03:13:40','2023-09-18 03:13:40'),(207,207,'2023-09-18 03:13:40','2023-09-18 03:13:40'),(208,208,'2023-09-18 03:13:40','2023-09-18 03:13:40'),(209,209,'2023-09-18 03:13:40','2023-09-18 03:13:40'),(210,210,'2023-09-18 03:13:40','2023-09-18 03:13:40'),(211,211,'2023-09-18 03:13:40','2023-09-18 03:13:40'),(212,212,'2023-09-18 03:13:40','2023-09-18 03:13:40'),(213,213,'2023-09-18 03:13:40','2023-09-18 03:13:40'),(214,214,'2023-09-18 03:13:40','2023-09-18 03:13:40'),(215,215,'2023-09-18 03:13:40','2023-09-18 03:13:40'),(216,216,'2023-09-18 03:13:40','2023-09-18 03:13:40'),(217,217,'2023-09-18 03:13:40','2023-09-18 03:13:40'),(218,218,'2023-09-18 03:13:40','2023-09-18 03:13:40'),(219,219,'2023-09-18 03:13:40','2023-09-18 03:13:40'),(220,220,'2023-09-18 03:13:40','2023-09-18 03:13:40'),(221,221,'2023-09-18 03:13:40','2023-09-18 03:13:40'),(222,222,'2023-09-18 03:13:40','2023-09-18 03:13:40'),(223,223,'2023-09-18 03:13:40','2023-09-18 03:13:40'),(224,224,'2023-09-18 03:13:40','2023-09-18 03:13:40'),(225,225,'2023-09-18 03:13:40','2023-09-18 03:13:40'),(226,226,'2023-09-18 03:13:40','2023-09-18 03:13:40'),(227,227,'2023-09-18 03:13:40','2023-09-18 03:13:40'),(228,228,'2023-09-18 03:13:40','2023-09-18 03:13:40'),(229,229,'2023-09-18 03:13:40','2023-09-18 03:13:40'),(230,230,'2023-09-18 03:13:40','2023-09-18 03:13:40'),(231,231,'2023-09-18 03:13:40','2023-09-18 03:13:40'),(232,232,'2023-09-18 03:13:40','2023-09-18 03:13:40'),(233,233,'2023-09-18 03:13:40','2023-09-18 03:13:40'),(234,234,'2023-09-18 03:13:40','2023-09-18 03:13:40'),(235,235,'2023-09-18 03:13:40','2023-09-18 03:13:40'),(236,236,'2023-09-18 03:13:40','2023-09-18 03:13:40'),(237,237,'2023-09-18 03:13:40','2023-09-18 03:13:40'),(238,238,'2023-09-18 03:13:40','2023-09-18 03:13:40'),(239,239,'2023-09-18 03:13:40','2023-09-18 03:13:40'),(240,240,'2023-09-18 03:13:40','2023-09-18 03:13:40'),(241,241,'2023-09-18 03:13:40','2023-09-18 03:13:40'),(242,242,'2023-09-18 03:13:40','2023-09-18 03:13:40'),(243,243,'2023-09-18 03:13:40','2023-09-18 03:13:40'),(244,244,'2023-09-18 03:13:40','2023-09-18 03:13:40'),(245,245,'2023-09-18 03:13:40','2023-09-18 03:13:40'),(246,246,'2023-09-18 03:13:40','2023-09-18 03:13:40'),(247,247,'2023-09-18 03:13:40','2023-09-18 03:13:40'),(248,248,'2023-09-18 03:13:40','2023-09-18 03:13:40'),(249,249,'2023-09-18 03:13:40','2023-09-18 03:13:40'),(250,250,'2023-09-18 03:13:40','2023-09-18 03:13:40'),(251,251,'2023-09-18 03:13:40','2023-09-18 03:13:40'),(252,252,'2023-09-18 03:13:40','2023-09-18 03:13:40'),(253,253,'2023-09-18 03:13:40','2023-09-18 03:13:40'),(254,254,'2023-09-18 03:13:40','2023-09-18 03:13:40'),(255,255,'2023-09-18 03:13:40','2023-09-18 03:13:40'),(256,256,'2023-09-18 03:13:40','2023-09-18 03:13:40'),(257,257,'2023-09-18 03:13:40','2023-09-18 03:13:40'),(258,258,'2023-09-18 03:13:40','2023-09-18 03:13:40'),(259,259,'2023-09-18 03:13:40','2023-09-18 03:13:40'),(260,260,'2023-09-18 03:13:40','2023-09-18 03:13:40'),(261,261,'2023-09-18 03:13:40','2023-09-18 03:13:40'),(262,262,'2023-09-18 03:13:40','2023-09-18 03:13:40'),(263,263,'2023-09-18 03:13:40','2023-09-18 03:13:40'),(264,264,'2023-09-18 03:13:40','2023-09-18 03:13:40'),(265,265,'2023-09-18 03:13:40','2023-09-18 03:13:40'),(266,266,'2023-09-18 03:13:40','2023-09-18 03:13:40'),(267,267,'2023-09-18 03:13:40','2023-09-18 03:13:40'),(268,268,'2023-09-18 03:13:40','2023-09-18 03:13:40'),(269,269,'2023-09-18 03:13:40','2023-09-18 03:13:40'),(270,270,'2023-09-18 03:13:40','2023-09-18 03:13:40'),(271,271,'2023-09-18 03:13:40','2023-09-18 03:13:40'),(272,272,'2023-09-18 03:13:40','2023-09-18 03:13:40'),(273,273,'2023-09-18 03:13:40','2023-09-18 03:13:40'),(274,274,'2023-09-18 03:13:40','2023-09-18 03:13:40'),(275,275,'2023-09-18 03:13:40','2023-09-18 03:13:40'),(276,276,'2023-09-18 03:13:40','2023-09-18 03:13:40'),(277,277,'2023-09-18 03:13:40','2023-09-18 03:13:40'),(278,278,'2023-09-18 03:13:40','2023-09-18 03:13:40'),(279,279,'2023-09-18 03:13:40','2023-09-18 03:13:40'),(280,280,'2023-09-18 03:13:40','2023-09-18 03:13:40'),(281,281,'2023-09-18 03:13:40','2023-09-18 03:13:40'),(282,282,'2023-09-18 03:13:40','2023-09-18 03:13:40'),(283,283,'2023-09-18 03:13:40','2023-09-18 03:13:40'),(284,284,'2023-09-18 03:13:40','2023-09-18 03:13:40'),(285,285,'2023-09-18 03:13:40','2023-09-18 03:13:40'),(286,286,'2023-09-18 03:13:40','2023-09-18 03:13:40'),(287,287,'2023-09-18 03:13:40','2023-09-18 03:13:40'),(288,288,'2023-09-18 03:13:40','2023-09-18 03:13:40'),(289,289,'2023-09-18 03:13:40','2023-09-18 03:13:40'),(290,290,'2023-09-18 03:13:40','2023-09-18 03:13:40'),(291,291,'2023-09-18 03:13:40','2023-09-18 03:13:40'),(292,292,'2023-09-18 03:13:40','2023-09-18 03:13:40'),(293,293,'2023-09-18 03:13:40','2023-09-18 03:13:40'),(294,294,'2023-09-18 03:13:40','2023-09-18 03:13:40'),(295,295,'2023-09-18 03:13:40','2023-09-18 03:13:40'),(296,296,'2023-09-18 03:13:40','2023-09-18 03:13:40'),(297,297,'2023-09-18 03:13:40','2023-09-18 03:13:40'),(298,298,'2023-09-18 03:13:40','2023-09-18 03:13:40'),(299,299,'2023-09-18 03:13:40','2023-09-18 03:13:40'),(300,300,'2023-09-18 03:13:40','2023-09-18 03:13:40'),(301,301,'2023-09-18 03:13:40','2023-09-18 03:13:40'),(302,302,'2023-09-18 03:13:40','2023-09-18 03:13:40'),(303,303,'2023-09-18 03:13:40','2023-09-18 03:13:40'),(304,304,'2023-09-18 03:13:40','2023-09-18 03:13:40'),(305,305,'2023-09-18 03:13:40','2023-09-18 03:13:40'),(306,306,'2023-09-18 03:13:40','2023-09-18 03:13:40'),(307,307,'2023-09-18 03:13:40','2023-09-18 03:13:40'),(308,308,'2023-09-18 03:13:40','2023-09-18 03:13:40'),(309,309,'2023-09-18 03:13:40','2023-09-18 03:13:40'),(310,310,'2023-09-18 03:13:40','2023-09-18 03:13:40'),(311,311,'2023-09-18 03:13:40','2023-09-18 03:13:40'),(312,312,'2023-09-18 03:13:40','2023-09-18 03:13:40'),(313,313,'2023-09-18 03:13:40','2023-09-18 03:13:40'),(314,314,'2023-09-18 03:13:40','2023-09-18 03:13:40'),(315,315,'2023-09-18 03:13:40','2023-09-18 03:13:40'),(316,316,'2023-09-18 03:13:40','2023-09-18 03:13:40'),(317,317,'2023-09-18 03:13:40','2023-09-18 03:13:40'),(318,318,'2023-09-18 03:13:40','2023-09-18 03:13:40'),(319,319,'2023-09-18 03:13:40','2023-09-18 03:13:40'),(320,320,'2023-09-18 03:13:40','2023-09-18 03:13:40'),(321,321,'2023-09-18 03:13:40','2023-09-18 03:13:40'),(322,322,'2023-09-18 03:13:40','2023-09-18 03:13:40'),(323,323,'2023-09-18 03:13:40','2023-09-18 03:13:40'),(324,324,'2023-09-18 03:13:40','2023-09-18 03:13:40'),(325,325,'2023-09-18 03:13:40','2023-09-18 03:13:40'),(326,326,'2023-09-18 03:13:40','2023-09-18 03:13:40'),(327,327,'2023-09-18 03:13:40','2023-09-18 03:13:40'),(328,328,'2023-09-18 03:13:40','2023-09-18 03:13:40'),(329,329,'2023-09-18 03:13:40','2023-09-18 03:13:40'),(330,330,'2023-09-18 03:13:40','2023-09-18 03:13:40'),(331,331,'2023-09-18 03:13:40','2023-09-18 03:13:40'),(332,332,'2023-09-18 03:13:40','2023-09-18 03:13:40'),(333,333,'2023-09-18 03:13:40','2023-09-18 03:13:40'),(334,334,'2023-09-18 03:13:40','2023-09-18 03:13:40'),(335,335,'2023-09-18 03:13:40','2023-09-18 03:13:40'),(336,336,'2023-09-18 03:13:40','2023-09-18 03:13:40'),(337,337,'2023-09-18 03:13:40','2023-09-18 03:13:40'),(338,338,'2023-09-18 03:13:40','2023-09-18 03:13:40'),(339,339,'2023-09-18 03:13:40','2023-09-18 03:13:40'),(340,340,'2023-09-18 03:13:40','2023-09-18 03:13:40'),(341,341,'2023-09-18 03:13:40','2023-09-18 03:13:40'),(342,342,'2023-09-18 03:13:40','2023-09-18 03:13:40'),(343,343,'2023-09-18 03:13:40','2023-09-18 03:13:40'),(344,344,'2023-09-18 03:13:40','2023-09-18 03:13:40'),(345,345,'2023-09-18 03:13:40','2023-09-18 03:13:40'),(346,346,'2023-09-18 03:13:40','2023-09-18 03:13:40'),(347,347,'2023-09-18 03:13:40','2023-09-18 03:13:40'),(348,348,'2023-09-18 03:13:40','2023-09-18 03:13:40'),(349,349,'2023-09-18 03:13:40','2023-09-18 03:13:40'),(350,350,'2023-09-18 03:13:40','2023-09-18 03:13:40'),(351,351,'2023-09-18 03:13:40','2023-09-18 03:13:40'),(352,352,'2023-09-18 03:13:40','2023-09-18 03:13:40'),(353,353,'2023-09-18 03:13:40','2023-09-18 03:13:40'),(354,354,'2023-09-18 03:13:40','2023-09-18 03:13:40'),(355,355,'2023-09-18 03:13:40','2023-09-18 03:13:40'),(356,356,'2023-09-18 03:13:40','2023-09-18 03:13:40'),(357,357,'2023-09-18 03:13:40','2023-09-18 03:13:40'),(358,358,'2023-09-18 03:13:40','2023-09-18 03:13:40'),(359,359,'2023-09-18 03:13:40','2023-09-18 03:13:40'),(360,360,'2023-09-18 03:13:40','2023-09-18 03:13:40'),(361,361,'2023-09-18 03:13:40','2023-09-18 03:13:40'),(362,362,'2023-09-18 03:13:40','2023-09-18 03:13:40'),(363,363,'2023-09-18 03:13:40','2023-09-18 03:13:40'),(364,364,'2023-09-18 03:13:40','2023-09-18 03:13:40'),(365,365,'2023-09-18 03:13:40','2023-09-18 03:13:40'),(366,366,'2023-09-18 03:13:40','2023-09-18 03:13:40'),(367,367,'2023-09-18 03:13:40','2023-09-18 03:13:40'),(368,368,'2023-09-18 03:13:40','2023-09-18 03:13:40'),(369,369,'2023-09-18 03:13:40','2023-09-18 03:13:40'),(370,370,'2023-09-18 03:13:40','2023-09-18 03:13:40'),(371,371,'2023-09-18 03:13:40','2023-09-18 03:13:40'),(372,372,'2023-09-18 03:13:40','2023-09-18 03:13:40'),(373,373,'2023-09-18 03:13:40','2023-09-18 03:13:40'),(374,374,'2023-09-18 03:13:40','2023-09-18 03:13:40'),(375,375,'2023-09-18 03:13:40','2023-09-18 03:13:40'),(376,376,'2023-09-18 03:13:40','2023-09-18 03:13:40'),(377,377,'2023-09-18 03:13:40','2023-09-18 03:13:40'),(378,378,'2023-09-18 03:13:40','2023-09-18 03:13:40'),(379,379,'2023-09-18 03:13:40','2023-09-18 03:13:40'),(380,380,'2023-09-18 03:13:40','2023-09-18 03:13:40'),(381,381,'2023-09-18 03:13:40','2023-09-18 03:13:40'),(382,382,'2023-09-18 03:13:40','2023-09-18 03:13:40'),(383,383,'2023-09-18 03:13:40','2023-09-18 03:13:40'),(384,384,'2023-09-18 03:13:40','2023-09-18 03:13:40'),(385,385,'2023-09-18 03:13:40','2023-09-18 03:13:40'),(386,386,'2023-09-18 03:13:40','2023-09-18 03:13:40'),(387,387,'2023-09-18 03:13:40','2023-09-18 03:13:40'),(388,388,'2023-09-18 03:13:40','2023-09-18 03:13:40'),(389,389,'2023-09-18 03:13:40','2023-09-18 03:13:40'),(390,390,'2023-09-18 03:13:40','2023-09-18 03:13:40'),(391,391,'2023-09-18 03:13:40','2023-09-18 03:13:40'),(392,392,'2023-09-18 03:13:40','2023-09-18 03:13:40'),(393,393,'2023-09-18 03:13:40','2023-09-18 03:13:40'),(394,394,'2023-09-18 03:13:40','2023-09-18 03:13:40'),(395,395,'2023-09-18 03:13:40','2023-09-18 03:13:40'),(396,396,'2023-09-18 03:13:40','2023-09-18 03:13:40'),(397,397,'2023-09-18 03:13:40','2023-09-18 03:13:40'),(398,398,'2023-09-18 03:13:40','2023-09-18 03:13:40'),(399,399,'2023-09-18 03:13:40','2023-09-18 03:13:40'),(400,400,'2023-09-18 03:13:40','2023-09-18 03:13:40'),(401,401,'2023-09-18 03:13:40','2023-09-18 03:13:40'),(402,402,'2023-09-18 03:13:40','2023-09-18 03:13:40'),(403,403,'2023-09-18 03:13:40','2023-09-18 03:13:40'),(404,404,'2023-09-18 03:13:40','2023-09-18 03:13:40'),(405,405,'2023-09-18 03:13:40','2023-09-18 03:13:40'),(406,406,'2023-09-18 03:13:40','2023-09-18 03:13:40'),(407,407,'2023-09-18 03:13:40','2023-09-18 03:13:40'),(408,408,'2023-09-18 03:13:40','2023-09-18 03:13:40'),(409,409,'2023-09-18 03:13:40','2023-09-18 03:13:40'),(410,410,'2023-09-18 03:13:40','2023-09-18 03:13:40'),(411,411,'2023-09-18 03:13:40','2023-09-18 03:13:40'),(412,412,'2023-09-18 03:13:40','2023-09-18 03:13:40'),(413,413,'2023-09-18 03:13:40','2023-09-18 03:13:40'),(414,414,'2023-09-18 03:13:40','2023-09-18 03:13:40'),(415,415,'2023-09-18 03:13:40','2023-09-18 03:13:40'),(416,416,'2023-09-18 03:13:40','2023-09-18 03:13:40'),(417,417,'2023-09-18 03:13:40','2023-09-18 03:13:40'),(418,418,'2023-09-18 03:13:40','2023-09-18 03:13:40'),(419,419,'2023-09-18 03:13:40','2023-09-18 03:13:40'),(420,420,'2023-09-18 03:13:40','2023-09-18 03:13:40'),(421,421,'2023-09-18 03:13:40','2023-09-18 03:13:40'),(422,422,'2023-09-18 03:13:40','2023-09-18 03:13:40'),(423,423,'2023-09-18 03:13:40','2023-09-18 03:13:40'),(424,424,'2023-09-18 03:13:40','2023-09-18 03:13:40'),(425,425,'2023-09-18 03:13:40','2023-09-18 03:13:40'),(426,426,'2023-09-18 03:13:40','2023-09-18 03:13:40'),(427,427,'2023-09-18 03:13:40','2023-09-18 03:13:40'),(428,428,'2023-09-18 03:13:40','2023-09-18 03:13:40'),(429,429,'2023-09-18 03:13:40','2023-09-18 03:13:40'),(430,430,'2023-09-18 03:13:40','2023-09-18 03:13:40'),(431,431,'2023-09-18 03:13:40','2023-09-18 03:13:40'),(432,432,'2023-09-18 03:13:40','2023-09-18 03:13:40'),(433,433,'2023-09-18 03:13:40','2023-09-18 03:13:40'),(434,434,'2023-09-18 03:13:40','2023-09-18 03:13:40'),(435,435,'2023-09-18 03:13:40','2023-09-18 03:13:40'),(436,436,'2023-09-18 03:13:40','2023-09-18 03:13:40'),(437,437,'2023-09-18 03:13:40','2023-09-18 03:13:40'),(438,438,'2023-09-18 03:13:40','2023-09-18 03:13:40'),(439,439,'2023-09-18 03:13:40','2023-09-18 03:13:40'),(440,440,'2023-09-18 03:13:40','2023-09-18 03:13:40'),(441,441,'2023-09-18 03:13:40','2023-09-18 03:13:40'),(442,442,'2023-09-18 03:13:40','2023-09-18 03:13:40'),(443,443,'2023-09-18 03:13:40','2023-09-18 03:13:40'),(444,444,'2023-09-18 03:13:40','2023-09-18 03:13:40'),(445,445,'2023-09-18 03:13:40','2023-09-18 03:13:40'),(446,446,'2023-09-18 03:13:40','2023-09-18 03:13:40'),(447,447,'2023-09-18 03:13:40','2023-09-18 03:13:40'),(448,448,'2023-09-18 03:13:40','2023-09-18 03:13:40'),(449,449,'2023-09-18 03:13:40','2023-09-18 03:13:40'),(450,450,'2023-09-18 03:13:40','2023-09-18 03:13:40'),(451,451,'2023-09-18 03:13:40','2023-09-18 03:13:40'),(452,452,'2023-09-18 03:13:40','2023-09-18 03:13:40'),(453,453,'2023-09-18 03:13:40','2023-09-18 03:13:40'),(454,454,'2023-09-18 03:13:40','2023-09-18 03:13:40'),(455,455,'2023-09-18 03:13:40','2023-09-18 03:13:40'),(456,456,'2023-09-18 03:13:40','2023-09-18 03:13:40'),(457,457,'2023-09-18 03:13:40','2023-09-18 03:13:40'),(458,458,'2023-09-18 03:13:40','2023-09-18 03:13:40'),(460,0,'2024-02-20 14:49:29','0000-00-00 00:00:00'),(462,0,'2024-04-15 12:01:38','0000-00-00 00:00:00'),(463,0,'2025-01-29 16:23:51','0000-00-00 00:00:00'),(464,0,'2025-01-29 16:35:36','0000-00-00 00:00:00'),(465,0,'2025-07-14 15:58:33','0000-00-00 00:00:00'),(466,0,'2025-07-15 11:45:45','0000-00-00 00:00:00'),(467,0,'2025-07-30 12:17:28','0000-00-00 00:00:00'),(468,0,'2025-08-26 17:31:47','0000-00-00 00:00:00'),(469,0,'2025-08-26 17:32:18','0000-00-00 00:00:00'),(470,0,'2025-10-09 09:13:00','0000-00-00 00:00:00'),(471,0,'2025-12-04 11:06:21','0000-00-00 00:00:00'),(472,0,'2026-02-10 14:12:38','0000-00-00 00:00:00');

--
-- Table structure for table `oc8d_tmdmodel_description`
--

CREATE TABLE `oc8d_tmdmodel_description` (
  `model_id` int NOT NULL,
  `language_id` int NOT NULL,
  `model` varchar(255) NOT NULL
) ENGINE=InnoDB DEFAULT CHARSET=utf8mb3;

--
-- Dumping data for table `oc8d_tmdmodel_description`
--

INSERT INTO `oc8d_tmdmodel_description` VALUES (0,0,'model'),(1,1,'147'),(2,1,'156'),(3,1,'159'),(4,1,'Brera'),(5,1,'Spider'),(6,1,'MiTo'),(7,1,'A1'),(8,1,'A3'),(9,1,'A4'),(10,1,'A5'),(11,1,'A6'),(12,1,'A7'),(13,1,'A8'),(14,1,'Q2'),(15,1,'Q3'),(16,1,'Q5'),(17,1,'Q7'),(18,1,'S3'),(19,1,'TT'),(20,1,'1-Series'),(21,1,'2-Series'),(22,1,'3-Series'),(23,1,'4-Series'),(24,1,'5-Series'),(25,1,'6-Series'),(26,1,'7-Series'),(27,1,'8-Series'),(28,1,'X Series'),(29,1,'Z Series'),(30,1,'300'),(31,1,'Neon'),(32,1,'PT-Cruiser'),(33,1,'Sebring'),(34,1,'Voyager'),(35,1,'Berlingo'),(36,1,'C2'),(37,1,'C3'),(38,1,'C4'),(39,1,'C5'),(40,1,'C6'),(41,1,'Xsara'),(42,1,'1-5i'),(43,1,'Cielo'),(44,1,'Espero'),(45,1,'Kalos'),(46,1,'Lacetti'),(47,1,'Lanos'),(48,1,'Leganza'),(49,1,'Matiz'),(50,1,'Nubira'),(51,1,'Charade'),(52,1,'Handy-Van'),(53,1,'Sirion'),(54,1,'Terios'),(55,1,'1200'),(56,1,'Advenger'),(57,1,'Caliber'),(58,1,'Nitro'),(59,1,'Journey'),(60,1,'Corsair'),(61,1,'Cortina'),(62,1,'Courier'),(63,1,'Econovan'),(64,1,'Ecosport'),(65,1,'Escape'),(66,1,'Everest'),(67,1,'Explorer'),(68,1,'F-Series'),(69,1,'Falcon'),(70,1,'Fairlane'),(71,1,'Festiva'),(72,1,'Fiesta'),(73,1,'Focus'),(74,1,'Ka'),(75,1,'Kuga'),(76,1,'Laser'),(77,1,'Maverick'),(78,1,'Meteor'),(79,1,'Mondeo'),(80,1,'Mustang'),(81,1,'Raider'),(82,1,'Ranger'),(83,1,'Telstar'),(84,1,'Territory'),(85,1,'Transit'),(86,1,'Transit - Custom'),(87,1,'Escort'),(88,1,'SA220'),(89,1,'V-Series'),(90,1,'X-Series'),(91,1,'500'),(92,1,'Scudo'),(93,1,'Freemont'),(94,1,'Dutro'),(95,1,'Apollo'),(96,1,'Astra'),(97,1,'Barina'),(98,1,'Barina Spark'),(99,1,'Calibra'),(100,1,'Camira'),(101,1,'Captiva'),(102,1,'Combo Van'),(103,1,'Colorado'),(104,1,'Colorado 7'),(105,1,'Commodore'),(106,1,'Cruze'),(107,1,'Epica'),(108,1,'Frontera'),(109,1,'Gemini'),(110,1,'Jackaroo'),(111,1,'Kingswood'),(112,1,'Monaro'),(113,1,'Nova'),(114,1,'Rodeo'),(115,1,'Shuttle'),(116,1,'Statesman'),(117,1,'Tigra'),(118,1,'Trailblazer'),(119,1,'Trax'),(120,1,'Vectra'),(121,1,'Viva'),(122,1,'Zafira'),(123,1,'Accord'),(124,1,'Accord Euro'),(125,1,'City'),(126,1,'Civic'),(127,1,'CR-V'),(128,1,'CRX'),(129,1,'HR-V'),(130,1,'Integra'),(131,1,'Jazz'),(132,1,'MDX'),(133,1,'Odyssey'),(134,1,'Prelude'),(135,1,'S2000'),(136,1,'H3'),(137,1,'Accent'),(138,1,'Coupe'),(139,1,'Elantra'),(140,1,'Excel'),(141,1,'Getz'),(142,1,'Granduer'),(143,1,'i20'),(144,1,'i30'),(145,1,'i40'),(146,1,'i45'),(147,1,'iLoad'),(148,1,'iMax'),(149,1,'Ioniq'),(150,1,'IX35'),(151,1,'Kona'),(152,1,'Lantra'),(153,1,'Santa-Fe'),(154,1,'Sonata'),(155,1,'Terracan'),(156,1,'Tiburon'),(157,1,'Trajet'),(158,1,'Tucson'),(159,1,'Veloster'),(160,1,'D-Max'),(161,1,'MU-X'),(162,1,'G35'),(163,1,'3rd Generation'),(164,1,'Cherokee'),(165,1,'Commander'),(166,1,'Compass'),(167,1,'Grand Cherokee'),(168,1,'Patriot'),(169,1,'Renegade'),(170,1,'Wrangler'),(171,1,'XF'),(172,1,'XJ'),(173,1,'X-Type'),(174,1,'K2700'),(175,1,'Carnival'),(176,1,'Cerato'),(177,1,'Niro'),(178,1,'Optima'),(179,1,'Picanto'),(180,1,'Pregio'),(181,1,'Rio'),(182,1,'Rondo'),(183,1,'Sorento'),(184,1,'Soul'),(185,1,'Sportage'),(186,1,'Stonic'),(187,1,'Defender'),(188,1,'Discovery'),(189,1,'Discovery Sport'),(190,1,'Freelander'),(191,1,'Range Rover'),(192,1,'Ranger Rover Evoque'),(193,1,'Range Rover Sport'),(194,1,'Range Rover Vogue'),(195,1,'CT'),(196,1,'ES'),(197,1,'GS'),(198,1,'IS'),(199,1,'LS'),(200,1,'LX'),(201,1,'NX'),(202,1,'RX'),(203,1,'SC'),(204,1,'2'),(205,1,'3'),(206,1,'6'),(207,1,'121'),(208,1,'323'),(209,1,'626'),(210,1,'929'),(211,1,'B Series / Bravo Ute'),(212,1,'BT-50'),(213,1,'CX-3'),(214,1,'CX-5'),(215,1,'CX-7'),(216,1,'CX-9'),(217,1,'Eunos'),(218,1,'E-Series'),(219,1,'MPV'),(220,1,'MX-5'),(221,1,'MX-6'),(222,1,'Premacy'),(223,1,'RX-7'),(224,1,'RX-8'),(225,1,'Tribute'),(226,1,'A-Class'),(227,1,'B-Class'),(228,1,'C-Class'),(229,1,'CLA'),(230,1,'GLA'),(231,1,'E-Class'),(232,1,'GL-Class'),(233,1,'GLC-Class'),(234,1,'M-Class'),(235,1,'S-Class'),(236,1,'SL-Class'),(237,1,'CLK'),(238,1,'CLS'),(239,1,'SLK'),(240,1,'Sprinter'),(241,1,'Vito'),(242,1,'Cooper'),(243,1,'Clubman'),(244,1,'Countryman'),(245,1,'Paceman'),(246,1,'380'),(247,1,'ASX'),(248,1,'Canter'),(249,1,'Challenger'),(250,1,'Colt'),(251,1,'Eclipse Cross'),(252,1,'Express'),(253,1,'Galant'),(254,1,'Grandis'),(255,1,'L200'),(256,1,'L300'),(257,1,'L400'),(258,1,'Lancer'),(259,1,'Magna'),(260,1,'Mirage'),(261,1,'Nimbus'),(262,1,'Outlander'),(263,1,'Pajero'),(264,1,'Pajero iO'),(265,1,'Pajero Sport'),(266,1,'Sigma'),(267,1,'Triton'),(268,1,'Verada'),(269,1,'350Z'),(270,1,'370Z'),(271,1,'Almera'),(272,1,'Altima'),(273,1,'Bluebird'),(274,1,'Cube'),(275,1,'Dualis'),(276,1,'Elgrand'),(277,1,'Gazelle'),(278,1,'Juke'),(279,1,'Leaf'),(280,1,'Maxima'),(281,1,'Micra'),(282,1,'Murano'),(283,1,'Navara'),(284,1,'Nomad'),(285,1,'NX-Coupe'),(286,1,'Pathfinder'),(287,1,'Patrol'),(288,1,'Pintara'),(289,1,'Pulsar'),(290,1,'Qashqai'),(291,1,'Skyline'),(292,1,'Silvia'),(293,1,'Sunny'),(294,1,'Stanza'),(295,1,'Tiida'),(296,1,'Urvan'),(297,1,'X-Trail'),(298,1,'Vanette'),(299,1,'Astra J'),(300,1,'Insignia'),(301,1,'206'),(302,1,'207'),(303,1,'208'),(304,1,'2008'),(305,1,'305'),(306,1,'306'),(307,1,'307'),(308,1,'308'),(309,1,'3008'),(310,1,'407'),(311,1,'4007'),(312,1,'4008'),(313,1,'504'),(314,1,'5008'),(315,1,'Expert'),(316,1,'Partner'),(317,1,'RCZ'),(318,1,'Cayenne'),(319,1,'Macan'),(320,1,'GEN 2'),(321,1,'Exora'),(322,1,'Jumbuck'),(323,1,'M21'),(324,1,'Persona'),(325,1,'Preve'),(326,1,'Satria'),(327,1,'Suprima'),(328,1,'Wira'),(329,1,'Captur'),(330,1,'Clio'),(331,1,'Fluence'),(332,1,'Kadjar'),(333,1,'Koleos'),(334,1,'Kangoo'),(335,1,'Laguna'),(336,1,'Master'),(337,1,'Megane'),(338,1,'Scenic'),(339,1,'Traffic'),(340,1,'75'),(341,1,'9-3'),(342,1,'900'),(343,1,'9000'),(344,1,'Fabia'),(345,1,'Kamiq'),(346,1,'Karoq'),(347,1,'Kodiaq'),(348,1,'Octavia'),(349,1,'Rapid'),(350,1,'Roomster'),(351,1,'Scala'),(352,1,'Superb'),(353,1,'Yeti'),(354,1,'ForFour'),(355,1,'Actyon'),(356,1,'Kyron'),(357,1,'Rexton'),(358,1,'BRZ'),(359,1,'Forester'),(360,1,'Impreza'),(361,1,'Leone'),(362,1,'Liberty'),(363,1,'Outback'),(364,1,'Tribeca'),(365,1,'XV'),(366,1,'Levorg'),(367,1,'WRX'),(368,1,'Alto'),(369,1,'APV'),(370,1,'Baleno'),(371,1,'Carry'),(372,1,'Grand-Vitara'),(373,1,'Ignis'),(374,1,'Jimny'),(375,1,'Kizashi'),(376,1,'Liana'),(377,1,'Sierra'),(378,1,'Swift'),(379,1,'SX4'),(380,1,'Vitara'),(381,1,'XL-7'),(382,1,'86'),(383,1,'Aurion'),(384,1,'Avalon'),(385,1,'Avensis Verso'),(386,1,'Camry'),(387,1,'Celica'),(388,1,'C-HR'),(389,1,'Coaster'),(390,1,'Corolla'),(391,1,'Corolla Axio/Fielder'),(392,1,'Corona'),(393,1,'Cressida'),(394,1,'Crown'),(395,1,'Dyna'),(396,1,'Echo'),(397,1,'Estima'),(398,1,'Fortuner'),(399,1,'FJ Cruiser'),(400,1,'Granvia'),(401,1,'Hiace'),(402,1,'Hiace SBV'),(403,1,'Hilux'),(404,1,'Kluger'),(405,1,'Landcruiser'),(406,1,'LiteAce'),(407,1,'MR2'),(408,1,'Paseo'),(409,1,'Prado'),(410,1,'Previa'),(411,1,'Prius'),(412,1,'Prius-C'),(413,1,'Prius-V'),(414,1,'Regius'),(415,1,'Rukus'),(416,1,'RAV4'),(417,1,'Spacia'),(418,1,'Starlet'),(419,1,'Tarago'),(420,1,'Townace'),(421,1,'Yaris'),(422,1,'Amarok'),(423,1,'Arteon'),(424,1,'Bora'),(425,1,'Beetle'),(426,1,'Caddy'),(427,1,'Scirocco'),(428,1,'Crafter'),(429,1,'EOS'),(430,1,'Golf'),(431,1,'Jetta'),(432,1,'Passat'),(433,1,'Polo'),(434,1,'Tiguan'),(435,1,'Touareg'),(436,1,'LT Van'),(437,1,'T-Cross'),(438,1,'Transporter / Caravelle'),(439,1,'T-Roc'),(440,1,'up!'),(441,1,'240'),(442,1,'850'),(443,1,'960'),(444,1,'C30'),(445,1,'C70'),(446,1,'S40'),(447,1,'S60'),(448,1,'S80'),(449,1,'S70'),(450,1,'V40'),(451,1,'V50'),(452,1,'V70'),(453,1,'XC60'),(454,1,'XC70'),(455,1,'XC90'),(456,1,'Mechanical'),(457,1,'Accessories'),(458,1,'All'),(460,1,'GLE Class'),(462,1,'I30 CN7'),(463,1,'J1'),(464,1,'J3'),(465,1,'DS 1500'),(466,1,'Clearview Bottom Mirror'),(467,1,'Camaro (Racing)'),(468,1,'Backing Plate (Cartwheel Type)'),(469,1,'Backing Plate (Flat Face Mount Type)'),(470,1,'DT 1500'),(471,1,'Tundra'),(472,1,'F150');

--
-- Table structure for table `oc8d_translation`
--

CREATE TABLE `oc8d_translation` (
  `translation_id` int NOT NULL AUTO_INCREMENT,
  `store_id` int NOT NULL,
  `language_id` int NOT NULL,
  `route` varchar(64) NOT NULL,
  `key` varchar(64) NOT NULL,
  `value` text NOT NULL,
  `date_added` datetime NOT NULL,
  PRIMARY KEY (`translation_id`)
) ENGINE=InnoDB DEFAULT CHARSET=utf8mb4 COLLATE=utf8mb4_0900_ai_ci ROW_FORMAT=DYNAMIC;

--
-- Dumping data for table `oc8d_translation`
--


--
-- Table structure for table `oc8d_upload`
--

CREATE TABLE `oc8d_upload` (
  `upload_id` int NOT NULL AUTO_INCREMENT,
  `name` varchar(255) NOT NULL,
  `filename` varchar(255) NOT NULL,
  `code` varchar(255) NOT NULL,
  `date_added` datetime NOT NULL,
  PRIMARY KEY (`upload_id`)
) ENGINE=InnoDB DEFAULT CHARSET=utf8mb4 COLLATE=utf8mb4_0900_ai_ci ROW_FORMAT=DYNAMIC;

--
-- Dumping data for table `oc8d_upload`
--


--
-- Table structure for table `oc8d_user`
--

CREATE TABLE `oc8d_user` (
  `user_id` int NOT NULL AUTO_INCREMENT,
  `user_group_id` int NOT NULL,
  `username` varchar(20) NOT NULL,
  `password` varchar(255) NOT NULL,
  `firstname` varchar(32) NOT NULL,
  `lastname` varchar(32) NOT NULL,
  `email` varchar(96) NOT NULL,
  `image` varchar(255) NOT NULL DEFAULT '',
  `code` varchar(40) NOT NULL DEFAULT '',
  `ip` varchar(40) NOT NULL DEFAULT '',
  `status` tinyint(1) NOT NULL,
  `date_added` datetime NOT NULL,
  PRIMARY KEY (`user_id`)
) ENGINE=InnoDB AUTO_INCREMENT=7 DEFAULT CHARSET=utf8mb4 COLLATE=utf8mb4_0900_ai_ci ROW_FORMAT=DYNAMIC;

--
-- Dumping data for table `oc8d_user`
--

INSERT INTO `oc8d_user` VALUES (1,1,'Gordon','$2y$10$p9zeObBdNn8tCz2YaDWRoeYssbacSjcEsj23G9OoTNHnWyoXnmFUe','Gordon','Tudor','admin@maxxeshopauto.com','','','49.184.140.40',1,'2023-09-14 03:16:51'),(2,1,'tmd','$2y$10$cQya/TEtlFLnE0oWi0bri.xJWNqG/ftQBbqgR6E8zdM75/d7.o0be','tmd','maxxeshop','gordont@maxxeshop.com','','','103.60.102.82',0,'2023-09-14 09:09:53'),(3,1,'ChatGPT','$2y$10$4gB8ncEAbq3qpKqqbgaaKOUSbDh6wSuNEXE3B4k1ikPRQWyjAL01K','Chat','GPT','test@maxxeshopauto.com','','','154.80.13.181',0,'2023-09-19 11:01:26'),(4,1,'dyisol','$2y$10$IVow1Jj9YnAP9S8BM/gbNeEn/aShc7XF9./Zw3urm6oAF4NWl559a','dyisol','dyisol','dyisol@gmail.com','','','',0,'2023-10-10 23:41:08'),(5,1,'Clearthinking','$2y$10$dYY5F9kEi6V4tbUqM1c2ae3s4f5I.ywBekI2VjzedGLd4jpJwQqQa','Johnathan','Shaw','johnathan@getclearthinking.com','','','98.127.225.23',1,'2023-10-12 06:57:16'),(6,1,'open','$2y$10$TuI7g6T1tOzoNufHex1no.dWNH0cs7AAVvOTQhVaDrfZZl1ZGeG7q','Open','Cart','martextensions@gmail.com','','','103.228.147.253',1,'2024-01-25 13:39:40');

--
-- Table structure for table `oc8d_user_authorize`
--

CREATE TABLE `oc8d_user_authorize` (
  `user_authorize_id` int NOT NULL AUTO_INCREMENT,
  `user_id` int NOT NULL,
  `token` varchar(96) NOT NULL,
  `total` int NOT NULL,
  `ip` varchar(40) NOT NULL,
  `user_agent` varchar(255) NOT NULL,
  `status` tinyint(1) NOT NULL,
  `date_added` datetime NOT NULL,
  PRIMARY KEY (`user_authorize_id`)
) ENGINE=InnoDB DEFAULT CHARSET=utf8mb4 COLLATE=utf8mb4_0900_ai_ci ROW_FORMAT=DYNAMIC;

--
-- Dumping data for table `oc8d_user_authorize`
--


--
-- Table structure for table `oc8d_user_group`
--

CREATE TABLE `oc8d_user_group` (
  `user_group_id` int NOT NULL AUTO_INCREMENT,
  `name` varchar(64) NOT NULL,
  `permission` text NOT NULL,
  PRIMARY KEY (`user_group_id`)
) ENGINE=InnoDB AUTO_INCREMENT=3 DEFAULT CHARSET=utf8mb4 COLLATE=utf8mb4_0900_ai_ci ROW_FORMAT=DYNAMIC;

--
-- Dumping data for table `oc8d_user_group`
--

INSERT INTO `oc8d_user_group` VALUES (1,'Administrator','{\"access\":[\"catalog/attribute\",\"catalog/attribute_group\",\"catalog/category\",\"catalog/download\",\"catalog/filter\",\"catalog/information\",\"catalog/manufacturer\",\"catalog/option\",\"catalog/product\",\"catalog/review\",\"catalog/subscription_plan\",\"common/developer\",\"common/filemanager\",\"common/security\",\"customer/custom_field\",\"customer/customer\",\"customer/customer_approval\",\"customer/customer_group\",\"customer/gdpr\",\"design/banner\",\"design/layout\",\"design/seo_url\",\"design/theme\",\"design/translation\",\"error/exception\",\"extension/analytics\",\"extension/captcha\",\"extension/currency\",\"extension/dashboard\",\"extension/feed\",\"extension/fraud\",\"extension/language\",\"extension/module\",\"extension/other\",\"extension/payment\",\"extension/report\",\"extension/shipping\",\"extension/theme\",\"extension/total\",\"localisation/address_format\",\"localisation/country\",\"localisation/currency\",\"localisation/geo_zone\",\"localisation/language\",\"localisation/length_class\",\"localisation/location\",\"localisation/order_status\",\"localisation/return_action\",\"localisation/return_reason\",\"localisation/return_status\",\"localisation/stock_status\",\"localisation/subscription_status\",\"localisation/tax_class\",\"localisation/tax_rate\",\"localisation/weight_class\",\"localisation/zone\",\"logo_tool/admin_logo\",\"logo_tool/admin_logo_old\",\"mail/affiliate\",\"mail/authorize\",\"mail/customer\",\"mail/forgotten\",\"mail/gdpr\",\"mail/returns\",\"mail/reward\",\"mail/subscription\",\"mail/transaction\",\"mail/voucher\",\"marketing/affiliate\",\"marketing/contact\",\"marketing/coupon\",\"marketing/marketing\",\"marketplace/api\",\"marketplace/cron\",\"marketplace/event\",\"marketplace/extension\",\"marketplace/installer\",\"marketplace/marketplace\",\"marketplace/promotion\",\"marketplace/startup\",\"report/online\",\"report/report\",\"report/statistics\",\"sale/crm_center\",\"sale/crm_center\",\"sale/crm_center\",\"sale/crm_center\",\"sale/order\",\"sale/returns\",\"sale/subscription\",\"sale/voucher\",\"sale/voucher_theme\",\"setting/setting\",\"setting/store\",\"tool/backup\",\"tool/log\",\"tool/notification\",\"tool/upgrade\",\"tool/upload\",\"user/api\",\"user/profile\",\"user/user\",\"user/user_permission\",\"extension/aged_debtors/module/aged_debtors\",\"extension/ausfactory_parts_reply/module/parts_reply\",\"extension/ausfactory_stripe/payment/ausfactory_stripe\",\"extension/bulk_product_editing_pro/module/bulk_product_editing_pro\",\"extension/category_product_based/shipping/category_product_based\",\"extension/contactform/module/contactform\",\"extension/edit_order_line_items/module/edit_order_line_items\",\"extension/googleshopping/module/google\",\"extension/googletagmanager/analytics/gtm\",\"extension/gpt_completion/module/gpt_completion\",\"extension/huntbee_seo_aigen/module/hb_aigen\",\"extension/maintenancemodeplus/module/maintenancemodeplus\",\"extension/meordermanager/me_order_manager\",\"extension/meordermanager/module/me_order_manager_setting\",\"extension/nn_payment_custom/payment/nn_custom\",\"extension/opencart/captcha/basic\",\"extension/opencart/currency/ecb\",\"extension/opencart/currency/fixer\",\"extension/opencart/dashboard/activity\",\"extension/opencart/dashboard/chart\",\"extension/opencart/dashboard/customer\",\"extension/opencart/dashboard/map\",\"extension/opencart/dashboard/online\",\"extension/opencart/dashboard/order\",\"extension/opencart/dashboard/recent\",\"extension/opencart/dashboard/sale\",\"extension/opencart/fraud/ip\",\"extension/opencart/module/account\",\"extension/opencart/module/banner\",\"extension/opencart/module/bestseller\",\"extension/opencart/module/category\",\"extension/opencart/module/featured\",\"extension/opencart/module/filter\",\"extension/opencart/module/html\",\"extension/opencart/module/information\",\"extension/opencart/module/latest\",\"extension/opencart/module/special\",\"extension/opencart/module/store\",\"extension/opencart/payment/bank_transfer\",\"extension/opencart/payment/cheque\",\"extension/opencart/payment/cod\",\"extension/opencart/payment/free_checkout\",\"extension/opencart/report/customer_activity\",\"extension/opencart/report/customer_order\",\"extension/opencart/report/customer_reward\",\"extension/opencart/report/customer_search\",\"extension/opencart/report/customer_subscription\",\"extension/opencart/report/customer_transaction\",\"extension/opencart/report/marketing\",\"extension/opencart/report/product_purchased\",\"extension/opencart/report/product_viewed\",\"extension/opencart/report/sale_coupon\",\"extension/opencart/report/sale_order\",\"extension/opencart/report/sale_return\",\"extension/opencart/report/sale_shipping\",\"extension/opencart/report/sale_tax\",\"extension/opencart/shipping/flat\",\"extension/opencart/shipping/free\",\"extension/opencart/shipping/item\",\"extension/opencart/shipping/pickup\",\"extension/opencart/shipping/weight\",\"extension/opencart/theme/basic\",\"extension/opencart/total/coupon\",\"extension/opencart/total/credit\",\"extension/opencart/total/handling\",\"extension/opencart/total/low_order_fee\",\"extension/opencart/total/reward\",\"extension/opencart/total/shipping\",\"extension/opencart/total/sub_total\",\"extension/opencart/total/tax\",\"extension/opencart/total/total\",\"extension/opencart/total/voucher\",\"extension/ordertotaldiscountrules/total/discountrule\",\"extension/paypal_payment_gateway/payment/paypal_payment_gateway\",\"extension/ponumchk/payment/ponumchk\",\"extension/ppexpress/payment/pp_express\",\"extension/stripe/payment/stripe\",\"extension/tmdmegamenu/module/megaheader\",\"extension/tmdmegamenu/tmdmenu/megaheader\",\"extension/tmdpdfinvoicepro/module/tmdpdfinvoice\",\"extension/tmdpdfinvoicepro/tmd/pdf\",\"extension/tmdproductmanager/module/quickproduct\",\"extension/tmdproductmanager/tmd/quickproduct\",\"extension/tmdrestrictproduct/module/tmdrestrict\",\"extension/tmdrestrictproduct/tmd/tmdrestrict\",\"extension/tmdymm/module/menuymm\",\"extension/tmdymm/module/tmdymmsetting\",\"extension/tmdymm/module/ymm\",\"extension/tmdymm/tmd/tmd_importexport\",\"extension/tmdymm/tmd/tmdengine\",\"extension/tmdymm/tmd/tmdmake\",\"extension/tmdymm/tmd/tmdmodel\",\"extension/zeneditor/module/zeneditor\",\"extension/ausfactory_auto/theme/ausfactory_auto\",\"extension/ausfactory_auto/module/ausfactory_home\",\"extension/ausfactory_auto_overlay/module/auto_home\"],\"modify\":[\"catalog/attribute\",\"catalog/attribute_group\",\"catalog/category\",\"catalog/download\",\"catalog/filter\",\"catalog/information\",\"catalog/manufacturer\",\"catalog/option\",\"catalog/product\",\"catalog/review\",\"catalog/subscription_plan\",\"common/developer\",\"common/filemanager\",\"common/security\",\"customer/custom_field\",\"customer/customer\",\"customer/customer_approval\",\"customer/customer_group\",\"customer/gdpr\",\"design/banner\",\"design/layout\",\"design/seo_url\",\"design/theme\",\"design/translation\",\"error/exception\",\"extension/analytics\",\"extension/captcha\",\"extension/currency\",\"extension/dashboard\",\"extension/feed\",\"extension/fraud\",\"extension/language\",\"extension/module\",\"extension/other\",\"extension/payment\",\"extension/report\",\"extension/shipping\",\"extension/theme\",\"extension/total\",\"localisation/address_format\",\"localisation/country\",\"localisation/currency\",\"localisation/geo_zone\",\"localisation/language\",\"localisation/length_class\",\"localisation/location\",\"localisation/order_status\",\"localisation/return_action\",\"localisation/return_reason\",\"localisation/return_status\",\"localisation/stock_status\",\"localisation/subscription_status\",\"localisation/tax_class\",\"localisation/tax_rate\",\"localisation/weight_class\",\"localisation/zone\",\"logo_tool/admin_logo\",\"logo_tool/admin_logo_old\",\"mail/affiliate\",\"mail/authorize\",\"mail/customer\",\"mail/forgotten\",\"mail/gdpr\",\"mail/returns\",\"mail/reward\",\"mail/subscription\",\"mail/transaction\",\"mail/voucher\",\"marketing/affiliate\",\"marketing/contact\",\"marketing/coupon\",\"marketing/marketing\",\"marketplace/api\",\"marketplace/cron\",\"marketplace/event\",\"marketplace/extension\",\"marketplace/installer\",\"marketplace/marketplace\",\"marketplace/promotion\",\"marketplace/startup\",\"report/online\",\"report/report\",\"report/statistics\",\"sale/crm_center\",\"sale/crm_center\",\"sale/crm_center\",\"sale/crm_center\",\"sale/order\",\"sale/returns\",\"sale/subscription\",\"sale/voucher\",\"sale/voucher_theme\",\"setting/setting\",\"setting/store\",\"tool/backup\",\"tool/log\",\"tool/notification\",\"tool/upgrade\",\"tool/upload\",\"user/api\",\"user/profile\",\"user/user\",\"user/user_permission\",\"extension/aged_debtors/module/aged_debtors\",\"extension/ausfactory_parts_reply/module/parts_reply\",\"extension/ausfactory_stripe/payment/ausfactory_stripe\",\"extension/bulk_product_editing_pro/module/bulk_product_editing_pro\",\"extension/category_product_based/shipping/category_product_based\",\"extension/contactform/module/contactform\",\"extension/edit_order_line_items/module/edit_order_line_items\",\"extension/googleshopping/module/google\",\"extension/googletagmanager/analytics/gtm\",\"extension/gpt_completion/module/gpt_completion\",\"extension/huntbee_seo_aigen/module/hb_aigen\",\"extension/maintenancemodeplus/module/maintenancemodeplus\",\"extension/meordermanager/me_order_manager\",\"extension/meordermanager/module/me_order_manager_setting\",\"extension/nn_payment_custom/payment/nn_custom\",\"extension/opencart/captcha/basic\",\"extension/opencart/currency/ecb\",\"extension/opencart/currency/fixer\",\"extension/opencart/dashboard/activity\",\"extension/opencart/dashboard/chart\",\"extension/opencart/dashboard/customer\",\"extension/opencart/dashboard/map\",\"extension/opencart/dashboard/online\",\"extension/opencart/dashboard/order\",\"extension/opencart/dashboard/recent\",\"extension/opencart/dashboard/sale\",\"extension/opencart/fraud/ip\",\"extension/opencart/module/account\",\"extension/opencart/module/banner\",\"extension/opencart/module/bestseller\",\"extension/opencart/module/category\",\"extension/opencart/module/featured\",\"extension/opencart/module/filter\",\"extension/opencart/module/html\",\"extension/opencart/module/information\",\"extension/opencart/module/latest\",\"extension/opencart/module/special\",\"extension/opencart/module/store\",\"extension/opencart/payment/bank_transfer\",\"extension/opencart/payment/cheque\",\"extension/opencart/payment/cod\",\"extension/opencart/payment/free_checkout\",\"extension/opencart/report/customer_activity\",\"extension/opencart/report/customer_order\",\"extension/opencart/report/customer_reward\",\"extension/opencart/report/customer_search\",\"extension/opencart/report/customer_subscription\",\"extension/opencart/report/customer_transaction\",\"extension/opencart/report/marketing\",\"extension/opencart/report/product_purchased\",\"extension/opencart/report/product_viewed\",\"extension/opencart/report/sale_coupon\",\"extension/opencart/report/sale_order\",\"extension/opencart/report/sale_return\",\"extension/opencart/report/sale_shipping\",\"extension/opencart/report/sale_tax\",\"extension/opencart/shipping/flat\",\"extension/opencart/shipping/free\",\"extension/opencart/shipping/item\",\"extension/opencart/shipping/pickup\",\"extension/opencart/shipping/weight\",\"extension/opencart/theme/basic\",\"extension/opencart/total/coupon\",\"extension/opencart/total/credit\",\"extension/opencart/total/handling\",\"extension/opencart/total/low_order_fee\",\"extension/opencart/total/reward\",\"extension/opencart/total/shipping\",\"extension/opencart/total/sub_total\",\"extension/opencart/total/tax\",\"extension/opencart/total/total\",\"extension/opencart/total/voucher\",\"extension/ordertotaldiscountrules/total/discountrule\",\"extension/paypal_payment_gateway/payment/paypal_payment_gateway\",\"extension/ponumchk/payment/ponumchk\",\"extension/ppexpress/payment/pp_express\",\"extension/stripe/payment/stripe\",\"extension/tmdmegamenu/module/megaheader\",\"extension/tmdmegamenu/tmdmenu/megaheader\",\"extension/tmdpdfinvoicepro/module/tmdpdfinvoice\",\"extension/tmdpdfinvoicepro/tmd/pdf\",\"extension/tmdproductmanager/module/quickproduct\",\"extension/tmdproductmanager/tmd/quickproduct\",\"extension/tmdrestrictproduct/module/tmdrestrict\",\"extension/tmdrestrictproduct/tmd/tmdrestrict\",\"extension/tmdymm/module/menuymm\",\"extension/tmdymm/module/tmdymmsetting\",\"extension/tmdymm/module/ymm\",\"extension/tmdymm/tmd/tmd_importexport\",\"extension/tmdymm/tmd/tmdengine\",\"extension/tmdymm/tmd/tmdmake\",\"extension/tmdymm/tmd/tmdmodel\",\"extension/zeneditor/module/zeneditor\",\"extension/ausfactory_auto/theme/ausfactory_auto\",\"extension/ausfactory_auto/module/ausfactory_home\",\"extension/ausfactory_auto_overlay/module/auto_home\"]}'),(2,'Demonstration','{\"access\":[\"marketplace/extension\",\"setting/setting\"],\"modify\":[\"marketplace/extension\",\"setting/setting\"]}');

--
-- Table structure for table `oc8d_user_login`
--

CREATE TABLE `oc8d_user_login` (
  `user_login_id` int NOT NULL AUTO_INCREMENT,
  `user_id` int NOT NULL,
  `ip` varchar(40) NOT NULL,
  `user_agent` varchar(255) NOT NULL,
  `date_added` datetime NOT NULL,
  PRIMARY KEY (`user_login_id`)
) ENGINE=InnoDB AUTO_INCREMENT=1777 DEFAULT CHARSET=utf8mb4 COLLATE=utf8mb4_0900_ai_ci ROW_FORMAT=DYNAMIC;

--
-- Dumping data for table `oc8d_user_login`
--

INSERT INTO `oc8d_user_login` VALUES (1,1,'14.201.8.4','Mozilla/5.0 (Windows NT 10.0; Win64; x64) AppleWebKit/537.36 (KHTML, like Gecko) Chrome/116.0.0.0 Safari/537.36 Edg/116.0.1938.76','2023-09-14 03:17:53'),(2,1,'14.201.8.4','Mozilla/5.0 (Windows NT 10.0; Win64; x64) AppleWebKit/537.36 (KHTML, like Gecko) Chrome/116.0.0.0 Safari/537.36 Edg/116.0.1938.76','2023-09-14 03:18:50'),(3,1,'14.201.8.4','Mozilla/5.0 (Windows NT 10.0; Win64; x64) AppleWebKit/537.36 (KHTML, like Gecko) Chrome/116.0.0.0 Safari/537.36 Edg/116.0.1938.76','2023-09-14 04:53:30'),(4,1,'14.201.8.4','Mozilla/5.0 (Windows NT 10.0; Win64; x64) AppleWebKit/537.36 (KHTML, like Gecko) Chrome/116.0.0.0 Safari/537.36 Edg/116.0.1938.76','2023-09-14 05:40:39'),(5,1,'118.209.239.103','Mozilla/5.0 (Macintosh; Intel Mac OS X 10_15_7) AppleWebKit/537.36 (KHTML, like Gecko) Chrome/116.0.0.0 Safari/537.36 Edg/116.0.1938.69','2023-09-14 09:07:47'),(6,2,'103.60.102.82','Mozilla/5.0 (Windows NT 10.0; Win64; x64) AppleWebKit/537.36 (KHTML, like Gecko) Chrome/109.0.0.0 Safari/537.36','2023-09-14 21:05:09'),(7,1,'118.209.239.103','Mozilla/5.0 (Macintosh; Intel Mac OS X 10_15_7) AppleWebKit/537.36 (KHTML, like Gecko) Chrome/116.0.0.0 Safari/537.36 Edg/116.0.1938.69','2023-09-15 00:28:45'),(8,1,'118.209.239.103','Mozilla/5.0 (Macintosh; Intel Mac OS X 10_15_7) AppleWebKit/537.36 (KHTML, like Gecko) Chrome/116.0.0.0 Safari/537.36 Edg/116.0.1938.69','2023-09-15 06:02:38'),(9,1,'14.201.8.4','Mozilla/5.0 (Windows NT 10.0; Win64; x64) AppleWebKit/537.36 (KHTML, like Gecko) Chrome/116.0.0.0 Safari/537.36 Edg/116.0.1938.76','2023-09-15 09:59:49'),(10,1,'14.201.8.4','Mozilla/5.0 (Windows NT 10.0; Win64; x64) AppleWebKit/537.36 (KHTML, like Gecko) Chrome/116.0.0.0 Safari/537.36 Edg/116.0.1938.76','2023-09-15 10:01:14'),(11,1,'14.201.8.4','Mozilla/5.0 (Windows NT 10.0; Win64; x64) AppleWebKit/537.36 (KHTML, like Gecko) Chrome/116.0.0.0 Safari/537.36 Edg/116.0.1938.76','2023-09-15 14:45:09'),(12,1,'118.209.239.103','Mozilla/5.0 (Macintosh; Intel Mac OS X 10_15_7) AppleWebKit/537.36 (KHTML, like Gecko) Chrome/116.0.0.0 Safari/537.36 Edg/116.0.1938.69','2023-09-15 18:29:43'),(13,1,'118.209.239.103','Mozilla/5.0 (Macintosh; Intel Mac OS X 10_15_7) AppleWebKit/537.36 (KHTML, like Gecko) Chrome/116.0.0.0 Safari/537.36 Edg/116.0.1938.69','2023-09-16 06:29:13'),(14,1,'14.201.8.4','Mozilla/5.0 (Windows NT 10.0; Win64; x64) AppleWebKit/537.36 (KHTML, like Gecko) Chrome/116.0.0.0 Safari/537.36 Edg/116.0.1938.76','2023-09-18 09:35:30'),(15,1,'118.209.239.103','Mozilla/5.0 (Macintosh; Intel Mac OS X 10_15_7) AppleWebKit/537.36 (KHTML, like Gecko) Chrome/116.0.0.0 Safari/537.36 Edg/116.0.1938.69','2023-09-18 12:49:29'),(16,1,'14.201.8.4','Mozilla/5.0 (Windows NT 10.0; Win64; x64) AppleWebKit/537.36 (KHTML, like Gecko) Chrome/117.0.0.0 Safari/537.36 Edg/117.0.2045.31','2023-09-18 16:52:33'),(17,1,'14.201.8.4','Mozilla/5.0 (Windows NT 10.0; Win64; x64) AppleWebKit/537.36 (KHTML, like Gecko) Chrome/116.0.0.0 Safari/537.36','2023-09-19 10:22:31'),(18,1,'14.201.8.4','Mozilla/5.0 (Windows NT 10.0; Win64; x64) AppleWebKit/537.36 (KHTML, like Gecko) Chrome/117.0.0.0 Safari/537.36 Edg/117.0.2045.31','2023-09-19 10:53:43'),(19,1,'14.201.8.4','Mozilla/5.0 (Windows NT 10.0; Win64; x64) AppleWebKit/537.36 (KHTML, like Gecko) Chrome/117.0.0.0 Safari/537.36 Edg/117.0.2045.31','2023-09-19 12:09:54'),(20,3,'14.201.8.4','Mozilla/5.0 (Windows NT 10.0; Win64; x64) AppleWebKit/537.36 (KHTML, like Gecko) Chrome/117.0.0.0 Safari/537.36 Edg/117.0.2045.31','2023-09-19 12:13:13'),(21,1,'14.201.8.4','Mozilla/5.0 (Windows NT 10.0; Win64; x64) AppleWebKit/537.36 (KHTML, like Gecko) Chrome/117.0.0.0 Safari/537.36 Edg/117.0.2045.31','2023-09-19 12:14:28'),(22,1,'14.201.8.4','Mozilla/5.0 (Windows NT 10.0; Win64; x64) AppleWebKit/537.36 (KHTML, like Gecko) Chrome/117.0.0.0 Safari/537.36 Edg/117.0.2045.31','2023-09-19 12:14:59'),(23,3,'154.80.5.234','Mozilla/5.0 (Linux; Android 11; vivo 1901) AppleWebKit/537.36 (KHTML, like Gecko) Chrome/85.0.4183.81 Mobile Safari/537.36','2023-09-19 12:24:44'),(24,1,'118.209.239.103','Mozilla/5.0 (Macintosh; Intel Mac OS X 10_15_7) AppleWebKit/537.36 (KHTML, like Gecko) Chrome/116.0.0.0 Safari/537.36 Edg/116.0.1938.69','2023-09-19 21:45:42'),(25,1,'118.209.239.103','Mozilla/5.0 (Macintosh; Intel Mac OS X 10_15_7) AppleWebKit/537.36 (KHTML, like Gecko) Chrome/116.0.0.0 Safari/537.36 Edg/116.0.1938.69','2023-09-19 22:44:19'),(26,3,'154.80.29.28','Mozilla/5.0 (Windows NT 10.0; Win64; x64) AppleWebKit/537.36 (KHTML, like Gecko) Chrome/109.0.0.0 Safari/537.36','2023-09-20 00:30:30'),(27,3,'39.52.224.83','Mozilla/5.0 (Windows NT 10.0; Win64; x64) AppleWebKit/537.36 (KHTML, like Gecko) Chrome/109.0.0.0 Safari/537.36','2023-09-20 00:51:30'),(28,1,'124.148.81.211','Mozilla/5.0 (Macintosh; Intel Mac OS X 10_15_7) AppleWebKit/537.36 (KHTML, like Gecko) Chrome/116.0.0.0 Safari/537.36 Edg/116.0.1938.69','2023-09-20 06:14:45'),(29,1,'14.201.8.4','Mozilla/5.0 (Windows NT 10.0; Win64; x64) AppleWebKit/537.36 (KHTML, like Gecko) Chrome/117.0.0.0 Safari/537.36 Edg/117.0.2045.31','2023-09-20 12:27:22'),(30,3,'154.81.235.32','Mozilla/5.0 (Windows NT 10.0; Win64; x64) AppleWebKit/537.36 (KHTML, like Gecko) Chrome/109.0.0.0 Safari/537.36','2023-09-20 13:09:41'),(31,1,'14.201.8.4','Mozilla/5.0 (Windows NT 10.0; Win64; x64) AppleWebKit/537.36 (KHTML, like Gecko) Chrome/117.0.0.0 Safari/537.36 Edg/117.0.2045.31','2023-09-20 13:45:11'),(32,1,'14.201.8.4','Mozilla/5.0 (Windows NT 10.0; Win64; x64) AppleWebKit/537.36 (KHTML, like Gecko) Chrome/117.0.0.0 Safari/537.36 Edg/117.0.2045.31','2023-09-20 14:25:45'),(33,1,'124.148.81.211','Mozilla/5.0 (Macintosh; Intel Mac OS X 10_15_7) AppleWebKit/537.36 (KHTML, like Gecko) Chrome/116.0.0.0 Safari/537.36 Edg/116.0.1938.69','2023-09-20 18:57:04'),(34,3,'154.81.239.71','Mozilla/5.0 (Windows NT 10.0; Win64; x64) AppleWebKit/537.36 (KHTML, like Gecko) Chrome/109.0.0.0 Safari/537.36','2023-09-20 22:26:59'),(35,1,'124.148.81.211','Mozilla/5.0 (Macintosh; Intel Mac OS X 10_15_7) AppleWebKit/537.36 (KHTML, like Gecko) Chrome/116.0.0.0 Safari/537.36 Edg/116.0.1938.69','2023-09-21 06:29:04'),(36,1,'14.201.8.4','Mozilla/5.0 (Windows NT 10.0; Win64; x64) AppleWebKit/537.36 (KHTML, like Gecko) Chrome/117.0.0.0 Safari/537.36 Edg/117.0.2045.31','2023-09-21 12:21:01'),(37,1,'14.201.8.4','Mozilla/5.0 (Windows NT 10.0; Win64; x64) AppleWebKit/537.36 (KHTML, like Gecko) Chrome/116.0.0.0 Safari/537.36 Edg/116.0.1938.76','2023-09-21 13:38:24'),(38,1,'14.201.8.4','Mozilla/5.0 (Windows NT 10.0; Win64; x64) AppleWebKit/537.36 (KHTML, like Gecko) Chrome/116.0.0.0 Safari/537.36 Edg/116.0.1938.76','2023-09-21 13:39:47'),(39,1,'14.201.8.4','Mozilla/5.0 (Windows NT 10.0; Win64; x64) AppleWebKit/537.36 (KHTML, like Gecko) Chrome/116.0.0.0 Safari/537.36 Edg/116.0.1938.76','2023-09-21 13:43:17'),(40,1,'14.201.8.4','Mozilla/5.0 (Windows NT 10.0; Win64; x64) AppleWebKit/537.36 (KHTML, like Gecko) Chrome/116.0.0.0 Safari/537.36 Edg/116.0.1938.76','2023-09-21 13:47:05'),(41,1,'14.201.8.4','Mozilla/5.0 (Windows NT 10.0; Win64; x64) AppleWebKit/537.36 (KHTML, like Gecko) Chrome/117.0.0.0 Safari/537.36 Edg/117.0.2045.31','2023-09-21 16:45:56'),(42,1,'124.148.81.211','Mozilla/5.0 (Macintosh; Intel Mac OS X 10_14_6) AppleWebKit/605.1.15 (KHTML, like Gecko) Version/14.1.2 Safari/605.1.15','2023-09-21 17:20:59'),(43,1,'14.201.8.4','Mozilla/5.0 (Windows NT 10.0; Win64; x64) AppleWebKit/537.36 (KHTML, like Gecko) Chrome/117.0.0.0 Safari/537.36 Edg/117.0.2045.36','2023-09-22 09:16:19'),(44,1,'14.201.8.4','Mozilla/5.0 (Windows NT 10.0; Win64; x64) AppleWebKit/537.36 (KHTML, like Gecko) Chrome/117.0.0.0 Safari/537.36 Edg/117.0.2045.36','2023-09-22 10:34:13'),(45,1,'124.148.81.211','Mozilla/5.0 (Macintosh; Intel Mac OS X 10_15_7) AppleWebKit/537.36 (KHTML, like Gecko) Chrome/116.0.0.0 Safari/537.36 Edg/116.0.1938.69','2023-09-23 07:13:59'),(46,1,'14.201.8.4','Mozilla/5.0 (Windows NT 10.0; Win64; x64) AppleWebKit/537.36 (KHTML, like Gecko) Chrome/117.0.0.0 Safari/537.36 Edg/117.0.2045.36','2023-09-26 10:25:41'),(47,1,'14.201.8.4','Mozilla/5.0 (Windows NT 10.0; Win64; x64) AppleWebKit/537.36 (KHTML, like Gecko) Chrome/117.0.0.0 Safari/537.36 Edg/117.0.2045.41','2023-09-26 17:06:02'),(48,1,'124.148.81.211','Mozilla/5.0 (Macintosh; Intel Mac OS X 10_15_7) AppleWebKit/537.36 (KHTML, like Gecko) Chrome/116.0.0.0 Safari/537.36 Edg/116.0.1938.69','2023-09-27 06:39:25'),(49,1,'124.148.81.211','Mozilla/5.0 (Macintosh; Intel Mac OS X 10_15_7) AppleWebKit/537.36 (KHTML, like Gecko) Chrome/116.0.0.0 Safari/537.36 Edg/116.0.1938.69','2023-09-28 12:36:39'),(50,1,'124.148.81.211','Mozilla/5.0 (Macintosh; Intel Mac OS X 10_15_7) AppleWebKit/537.36 (KHTML, like Gecko) Chrome/116.0.0.0 Safari/537.36 Edg/116.0.1938.69','2023-09-29 05:26:53'),(51,1,'124.148.81.211','Mozilla/5.0 (Macintosh; Intel Mac OS X 10_15_7) AppleWebKit/537.36 (KHTML, like Gecko) Chrome/116.0.0.0 Safari/537.36 Edg/116.0.1938.69','2023-09-30 06:14:10'),(52,1,'124.148.81.211','Mozilla/5.0 (Macintosh; Intel Mac OS X 10_15_7) AppleWebKit/537.36 (KHTML, like Gecko) Chrome/116.0.0.0 Safari/537.36 Edg/116.0.1938.69','2023-09-30 20:40:59'),(53,1,'14.201.8.4','Mozilla/5.0 (Windows NT 10.0; Win64; x64) AppleWebKit/537.36 (KHTML, like Gecko) Chrome/117.0.0.0 Safari/537.36 Edg/117.0.2045.36','2023-10-03 09:34:20'),(54,1,'14.201.8.4','Mozilla/5.0 (Windows NT 10.0; Win64; x64) AppleWebKit/537.36 (KHTML, like Gecko) Chrome/117.0.0.0 Safari/537.36 Edg/117.0.2045.41','2023-10-03 10:35:09'),(55,1,'14.201.8.4','Mozilla/5.0 (Windows NT 10.0; Win64; x64) AppleWebKit/537.36 (KHTML, like Gecko) Chrome/117.0.0.0 Safari/537.36 Edg/117.0.2045.41','2023-10-03 10:44:54'),(56,1,'14.201.8.4','Mozilla/5.0 (Windows NT 10.0; Win64; x64) AppleWebKit/537.36 (KHTML, like Gecko) Chrome/117.0.0.0 Safari/537.36 Edg/117.0.2045.41','2023-10-03 10:50:22'),(57,1,'124.148.81.211','Mozilla/5.0 (Macintosh; Intel Mac OS X 10_15_7) AppleWebKit/537.36 (KHTML, like Gecko) Chrome/116.0.0.0 Safari/537.36 Edg/116.0.1938.69','2023-10-03 11:54:08'),(58,1,'124.148.81.211','Mozilla/5.0 (Macintosh; Intel Mac OS X 10_15_7) AppleWebKit/537.36 (KHTML, like Gecko) Chrome/116.0.0.0 Safari/537.36 Edg/116.0.1938.69','2023-10-03 15:53:42'),(59,1,'124.148.81.211','Mozilla/5.0 (Macintosh; Intel Mac OS X 10_15_7) AppleWebKit/537.36 (KHTML, like Gecko) Chrome/116.0.0.0 Safari/537.36 Edg/116.0.1938.69','2023-10-04 02:53:00'),(60,1,'14.201.8.4','Mozilla/5.0 (Windows NT 10.0; Win64; x64) AppleWebKit/537.36 (KHTML, like Gecko) Chrome/117.0.0.0 Safari/537.36 Edg/117.0.2045.47','2023-10-04 11:33:50'),(61,1,'14.201.8.4','Mozilla/5.0 (Windows NT 10.0; Win64; x64) AppleWebKit/537.36 (KHTML, like Gecko) Chrome/117.0.0.0 Safari/537.36 Edg/117.0.2045.47','2023-10-04 15:23:08'),(62,1,'14.201.8.4','Mozilla/5.0 (Windows NT 10.0; Win64; x64) AppleWebKit/537.36 (KHTML, like Gecko) Chrome/117.0.0.0 Safari/537.36 Edg/117.0.2045.47','2023-10-05 10:21:04'),(63,1,'14.201.8.4','Mozilla/5.0 (Windows NT 10.0; Win64; x64) AppleWebKit/537.36 (KHTML, like Gecko) Chrome/117.0.0.0 Safari/537.36 Edg/117.0.2045.47','2023-10-05 14:27:02'),(64,1,'14.201.8.4','Mozilla/5.0 (Windows NT 10.0; Win64; x64) AppleWebKit/537.36 (KHTML, like Gecko) Chrome/117.0.0.0 Safari/537.36 Edg/117.0.2045.47','2023-10-06 11:43:12'),(65,1,'14.201.8.4','Mozilla/5.0 (Windows NT 10.0; Win64; x64) AppleWebKit/537.36 (KHTML, like Gecko) Chrome/117.0.0.0 Safari/537.36 Edg/117.0.2045.47','2023-10-09 09:42:46'),(66,1,'220.244.110.149','Mozilla/5.0 (Macintosh; Intel Mac OS X 10_14_6) AppleWebKit/605.1.15 (KHTML, like Gecko) Version/14.1.2 Safari/605.1.15','2023-10-10 08:14:25'),(67,1,'220.244.110.149','Mozilla/5.0 (Macintosh; Intel Mac OS X 10_14_6) AppleWebKit/605.1.15 (KHTML, like Gecko) Version/14.1.2 Safari/605.1.15','2023-10-10 08:22:55'),(68,1,'220.244.110.149','Mozilla/5.0 (Macintosh; Intel Mac OS X 10_14_6) AppleWebKit/605.1.15 (KHTML, like Gecko) Version/14.1.2 Safari/605.1.15','2023-10-10 08:51:06'),(69,1,'14.201.8.4','Mozilla/5.0 (Windows NT 10.0; Win64; x64) AppleWebKit/537.36 (KHTML, like Gecko) Chrome/117.0.0.0 Safari/537.36 Edg/117.0.2045.47','2023-10-10 09:33:27'),(70,1,'14.201.8.4','Mozilla/5.0 (Windows NT 10.0; Win64; x64) AppleWebKit/537.36 (KHTML, like Gecko) Chrome/117.0.0.0 Safari/537.36 Edg/117.0.2045.47','2023-10-10 09:49:25'),(71,1,'14.201.8.4','Mozilla/5.0 (Windows NT 10.0; Win64; x64) AppleWebKit/537.36 (KHTML, like Gecko) Chrome/117.0.0.0 Safari/537.36 Edg/117.0.2045.47','2023-10-10 09:50:39'),(72,1,'14.201.8.4','Mozilla/5.0 (Windows NT 10.0; Win64; x64) AppleWebKit/537.36 (KHTML, like Gecko) Chrome/117.0.0.0 Safari/537.36 Edg/117.0.2045.47','2023-10-10 09:51:02'),(73,1,'14.201.8.4','Mozilla/5.0 (Windows NT 10.0; Win64; x64) AppleWebKit/537.36 (KHTML, like Gecko) Chrome/117.0.0.0 Safari/537.36 Edg/117.0.2045.47','2023-10-10 09:51:42'),(74,1,'220.244.110.149','Mozilla/5.0 (Macintosh; Intel Mac OS X 10_14_6) AppleWebKit/605.1.15 (KHTML, like Gecko) Version/14.1.2 Safari/605.1.15','2023-10-10 22:01:21'),(75,1,'220.244.110.149','Mozilla/5.0 (Macintosh; Intel Mac OS X 10_14_6) AppleWebKit/605.1.15 (KHTML, like Gecko) Version/14.1.2 Safari/605.1.15','2023-10-10 22:06:37'),(76,1,'220.244.110.149','Mozilla/5.0 (Macintosh; Intel Mac OS X 10_14_6) AppleWebKit/605.1.15 (KHTML, like Gecko) Version/14.1.2 Safari/605.1.15','2023-10-10 22:12:13'),(77,1,'220.244.110.149','Mozilla/5.0 (Macintosh; Intel Mac OS X 10_14_6) AppleWebKit/605.1.15 (KHTML, like Gecko) Version/14.1.2 Safari/605.1.15','2023-10-10 23:38:55'),(78,3,'154.80.13.181','Mozilla/5.0 (Windows NT 10.0; Win64; x64) AppleWebKit/537.36 (KHTML, like Gecko) Chrome/109.0.0.0 Safari/537.36','2023-10-11 00:27:52'),(79,3,'154.80.13.181','Mozilla/5.0 (Windows NT 10.0; Win64; x64) AppleWebKit/537.36 (KHTML, like Gecko) Chrome/109.0.0.0 Safari/537.36','2023-10-11 00:28:52'),(80,1,'220.244.110.149','Mozilla/5.0 (Macintosh; Intel Mac OS X 10_14_6) AppleWebKit/605.1.15 (KHTML, like Gecko) Version/14.1.2 Safari/605.1.15','2023-10-12 06:52:49'),(81,5,'220.244.110.149','Mozilla/5.0 (Macintosh; Intel Mac OS X 10_14_6) AppleWebKit/605.1.15 (KHTML, like Gecko) Version/14.1.2 Safari/605.1.15','2023-10-12 07:00:46'),(82,5,'98.127.225.23','Mozilla/5.0 (Macintosh; Intel Mac OS X 10_15_7) AppleWebKit/537.36 (KHTML, like Gecko) Chrome/117.0.0.0 Safari/537.36','2023-10-12 07:14:14'),(83,1,'14.201.8.4','Mozilla/5.0 (Windows NT 10.0; Win64; x64) AppleWebKit/537.36 (KHTML, like Gecko) Chrome/117.0.0.0 Safari/537.36 Edg/117.0.2045.60','2023-10-12 09:33:48'),(84,1,'14.201.8.4','Mozilla/5.0 (Windows NT 10.0; Win64; x64) AppleWebKit/537.36 (KHTML, like Gecko) Chrome/117.0.0.0 Safari/537.36 Edg/117.0.2045.60','2023-10-13 09:03:28'),(85,1,'14.201.8.4','Mozilla/5.0 (Windows NT 10.0; Win64; x64) AppleWebKit/537.36 (KHTML, like Gecko) Chrome/117.0.0.0 Safari/537.36 Edg/117.0.2045.60','2023-10-13 09:10:25'),(86,1,'220.244.110.149','Mozilla/5.0 (Macintosh; Intel Mac OS X 10_14_6) AppleWebKit/605.1.15 (KHTML, like Gecko) Version/14.1.2 Safari/605.1.15','2023-10-13 12:34:17'),(87,1,'14.201.8.4','Mozilla/5.0 (Windows NT 10.0; Win64; x64) AppleWebKit/537.36 (KHTML, like Gecko) Chrome/117.0.0.0 Safari/537.36 Edg/117.0.2045.60','2023-10-13 15:07:29'),(88,1,'220.244.110.149','Mozilla/5.0 (Macintosh; Intel Mac OS X 10_15_7) AppleWebKit/537.36 (KHTML, like Gecko) Chrome/116.0.0.0 Safari/537.36','2023-10-14 06:56:17'),(89,1,'220.244.110.149','Mozilla/5.0 (Macintosh; Intel Mac OS X 10_15_7) AppleWebKit/537.36 (KHTML, like Gecko) Chrome/116.0.0.0 Safari/537.36','2023-10-14 07:00:15'),(90,5,'98.127.225.23','Mozilla/5.0 (Macintosh; Intel Mac OS X 10_15_7) AppleWebKit/537.36 (KHTML, like Gecko) Chrome/117.0.0.0 Safari/537.36','2023-10-14 08:39:54'),(91,1,'220.244.110.149','Mozilla/5.0 (Macintosh; Intel Mac OS X 10_15_7) AppleWebKit/537.36 (KHTML, like Gecko) Chrome/116.0.0.0 Safari/537.36','2023-10-14 12:49:30'),(92,1,'220.244.110.149','Mozilla/5.0 (Macintosh; Intel Mac OS X 10_14_6) AppleWebKit/605.1.15 (KHTML, like Gecko) Version/14.1.2 Safari/605.1.15','2023-10-14 15:04:23'),(93,1,'220.244.110.149','Mozilla/5.0 (Macintosh; Intel Mac OS X 10_14_6) AppleWebKit/605.1.15 (KHTML, like Gecko) Version/14.1.2 Safari/605.1.15','2023-10-14 16:19:09'),(94,1,'220.244.110.149','Mozilla/5.0 (Macintosh; Intel Mac OS X 10_14_6) AppleWebKit/605.1.15 (KHTML, like Gecko) Version/14.1.2 Safari/605.1.15','2023-10-15 07:41:47'),(95,1,'220.244.110.149','Mozilla/5.0 (Macintosh; Intel Mac OS X 10_14_6) AppleWebKit/605.1.15 (KHTML, like Gecko) Version/14.1.2 Safari/605.1.15','2023-10-15 07:46:33'),(96,1,'220.244.110.149','Mozilla/5.0 (Macintosh; Intel Mac OS X 10_14_6) AppleWebKit/605.1.15 (KHTML, like Gecko) Version/14.1.2 Safari/605.1.15','2023-10-15 07:57:00'),(97,1,'220.244.110.149','Mozilla/5.0 (Macintosh; Intel Mac OS X 10_14_6) AppleWebKit/605.1.15 (KHTML, like Gecko) Version/14.1.2 Safari/605.1.15','2023-10-15 08:13:08'),(98,1,'220.244.110.149','Mozilla/5.0 (Macintosh; Intel Mac OS X 10_14_6) AppleWebKit/605.1.15 (KHTML, like Gecko) Version/14.1.2 Safari/605.1.15','2023-10-15 08:17:12'),(99,1,'220.244.110.149','Mozilla/5.0 (Macintosh; Intel Mac OS X 10_14_6) AppleWebKit/605.1.15 (KHTML, like Gecko) Version/14.1.2 Safari/605.1.15','2023-10-15 09:05:35'),(100,1,'220.244.110.149','Mozilla/5.0 (Macintosh; Intel Mac OS X 10_14_6) AppleWebKit/605.1.15 (KHTML, like Gecko) Version/14.1.2 Safari/605.1.15','2023-10-15 09:14:32'),(101,1,'220.244.110.149','Mozilla/5.0 (Macintosh; Intel Mac OS X 10_14_6) AppleWebKit/605.1.15 (KHTML, like Gecko) Version/14.1.2 Safari/605.1.15','2023-10-15 16:39:41'),(102,1,'220.244.110.149','Mozilla/5.0 (Macintosh; Intel Mac OS X 10_15_7) AppleWebKit/537.36 (KHTML, like Gecko) Chrome/116.0.0.0 Safari/537.36','2023-10-15 16:50:40'),(103,1,'220.244.110.149','Mozilla/5.0 (Macintosh; Intel Mac OS X 10_15_7) AppleWebKit/537.36 (KHTML, like Gecko) Chrome/116.0.0.0 Safari/537.36','2023-10-15 16:58:28'),(104,1,'220.244.110.149','Mozilla/5.0 (Macintosh; Intel Mac OS X 10_14_6) AppleWebKit/605.1.15 (KHTML, like Gecko) Version/14.1.2 Safari/605.1.15','2023-10-17 06:19:52'),(105,1,'220.244.110.149','Mozilla/5.0 (Macintosh; Intel Mac OS X 10_14_6) AppleWebKit/605.1.15 (KHTML, like Gecko) Version/14.1.2 Safari/605.1.15','2023-10-17 06:25:08'),(106,1,'14.201.8.4','Mozilla/5.0 (Windows NT 10.0; Win64; x64) AppleWebKit/537.36 (KHTML, like Gecko) Chrome/117.0.0.0 Safari/537.36 Edg/117.0.2045.60','2023-10-17 09:36:37'),(107,1,'14.201.8.4','Mozilla/5.0 (Windows NT 10.0; Win64; x64) AppleWebKit/537.36 (KHTML, like Gecko) Chrome/117.0.0.0 Safari/537.36 Edg/117.0.2045.60','2023-10-17 10:14:15'),(108,1,'14.201.8.4','Mozilla/5.0 (Windows NT 10.0; Win64; x64) AppleWebKit/537.36 (KHTML, like Gecko) Chrome/117.0.0.0 Safari/537.36 Edg/117.0.2045.60','2023-10-17 10:35:05'),(109,1,'14.201.8.4','Mozilla/5.0 (Windows NT 10.0; Win64; x64) AppleWebKit/537.36 (KHTML, like Gecko) Chrome/117.0.0.0 Safari/537.36 Edg/117.0.2045.60','2023-10-18 13:57:40'),(110,1,'220.244.110.149','Mozilla/5.0 (Macintosh; Intel Mac OS X 10_14_6) AppleWebKit/605.1.15 (KHTML, like Gecko) Version/14.1.2 Safari/605.1.15','2023-10-19 06:26:37'),(111,1,'220.244.110.149','Mozilla/5.0 (Macintosh; Intel Mac OS X 10_14_6) AppleWebKit/605.1.15 (KHTML, like Gecko) Version/14.1.2 Safari/605.1.15','2023-10-19 08:13:14'),(112,1,'14.201.8.4','Mozilla/5.0 (Windows NT 10.0; Win64; x64) AppleWebKit/537.36 (KHTML, like Gecko) Chrome/117.0.0.0 Safari/537.36 Edg/117.0.2045.60','2023-10-19 11:53:34'),(113,1,'14.201.8.4','Mozilla/5.0 (Windows NT 10.0; Win64; x64) AppleWebKit/537.36 (KHTML, like Gecko) Chrome/117.0.0.0 Safari/537.36 Edg/117.0.2045.60','2023-10-19 13:12:44'),(114,1,'14.201.8.4','Mozilla/5.0 (Windows NT 10.0; Win64; x64) AppleWebKit/537.36 (KHTML, like Gecko) Chrome/117.0.0.0 Safari/537.36 Edg/117.0.2045.60','2023-10-19 13:16:03'),(115,1,'14.201.8.4','Mozilla/5.0 (Windows NT 10.0; Win64; x64) AppleWebKit/537.36 (KHTML, like Gecko) Chrome/117.0.0.0 Safari/537.36 Edg/117.0.2045.60','2023-10-19 13:16:08'),(116,1,'14.201.8.4','Mozilla/5.0 (Windows NT 10.0; Win64; x64) AppleWebKit/537.36 (KHTML, like Gecko) Chrome/117.0.0.0 Safari/537.36 Edg/117.0.2045.60','2023-10-19 14:16:04'),(117,1,'14.201.8.4','Mozilla/5.0 (Windows NT 10.0; Win64; x64) AppleWebKit/537.36 (KHTML, like Gecko) Chrome/117.0.0.0 Safari/537.36 Edg/117.0.2045.60','2023-10-19 14:31:40'),(118,1,'14.201.8.4','Mozilla/5.0 (Windows NT 10.0; Win64; x64) AppleWebKit/537.36 (KHTML, like Gecko) Chrome/117.0.0.0 Safari/537.36 Edg/117.0.2045.60','2023-10-19 14:34:07'),(119,1,'14.201.8.4','Mozilla/5.0 (Windows NT 10.0; Win64; x64) AppleWebKit/537.36 (KHTML, like Gecko) Chrome/117.0.0.0 Safari/537.36 Edg/117.0.2045.60','2023-10-19 14:49:01'),(120,1,'14.201.8.4','Mozilla/5.0 (Windows NT 10.0; Win64; x64) AppleWebKit/537.36 (KHTML, like Gecko) Chrome/117.0.0.0 Safari/537.36 Edg/117.0.2045.60','2023-10-19 15:14:55'),(121,1,'14.201.8.4','Mozilla/5.0 (Windows NT 10.0; Win64; x64) AppleWebKit/537.36 (KHTML, like Gecko) Chrome/117.0.0.0 Safari/537.36 Edg/117.0.2045.60','2023-10-20 09:04:38'),(122,1,'14.201.8.4','Mozilla/5.0 (Macintosh; Intel Mac OS X 10_15_7) AppleWebKit/537.36 (KHTML, like Gecko) Chrome/116.0.0.0 Safari/537.36','2023-10-20 09:31:13'),(123,1,'14.201.8.4','Mozilla/5.0 (Windows NT 10.0; Win64; x64) AppleWebKit/537.36 (KHTML, like Gecko) Chrome/117.0.0.0 Safari/537.36 Edg/117.0.2045.60','2023-10-20 09:50:51'),(124,1,'220.244.110.149','Mozilla/5.0 (Macintosh; Intel Mac OS X 10_14_6) AppleWebKit/605.1.15 (KHTML, like Gecko) Version/14.1.2 Safari/605.1.15','2023-10-20 11:10:26'),(125,1,'14.201.8.4','Mozilla/5.0 (Windows NT 10.0; Win64; x64) AppleWebKit/537.36 (KHTML, like Gecko) Chrome/117.0.0.0 Safari/537.36 Edg/117.0.2045.60','2023-10-20 12:05:08'),(126,1,'14.201.8.4','Mozilla/5.0 (Windows NT 10.0; Win64; x64) AppleWebKit/537.36 (KHTML, like Gecko) Chrome/117.0.0.0 Safari/537.36 Edg/117.0.2045.60','2023-10-20 13:48:30'),(127,1,'14.201.8.4','Mozilla/5.0 (Windows NT 10.0; Win64; x64) AppleWebKit/537.36 (KHTML, like Gecko) Chrome/117.0.0.0 Safari/537.36 Edg/117.0.2045.60','2023-10-20 14:20:09'),(128,1,'14.201.8.4','Mozilla/5.0 (Windows NT 10.0; Win64; x64) AppleWebKit/537.36 (KHTML, like Gecko) Chrome/117.0.0.0 Safari/537.36 Edg/117.0.2045.60','2023-10-20 15:33:51'),(129,1,'220.244.110.149','Mozilla/5.0 (Macintosh; Intel Mac OS X 10_14_6) AppleWebKit/605.1.15 (KHTML, like Gecko) Version/14.1.2 Safari/605.1.15','2023-10-20 19:48:58'),(130,1,'220.244.110.149','Mozilla/5.0 (Macintosh; Intel Mac OS X 10_14_6) AppleWebKit/605.1.15 (KHTML, like Gecko) Version/14.1.2 Safari/605.1.15','2023-10-21 06:06:33'),(131,1,'220.244.110.149','Mozilla/5.0 (Macintosh; Intel Mac OS X 10_14_6) AppleWebKit/605.1.15 (KHTML, like Gecko) Version/14.1.2 Safari/605.1.15','2023-10-22 09:18:03'),(132,1,'220.244.110.149','Mozilla/5.0 (Macintosh; Intel Mac OS X 10_14_6) AppleWebKit/605.1.15 (KHTML, like Gecko) Version/14.1.2 Safari/605.1.15','2023-10-22 09:21:12'),(133,1,'220.244.110.149','Mozilla/5.0 (Macintosh; Intel Mac OS X 10_14_6) AppleWebKit/605.1.15 (KHTML, like Gecko) Version/14.1.2 Safari/605.1.15','2023-10-22 15:16:10'),(134,1,'14.201.8.4','Mozilla/5.0 (Macintosh; Intel Mac OS X 10_15_7) AppleWebKit/537.36 (KHTML, like Gecko) Chrome/116.0.0.0 Safari/537.36','2023-10-23 08:45:46'),(135,1,'14.201.8.4','Mozilla/5.0 (Windows NT 10.0; Win64; x64) AppleWebKit/537.36 (KHTML, like Gecko) Chrome/117.0.0.0 Safari/537.36 Edg/117.0.2045.60','2023-10-23 09:25:48'),(136,1,'14.201.8.4','Mozilla/5.0 (Windows NT 10.0; Win64; x64) AppleWebKit/537.36 (KHTML, like Gecko) Chrome/117.0.0.0 Safari/537.36 Edg/117.0.2045.60','2023-10-23 09:30:05'),(137,1,'14.201.8.4','Mozilla/5.0 (Windows NT 10.0; Win64; x64) AppleWebKit/537.36 (KHTML, like Gecko) Chrome/117.0.0.0 Safari/537.36 Edg/117.0.2045.60','2023-10-23 13:37:13'),(138,1,'210.185.74.146','Mozilla/5.0 (Macintosh; Intel Mac OS X 10_14_6) AppleWebKit/605.1.15 (KHTML, like Gecko) Version/14.1.2 Safari/605.1.15','2023-10-23 21:50:13'),(139,1,'14.201.8.4','Mozilla/5.0 (Windows NT 10.0; Win64; x64) AppleWebKit/537.36 (KHTML, like Gecko) Chrome/117.0.0.0 Safari/537.36 Edg/117.0.2045.60','2023-10-24 14:15:14'),(140,1,'14.201.8.4','Mozilla/5.0 (Windows NT 10.0; Win64; x64) AppleWebKit/537.36 (KHTML, like Gecko) Chrome/117.0.0.0 Safari/537.36 Edg/117.0.2045.60','2023-10-24 15:22:15'),(141,1,'14.201.8.4','Mozilla/5.0 (Windows NT 10.0; Win64; x64) AppleWebKit/537.36 (KHTML, like Gecko) Chrome/117.0.0.0 Safari/537.36 Edg/117.0.2045.60','2023-10-25 09:35:05'),(142,1,'14.201.8.4','Mozilla/5.0 (Windows NT 10.0; Win64; x64) AppleWebKit/537.36 (KHTML, like Gecko) Chrome/117.0.0.0 Safari/537.36 Edg/117.0.2045.60','2023-10-25 09:36:03'),(143,1,'14.201.8.4','Mozilla/5.0 (Windows NT 10.0; Win64; x64) AppleWebKit/537.36 (KHTML, like Gecko) Chrome/117.0.0.0 Safari/537.36 Edg/117.0.2045.60','2023-10-25 14:05:07'),(144,1,'14.201.8.4','Mozilla/5.0 (Windows NT 10.0; Win64; x64) AppleWebKit/537.36 (KHTML, like Gecko) Chrome/117.0.0.0 Safari/537.36 Edg/117.0.2045.60','2023-10-25 14:20:06'),(145,1,'14.201.8.4','Mozilla/5.0 (Windows NT 10.0; Win64; x64) AppleWebKit/537.36 (KHTML, like Gecko) Chrome/117.0.0.0 Safari/537.36 Edg/117.0.2045.60','2023-10-25 15:28:55'),(146,1,'210.185.74.146','Mozilla/5.0 (Macintosh; Intel Mac OS X 10_14_6) AppleWebKit/605.1.15 (KHTML, like Gecko) Version/14.1.2 Safari/605.1.15','2023-10-26 06:54:54'),(147,1,'14.201.8.4','Mozilla/5.0 (Windows NT 10.0; Win64; x64) AppleWebKit/537.36 (KHTML, like Gecko) Chrome/118.0.0.0 Safari/537.36 Edg/118.0.2088.61','2023-10-26 13:57:04'),(148,1,'14.201.8.4','Mozilla/5.0 (Windows NT 10.0; Win64; x64) AppleWebKit/537.36 (KHTML, like Gecko) Chrome/118.0.0.0 Safari/537.36 Edg/118.0.2088.61','2023-10-27 12:15:21'),(149,1,'14.201.8.4','Mozilla/5.0 (Windows NT 10.0; Win64; x64) AppleWebKit/537.36 (KHTML, like Gecko) Chrome/118.0.0.0 Safari/537.36 Edg/118.0.2088.61','2023-10-27 15:21:55'),(150,1,'14.201.8.4','Mozilla/5.0 (Windows NT 10.0; Win64; x64) AppleWebKit/537.36 (KHTML, like Gecko) Chrome/118.0.0.0 Safari/537.36 Edg/118.0.2088.69','2023-10-30 09:31:10'),(151,1,'14.201.8.4','Mozilla/5.0 (Windows NT 10.0; Win64; x64) AppleWebKit/537.36 (KHTML, like Gecko) Chrome/118.0.0.0 Safari/537.36 Edg/118.0.2088.69','2023-11-01 09:37:38'),(152,1,'14.201.8.4','Mozilla/5.0 (Windows NT 10.0; Win64; x64) AppleWebKit/537.36 (KHTML, like Gecko) Chrome/118.0.0.0 Safari/537.36 Edg/118.0.2088.69','2023-11-01 12:07:09'),(153,1,'14.201.8.4','Mozilla/5.0 (Windows NT 10.0; Win64; x64) AppleWebKit/537.36 (KHTML, like Gecko) Chrome/118.0.0.0 Safari/537.36 Edg/118.0.2088.69','2023-11-02 09:38:47'),(154,1,'14.201.8.4','Mozilla/5.0 (Windows NT 10.0; Win64; x64) AppleWebKit/537.36 (KHTML, like Gecko) Chrome/118.0.0.0 Safari/537.36 Edg/118.0.2088.69','2023-11-02 13:28:25'),(155,1,'14.201.8.4','Mozilla/5.0 (Windows NT 10.0; Win64; x64) AppleWebKit/537.36 (KHTML, like Gecko) Chrome/118.0.0.0 Safari/537.36 Edg/118.0.2088.76','2023-11-06 09:54:14'),(156,1,'14.201.8.4','Mozilla/5.0 (Windows NT 10.0; Win64; x64) AppleWebKit/537.36 (KHTML, like Gecko) Chrome/118.0.0.0 Safari/537.36 Edg/118.0.2088.76','2023-11-06 13:20:55'),(157,1,'14.201.8.4','Mozilla/5.0 (Windows NT 10.0; Win64; x64) AppleWebKit/537.36 (KHTML, like Gecko) Chrome/118.0.0.0 Safari/537.36 Edg/118.0.2088.76','2023-11-06 14:08:35'),(158,1,'210.185.74.146','Mozilla/5.0 (Macintosh; Intel Mac OS X 10_14_6) AppleWebKit/605.1.15 (KHTML, like Gecko) Version/14.1.2 Safari/605.1.15','2023-11-06 19:11:28'),(159,1,'14.201.8.4','Mozilla/5.0 (Windows NT 10.0; Win64; x64) AppleWebKit/537.36 (KHTML, like Gecko) Chrome/118.0.0.0 Safari/537.36 Edg/118.0.2088.76','2023-11-07 15:27:50'),(160,1,'14.201.8.4','Mozilla/5.0 (Windows NT 10.0; Win64; x64) AppleWebKit/537.36 (KHTML, like Gecko) Chrome/118.0.0.0 Safari/537.36 Edg/118.0.2088.76','2023-11-09 13:39:49'),(161,1,'14.201.8.4','Mozilla/5.0 (Macintosh; Intel Mac OS X 10_15_7) AppleWebKit/537.36 (KHTML, like Gecko) Chrome/116.0.0.0 Safari/537.36','2023-11-09 14:05:27'),(162,1,'14.201.8.4','Mozilla/5.0 (Windows NT 10.0; Win64; x64) AppleWebKit/537.36 (KHTML, like Gecko) Chrome/118.0.0.0 Safari/537.36 Edg/118.0.2088.76','2023-11-10 15:07:14'),(163,1,'118.208.198.55','Mozilla/5.0 (Macintosh; Intel Mac OS X 10_14_6) AppleWebKit/605.1.15 (KHTML, like Gecko) Version/14.1.2 Safari/605.1.15','2023-11-10 23:18:03'),(164,1,'14.201.8.4','Mozilla/5.0 (Windows NT 10.0; Win64; x64) AppleWebKit/537.36 (KHTML, like Gecko) Chrome/118.0.0.0 Safari/537.36 Edg/118.0.2088.76','2023-11-13 10:11:21'),(165,1,'14.201.8.4','Mozilla/5.0 (Windows NT 10.0; Win64; x64) AppleWebKit/537.36 (KHTML, like Gecko) Chrome/118.0.0.0 Safari/537.36 Edg/118.0.2088.76','2023-11-13 15:14:10'),(166,1,'14.201.8.4','Mozilla/5.0 (Windows NT 10.0; Win64; x64) AppleWebKit/537.36 (KHTML, like Gecko) Chrome/118.0.0.0 Safari/537.36 Edg/118.0.2088.76','2023-11-14 14:01:52'),(167,1,'14.201.8.4','Mozilla/5.0 (Windows NT 10.0; Win64; x64) AppleWebKit/537.36 (KHTML, like Gecko) Chrome/119.0.0.0 Safari/537.36 Edg/119.0.0.0','2023-11-16 11:16:24'),(168,1,'220.253.91.132','Mozilla/5.0 (Macintosh; Intel Mac OS X 10_14_6) AppleWebKit/605.1.15 (KHTML, like Gecko) Version/14.1.2 Safari/605.1.15','2023-11-19 11:30:36'),(169,1,'14.201.8.4','Mozilla/5.0 (Windows NT 10.0; Win64; x64) AppleWebKit/537.36 (KHTML, like Gecko) Chrome/119.0.0.0 Safari/537.36 Edg/119.0.0.0','2023-11-20 11:51:36'),(170,1,'14.201.8.4','Mozilla/5.0 (Windows NT 10.0; Win64; x64) AppleWebKit/537.36 (KHTML, like Gecko) Chrome/118.0.0.0 Safari/537.36 Edg/118.0.2088.76','2023-11-20 15:56:25'),(171,1,'220.253.91.132','Mozilla/5.0 (Macintosh; Intel Mac OS X 10_14_6) AppleWebKit/605.1.15 (KHTML, like Gecko) Version/14.1.2 Safari/605.1.15','2023-11-21 06:43:22'),(172,1,'14.201.8.4','Mozilla/5.0 (Windows NT 10.0; Win64; x64) AppleWebKit/537.36 (KHTML, like Gecko) Chrome/119.0.0.0 Safari/537.36 Edg/119.0.0.0','2023-11-21 09:54:01'),(173,1,'220.253.91.132','Mozilla/5.0 (Macintosh; Intel Mac OS X 10_14_6) AppleWebKit/605.1.15 (KHTML, like Gecko) Version/14.1.2 Safari/605.1.15','2023-11-21 20:06:08'),(174,1,'14.201.8.4','Mozilla/5.0 (Windows NT 10.0; Win64; x64) AppleWebKit/537.36 (KHTML, like Gecko) Chrome/119.0.0.0 Safari/537.36 Edg/119.0.0.0','2023-11-22 12:56:15'),(175,1,'14.201.8.4','Mozilla/5.0 (Windows NT 10.0; Win64; x64) AppleWebKit/537.36 (KHTML, like Gecko) Chrome/118.0.0.0 Safari/537.36 Edg/118.0.2088.76','2023-11-23 14:10:36'),(176,1,'14.201.8.4','Mozilla/5.0 (Windows NT 10.0; Win64; x64) AppleWebKit/537.36 (KHTML, like Gecko) Chrome/119.0.0.0 Safari/537.36 Edg/119.0.0.0','2023-11-24 11:19:07'),(177,1,'14.201.8.4','Mozilla/5.0 (Windows NT 10.0; Win64; x64) AppleWebKit/537.36 (KHTML, like Gecko) Chrome/119.0.0.0 Safari/537.36 Edg/119.0.0.0','2023-11-24 14:02:15'),(178,1,'14.201.8.4','Mozilla/5.0 (Macintosh; Intel Mac OS X 10_15_7) AppleWebKit/537.36 (KHTML, like Gecko) Chrome/116.0.0.0 Safari/537.36','2023-11-24 15:26:05'),(179,1,'61.68.4.98','Mozilla/5.0 (Macintosh; Intel Mac OS X 10_14_6) AppleWebKit/605.1.15 (KHTML, like Gecko) Version/14.1.2 Safari/605.1.15','2023-11-26 13:37:38'),(180,1,'124.171.216.103','Mozilla/5.0 (Macintosh; Intel Mac OS X 10_14_6) AppleWebKit/605.1.15 (KHTML, like Gecko) Version/14.1.2 Safari/605.1.15','2023-11-30 06:39:52'),(181,1,'14.201.8.4','Mozilla/5.0 (Macintosh; Intel Mac OS X 10_15_7) AppleWebKit/537.36 (KHTML, like Gecko) Chrome/116.0.0.0 Safari/537.36','2023-12-01 12:22:21'),(182,1,'14.201.8.4','Mozilla/5.0 (Macintosh; Intel Mac OS X 10_15_7) AppleWebKit/537.36 (KHTML, like Gecko) Chrome/116.0.0.0 Safari/537.36','2023-12-04 14:27:19'),(183,1,'124.171.216.103','Mozilla/5.0 (Macintosh; Intel Mac OS X 10_14_6) AppleWebKit/605.1.15 (KHTML, like Gecko) Version/14.1.2 Safari/605.1.15','2023-12-07 06:51:36'),(184,1,'14.201.8.4','Mozilla/5.0 (Macintosh; Intel Mac OS X 10_15_7) AppleWebKit/537.36 (KHTML, like Gecko) Chrome/116.0.0.0 Safari/537.36','2023-12-11 08:33:29'),(185,1,'14.201.8.4','Mozilla/5.0 (Macintosh; Intel Mac OS X 10_15_7) AppleWebKit/537.36 (KHTML, like Gecko) Chrome/116.0.0.0 Safari/537.36','2023-12-12 12:38:18'),(186,1,'14.201.8.4','Mozilla/5.0 (Macintosh; Intel Mac OS X 10_15_7) AppleWebKit/537.36 (KHTML, like Gecko) Chrome/116.0.0.0 Safari/537.36','2023-12-12 16:08:46'),(187,1,'14.201.8.4','Mozilla/5.0 (Macintosh; Intel Mac OS X 10_15_7) AppleWebKit/537.36 (KHTML, like Gecko) Chrome/116.0.0.0 Safari/537.36','2023-12-14 16:36:06'),(188,1,'14.201.8.4','Mozilla/5.0 (Macintosh; Intel Mac OS X 10_15_7) AppleWebKit/537.36 (KHTML, like Gecko) Chrome/116.0.0.0 Safari/537.36','2023-12-14 16:38:43'),(189,1,'118.209.239.179','Mozilla/5.0 (Macintosh; Intel Mac OS X 10_15_7) AppleWebKit/537.36 (KHTML, like Gecko) Chrome/116.0.0.0 Safari/537.36 Edg/116.0.1938.62','2023-12-18 20:38:11'),(190,1,'14.201.8.4','Mozilla/5.0 (Macintosh; Intel Mac OS X 10_15_7) AppleWebKit/537.36 (KHTML, like Gecko) Chrome/116.0.0.0 Safari/537.36','2023-12-19 09:18:22'),(191,1,'14.201.8.4','Mozilla/5.0 (Macintosh; Intel Mac OS X 10_15_7) AppleWebKit/537.36 (KHTML, like Gecko) Chrome/116.0.0.0 Safari/537.36','2023-12-19 09:54:27'),(192,1,'14.201.8.4','Mozilla/5.0 (Macintosh; Intel Mac OS X 10_15_7) AppleWebKit/537.36 (KHTML, like Gecko) Chrome/116.0.0.0 Safari/537.36','2023-12-19 15:08:33'),(193,1,'118.209.239.179','Mozilla/5.0 (Macintosh; Intel Mac OS X 10_15_7) AppleWebKit/605.1.15 (KHTML, like Gecko) Version/17.1.2 Safari/605.1.15','2023-12-19 17:00:49'),(194,1,'118.209.239.179','Mozilla/5.0 (Macintosh; Intel Mac OS X 10_15_7) AppleWebKit/537.36 (KHTML, like Gecko) Chrome/116.0.0.0 Safari/537.36 Edg/116.0.1938.62','2023-12-20 05:37:27'),(195,1,'118.209.239.179','Mozilla/5.0 (Macintosh; Intel Mac OS X 10_15_7) AppleWebKit/537.36 (KHTML, like Gecko) Chrome/116.0.0.0 Safari/537.36 Edg/116.0.1938.62','2023-12-20 06:33:29'),(196,1,'14.201.8.4','Mozilla/5.0 (Macintosh; Intel Mac OS X 10_15_7) AppleWebKit/537.36 (KHTML, like Gecko) Chrome/116.0.0.0 Safari/537.36','2023-12-20 15:46:27'),(197,1,'14.201.8.4','Mozilla/5.0 (Macintosh; Intel Mac OS X 10_15_7) AppleWebKit/537.36 (KHTML, like Gecko) Chrome/116.0.0.0 Safari/537.36','2023-12-21 08:28:53'),(198,1,'120.22.153.107','Mozilla/5.0 (Macintosh; Intel Mac OS X 10_15_7) AppleWebKit/605.1.15 (KHTML, like Gecko) Version/17.1.2 Safari/605.1.15','2023-12-22 09:45:13'),(199,1,'14.201.8.4','Mozilla/5.0 (Macintosh; Intel Mac OS X 10_15_7) AppleWebKit/537.36 (KHTML, like Gecko) Chrome/116.0.0.0 Safari/537.36','2023-12-22 12:31:52'),(200,1,'14.201.8.4','Mozilla/5.0 (Macintosh; Intel Mac OS X 10_15_7) AppleWebKit/537.36 (KHTML, like Gecko) Chrome/116.0.0.0 Safari/537.36','2023-12-22 13:19:53'),(201,1,'14.201.8.4','Mozilla/5.0 (Windows NT 10.0; Win64; x64) AppleWebKit/537.36 (KHTML, like Gecko) Chrome/120.0.0.0 Safari/537.36 Edg/120.0.0.0','2023-12-22 13:23:19'),(202,1,'14.201.8.4','Mozilla/5.0 (Windows NT 10.0; Win64; x64) AppleWebKit/537.36 (KHTML, like Gecko) Chrome/120.0.0.0 Safari/537.36 Edg/120.0.0.0','2023-12-22 13:35:03'),(203,1,'14.201.8.4','Mozilla/5.0 (Windows NT 10.0; Win64; x64) AppleWebKit/537.36 (KHTML, like Gecko) Chrome/120.0.0.0 Safari/537.36 Edg/120.0.0.0','2023-12-22 14:22:49'),(204,1,'120.22.165.51','Mozilla/5.0 (iPhone; CPU iPhone OS 17_1_2 like Mac OS X) AppleWebKit/605.1.15 (KHTML, like Gecko) Version/17.1.2 Mobile/15E148 Safari/604.1','2023-12-22 19:01:39'),(205,1,'118.209.239.179','Mozilla/5.0 (Macintosh; Intel Mac OS X 10_15_7) AppleWebKit/605.1.15 (KHTML, like Gecko) Version/17.1.2 Safari/605.1.15','2023-12-23 19:11:22'),(206,1,'118.209.232.43','Mozilla/5.0 (Macintosh; Intel Mac OS X 10_15_7) AppleWebKit/605.1.15 (KHTML, like Gecko) Version/17.1.2 Safari/605.1.15','2023-12-26 10:50:11'),(207,1,'118.209.232.43','Mozilla/5.0 (Macintosh; Intel Mac OS X 10_15_7) AppleWebKit/605.1.15 (KHTML, like Gecko) Version/17.1.2 Safari/605.1.15','2023-12-26 11:07:54'),(208,1,'14.201.8.4','Mozilla/5.0 (Macintosh; Intel Mac OS X 10_15_7) AppleWebKit/537.36 (KHTML, like Gecko) Chrome/116.0.0.0 Safari/537.36','2023-12-27 09:31:07'),(209,1,'14.201.8.4','Mozilla/5.0 (Macintosh; Intel Mac OS X 10_15_7) AppleWebKit/537.36 (KHTML, like Gecko) Chrome/116.0.0.0 Safari/537.36','2023-12-27 10:02:26'),(210,1,'14.201.8.4','Mozilla/5.0 (Macintosh; Intel Mac OS X 10_15_7) AppleWebKit/537.36 (KHTML, like Gecko) Chrome/116.0.0.0 Safari/537.36','2023-12-28 09:03:05'),(211,1,'14.201.8.4','Mozilla/5.0 (Macintosh; Intel Mac OS X 10_13_6) AppleWebKit/537.36 (KHTML, like Gecko) Chrome/111.0.0.0 Safari/537.36 Edg/111.0.1661.62','2023-12-29 10:39:19'),(212,1,'118.209.232.43','Mozilla/5.0 (Macintosh; Intel Mac OS X 10_15_7) AppleWebKit/605.1.15 (KHTML, like Gecko) Version/17.1.2 Safari/605.1.15','2023-12-29 20:55:51'),(213,1,'14.201.8.4','Mozilla/5.0 (Windows NT 10.0; Win64; x64) AppleWebKit/537.36 (KHTML, like Gecko) Chrome/120.0.0.0 Safari/537.36 Edg/120.0.0.0','2023-12-30 11:39:15'),(214,1,'14.201.8.4','Mozilla/5.0 (Macintosh; Intel Mac OS X 10_15_7) AppleWebKit/537.36 (KHTML, like Gecko) Chrome/116.0.0.0 Safari/537.36','2024-01-02 08:41:04'),(215,1,'118.209.232.43','Mozilla/5.0 (Macintosh; Intel Mac OS X 10_15_7) AppleWebKit/537.36 (KHTML, like Gecko) Chrome/116.0.0.0 Safari/537.36 Edg/116.0.1938.62','2024-01-03 20:56:23'),(216,1,'118.209.232.43','Mozilla/5.0 (Macintosh; Intel Mac OS X 10_14_6) AppleWebKit/605.1.15 (KHTML, like Gecko) Version/14.1.2 Safari/605.1.15','2024-01-04 07:26:53'),(217,1,'118.209.232.43','Mozilla/5.0 (Macintosh; Intel Mac OS X 10_14_6) AppleWebKit/605.1.15 (KHTML, like Gecko) Version/14.1.2 Safari/605.1.15','2024-01-04 07:31:54'),(218,1,'120.22.61.109','Mozilla/5.0 (Macintosh; Intel Mac OS X 10_15_7) AppleWebKit/605.1.15 (KHTML, like Gecko) Version/17.1.2 Safari/605.1.15','2024-01-04 12:06:06'),(219,1,'14.201.8.4','Mozilla/5.0 (Macintosh; Intel Mac OS X 10_15_7) AppleWebKit/537.36 (KHTML, like Gecko) Chrome/116.0.0.0 Safari/537.36','2024-01-04 15:07:15'),(220,1,'14.201.8.4','Mozilla/5.0 (Macintosh; Intel Mac OS X 10_15_7) AppleWebKit/537.36 (KHTML, like Gecko) Chrome/116.0.0.0 Safari/537.36','2024-01-05 08:36:01'),(221,1,'14.201.8.4','Mozilla/5.0 (Macintosh; Intel Mac OS X 10_15_7) AppleWebKit/537.36 (KHTML, like Gecko) Chrome/116.0.0.0 Safari/537.36','2024-01-05 08:56:34'),(222,1,'14.201.8.4','Mozilla/5.0 (Macintosh; Intel Mac OS X 10_15_7) AppleWebKit/537.36 (KHTML, like Gecko) Chrome/116.0.0.0 Safari/537.36','2024-01-05 14:27:25'),(223,1,'118.209.232.43','Mozilla/5.0 (Macintosh; Intel Mac OS X 10_15_7) AppleWebKit/537.36 (KHTML, like Gecko) Chrome/116.0.0.0 Safari/537.36 Edg/116.0.1938.62','2024-01-08 06:47:39'),(224,1,'14.201.8.4','Mozilla/5.0 (Macintosh; Intel Mac OS X 10_15_7) AppleWebKit/537.36 (KHTML, like Gecko) Chrome/116.0.0.0 Safari/537.36','2024-01-08 10:54:05'),(225,1,'14.201.8.4','Mozilla/5.0 (Macintosh; Intel Mac OS X 10_15_7) AppleWebKit/537.36 (KHTML, like Gecko) Chrome/116.0.0.0 Safari/537.36','2024-01-09 15:50:32'),(226,1,'14.201.8.4','Mozilla/5.0 (Macintosh; Intel Mac OS X 10_15_7) AppleWebKit/537.36 (KHTML, like Gecko) Chrome/116.0.0.0 Safari/537.36','2024-01-09 16:00:36'),(227,1,'14.201.8.4','Mozilla/5.0 (Macintosh; Intel Mac OS X 10_15_7) AppleWebKit/537.36 (KHTML, like Gecko) Chrome/116.0.0.0 Safari/537.36','2024-01-10 10:16:57'),(228,1,'14.201.8.4','Mozilla/5.0 (Macintosh; Intel Mac OS X 10_15_7) AppleWebKit/537.36 (KHTML, like Gecko) Chrome/116.0.0.0 Safari/537.36','2024-01-10 16:29:57'),(229,1,'14.201.8.4','Mozilla/5.0 (Macintosh; Intel Mac OS X 10_15_7) AppleWebKit/537.36 (KHTML, like Gecko) Chrome/116.0.0.0 Safari/537.36','2024-01-12 17:15:28'),(230,1,'14.201.8.4','Mozilla/5.0 (Macintosh; Intel Mac OS X 10_15_7) AppleWebKit/537.36 (KHTML, like Gecko) Chrome/116.0.0.0 Safari/537.36','2024-01-15 17:03:22'),(231,1,'118.209.242.115','Mozilla/5.0 (Macintosh; Intel Mac OS X 10_15_7) AppleWebKit/537.36 (KHTML, like Gecko) Chrome/116.0.0.0 Safari/537.36 Edg/116.0.1938.62','2024-01-18 07:05:00'),(232,1,'14.201.8.4','Mozilla/5.0 (Macintosh; Intel Mac OS X 10_15_7) AppleWebKit/537.36 (KHTML, like Gecko) Chrome/116.0.0.0 Safari/537.36','2024-01-18 09:18:54'),(233,1,'14.201.8.4','Mozilla/5.0 (Macintosh; Intel Mac OS X 10_15_7) AppleWebKit/537.36 (KHTML, like Gecko) Chrome/116.0.0.0 Safari/537.36','2024-01-18 10:43:20'),(234,1,'14.201.8.4','Mozilla/5.0 (Macintosh; Intel Mac OS X 10_15_7) AppleWebKit/537.36 (KHTML, like Gecko) Chrome/116.0.0.0 Safari/537.36','2024-01-18 11:08:21'),(235,1,'14.201.8.4','Mozilla/5.0 (Macintosh; Intel Mac OS X 10_15_7) AppleWebKit/537.36 (KHTML, like Gecko) Chrome/116.0.0.0 Safari/537.36','2024-01-18 12:34:25'),(236,1,'14.201.8.4','Mozilla/5.0 (Macintosh; Intel Mac OS X 10_15_7) AppleWebKit/537.36 (KHTML, like Gecko) Chrome/116.0.0.0 Safari/537.36','2024-01-18 16:30:02'),(237,1,'118.209.242.115','Mozilla/5.0 (Macintosh; Intel Mac OS X 10_15_7) AppleWebKit/537.36 (KHTML, like Gecko) Chrome/116.0.0.0 Safari/537.36 Edg/116.0.1938.62','2024-01-19 05:49:01'),(238,1,'118.209.242.115','Mozilla/5.0 (Macintosh; Intel Mac OS X 10_15_7) AppleWebKit/537.36 (KHTML, like Gecko) Chrome/116.0.0.0 Safari/537.36 Edg/116.0.1938.62','2024-01-19 07:59:17'),(239,1,'14.201.8.4','Mozilla/5.0 (Macintosh; Intel Mac OS X 10_15_7) AppleWebKit/537.36 (KHTML, like Gecko) Chrome/116.0.0.0 Safari/537.36','2024-01-20 05:37:52'),(240,1,'118.209.242.115','Mozilla/5.0 (Macintosh; Intel Mac OS X 10_15_7) AppleWebKit/537.36 (KHTML, like Gecko) Chrome/116.0.0.0 Safari/537.36 Edg/116.0.1938.62','2024-01-21 15:48:05'),(241,1,'118.209.242.115','Mozilla/5.0 (Macintosh; Intel Mac OS X 10_15_7) AppleWebKit/537.36 (KHTML, like Gecko) Chrome/116.0.0.0 Safari/537.36 Edg/116.0.1938.62','2024-01-21 22:03:18'),(242,1,'118.209.242.115','Mozilla/5.0 (Macintosh; Intel Mac OS X 10_15_7) AppleWebKit/537.36 (KHTML, like Gecko) Chrome/116.0.0.0 Safari/537.36 Edg/116.0.1938.62','2024-01-22 06:43:29'),(243,1,'14.201.8.4','Mozilla/5.0 (Macintosh; Intel Mac OS X 10_15_7) AppleWebKit/537.36 (KHTML, like Gecko) Chrome/116.0.0.0 Safari/537.36','2024-01-22 09:10:48'),(244,1,'118.209.242.115','Mozilla/5.0 (Macintosh; Intel Mac OS X 10_15_7) AppleWebKit/537.36 (KHTML, like Gecko) Chrome/116.0.0.0 Safari/537.36 Edg/116.0.1938.62','2024-01-23 06:57:52'),(245,1,'14.201.8.4','Mozilla/5.0 (Macintosh; Intel Mac OS X 10_15_7) AppleWebKit/537.36 (KHTML, like Gecko) Chrome/116.0.0.0 Safari/537.36','2024-01-23 17:15:22'),(246,1,'14.201.8.4','Mozilla/5.0 (Macintosh; Intel Mac OS X 10_15_7) AppleWebKit/537.36 (KHTML, like Gecko) Chrome/116.0.0.0 Safari/537.36','2024-01-24 08:56:05'),(247,1,'118.209.242.115','Mozilla/5.0 (Macintosh; Intel Mac OS X 10_15_7) AppleWebKit/537.36 (KHTML, like Gecko) Chrome/116.0.0.0 Safari/537.36 Edg/116.0.1938.62','2024-01-24 21:49:06'),(248,1,'14.201.8.4','Mozilla/5.0 (Macintosh; Intel Mac OS X 10_15_7) AppleWebKit/537.36 (KHTML, like Gecko) Chrome/116.0.0.0 Safari/537.36','2024-01-25 08:54:23'),(249,1,'14.201.8.4','Mozilla/5.0 (Macintosh; Intel Mac OS X 10_15_7) AppleWebKit/537.36 (KHTML, like Gecko) Chrome/116.0.0.0 Safari/537.36','2024-01-25 09:38:27'),(250,1,'14.201.8.4','Mozilla/5.0 (Macintosh; Intel Mac OS X 10_15_7) AppleWebKit/537.36 (KHTML, like Gecko) Chrome/116.0.0.0 Safari/537.36','2024-01-25 10:06:32'),(251,1,'14.201.8.4','Mozilla/5.0 (Macintosh; Intel Mac OS X 10_15_7) AppleWebKit/537.36 (KHTML, like Gecko) Chrome/116.0.0.0 Safari/537.36','2024-01-25 11:17:14'),(252,1,'14.201.8.4','Mozilla/5.0 (Macintosh; Intel Mac OS X 10_15_7) AppleWebKit/537.36 (KHTML, like Gecko) Chrome/116.0.0.0 Safari/537.36','2024-01-25 11:17:56'),(253,6,'223.178.212.224','Mozilla/5.0 (Windows NT 10.0; Win64; x64) AppleWebKit/537.36 (KHTML, like Gecko) Chrome/120.0.0.0 Safari/537.36','2024-01-25 15:48:21'),(254,1,'118.209.242.115','Mozilla/5.0 (Macintosh; Intel Mac OS X 10_15_7) AppleWebKit/537.36 (KHTML, like Gecko) Chrome/116.0.0.0 Safari/537.36 Edg/116.0.1938.62','2024-01-25 20:24:46'),(255,6,'223.178.212.224','Mozilla/5.0 (Windows NT 10.0; Win64; x64) AppleWebKit/537.36 (KHTML, like Gecko) Chrome/120.0.0.0 Safari/537.36','2024-01-25 20:48:30'),(256,1,'118.209.242.115','Mozilla/5.0 (Macintosh; Intel Mac OS X 10_15_7) AppleWebKit/537.36 (KHTML, like Gecko) Chrome/116.0.0.0 Safari/537.36 Edg/116.0.1938.62','2024-01-26 08:05:51'),(257,1,'118.209.242.115','Mozilla/5.0 (iPhone; CPU iPhone OS 17_2_1 like Mac OS X) AppleWebKit/605.1.15 (KHTML, like Gecko) Version/17.2 Mobile/15E148 Safari/604.1','2024-01-26 15:35:49'),(258,6,'223.178.212.224','Mozilla/5.0 (Windows NT 10.0; Win64; x64) AppleWebKit/537.36 (KHTML, like Gecko) Chrome/120.0.0.0 Safari/537.36','2024-01-26 18:33:17'),(259,1,'118.209.242.115','Mozilla/5.0 (Macintosh; Intel Mac OS X 10_14_6) AppleWebKit/605.1.15 (KHTML, like Gecko) Version/14.1.2 Safari/605.1.15','2024-01-27 08:53:02'),(260,1,'120.22.153.213','Mozilla/5.0 (iPhone; CPU iPhone OS 17_2_1 like Mac OS X) AppleWebKit/605.1.15 (KHTML, like Gecko) Version/17.2 Mobile/15E148 Safari/604.1','2024-01-27 11:18:05'),(261,1,'118.209.242.115','Mozilla/5.0 (Macintosh; Intel Mac OS X 10_15_7) AppleWebKit/537.36 (KHTML, like Gecko) Chrome/116.0.0.0 Safari/537.36 Edg/116.0.1938.62','2024-01-27 15:23:37'),(262,1,'118.209.242.115','Mozilla/5.0 (Macintosh; Intel Mac OS X 10_15_7) AppleWebKit/537.36 (KHTML, like Gecko) Chrome/116.0.0.0 Safari/537.36 Edg/116.0.1938.62','2024-01-28 08:07:18'),(263,1,'118.209.242.115','Mozilla/5.0 (Macintosh; Intel Mac OS X 10_15_7) AppleWebKit/537.36 (KHTML, like Gecko) Chrome/116.0.0.0 Safari/537.36 Edg/116.0.1938.62','2024-01-28 08:50:50'),(264,1,'118.209.242.115','Mozilla/5.0 (Macintosh; Intel Mac OS X 10_15_7) AppleWebKit/605.1.15 (KHTML, like Gecko) Version/17.1.2 Safari/605.1.15','2024-01-28 19:45:23'),(265,1,'14.201.8.4','Mozilla/5.0 (Macintosh; Intel Mac OS X 10_15_7) AppleWebKit/537.36 (KHTML, like Gecko) Chrome/116.0.0.0 Safari/537.36','2024-01-29 10:01:03'),(266,1,'14.201.8.4','Mozilla/5.0 (Macintosh; Intel Mac OS X 10_13_6) AppleWebKit/537.36 (KHTML, like Gecko) Chrome/111.0.0.0 Safari/537.36 Edg/111.0.1661.62','2024-01-29 10:24:32'),(267,1,'14.201.8.4','Mozilla/5.0 (Macintosh; Intel Mac OS X 10_15_7) AppleWebKit/537.36 (KHTML, like Gecko) Chrome/116.0.0.0 Safari/537.36','2024-01-29 10:25:40'),(268,1,'14.201.8.4','Mozilla/5.0 (iPhone; CPU iPhone OS 17_2_1 like Mac OS X) AppleWebKit/605.1.15 (KHTML, like Gecko) Version/17.2 Mobile/15E148 Safari/604.1','2024-01-29 10:34:39'),(269,1,'14.201.8.4','Mozilla/5.0 (Macintosh; Intel Mac OS X 10_15_7) AppleWebKit/537.36 (KHTML, like Gecko) Chrome/116.0.0.0 Safari/537.36','2024-01-29 10:37:32'),(270,1,'14.201.8.4','Mozilla/5.0 (Macintosh; Intel Mac OS X 10_15_7) AppleWebKit/537.36 (KHTML, like Gecko) Chrome/116.0.0.0 Safari/537.36','2024-01-29 10:46:58'),(271,1,'14.201.8.4','Mozilla/5.0 (Macintosh; Intel Mac OS X 10_15_7) AppleWebKit/537.36 (KHTML, like Gecko) Chrome/116.0.0.0 Safari/537.36','2024-01-29 11:22:26'),(272,1,'14.201.8.4','Mozilla/5.0 (Macintosh; Intel Mac OS X 10_15_7) AppleWebKit/537.36 (KHTML, like Gecko) Chrome/116.0.0.0 Safari/537.36','2024-01-29 14:50:11'),(273,1,'14.201.8.4','Mozilla/5.0 (Macintosh; Intel Mac OS X 10_15_7) AppleWebKit/537.36 (KHTML, like Gecko) Chrome/116.0.0.0 Safari/537.36','2024-01-29 15:32:16'),(274,1,'14.201.8.4','Mozilla/5.0 (Macintosh; Intel Mac OS X 10_15_7) AppleWebKit/537.36 (KHTML, like Gecko) Chrome/116.0.0.0 Safari/537.36','2024-01-29 15:35:37'),(275,1,'14.201.8.4','Mozilla/5.0 (Macintosh; Intel Mac OS X 10_15_7) AppleWebKit/537.36 (KHTML, like Gecko) Chrome/116.0.0.0 Safari/537.36','2024-01-29 15:59:33'),(276,6,'223.178.212.224','Mozilla/5.0 (Windows NT 10.0; Win64; x64) AppleWebKit/537.36 (KHTML, like Gecko) Chrome/120.0.0.0 Safari/537.36','2024-01-29 16:13:10'),(277,1,'14.201.8.4','Mozilla/5.0 (Macintosh; Intel Mac OS X 10_15_7) AppleWebKit/537.36 (KHTML, like Gecko) Chrome/116.0.0.0 Safari/537.36','2024-01-29 17:46:18'),(278,1,'118.209.242.115','Mozilla/5.0 (Macintosh; Intel Mac OS X 10_15_7) AppleWebKit/537.36 (KHTML, like Gecko) Chrome/116.0.0.0 Safari/537.36 Edg/116.0.1938.62','2024-01-29 18:54:13'),(279,1,'14.201.8.4','Mozilla/5.0 (Macintosh; Intel Mac OS X 10_15_7) AppleWebKit/537.36 (KHTML, like Gecko) Chrome/116.0.0.0 Safari/537.36','2024-01-30 09:39:27'),(280,1,'14.201.8.4','Mozilla/5.0 (Macintosh; Intel Mac OS X 10_15_7) AppleWebKit/537.36 (KHTML, like Gecko) Chrome/116.0.0.0 Safari/537.36','2024-01-30 21:19:05'),(281,1,'14.201.8.4','Mozilla/5.0 (Macintosh; Intel Mac OS X 10_13_6) AppleWebKit/537.36 (KHTML, like Gecko) Chrome/111.0.0.0 Safari/537.36 Edg/111.0.1661.62','2024-01-31 09:06:14'),(282,1,'14.201.8.4','Mozilla/5.0 (Macintosh; Intel Mac OS X 10_15_7) AppleWebKit/537.36 (KHTML, like Gecko) Chrome/116.0.0.0 Safari/537.36','2024-01-31 09:07:14'),(283,1,'120.22.153.213','Mozilla/5.0 (iPhone; CPU iPhone OS 17_2_1 like Mac OS X) AppleWebKit/605.1.15 (KHTML, like Gecko) Version/17.2 Mobile/15E148 Safari/604.1','2024-01-31 14:01:56'),(284,1,'118.209.242.115','Mozilla/5.0 (Macintosh; Intel Mac OS X 10_15_7) AppleWebKit/537.36 (KHTML, like Gecko) Chrome/116.0.0.0 Safari/537.36 Edg/116.0.1938.62','2024-01-31 19:27:51'),(285,1,'118.209.242.115','Mozilla/5.0 (Macintosh; Intel Mac OS X 10_15_7) AppleWebKit/537.36 (KHTML, like Gecko) Chrome/116.0.0.0 Safari/537.36 Edg/116.0.1938.62','2024-02-01 05:43:44'),(286,1,'118.209.242.115','Mozilla/5.0 (Macintosh; Intel Mac OS X 10_15_7) AppleWebKit/537.36 (KHTML, like Gecko) Chrome/116.0.0.0 Safari/537.36 Edg/116.0.1938.62','2024-02-01 07:39:37'),(287,1,'120.22.60.154','Mozilla/5.0 (iPhone; CPU iPhone OS 17_2_1 like Mac OS X) AppleWebKit/605.1.15 (KHTML, like Gecko) Version/17.2 Mobile/15E148 Safari/604.1','2024-02-01 16:17:31'),(288,1,'118.209.242.115','Mozilla/5.0 (Macintosh; Intel Mac OS X 10_15_7) AppleWebKit/537.36 (KHTML, like Gecko) Chrome/116.0.0.0 Safari/537.36 Edg/116.0.1938.62','2024-02-01 23:28:35'),(289,1,'118.209.242.115','Mozilla/5.0 (Macintosh; Intel Mac OS X 10_15_7) AppleWebKit/537.36 (KHTML, like Gecko) Chrome/116.0.0.0 Safari/537.36 Edg/116.0.1938.62','2024-02-02 07:33:13'),(290,1,'118.209.242.115','Mozilla/5.0 (Macintosh; Intel Mac OS X 10_15_7) AppleWebKit/537.36 (KHTML, like Gecko) Chrome/116.0.0.0 Safari/537.36 Edg/116.0.1938.62','2024-02-02 08:27:29'),(291,1,'120.22.60.154','Mozilla/5.0 (iPhone; CPU iPhone OS 17_2_1 like Mac OS X) AppleWebKit/605.1.15 (KHTML, like Gecko) Version/17.2 Mobile/15E148 Safari/604.1','2024-02-02 13:04:04'),(292,1,'14.201.8.4','Mozilla/5.0 (Macintosh; Intel Mac OS X 10_15_7) AppleWebKit/537.36 (KHTML, like Gecko) Chrome/116.0.0.0 Safari/537.36','2024-02-02 16:57:38'),(293,1,'14.201.8.4','Mozilla/5.0 (Macintosh; Intel Mac OS X 10_15_7) AppleWebKit/537.36 (KHTML, like Gecko) Chrome/116.0.0.0 Safari/537.36','2024-02-02 17:26:16'),(294,1,'118.209.242.115','Mozilla/5.0 (Macintosh; Intel Mac OS X 10_15_7) AppleWebKit/605.1.15 (KHTML, like Gecko) Version/17.1.2 Safari/605.1.15','2024-02-02 18:54:15'),(295,1,'118.209.242.115','Mozilla/5.0 (Macintosh; Intel Mac OS X 10_15_7) AppleWebKit/605.1.15 (KHTML, like Gecko) Version/17.1.2 Safari/605.1.15','2024-02-02 23:24:24'),(296,1,'118.209.242.115','Mozilla/5.0 (Macintosh; Intel Mac OS X 10_15_7) AppleWebKit/537.36 (KHTML, like Gecko) Chrome/116.0.0.0 Safari/537.36 Edg/116.0.1938.62','2024-02-03 12:53:15'),(297,1,'118.209.242.115','Mozilla/5.0 (Macintosh; Intel Mac OS X 10_15_7) AppleWebKit/605.1.15 (KHTML, like Gecko) Version/17.1.2 Safari/605.1.15','2024-02-03 18:29:46'),(298,1,'118.209.242.115','Mozilla/5.0 (Macintosh; Intel Mac OS X 10_15_7) AppleWebKit/537.36 (KHTML, like Gecko) Chrome/116.0.0.0 Safari/537.36 Edg/116.0.1938.62','2024-02-04 09:43:44'),(299,1,'118.209.242.115','Mozilla/5.0 (Macintosh; Intel Mac OS X 10_15_7) AppleWebKit/537.36 (KHTML, like Gecko) Chrome/116.0.0.0 Safari/537.36 Edg/116.0.1938.62','2024-02-05 06:47:29'),(300,1,'118.209.242.115','Mozilla/5.0 (iPhone; CPU iPhone OS 17_2_1 like Mac OS X) AppleWebKit/605.1.15 (KHTML, like Gecko) Version/17.2 Mobile/15E148 Safari/604.1','2024-02-05 08:51:20'),(301,1,'14.201.8.4','Mozilla/5.0 (Macintosh; Intel Mac OS X 10_15_7) AppleWebKit/537.36 (KHTML, like Gecko) Chrome/116.0.0.0 Safari/537.36','2024-02-05 09:30:15'),(302,1,'14.201.8.4','Mozilla/5.0 (Macintosh; Intel Mac OS X 10_15_7) AppleWebKit/537.36 (KHTML, like Gecko) Chrome/116.0.0.0 Safari/537.36','2024-02-05 10:32:35'),(303,1,'120.22.127.171','Mozilla/5.0 (iPhone; CPU iPhone OS 17_2_1 like Mac OS X) AppleWebKit/605.1.15 (KHTML, like Gecko) Version/17.2 Mobile/15E148 Safari/604.1','2024-02-05 13:36:30'),(304,1,'118.209.242.115','Mozilla/5.0 (iPhone; CPU iPhone OS 17_2_1 like Mac OS X) AppleWebKit/605.1.15 (KHTML, like Gecko) Version/17.2 Mobile/15E148 Safari/604.1','2024-02-05 20:10:04'),(305,1,'118.209.242.115','Mozilla/5.0 (Macintosh; Intel Mac OS X 10_15_7) AppleWebKit/537.36 (KHTML, like Gecko) Chrome/116.0.0.0 Safari/537.36 Edg/116.0.1938.62','2024-02-06 03:36:07'),(306,1,'118.209.242.115','Mozilla/5.0 (Macintosh; Intel Mac OS X 10_15_7) AppleWebKit/537.36 (KHTML, like Gecko) Chrome/116.0.0.0 Safari/537.36 Edg/116.0.1938.62','2024-02-06 08:31:04'),(307,1,'118.209.242.115','Mozilla/5.0 (Macintosh; Intel Mac OS X 10_14_6) AppleWebKit/605.1.15 (KHTML, like Gecko) Version/14.1.2 Safari/605.1.15','2024-02-06 08:51:49'),(308,1,'14.201.8.4','Mozilla/5.0 (Macintosh; Intel Mac OS X 10_15_7) AppleWebKit/537.36 (KHTML, like Gecko) Chrome/116.0.0.0 Safari/537.36','2024-02-06 09:55:18'),(309,1,'14.201.8.4','Mozilla/5.0 (Macintosh; Intel Mac OS X 10_15_7) AppleWebKit/537.36 (KHTML, like Gecko) Chrome/116.0.0.0 Safari/537.36','2024-02-06 14:29:53'),(310,1,'14.201.8.4','Mozilla/5.0 (Macintosh; Intel Mac OS X 10_15_7) AppleWebKit/537.36 (KHTML, like Gecko) Chrome/116.0.0.0 Safari/537.36','2024-02-06 16:25:06'),(311,1,'118.209.242.115','Mozilla/5.0 (Macintosh; Intel Mac OS X 10_15_7) AppleWebKit/537.36 (KHTML, like Gecko) Chrome/116.0.0.0 Safari/537.36 Edg/116.0.1938.62','2024-02-06 22:34:18'),(312,1,'118.209.242.115','Mozilla/5.0 (Macintosh; Intel Mac OS X 10_15_7) AppleWebKit/537.36 (KHTML, like Gecko) Chrome/116.0.0.0 Safari/537.36 Edg/116.0.1938.62','2024-02-07 07:20:17'),(313,1,'14.201.8.4','Mozilla/5.0 (Windows NT 10.0; Win64; x64) AppleWebKit/537.36 (KHTML, like Gecko) Chrome/121.0.0.0 Safari/537.36 Edg/121.0.0.0','2024-02-07 10:11:42'),(314,1,'120.22.229.194','Mozilla/5.0 (iPhone; CPU iPhone OS 17_2_1 like Mac OS X) AppleWebKit/605.1.15 (KHTML, like Gecko) Version/17.2 Mobile/15E148 Safari/604.1','2024-02-07 14:43:26'),(315,1,'14.201.8.4','Mozilla/5.0 (Macintosh; Intel Mac OS X 10_15_7) AppleWebKit/537.36 (KHTML, like Gecko) Chrome/116.0.0.0 Safari/537.36','2024-02-07 17:31:02'),(316,1,'14.201.8.4','Mozilla/5.0 (Macintosh; Intel Mac OS X 10_13_6) AppleWebKit/537.36 (KHTML, like Gecko) Chrome/111.0.0.0 Safari/537.36 Edg/111.0.1661.62','2024-02-08 09:08:35'),(317,1,'120.22.229.194','Mozilla/5.0 (iPhone; CPU iPhone OS 17_2_1 like Mac OS X) AppleWebKit/605.1.15 (KHTML, like Gecko) Version/17.2 Mobile/15E148 Safari/604.1','2024-02-08 13:13:37'),(318,1,'118.209.242.115','Mozilla/5.0 (Macintosh; Intel Mac OS X 10_15_7) AppleWebKit/537.36 (KHTML, like Gecko) Chrome/116.0.0.0 Safari/537.36 Edg/116.0.1938.62','2024-02-09 07:12:28'),(319,1,'118.209.242.115','Mozilla/5.0 (Macintosh; Intel Mac OS X 10_15_7) AppleWebKit/537.36 (KHTML, like Gecko) Chrome/116.0.0.0 Safari/537.36 Edg/116.0.1938.62','2024-02-09 08:30:32'),(320,1,'14.201.8.4','Mozilla/5.0 (Macintosh; Intel Mac OS X 10_15_7) AppleWebKit/537.36 (KHTML, like Gecko) Chrome/116.0.0.0 Safari/537.36','2024-02-09 09:08:36'),(321,1,'120.22.229.194','Mozilla/5.0 (iPhone; CPU iPhone OS 17_2_1 like Mac OS X) AppleWebKit/605.1.15 (KHTML, like Gecko) Version/17.2 Mobile/15E148 Safari/604.1','2024-02-09 11:15:32'),(322,1,'120.22.229.194','Mozilla/5.0 (iPhone; CPU iPhone OS 17_2_1 like Mac OS X) AppleWebKit/605.1.15 (KHTML, like Gecko) Version/17.2 Mobile/15E148 Safari/604.1','2024-02-09 12:37:05'),(323,1,'118.209.242.115','Mozilla/5.0 (Macintosh; Intel Mac OS X 10_15_7) AppleWebKit/537.36 (KHTML, like Gecko) Chrome/116.0.0.0 Safari/537.36 Edg/116.0.1938.62','2024-02-09 17:14:04'),(324,1,'118.209.242.115','Mozilla/5.0 (Macintosh; Intel Mac OS X 10_15_7) AppleWebKit/537.36 (KHTML, like Gecko) Chrome/116.0.0.0 Safari/537.36 Edg/116.0.1938.62','2024-02-10 01:46:46'),(325,1,'118.209.242.115','Mozilla/5.0 (Macintosh; Intel Mac OS X 10_15_7) AppleWebKit/537.36 (KHTML, like Gecko) Chrome/116.0.0.0 Safari/537.36 Edg/116.0.1938.62','2024-02-10 02:06:49'),(326,1,'14.201.8.4','Mozilla/5.0 (Macintosh; Intel Mac OS X 10_15_7) AppleWebKit/537.36 (KHTML, like Gecko) Chrome/116.0.0.0 Safari/537.36','2024-02-10 11:25:23'),(327,1,'118.209.242.115','Mozilla/5.0 (Macintosh; Intel Mac OS X 10_15_7) AppleWebKit/537.36 (KHTML, like Gecko) Chrome/116.0.0.0 Safari/537.36 Edg/116.0.1938.62','2024-02-10 14:06:59'),(328,1,'118.209.242.115','Mozilla/5.0 (Macintosh; Intel Mac OS X 10_15_7) AppleWebKit/605.1.15 (KHTML, like Gecko) Version/17.1.2 Safari/605.1.15','2024-02-11 17:18:03'),(329,1,'118.209.242.115','Mozilla/5.0 (Macintosh; Intel Mac OS X 10_15_7) AppleWebKit/537.36 (KHTML, like Gecko) Chrome/116.0.0.0 Safari/537.36 Edg/116.0.1938.62','2024-02-12 07:52:50'),(330,1,'14.201.8.4','Mozilla/5.0 (Macintosh; Intel Mac OS X 10_15_7) AppleWebKit/537.36 (KHTML, like Gecko) Chrome/116.0.0.0 Safari/537.36','2024-02-12 09:21:57'),(331,1,'14.201.8.4','Mozilla/5.0 (Macintosh; Intel Mac OS X 10_15_7) AppleWebKit/537.36 (KHTML, like Gecko) Chrome/116.0.0.0 Safari/537.36','2024-02-12 09:48:38'),(332,1,'14.201.8.4','Mozilla/5.0 (Macintosh; Intel Mac OS X 10_15_7) AppleWebKit/537.36 (KHTML, like Gecko) Chrome/116.0.0.0 Safari/537.36','2024-02-12 10:47:03'),(333,1,'120.22.229.194','Mozilla/5.0 (iPhone; CPU iPhone OS 17_2_1 like Mac OS X) AppleWebKit/605.1.15 (KHTML, like Gecko) Version/17.2 Mobile/15E148 Safari/604.1','2024-02-12 13:07:50'),(334,1,'120.22.229.194','Mozilla/5.0 (iPhone; CPU iPhone OS 17_2_1 like Mac OS X) AppleWebKit/605.1.15 (KHTML, like Gecko) Version/17.2 Mobile/15E148 Safari/604.1','2024-02-12 15:26:47'),(335,1,'118.209.242.115','Mozilla/5.0 (Macintosh; Intel Mac OS X 10_15_7) AppleWebKit/537.36 (KHTML, like Gecko) Chrome/116.0.0.0 Safari/537.36 Edg/116.0.1938.62','2024-02-12 19:44:00'),(336,1,'118.209.242.115','Mozilla/5.0 (Macintosh; Intel Mac OS X 10_15_7) AppleWebKit/537.36 (KHTML, like Gecko) Chrome/116.0.0.0 Safari/537.36 Edg/116.0.1938.62','2024-02-12 20:39:26'),(337,1,'118.209.242.115','Mozilla/5.0 (Macintosh; Intel Mac OS X 10_15_7) AppleWebKit/537.36 (KHTML, like Gecko) Chrome/116.0.0.0 Safari/537.36 Edg/116.0.1938.62','2024-02-13 07:13:32'),(338,1,'14.201.8.4','Mozilla/5.0 (Macintosh; Intel Mac OS X 10_15_7) AppleWebKit/537.36 (KHTML, like Gecko) Chrome/116.0.0.0 Safari/537.36','2024-02-13 08:44:55'),(339,1,'118.209.242.115','Mozilla/5.0 (Macintosh; Intel Mac OS X 10_15_7) AppleWebKit/605.1.15 (KHTML, like Gecko) Version/17.1.2 Safari/605.1.15','2024-02-13 19:37:28'),(340,1,'14.201.8.4','Mozilla/5.0 (Macintosh; Intel Mac OS X 10_15_7) AppleWebKit/537.36 (KHTML, like Gecko) Chrome/116.0.0.0 Safari/537.36','2024-02-14 09:26:44'),(341,1,'120.22.145.185','Mozilla/5.0 (iPhone; CPU iPhone OS 17_2_1 like Mac OS X) AppleWebKit/605.1.15 (KHTML, like Gecko) Version/17.2 Mobile/15E148 Safari/604.1','2024-02-14 11:47:30'),(342,1,'14.201.8.4','Mozilla/5.0 (Macintosh; Intel Mac OS X 10_15_7) AppleWebKit/537.36 (KHTML, like Gecko) Chrome/116.0.0.0 Safari/537.36','2024-02-14 13:29:31'),(343,1,'120.22.145.185','Mozilla/5.0 (iPhone; CPU iPhone OS 17_2_1 like Mac OS X) AppleWebKit/605.1.15 (KHTML, like Gecko) Version/17.2 Mobile/15E148 Safari/604.1','2024-02-14 16:16:42'),(344,1,'118.209.242.115','Mozilla/5.0 (Macintosh; Intel Mac OS X 10_15_7) AppleWebKit/537.36 (KHTML, like Gecko) Chrome/116.0.0.0 Safari/537.36 Edg/116.0.1938.62','2024-02-14 18:58:26'),(345,1,'118.209.242.115','Mozilla/5.0 (Macintosh; Intel Mac OS X 10_15_7) AppleWebKit/537.36 (KHTML, like Gecko) Chrome/116.0.0.0 Safari/537.36 Edg/116.0.1938.62','2024-02-14 19:22:52'),(346,1,'120.22.145.185','Mozilla/5.0 (iPhone; CPU iPhone OS 17_2_1 like Mac OS X) AppleWebKit/605.1.15 (KHTML, like Gecko) Version/17.2 Mobile/15E148 Safari/604.1','2024-02-15 10:35:56'),(347,1,'120.22.145.185','Mozilla/5.0 (iPhone; CPU iPhone OS 17_2_1 like Mac OS X) AppleWebKit/605.1.15 (KHTML, like Gecko) Version/17.2 Mobile/15E148 Safari/604.1','2024-02-15 12:48:55'),(348,1,'14.201.8.4','Mozilla/5.0 (Macintosh; Intel Mac OS X 10_15_7) AppleWebKit/537.36 (KHTML, like Gecko) Chrome/116.0.0.0 Safari/537.36','2024-02-15 14:09:58'),(349,1,'118.209.242.115','Mozilla/5.0 (Macintosh; Intel Mac OS X 10_15_7) AppleWebKit/537.36 (KHTML, like Gecko) Chrome/116.0.0.0 Safari/537.36 Edg/116.0.1938.62','2024-02-16 07:11:24'),(350,1,'118.209.242.115','Mozilla/5.0 (Macintosh; Intel Mac OS X 10_15_7) AppleWebKit/537.36 (KHTML, like Gecko) Chrome/116.0.0.0 Safari/537.36 Edg/116.0.1938.62','2024-02-17 06:02:47'),(351,1,'118.209.242.115','Mozilla/5.0 (iPhone; CPU iPhone OS 17_2_1 like Mac OS X) AppleWebKit/605.1.15 (KHTML, like Gecko) Version/17.2 Mobile/15E148 Safari/604.1','2024-02-17 09:59:45'),(352,1,'118.209.242.115','Mozilla/5.0 (Macintosh; Intel Mac OS X 10_15_7) AppleWebKit/537.36 (KHTML, like Gecko) Chrome/116.0.0.0 Safari/537.36 Edg/116.0.1938.62','2024-02-17 14:13:01'),(353,1,'118.209.242.115','Mozilla/5.0 (Macintosh; Intel Mac OS X 10_15_7) AppleWebKit/537.36 (KHTML, like Gecko) Chrome/116.0.0.0 Safari/537.36 Edg/116.0.1938.62','2024-02-17 22:25:40'),(354,1,'120.22.81.255','Mozilla/5.0 (iPhone; CPU iPhone OS 17_2_1 like Mac OS X) AppleWebKit/605.1.15 (KHTML, like Gecko) Version/17.2 Mobile/15E148 Safari/604.1','2024-02-18 09:42:07'),(355,1,'118.209.242.115','Mozilla/5.0 (iPhone; CPU iPhone OS 17_2_1 like Mac OS X) AppleWebKit/605.1.15 (KHTML, like Gecko) Version/17.2 Mobile/15E148 Safari/604.1','2024-02-18 13:30:48'),(356,1,'118.209.242.115','Mozilla/5.0 (Macintosh; Intel Mac OS X 10_15_7) AppleWebKit/537.36 (KHTML, like Gecko) Chrome/116.0.0.0 Safari/537.36 Edg/116.0.1938.62','2024-02-19 07:37:29'),(357,1,'14.201.8.4','Mozilla/5.0 (Macintosh; Intel Mac OS X 10_15_7) AppleWebKit/537.36 (KHTML, like Gecko) Chrome/116.0.0.0 Safari/537.36','2024-02-19 09:16:01'),(358,1,'118.209.242.115','Mozilla/5.0 (Macintosh; Intel Mac OS X 10_15_7) AppleWebKit/537.36 (KHTML, like Gecko) Chrome/116.0.0.0 Safari/537.36 Edg/116.0.1938.62','2024-02-19 19:48:45'),(359,1,'118.209.242.115','Mozilla/5.0 (Macintosh; Intel Mac OS X 10_15_7) AppleWebKit/537.36 (KHTML, like Gecko) Chrome/116.0.0.0 Safari/537.36 Edg/116.0.1938.62','2024-02-20 07:37:18'),(360,1,'14.201.8.4','Mozilla/5.0 (Macintosh; Intel Mac OS X 10_15_7) AppleWebKit/537.36 (KHTML, like Gecko) Chrome/116.0.0.0 Safari/537.36','2024-02-20 09:09:58'),(361,1,'14.201.8.4','Mozilla/5.0 (Macintosh; Intel Mac OS X 10_15_7) AppleWebKit/537.36 (KHTML, like Gecko) Chrome/116.0.0.0 Safari/537.36','2024-02-20 16:14:07'),(362,1,'14.201.8.4','Mozilla/5.0 (Macintosh; Intel Mac OS X 10_15_7) AppleWebKit/537.36 (KHTML, like Gecko) Chrome/116.0.0.0 Safari/537.36','2024-02-21 09:11:36'),(363,1,'14.201.8.4','Mozilla/5.0 (Macintosh; Intel Mac OS X 10_13_6) AppleWebKit/537.36 (KHTML, like Gecko) Chrome/111.0.0.0 Safari/537.36 Edg/111.0.1661.62','2024-02-21 16:21:41'),(364,1,'14.201.8.4','Mozilla/5.0 (Macintosh; Intel Mac OS X 10_13_6) AppleWebKit/537.36 (KHTML, like Gecko) Chrome/111.0.0.0 Safari/537.36 Edg/111.0.1661.62','2024-02-21 17:09:25'),(365,1,'118.209.242.115','Mozilla/5.0 (Macintosh; Intel Mac OS X 10_15_7) AppleWebKit/605.1.15 (KHTML, like Gecko) Version/17.1.2 Safari/605.1.15','2024-02-22 08:43:45'),(366,1,'14.201.8.4','Mozilla/5.0 (Macintosh; Intel Mac OS X 10_15_7) AppleWebKit/537.36 (KHTML, like Gecko) Chrome/116.0.0.0 Safari/537.36','2024-02-22 09:07:04'),(367,1,'120.22.70.235','Mozilla/5.0 (iPhone; CPU iPhone OS 17_2_1 like Mac OS X) AppleWebKit/605.1.15 (KHTML, like Gecko) Version/17.2 Mobile/15E148 Safari/604.1','2024-02-22 15:16:42'),(368,1,'118.209.242.115','Mozilla/5.0 (Macintosh; Intel Mac OS X 10_15_7) AppleWebKit/537.36 (KHTML, like Gecko) Chrome/116.0.0.0 Safari/537.36 Edg/116.0.1938.62','2024-02-23 06:59:10'),(369,1,'118.209.242.115','Mozilla/5.0 (Macintosh; Intel Mac OS X 10_15_7) AppleWebKit/537.36 (KHTML, like Gecko) Chrome/116.0.0.0 Safari/537.36 Edg/116.0.1938.62','2024-02-23 16:47:06'),(370,1,'118.209.242.115','Mozilla/5.0 (Macintosh; Intel Mac OS X 10_15_7) AppleWebKit/605.1.15 (KHTML, like Gecko) Version/17.1.2 Safari/605.1.15','2024-02-23 17:48:35'),(371,1,'118.209.242.115','Mozilla/5.0 (Macintosh; Intel Mac OS X 10_15_7) AppleWebKit/605.1.15 (KHTML, like Gecko) Version/17.1.2 Safari/605.1.15','2024-02-23 17:49:10'),(372,1,'14.201.8.4','Mozilla/5.0 (Macintosh; Intel Mac OS X 10_15_7) AppleWebKit/537.36 (KHTML, like Gecko) Chrome/116.0.0.0 Safari/537.36','2024-02-24 09:36:06'),(373,1,'118.209.242.115','Mozilla/5.0 (Macintosh; Intel Mac OS X 10_15_7) AppleWebKit/537.36 (KHTML, like Gecko) Chrome/116.0.0.0 Safari/537.36 Edg/116.0.1938.62','2024-02-24 11:15:15'),(374,1,'118.209.242.115','Mozilla/5.0 (iPhone; CPU iPhone OS 17_2_1 like Mac OS X) AppleWebKit/605.1.15 (KHTML, like Gecko) Version/17.2 Mobile/15E148 Safari/604.1','2024-02-24 20:37:56'),(375,1,'120.22.22.38','Mozilla/5.0 (iPhone; CPU iPhone OS 17_2_1 like Mac OS X) AppleWebKit/605.1.15 (KHTML, like Gecko) Version/17.2 Mobile/15E148 Safari/604.1','2024-02-25 12:16:09'),(376,1,'118.209.242.115','Mozilla/5.0 (Macintosh; Intel Mac OS X 10_15_7) AppleWebKit/537.36 (KHTML, like Gecko) Chrome/116.0.0.0 Safari/537.36 Edg/116.0.1938.62','2024-02-25 13:56:10'),(377,1,'118.209.242.115','Mozilla/5.0 (Macintosh; Intel Mac OS X 10_15_7) AppleWebKit/537.36 (KHTML, like Gecko) Chrome/116.0.0.0 Safari/537.36 Edg/116.0.1938.62','2024-02-25 14:13:34'),(378,1,'120.22.161.173','Mozilla/5.0 (iPhone; CPU iPhone OS 17_2_1 like Mac OS X) AppleWebKit/605.1.15 (KHTML, like Gecko) Version/17.2 Mobile/15E148 Safari/604.1','2024-02-25 14:48:30'),(379,1,'118.209.242.115','Mozilla/5.0 (Macintosh; Intel Mac OS X 10_15_7) AppleWebKit/537.36 (KHTML, like Gecko) Chrome/116.0.0.0 Safari/537.36 Edg/116.0.1938.62','2024-02-26 07:01:16'),(380,1,'118.209.242.115','Mozilla/5.0 (iPhone; CPU iPhone OS 17_2_1 like Mac OS X) AppleWebKit/605.1.15 (KHTML, like Gecko) Version/17.2 Mobile/15E148 Safari/604.1','2024-02-26 08:10:31'),(381,1,'14.201.8.4','Mozilla/5.0 (Macintosh; Intel Mac OS X 10_15_7) AppleWebKit/537.36 (KHTML, like Gecko) Chrome/116.0.0.0 Safari/537.36','2024-02-26 08:52:17'),(382,1,'14.201.8.4','Mozilla/5.0 (Macintosh; Intel Mac OS X 10_15_7) AppleWebKit/537.36 (KHTML, like Gecko) Chrome/116.0.0.0 Safari/537.36','2024-02-26 09:26:51'),(383,1,'14.201.8.4','Mozilla/5.0 (Macintosh; Intel Mac OS X 10_15_7) AppleWebKit/537.36 (KHTML, like Gecko) Chrome/116.0.0.0 Safari/537.36','2024-02-26 10:57:43'),(384,1,'14.201.8.4','Mozilla/5.0 (Macintosh; Intel Mac OS X 10_15_7) AppleWebKit/537.36 (KHTML, like Gecko) Chrome/116.0.0.0 Safari/537.36','2024-02-26 13:56:30'),(385,1,'118.209.242.115','Mozilla/5.0 (Macintosh; Intel Mac OS X 10_15_7) AppleWebKit/537.36 (KHTML, like Gecko) Chrome/116.0.0.0 Safari/537.36 Edg/116.0.1938.62','2024-02-27 07:06:54'),(386,1,'14.201.8.4','Mozilla/5.0 (Macintosh; Intel Mac OS X 10_15_7) AppleWebKit/537.36 (KHTML, like Gecko) Chrome/116.0.0.0 Safari/537.36','2024-02-27 08:44:20'),(387,1,'14.201.8.4','Mozilla/5.0 (Macintosh; Intel Mac OS X 10_15_7) AppleWebKit/537.36 (KHTML, like Gecko) Chrome/116.0.0.0 Safari/537.36','2024-02-27 08:46:24'),(388,1,'120.22.10.180','Mozilla/5.0 (iPhone; CPU iPhone OS 17_2_1 like Mac OS X) AppleWebKit/605.1.15 (KHTML, like Gecko) Version/17.2 Mobile/15E148 Safari/604.1','2024-02-27 10:52:00'),(389,1,'14.201.8.4','Mozilla/5.0 (Macintosh; Intel Mac OS X 10_15_7) AppleWebKit/537.36 (KHTML, like Gecko) Chrome/116.0.0.0 Safari/537.36','2024-02-29 09:22:50'),(390,1,'14.201.8.4','Mozilla/5.0 (Macintosh; Intel Mac OS X 10_15_7) AppleWebKit/537.36 (KHTML, like Gecko) Chrome/116.0.0.0 Safari/537.36','2024-02-29 16:54:42'),(391,1,'118.209.242.115','Mozilla/5.0 (Macintosh; Intel Mac OS X 10_15_7) AppleWebKit/537.36 (KHTML, like Gecko) Chrome/116.0.0.0 Safari/537.36 Edg/116.0.1938.62','2024-03-01 07:08:03'),(392,1,'120.22.233.40','Mozilla/5.0 (iPhone; CPU iPhone OS 17_3_1 like Mac OS X) AppleWebKit/605.1.15 (KHTML, like Gecko) Version/17.3.1 Mobile/15E148 Safari/604.1','2024-03-01 11:01:40'),(393,1,'118.209.242.115','Mozilla/5.0 (iPhone; CPU iPhone OS 17_3_1 like Mac OS X) AppleWebKit/605.1.15 (KHTML, like Gecko) Version/17.3.1 Mobile/15E148 Safari/604.1','2024-03-02 20:25:11'),(394,1,'14.201.8.4','Mozilla/5.0 (Macintosh; Intel Mac OS X 10_15_7) AppleWebKit/537.36 (KHTML, like Gecko) Chrome/116.0.0.0 Safari/537.36','2024-03-04 16:16:46'),(395,1,'118.209.242.115','Mozilla/5.0 (Macintosh; Intel Mac OS X 10_15_7) AppleWebKit/537.36 (KHTML, like Gecko) Chrome/116.0.0.0 Safari/537.36 Edg/116.0.1938.62','2024-03-05 06:59:25'),(396,1,'118.209.242.115','Mozilla/5.0 (Macintosh; Intel Mac OS X 10_15_7) AppleWebKit/537.36 (KHTML, like Gecko) Chrome/116.0.0.0 Safari/537.36 Edg/116.0.1938.62','2024-03-06 07:28:12'),(397,1,'120.22.188.205','Mozilla/5.0 (iPhone; CPU iPhone OS 17_3_1 like Mac OS X) AppleWebKit/605.1.15 (KHTML, like Gecko) Version/17.3.1 Mobile/15E148 Safari/604.1','2024-03-06 13:35:21'),(398,1,'118.209.242.115','Mozilla/5.0 (Macintosh; Intel Mac OS X 10_15_7) AppleWebKit/537.36 (KHTML, like Gecko) Chrome/116.0.0.0 Safari/537.36 Edg/116.0.1938.62','2024-03-07 20:58:51'),(399,1,'120.22.188.205','Mozilla/5.0 (iPhone; CPU iPhone OS 17_3_1 like Mac OS X) AppleWebKit/605.1.15 (KHTML, like Gecko) Version/17.3.1 Mobile/15E148 Safari/604.1','2024-03-08 12:54:28'),(400,1,'118.209.242.115','Mozilla/5.0 (Macintosh; Intel Mac OS X 10_15_7) AppleWebKit/537.36 (KHTML, like Gecko) Chrome/116.0.0.0 Safari/537.36 Edg/116.0.1938.62','2024-03-09 08:21:17'),(401,1,'14.201.8.4','Mozilla/5.0 (Macintosh; Intel Mac OS X 10_15_7) AppleWebKit/537.36 (KHTML, like Gecko) Chrome/116.0.0.0 Safari/537.36','2024-03-11 08:46:43'),(402,1,'120.22.188.205','Mozilla/5.0 (iPhone; CPU iPhone OS 17_3_1 like Mac OS X) AppleWebKit/605.1.15 (KHTML, like Gecko) Version/17.3.1 Mobile/15E148 Safari/604.1','2024-03-11 11:34:06'),(403,1,'120.22.188.205','Mozilla/5.0 (iPhone; CPU iPhone OS 17_3_1 like Mac OS X) AppleWebKit/605.1.15 (KHTML, like Gecko) Version/17.3.1 Mobile/15E148 Safari/604.1','2024-03-11 12:08:27'),(404,1,'120.22.225.145','Mozilla/5.0 (iPhone; CPU iPhone OS 17_3_1 like Mac OS X) AppleWebKit/605.1.15 (KHTML, like Gecko) Version/17.3.1 Mobile/15E148 Safari/604.1','2024-03-11 16:26:54'),(405,1,'118.209.242.115','Mozilla/5.0 (Macintosh; Intel Mac OS X 10_15_7) AppleWebKit/537.36 (KHTML, like Gecko) Chrome/116.0.0.0 Safari/537.36 Edg/116.0.1938.62','2024-03-12 07:25:52'),(406,1,'14.201.8.4','Mozilla/5.0 (Macintosh; Intel Mac OS X 10_15_7) AppleWebKit/537.36 (KHTML, like Gecko) Chrome/116.0.0.0 Safari/537.36','2024-03-12 09:06:09'),(407,1,'14.201.8.4','Mozilla/5.0 (Macintosh; Intel Mac OS X 10_15_7) AppleWebKit/537.36 (KHTML, like Gecko) Chrome/116.0.0.0 Safari/537.36','2024-03-12 09:11:36'),(408,1,'120.22.225.145','Mozilla/5.0 (iPhone; CPU iPhone OS 17_3_1 like Mac OS X) AppleWebKit/605.1.15 (KHTML, like Gecko) Version/17.3.1 Mobile/15E148 Safari/604.1','2024-03-12 14:51:00'),(409,1,'120.22.92.64','Mozilla/5.0 (iPhone; CPU iPhone OS 17_3_1 like Mac OS X) AppleWebKit/605.1.15 (KHTML, like Gecko) Version/17.3.1 Mobile/15E148 Safari/604.1','2024-03-12 17:20:55'),(410,1,'118.209.242.115','Mozilla/5.0 (Macintosh; Intel Mac OS X 10_15_7) AppleWebKit/537.36 (KHTML, like Gecko) Chrome/116.0.0.0 Safari/537.36 Edg/116.0.1938.62','2024-03-13 07:36:35'),(411,1,'118.209.242.115','Mozilla/5.0 (Macintosh; Intel Mac OS X 10_15_7) AppleWebKit/537.36 (KHTML, like Gecko) Chrome/116.0.0.0 Safari/537.36 Edg/116.0.1938.62','2024-03-13 08:29:38'),(412,1,'14.201.8.4','Mozilla/5.0 (Macintosh; Intel Mac OS X 10_15_7) AppleWebKit/537.36 (KHTML, like Gecko) Chrome/116.0.0.0 Safari/537.36','2024-03-14 09:18:09'),(413,1,'14.201.8.4','Mozilla/5.0 (Macintosh; Intel Mac OS X 10_15_7) AppleWebKit/537.36 (KHTML, like Gecko) Chrome/116.0.0.0 Safari/537.36','2024-03-14 09:20:26'),(414,1,'120.22.88.135','Mozilla/5.0 (iPhone; CPU iPhone OS 17_3_1 like Mac OS X) AppleWebKit/605.1.15 (KHTML, like Gecko) Version/17.3.1 Mobile/15E148 Safari/604.1','2024-03-14 15:37:55'),(415,1,'14.201.8.4','Mozilla/5.0 (Macintosh; Intel Mac OS X 10_15_7) AppleWebKit/537.36 (KHTML, like Gecko) Chrome/116.0.0.0 Safari/537.36','2024-03-15 08:57:52'),(416,1,'14.201.8.4','Mozilla/5.0 (Macintosh; Intel Mac OS X 10_13_6) AppleWebKit/537.36 (KHTML, like Gecko) Chrome/111.0.0.0 Safari/537.36 Edg/111.0.1661.62','2024-03-15 09:07:16'),(417,1,'118.209.242.115','Mozilla/5.0 (iPhone; CPU iPhone OS 17_3_1 like Mac OS X) AppleWebKit/605.1.15 (KHTML, like Gecko) Version/17.3.1 Mobile/15E148 Safari/604.1','2024-03-17 12:11:04'),(418,1,'120.22.72.169','Mozilla/5.0 (iPhone; CPU iPhone OS 17_3_1 like Mac OS X) AppleWebKit/605.1.15 (KHTML, like Gecko) Version/17.3.1 Mobile/15E148 Safari/604.1','2024-03-18 07:41:46'),(419,1,'118.209.242.115','Mozilla/5.0 (iPhone; CPU iPhone OS 17_3_1 like Mac OS X) AppleWebKit/605.1.15 (KHTML, like Gecko) Version/17.3.1 Mobile/15E148 Safari/604.1','2024-03-18 08:01:58'),(420,1,'14.201.8.4','Mozilla/5.0 (Macintosh; Intel Mac OS X 10_13_6) AppleWebKit/537.36 (KHTML, like Gecko) Chrome/111.0.0.0 Safari/537.36 Edg/111.0.1661.62','2024-03-18 08:58:48'),(421,1,'118.209.242.115','Mozilla/5.0 (Macintosh; Intel Mac OS X 10_15_7) AppleWebKit/537.36 (KHTML, like Gecko) Chrome/116.0.0.0 Safari/537.36 Edg/116.0.1938.62','2024-03-19 07:01:16'),(422,1,'120.22.37.181','Mozilla/5.0 (iPhone; CPU iPhone OS 17_3_1 like Mac OS X) AppleWebKit/605.1.15 (KHTML, like Gecko) Version/17.3.1 Mobile/15E148 Safari/604.1','2024-03-20 12:56:33'),(423,1,'120.22.37.181','Mozilla/5.0 (iPhone; CPU iPhone OS 17_3_1 like Mac OS X) AppleWebKit/605.1.15 (KHTML, like Gecko) Version/17.3.1 Mobile/15E148 Safari/604.1','2024-03-20 14:41:33'),(424,1,'14.201.8.4','Mozilla/5.0 (Macintosh; Intel Mac OS X 10_13_6) AppleWebKit/537.36 (KHTML, like Gecko) Chrome/111.0.0.0 Safari/537.36 Edg/111.0.1661.62','2024-03-20 16:35:16'),(425,1,'118.209.242.115','Mozilla/5.0 (Macintosh; Intel Mac OS X 10_15_7) AppleWebKit/537.36 (KHTML, like Gecko) Chrome/116.0.0.0 Safari/537.36 Edg/116.0.1938.62','2024-03-20 23:08:46'),(426,1,'14.201.8.4','Mozilla/5.0 (Windows NT 10.0; Win64; x64) AppleWebKit/537.36 (KHTML, like Gecko) Chrome/122.0.0.0 Safari/537.36','2024-03-21 09:33:31'),(427,1,'14.201.8.4','Mozilla/5.0 (Windows NT 10.0; Win64; x64) AppleWebKit/537.36 (KHTML, like Gecko) Chrome/122.0.0.0 Safari/537.36','2024-03-21 13:26:22'),(428,1,'118.209.242.115','Mozilla/5.0 (Macintosh; Intel Mac OS X 10_15_7) AppleWebKit/605.1.15 (KHTML, like Gecko) Version/17.3.1 Safari/605.1.15','2024-03-21 20:49:40'),(429,1,'118.209.242.115','Mozilla/5.0 (Macintosh; Intel Mac OS X 10_15_7) AppleWebKit/537.36 (KHTML, like Gecko) Chrome/116.0.0.0 Safari/537.36 Edg/116.0.1938.62','2024-03-22 06:51:18'),(430,1,'118.209.242.115','Mozilla/5.0 (iPhone; CPU iPhone OS 17_3_1 like Mac OS X) AppleWebKit/605.1.15 (KHTML, like Gecko) Version/17.3.1 Mobile/15E148 Safari/604.1','2024-03-22 21:07:26'),(431,1,'118.209.242.115','Mozilla/5.0 (Macintosh; Intel Mac OS X 10_15_7) AppleWebKit/537.36 (KHTML, like Gecko) Chrome/116.0.0.0 Safari/537.36 Edg/116.0.1938.62','2024-03-22 21:26:37'),(432,1,'118.209.242.115','Mozilla/5.0 (iPhone; CPU iPhone OS 17_3_1 like Mac OS X) AppleWebKit/605.1.15 (KHTML, like Gecko) Version/17.3.1 Mobile/15E148 Safari/604.1','2024-03-23 07:48:56'),(433,1,'120.22.78.59','Mozilla/5.0 (iPhone; CPU iPhone OS 17_3_1 like Mac OS X) AppleWebKit/605.1.15 (KHTML, like Gecko) Version/17.3.1 Mobile/15E148 Safari/604.1','2024-03-23 08:26:35'),(434,1,'120.22.12.181','Mozilla/5.0 (iPhone; CPU iPhone OS 17_3_1 like Mac OS X) AppleWebKit/605.1.15 (KHTML, like Gecko) Version/17.3.1 Mobile/15E148 Safari/604.1','2024-03-23 13:18:23'),(435,1,'118.209.242.115','Mozilla/5.0 (Macintosh; Intel Mac OS X 10_15_7) AppleWebKit/605.1.15 (KHTML, like Gecko) Version/17.3.1 Safari/605.1.15','2024-03-23 18:28:02'),(436,1,'118.209.242.115','Mozilla/5.0 (iPhone; CPU iPhone OS 17_3_1 like Mac OS X) AppleWebKit/605.1.15 (KHTML, like Gecko) Version/17.3.1 Mobile/15E148 Safari/604.1','2024-03-23 19:33:22'),(437,1,'118.209.242.115','Mozilla/5.0 (Macintosh; Intel Mac OS X 10_15_7) AppleWebKit/537.36 (KHTML, like Gecko) Chrome/116.0.0.0 Safari/537.36 Edg/116.0.1938.62','2024-03-23 20:20:01'),(438,1,'120.22.47.185','Mozilla/5.0 (iPhone; CPU iPhone OS 17_3_1 like Mac OS X) AppleWebKit/605.1.15 (KHTML, like Gecko) Version/17.3.1 Mobile/15E148 Safari/604.1','2024-03-24 13:12:27'),(439,1,'118.209.242.115','Mozilla/5.0 (iPhone; CPU iPhone OS 17_3_1 like Mac OS X) AppleWebKit/605.1.15 (KHTML, like Gecko) Version/17.3.1 Mobile/15E148 Safari/604.1','2024-03-24 18:27:49'),(440,1,'14.201.8.4','Mozilla/5.0 (Windows NT 10.0; Win64; x64) AppleWebKit/537.36 (KHTML, like Gecko) Chrome/122.0.0.0 Safari/537.36 Edg/122.0.0.0','2024-03-25 09:15:42'),(441,1,'120.22.47.185','Mozilla/5.0 (iPhone; CPU iPhone OS 17_3_1 like Mac OS X) AppleWebKit/605.1.15 (KHTML, like Gecko) Version/17.3.1 Mobile/15E148 Safari/604.1','2024-03-25 11:37:59'),(442,1,'118.209.242.115','Mozilla/5.0 (iPhone; CPU iPhone OS 17_3_1 like Mac OS X) AppleWebKit/605.1.15 (KHTML, like Gecko) Version/17.3.1 Mobile/15E148 Safari/604.1','2024-03-25 21:45:01'),(443,1,'118.209.242.115','Mozilla/5.0 (Macintosh; Intel Mac OS X 10_15_7) AppleWebKit/537.36 (KHTML, like Gecko) Chrome/116.0.0.0 Safari/537.36 Edg/116.0.1938.62','2024-03-26 05:17:56'),(444,1,'14.201.8.4','Mozilla/5.0 (Windows NT 10.0; Win64; x64) AppleWebKit/537.36 (KHTML, like Gecko) Chrome/123.0.0.0 Safari/537.36','2024-03-26 09:19:21'),(445,1,'120.22.47.185','Mozilla/5.0 (iPhone; CPU iPhone OS 17_3_1 like Mac OS X) AppleWebKit/605.1.15 (KHTML, like Gecko) Version/17.3.1 Mobile/15E148 Safari/604.1','2024-03-26 14:28:39'),(446,1,'14.201.8.4','Mozilla/5.0 (Windows NT 10.0; Win64; x64) AppleWebKit/537.36 (KHTML, like Gecko) Chrome/123.0.0.0 Safari/537.36','2024-03-27 08:59:20'),(447,1,'14.201.8.4','Mozilla/5.0 (Windows NT 10.0; Win64; x64) AppleWebKit/537.36 (KHTML, like Gecko) Chrome/123.0.0.0 Safari/537.36','2024-03-28 12:58:04'),(448,1,'118.209.242.115','Mozilla/5.0 (Macintosh; Intel Mac OS X 10_15_7) AppleWebKit/537.36 (KHTML, like Gecko) Chrome/116.0.0.0 Safari/537.36 Edg/116.0.1938.62','2024-03-28 17:22:08'),(449,1,'118.209.242.115','Mozilla/5.0 (Macintosh; Intel Mac OS X 10_15_7) AppleWebKit/537.36 (KHTML, like Gecko) Chrome/116.0.0.0 Safari/537.36 Edg/116.0.1938.62','2024-03-29 08:38:29'),(450,1,'118.209.242.115','Mozilla/5.0 (iPhone; CPU iPhone OS 17_3_1 like Mac OS X) AppleWebKit/605.1.15 (KHTML, like Gecko) Version/17.3.1 Mobile/15E148 Safari/604.1','2024-03-30 17:45:36'),(451,1,'118.209.242.115','Mozilla/5.0 (iPhone; CPU iPhone OS 17_3_1 like Mac OS X) AppleWebKit/605.1.15 (KHTML, like Gecko) Version/17.3.1 Mobile/15E148 Safari/604.1','2024-04-01 09:04:28'),(452,1,'120.22.168.46','Mozilla/5.0 (iPhone; CPU iPhone OS 17_3_1 like Mac OS X) AppleWebKit/605.1.15 (KHTML, like Gecko) Version/17.3.1 Mobile/15E148 Safari/604.1','2024-04-01 11:55:23'),(453,1,'14.201.8.4','Mozilla/5.0 (Windows NT 10.0; Win64; x64) AppleWebKit/537.36 (KHTML, like Gecko) Chrome/123.0.0.0 Safari/537.36','2024-04-02 09:23:32'),(454,1,'120.22.168.46','Mozilla/5.0 (iPhone; CPU iPhone OS 17_3_1 like Mac OS X) AppleWebKit/605.1.15 (KHTML, like Gecko) Version/17.3.1 Mobile/15E148 Safari/604.1','2024-04-02 14:42:48'),(455,1,'14.201.8.4','Mozilla/5.0 (Windows NT 10.0; Win64; x64) AppleWebKit/537.36 (KHTML, like Gecko) Chrome/123.0.0.0 Safari/537.36','2024-04-03 10:45:23'),(456,1,'14.201.8.4','Mozilla/5.0 (Windows NT 10.0; Win64; x64) AppleWebKit/537.36 (KHTML, like Gecko) Chrome/123.0.0.0 Safari/537.36','2024-04-03 10:45:35'),(457,1,'14.201.8.4','Mozilla/5.0 (Windows NT 10.0; Win64; x64) AppleWebKit/537.36 (KHTML, like Gecko) Chrome/123.0.0.0 Safari/537.36','2024-04-03 10:47:22'),(458,1,'14.201.8.4','Mozilla/5.0 (Windows NT 10.0; Win64; x64) AppleWebKit/537.36 (KHTML, like Gecko) Chrome/123.0.0.0 Safari/537.36 Edg/123.0.0.0','2024-04-03 10:48:22'),(459,1,'14.201.8.4','Mozilla/5.0 (Windows NT 10.0; Win64; x64) AppleWebKit/537.36 (KHTML, like Gecko) Chrome/123.0.0.0 Safari/537.36','2024-04-03 10:53:15'),(460,1,'14.201.8.4','Mozilla/5.0 (Windows NT 10.0; Win64; x64) AppleWebKit/537.36 (KHTML, like Gecko) Chrome/123.0.0.0 Safari/537.36','2024-04-03 17:04:47'),(461,1,'118.209.242.115','Mozilla/5.0 (Macintosh; Intel Mac OS X 10_15_7) AppleWebKit/537.36 (KHTML, like Gecko) Chrome/116.0.0.0 Safari/537.36 Edg/116.0.1938.62','2024-04-03 23:02:37'),(462,1,'14.201.8.4','Mozilla/5.0 (Windows NT 10.0; Win64; x64) AppleWebKit/537.36 (KHTML, like Gecko) Chrome/123.0.0.0 Safari/537.36','2024-04-04 08:47:26'),(463,1,'14.201.8.4','Mozilla/5.0 (Windows NT 10.0; Win64; x64) AppleWebKit/537.36 (KHTML, like Gecko) Chrome/123.0.0.0 Safari/537.36','2024-04-04 14:16:06'),(464,1,'118.209.242.115','Mozilla/5.0 (iPhone; CPU iPhone OS 17_3_1 like Mac OS X) AppleWebKit/605.1.15 (KHTML, like Gecko) Version/17.3.1 Mobile/15E148 Safari/604.1','2024-04-04 16:20:55'),(465,1,'118.209.242.115','Mozilla/5.0 (Macintosh; Intel Mac OS X 10_15_7) AppleWebKit/537.36 (KHTML, like Gecko) Chrome/116.0.0.0 Safari/537.36 Edg/116.0.1938.62','2024-04-05 06:15:48'),(466,1,'14.201.8.4','Mozilla/5.0 (Macintosh; Intel Mac OS X 10_15_7) AppleWebKit/537.36 (KHTML, like Gecko) Chrome/116.0.0.0 Safari/537.36','2024-04-05 10:34:03'),(467,1,'120.22.85.230','Mozilla/5.0 (iPhone; CPU iPhone OS 17_3_1 like Mac OS X) AppleWebKit/605.1.15 (KHTML, like Gecko) Version/17.3.1 Mobile/15E148 Safari/604.1','2024-04-05 12:12:44'),(468,1,'120.22.85.230','Mozilla/5.0 (iPhone; CPU iPhone OS 17_3_1 like Mac OS X) AppleWebKit/605.1.15 (KHTML, like Gecko) Version/17.3.1 Mobile/15E148 Safari/604.1','2024-04-05 13:36:20'),(469,1,'118.209.242.115','Mozilla/5.0 (iPhone; CPU iPhone OS 17_3_1 like Mac OS X) AppleWebKit/605.1.15 (KHTML, like Gecko) Version/17.3.1 Mobile/15E148 Safari/604.1','2024-04-08 08:06:00'),(470,1,'120.22.85.230','Mozilla/5.0 (iPhone; CPU iPhone OS 17_3_1 like Mac OS X) AppleWebKit/605.1.15 (KHTML, like Gecko) Version/17.3.1 Mobile/15E148 Safari/604.1','2024-04-08 09:19:47'),(471,1,'14.201.8.4','Mozilla/5.0 (Windows NT 10.0; Win64; x64) AppleWebKit/537.36 (KHTML, like Gecko) Chrome/123.0.0.0 Safari/537.36','2024-04-08 09:35:58'),(472,1,'14.201.8.4','Mozilla/5.0 (Windows NT 10.0; Win64; x64) AppleWebKit/537.36 (KHTML, like Gecko) Chrome/123.0.0.0 Safari/537.36','2024-04-08 10:14:06'),(473,1,'14.201.8.4','Mozilla/5.0 (Windows NT 10.0; Win64; x64) AppleWebKit/537.36 (KHTML, like Gecko) Chrome/123.0.0.0 Safari/537.36','2024-04-09 08:41:07'),(474,1,'120.22.85.230','Mozilla/5.0 (iPhone; CPU iPhone OS 17_3_1 like Mac OS X) AppleWebKit/605.1.15 (KHTML, like Gecko) Version/17.3.1 Mobile/15E148 Safari/604.1','2024-04-09 10:34:56'),(475,1,'14.201.8.4','Mozilla/5.0 (Windows NT 10.0; Win64; x64) AppleWebKit/537.36 (KHTML, like Gecko) Chrome/123.0.0.0 Safari/537.36','2024-04-09 15:00:10'),(476,1,'118.209.242.115','Mozilla/5.0 (Macintosh; Intel Mac OS X 10_15_7) AppleWebKit/537.36 (KHTML, like Gecko) Chrome/116.0.0.0 Safari/537.36 Edg/116.0.1938.62','2024-04-09 21:40:27'),(477,1,'120.22.203.89','Mozilla/5.0 (iPhone; CPU iPhone OS 17_3_1 like Mac OS X) AppleWebKit/605.1.15 (KHTML, like Gecko) Version/17.3.1 Mobile/15E148 Safari/604.1','2024-04-10 10:13:22'),(478,1,'120.22.203.89','Mozilla/5.0 (iPhone; CPU iPhone OS 17_3_1 like Mac OS X) AppleWebKit/605.1.15 (KHTML, like Gecko) Version/17.3.1 Mobile/15E148 Safari/604.1','2024-04-10 11:26:44'),(479,1,'120.22.203.89','Mozilla/5.0 (iPhone; CPU iPhone OS 17_3_1 like Mac OS X) AppleWebKit/605.1.15 (KHTML, like Gecko) Version/17.3.1 Mobile/15E148 Safari/604.1','2024-04-10 12:11:52'),(480,1,'118.209.242.115','Mozilla/5.0 (Macintosh; Intel Mac OS X 10_15_7) AppleWebKit/537.36 (KHTML, like Gecko) Chrome/116.0.0.0 Safari/537.36 Edg/116.0.1938.62','2024-04-12 07:25:05'),(481,1,'120.22.203.89','Mozilla/5.0 (iPhone; CPU iPhone OS 17_3_1 like Mac OS X) AppleWebKit/605.1.15 (KHTML, like Gecko) Version/17.3.1 Mobile/15E148 Safari/604.1','2024-04-12 12:02:17'),(482,1,'118.209.242.115','Mozilla/5.0 (Macintosh; Intel Mac OS X 10_15_7) AppleWebKit/537.36 (KHTML, like Gecko) Chrome/116.0.0.0 Safari/537.36 Edg/116.0.1938.62','2024-04-14 03:32:07'),(483,1,'124.148.80.186','Mozilla/5.0 (Macintosh; Intel Mac OS X 10_15_7) AppleWebKit/537.36 (KHTML, like Gecko) Chrome/116.0.0.0 Safari/537.36 Edg/116.0.1938.62','2024-04-14 03:41:50'),(484,1,'120.22.68.25','Mozilla/5.0 (iPhone; CPU iPhone OS 17_4_1 like Mac OS X) AppleWebKit/605.1.15 (KHTML, like Gecko) Version/17.4.1 Mobile/15E148 Safari/604.1','2024-04-14 08:27:58'),(485,1,'120.22.68.25','Mozilla/5.0 (iPhone; CPU iPhone OS 17_4_1 like Mac OS X) AppleWebKit/605.1.15 (KHTML, like Gecko) Version/17.4.1 Mobile/15E148 Safari/604.1','2024-04-14 10:47:23'),(486,1,'120.22.68.25','Mozilla/5.0 (iPhone; CPU iPhone OS 17_4_1 like Mac OS X) AppleWebKit/605.1.15 (KHTML, like Gecko) Version/17.4.1 Mobile/15E148 Safari/604.1','2024-04-14 11:36:57'),(487,1,'14.201.8.4','Mozilla/5.0 (Windows NT 10.0; Win64; x64) AppleWebKit/537.36 (KHTML, like Gecko) Chrome/123.0.0.0 Safari/537.36','2024-04-15 09:22:55'),(488,1,'14.201.8.4','Mozilla/5.0 (Windows NT 10.0; Win64; x64) AppleWebKit/537.36 (KHTML, like Gecko) Chrome/123.0.0.0 Safari/537.36','2024-04-15 10:01:11'),(489,1,'14.201.8.4','Mozilla/5.0 (Macintosh; Intel Mac OS X 10_15_7) AppleWebKit/605.1.15 (KHTML, like Gecko) Version/17.3.1 Safari/605.1.15','2024-04-15 16:33:48'),(490,1,'124.148.80.186','Mozilla/5.0 (iPhone; CPU iPhone OS 17_4_1 like Mac OS X) AppleWebKit/605.1.15 (KHTML, like Gecko) Version/17.4.1 Mobile/15E148 Safari/604.1','2024-04-16 07:54:06'),(491,1,'120.22.68.25','Mozilla/5.0 (iPhone; CPU iPhone OS 17_4_1 like Mac OS X) AppleWebKit/605.1.15 (KHTML, like Gecko) Version/17.4.1 Mobile/15E148 Safari/604.1','2024-04-16 16:04:08'),(492,1,'14.201.8.4','Mozilla/5.0 (Windows NT 10.0; Win64; x64) AppleWebKit/537.36 (KHTML, like Gecko) Chrome/123.0.0.0 Safari/537.36','2024-04-17 09:51:11'),(493,1,'124.148.80.186','Mozilla/5.0 (Macintosh; Intel Mac OS X 10_15_7) AppleWebKit/537.36 (KHTML, like Gecko) Chrome/116.0.0.0 Safari/537.36 Edg/116.0.1938.62','2024-04-17 21:01:20'),(494,1,'124.148.80.186','Mozilla/5.0 (Macintosh; Intel Mac OS X 10_15_7) AppleWebKit/537.36 (KHTML, like Gecko) Chrome/116.0.0.0 Safari/537.36 Edg/116.0.1938.62','2024-04-17 21:25:19'),(495,1,'124.148.80.186','Mozilla/5.0 (Macintosh; Intel Mac OS X 10_15_7) AppleWebKit/537.36 (KHTML, like Gecko) Chrome/116.0.0.0 Safari/537.36 Edg/116.0.1938.62','2024-04-17 21:34:37'),(496,1,'124.148.80.186','Mozilla/5.0 (Macintosh; Intel Mac OS X 10_15_7) AppleWebKit/537.36 (KHTML, like Gecko) Chrome/116.0.0.0 Safari/537.36 Edg/116.0.1938.62','2024-04-17 22:26:31'),(497,1,'124.148.80.186','Mozilla/5.0 (iPhone; CPU iPhone OS 17_4_1 like Mac OS X) AppleWebKit/605.1.15 (KHTML, like Gecko) Version/17.4.1 Mobile/15E148 Safari/604.1','2024-04-18 06:36:56'),(498,1,'14.201.8.4','Mozilla/5.0 (Windows NT 10.0; Win64; x64) AppleWebKit/537.36 (KHTML, like Gecko) Chrome/123.0.0.0 Safari/537.36 Edg/123.0.0.0','2024-04-18 11:56:04'),(499,1,'14.201.8.4','Mozilla/5.0 (Windows NT 10.0; Win64; x64) AppleWebKit/537.36 (KHTML, like Gecko) Chrome/123.0.0.0 Safari/537.36','2024-04-18 12:31:38'),(500,1,'14.201.8.4','Mozilla/5.0 (Windows NT 10.0; Win64; x64) AppleWebKit/537.36 (KHTML, like Gecko) Chrome/123.0.0.0 Safari/537.36','2024-04-18 15:42:19'),(501,1,'14.201.8.4','Mozilla/5.0 (Windows NT 10.0; Win64; x64) AppleWebKit/537.36 (KHTML, like Gecko) Chrome/123.0.0.0 Safari/537.36','2024-04-18 15:52:26'),(502,1,'124.148.80.186','Mozilla/5.0 (Macintosh; Intel Mac OS X 10_15_7) AppleWebKit/537.36 (KHTML, like Gecko) Chrome/116.0.0.0 Safari/537.36 Edg/116.0.1938.62','2024-04-19 04:48:42'),(503,1,'124.148.80.186','Mozilla/5.0 (iPhone; CPU iPhone OS 17_4_1 like Mac OS X) AppleWebKit/605.1.15 (KHTML, like Gecko) Version/17.4.1 Mobile/15E148 Safari/604.1','2024-04-19 09:51:51'),(504,1,'124.148.80.186','Mozilla/5.0 (iPhone; CPU iPhone OS 17_4_1 like Mac OS X) AppleWebKit/605.1.15 (KHTML, like Gecko) Version/17.4.1 Mobile/15E148 Safari/604.1','2024-04-19 10:38:26'),(505,1,'14.201.8.4','Mozilla/5.0 (Macintosh; Intel Mac OS X 10_15_7) AppleWebKit/537.36 (KHTML, like Gecko) Chrome/116.0.0.0 Safari/537.36','2024-04-19 11:28:29'),(506,1,'124.148.80.186','Mozilla/5.0 (iPhone; CPU iPhone OS 17_4_1 like Mac OS X) AppleWebKit/605.1.15 (KHTML, like Gecko) Version/17.4.1 Mobile/15E148 Safari/604.1','2024-04-19 18:44:46'),(507,1,'124.148.80.186','Mozilla/5.0 (Macintosh; Intel Mac OS X 10_15_7) AppleWebKit/537.36 (KHTML, like Gecko) Chrome/116.0.0.0 Safari/537.36 Edg/116.0.1938.62','2024-04-19 22:13:59'),(508,1,'124.148.80.186','Mozilla/5.0 (Macintosh; Intel Mac OS X 10_15_7) AppleWebKit/537.36 (KHTML, like Gecko) Chrome/116.0.0.0 Safari/537.36 Edg/116.0.1938.62','2024-04-19 22:19:00'),(509,1,'124.148.80.186','Mozilla/5.0 (iPhone; CPU iPhone OS 17_4_1 like Mac OS X) AppleWebKit/605.1.15 (KHTML, like Gecko) Version/17.4.1 Mobile/15E148 Safari/604.1','2024-04-20 22:49:39'),(510,1,'120.22.101.77','Mozilla/5.0 (iPhone; CPU iPhone OS 17_4_1 like Mac OS X) AppleWebKit/605.1.15 (KHTML, like Gecko) Version/17.4.1 Mobile/15E148 Safari/604.1','2024-04-21 08:04:32'),(511,1,'124.148.80.186','Mozilla/5.0 (Macintosh; Intel Mac OS X 10_15_7) AppleWebKit/537.36 (KHTML, like Gecko) Chrome/116.0.0.0 Safari/537.36 Edg/116.0.1938.62','2024-04-21 08:40:30'),(512,1,'120.22.220.8','Mozilla/5.0 (iPhone; CPU iPhone OS 17_4_1 like Mac OS X) AppleWebKit/605.1.15 (KHTML, like Gecko) Version/17.4.1 Mobile/15E148 Safari/604.1','2024-04-21 15:47:18'),(513,1,'14.201.8.4','Mozilla/5.0 (Windows NT 10.0; Win64; x64) AppleWebKit/537.36 (KHTML, like Gecko) Chrome/123.0.0.0 Safari/537.36','2024-04-22 09:21:15'),(514,1,'120.22.220.8','Mozilla/5.0 (iPhone; CPU iPhone OS 17_4_1 like Mac OS X) AppleWebKit/605.1.15 (KHTML, like Gecko) Version/17.4.1 Mobile/15E148 Safari/604.1','2024-04-22 11:05:06'),(515,1,'120.22.238.103','Mozilla/5.0 (iPhone; CPU iPhone OS 17_4_1 like Mac OS X) AppleWebKit/605.1.15 (KHTML, like Gecko) Version/17.4.1 Mobile/15E148 Safari/604.1','2024-04-22 16:16:22'),(516,1,'124.148.80.186','Mozilla/5.0 (Macintosh; Intel Mac OS X 10_15_7) AppleWebKit/537.36 (KHTML, like Gecko) Chrome/116.0.0.0 Safari/537.36 Edg/116.0.1938.62','2024-04-23 06:53:23'),(517,1,'124.148.80.186','Mozilla/5.0 (iPhone; CPU iPhone OS 17_4_1 like Mac OS X) AppleWebKit/605.1.15 (KHTML, like Gecko) Version/17.4.1 Mobile/15E148 Safari/604.1','2024-04-23 17:21:08'),(518,1,'120.22.88.42','Mozilla/5.0 (iPhone; CPU iPhone OS 17_4_1 like Mac OS X) AppleWebKit/605.1.15 (KHTML, like Gecko) Version/17.4.1 Mobile/15E148 Safari/604.1','2024-04-23 17:45:50'),(519,1,'124.148.80.186','Mozilla/5.0 (Macintosh; Intel Mac OS X 10_15_7) AppleWebKit/537.36 (KHTML, like Gecko) Chrome/116.0.0.0 Safari/537.36 Edg/116.0.1938.62','2024-04-24 06:18:23'),(520,1,'124.148.80.186','Mozilla/5.0 (iPhone; CPU iPhone OS 17_4_1 like Mac OS X) AppleWebKit/605.1.15 (KHTML, like Gecko) Version/17.4.1 Mobile/15E148 Safari/604.1','2024-04-24 08:23:32'),(521,1,'14.201.8.4','Mozilla/5.0 (Windows NT 10.0; Win64; x64) AppleWebKit/537.36 (KHTML, like Gecko) Chrome/124.0.0.0 Safari/537.36','2024-04-24 09:32:03'),(522,1,'120.22.88.42','Mozilla/5.0 (iPhone; CPU iPhone OS 17_4_1 like Mac OS X) AppleWebKit/605.1.15 (KHTML, like Gecko) Version/17.4.1 Mobile/15E148 Safari/604.1','2024-04-24 12:09:46'),(523,1,'124.148.80.186','Mozilla/5.0 (Macintosh; Intel Mac OS X 10_15_7) AppleWebKit/537.36 (KHTML, like Gecko) Chrome/116.0.0.0 Safari/537.36 Edg/116.0.1938.62','2024-04-25 00:25:35'),(524,1,'124.148.80.186','Mozilla/5.0 (Macintosh; Intel Mac OS X 10_15_7) AppleWebKit/537.36 (KHTML, like Gecko) Chrome/116.0.0.0 Safari/537.36 Edg/116.0.1938.62','2024-04-25 06:56:35'),(525,1,'120.22.17.120','Mozilla/5.0 (iPhone; CPU iPhone OS 17_4_1 like Mac OS X) AppleWebKit/605.1.15 (KHTML, like Gecko) Version/17.4.1 Mobile/15E148 Safari/604.1','2024-04-25 12:22:14'),(526,1,'124.171.218.8','Mozilla/5.0 (iPhone; CPU iPhone OS 17_4_1 like Mac OS X) AppleWebKit/605.1.15 (KHTML, like Gecko) Version/17.4.1 Mobile/15E148 Safari/604.1','2024-04-25 20:14:23'),(527,1,'124.171.218.8','Mozilla/5.0 (Macintosh; Intel Mac OS X 10_15_7) AppleWebKit/537.36 (KHTML, like Gecko) Chrome/116.0.0.0 Safari/537.36 Edg/116.0.1938.62','2024-04-26 08:04:57'),(528,1,'14.201.8.4','Mozilla/5.0 (Windows NT 10.0; Win64; x64) AppleWebKit/537.36 (KHTML, like Gecko) Chrome/124.0.0.0 Safari/537.36','2024-04-26 08:48:14'),(529,1,'120.22.17.120','Mozilla/5.0 (iPhone; CPU iPhone OS 17_4_1 like Mac OS X) AppleWebKit/605.1.15 (KHTML, like Gecko) Version/17.4.1 Mobile/15E148 Safari/604.1','2024-04-26 14:55:29'),(530,1,'124.148.81.40','Mozilla/5.0 (iPhone; CPU iPhone OS 17_4_1 like Mac OS X) AppleWebKit/605.1.15 (KHTML, like Gecko) Version/17.4.1 Mobile/15E148 Safari/604.1','2024-04-28 11:01:16'),(531,1,'118.210.110.129','Mozilla/5.0 (Macintosh; Intel Mac OS X 10_15_7) AppleWebKit/537.36 (KHTML, like Gecko) Chrome/116.0.0.0 Safari/537.36 Edg/116.0.1938.62','2024-04-29 07:04:06'),(532,1,'118.210.110.129','Mozilla/5.0 (Macintosh; Intel Mac OS X 10_15_7) AppleWebKit/537.36 (KHTML, like Gecko) Chrome/116.0.0.0 Safari/537.36 Edg/116.0.1938.62','2024-04-29 09:05:33'),(533,1,'14.201.8.4','Mozilla/5.0 (Windows NT 10.0; Win64; x64) AppleWebKit/537.36 (KHTML, like Gecko) Chrome/124.0.0.0 Safari/537.36','2024-04-29 10:06:57'),(534,1,'14.201.8.4','Mozilla/5.0 (Macintosh; Intel Mac OS X 10_13_6) AppleWebKit/537.36 (KHTML, like Gecko) Chrome/111.0.0.0 Safari/537.36 Edg/111.0.1661.62','2024-04-29 11:16:44'),(535,1,'118.210.110.129','Mozilla/5.0 (Macintosh; Intel Mac OS X 10_15_7) AppleWebKit/605.1.15 (KHTML, like Gecko) Version/17.4.1 Safari/605.1.15','2024-04-29 18:14:16'),(536,1,'118.210.110.129','Mozilla/5.0 (Macintosh; Intel Mac OS X 10_15_7) AppleWebKit/537.36 (KHTML, like Gecko) Chrome/116.0.0.0 Safari/537.36 Edg/116.0.1938.62','2024-04-30 06:47:51'),(537,1,'118.210.110.129','Mozilla/5.0 (Macintosh; Intel Mac OS X 10_15_7) AppleWebKit/537.36 (KHTML, like Gecko) Chrome/116.0.0.0 Safari/537.36 Edg/116.0.1938.62','2024-04-30 09:07:14'),(538,1,'14.201.8.4','Mozilla/5.0 (Macintosh; Intel Mac OS X 10_13_6) AppleWebKit/537.36 (KHTML, like Gecko) Chrome/111.0.0.0 Safari/537.36 Edg/111.0.1661.62','2024-04-30 14:24:20'),(539,1,'14.201.8.4','Mozilla/5.0 (Macintosh; Intel Mac OS X 10_15_7) AppleWebKit/537.36 (KHTML, like Gecko) Chrome/116.0.0.0 Safari/537.36','2024-04-30 15:59:47'),(540,1,'118.210.110.129','Mozilla/5.0 (Macintosh; Intel Mac OS X 10_15_7) AppleWebKit/537.36 (KHTML, like Gecko) Chrome/116.0.0.0 Safari/537.36 Edg/116.0.1938.62','2024-04-30 21:01:24'),(541,1,'118.210.110.129','Mozilla/5.0 (Macintosh; Intel Mac OS X 10_15_7) AppleWebKit/537.36 (KHTML, like Gecko) Chrome/116.0.0.0 Safari/537.36 Edg/116.0.1938.62','2024-05-01 07:05:45'),(542,1,'14.201.8.4','Mozilla/5.0 (Macintosh; Intel Mac OS X 10_15_7) AppleWebKit/537.36 (KHTML, like Gecko) Chrome/116.0.0.0 Safari/537.36','2024-05-01 09:10:49'),(543,1,'120.22.185.31','Mozilla/5.0 (iPhone; CPU iPhone OS 17_4_1 like Mac OS X) AppleWebKit/605.1.15 (KHTML, like Gecko) Version/17.4.1 Mobile/15E148 Safari/604.1','2024-05-01 12:32:21'),(544,1,'120.22.185.31','Mozilla/5.0 (iPhone; CPU iPhone OS 17_4_1 like Mac OS X) AppleWebKit/605.1.15 (KHTML, like Gecko) Version/17.4.1 Mobile/15E148 Safari/604.1','2024-05-01 13:28:40'),(545,1,'118.210.110.129','Mozilla/5.0 (Macintosh; Intel Mac OS X 10_15_7) AppleWebKit/537.36 (KHTML, like Gecko) Chrome/116.0.0.0 Safari/537.36 Edg/116.0.1938.62','2024-05-02 02:45:42'),(546,1,'120.22.185.31','Mozilla/5.0 (iPhone; CPU iPhone OS 17_4_1 like Mac OS X) AppleWebKit/605.1.15 (KHTML, like Gecko) Version/17.4.1 Mobile/15E148 Safari/604.1','2024-05-02 10:30:24'),(547,1,'120.22.185.31','Mozilla/5.0 (iPhone; CPU iPhone OS 17_4_1 like Mac OS X) AppleWebKit/605.1.15 (KHTML, like Gecko) Version/17.4.1 Mobile/15E148 Safari/604.1','2024-05-02 13:57:47'),(548,1,'14.201.8.4','Mozilla/5.0 (Macintosh; Intel Mac OS X 10_15_7) AppleWebKit/537.36 (KHTML, like Gecko) Chrome/116.0.0.0 Safari/537.36','2024-05-02 15:37:12'),(549,1,'14.201.8.4','Mozilla/5.0 (Macintosh; Intel Mac OS X 10_15_7) AppleWebKit/537.36 (KHTML, like Gecko) Chrome/116.0.0.0 Safari/537.36','2024-05-02 16:28:58'),(550,1,'118.210.110.129','Mozilla/5.0 (iPhone; CPU iPhone OS 17_4_1 like Mac OS X) AppleWebKit/605.1.15 (KHTML, like Gecko) Version/17.4.1 Mobile/15E148 Safari/604.1','2024-05-02 19:41:07'),(551,1,'118.210.110.129','Mozilla/5.0 (Macintosh; Intel Mac OS X 10_15_7) AppleWebKit/537.36 (KHTML, like Gecko) Chrome/116.0.0.0 Safari/537.36 Edg/116.0.1938.62','2024-05-03 07:20:00'),(552,1,'14.201.8.4','Mozilla/5.0 (Windows NT 10.0; Win64; x64) AppleWebKit/537.36 (KHTML, like Gecko) Chrome/124.0.0.0 Safari/537.36','2024-05-03 10:10:04'),(553,1,'120.22.185.31','Mozilla/5.0 (iPhone; CPU iPhone OS 17_4_1 like Mac OS X) AppleWebKit/605.1.15 (KHTML, like Gecko) Version/17.4.1 Mobile/15E148 Safari/604.1','2024-05-03 12:22:50'),(554,1,'14.201.8.4','Mozilla/5.0 (iPhone; CPU iPhone OS 17_4_1 like Mac OS X) AppleWebKit/605.1.15 (KHTML, like Gecko) Version/17.4.1 Mobile/15E148 Safari/604.1','2024-05-03 14:56:37'),(555,1,'118.208.139.76','Mozilla/5.0 (Macintosh; Intel Mac OS X 10_15_7) AppleWebKit/537.36 (KHTML, like Gecko) Chrome/116.0.0.0 Safari/537.36 Edg/116.0.1938.62','2024-05-06 07:08:35'),(556,1,'14.201.8.4','Mozilla/5.0 (Macintosh; Intel Mac OS X 10_15_7) AppleWebKit/537.36 (KHTML, like Gecko) Chrome/116.0.0.0 Safari/537.36','2024-05-06 09:55:20'),(557,1,'118.208.139.76','Mozilla/5.0 (Macintosh; Intel Mac OS X 10_15_7) AppleWebKit/537.36 (KHTML, like Gecko) Chrome/116.0.0.0 Safari/537.36 Edg/116.0.1938.62','2024-05-07 07:10:29'),(558,1,'14.201.8.4','Mozilla/5.0 (Macintosh; Intel Mac OS X 10_15_7) AppleWebKit/537.36 (KHTML, like Gecko) Chrome/116.0.0.0 Safari/537.36','2024-05-07 10:02:35'),(559,1,'120.22.185.31','Mozilla/5.0 (iPhone; CPU iPhone OS 17_4_1 like Mac OS X) AppleWebKit/605.1.15 (KHTML, like Gecko) Version/17.4.1 Mobile/15E148 Safari/604.1','2024-05-07 11:53:10'),(560,1,'118.208.139.76','Mozilla/5.0 (Macintosh; Intel Mac OS X 10_15_7) AppleWebKit/537.36 (KHTML, like Gecko) Chrome/116.0.0.0 Safari/537.36 Edg/116.0.1938.62','2024-05-07 12:21:53'),(561,1,'118.208.139.76','Mozilla/5.0 (Macintosh; Intel Mac OS X 10_15_7) AppleWebKit/537.36 (KHTML, like Gecko) Chrome/116.0.0.0 Safari/537.36 Edg/116.0.1938.62','2024-05-07 12:39:35'),(562,1,'14.201.8.4','Mozilla/5.0 (Macintosh; Intel Mac OS X 10_15_7) AppleWebKit/537.36 (KHTML, like Gecko) Chrome/116.0.0.0 Safari/537.36','2024-05-07 16:13:45'),(563,1,'120.22.2.159','Mozilla/5.0 (iPhone; CPU iPhone OS 17_4_1 like Mac OS X) AppleWebKit/605.1.15 (KHTML, like Gecko) Version/17.4.1 Mobile/15E148 Safari/604.1','2024-05-08 08:00:57'),(564,1,'120.22.2.159','Mozilla/5.0 (iPhone; CPU iPhone OS 17_4_1 like Mac OS X) AppleWebKit/605.1.15 (KHTML, like Gecko) Version/17.4.1 Mobile/15E148 Safari/604.1','2024-05-08 11:05:11'),(565,1,'120.22.226.215','Mozilla/5.0 (Macintosh; Intel Mac OS X 10_15_7) AppleWebKit/605.1.15 (KHTML, like Gecko) Version/17.4.1 Safari/605.1.15','2024-05-08 11:06:42'),(566,1,'120.22.2.159','Mozilla/5.0 (iPhone; CPU iPhone OS 17_4_1 like Mac OS X) AppleWebKit/605.1.15 (KHTML, like Gecko) Version/17.4.1 Mobile/15E148 Safari/604.1','2024-05-08 13:13:10'),(567,1,'14.201.8.4','Mozilla/5.0 (Macintosh; Intel Mac OS X 10_13_6) AppleWebKit/537.36 (KHTML, like Gecko) Chrome/111.0.0.0 Safari/537.36 Edg/111.0.1661.62','2024-05-09 09:26:32'),(568,1,'120.22.2.159','Mozilla/5.0 (iPhone; CPU iPhone OS 17_4_1 like Mac OS X) AppleWebKit/605.1.15 (KHTML, like Gecko) Version/17.4.1 Mobile/15E148 Safari/604.1','2024-05-10 11:50:52'),(569,1,'120.22.31.12','Mozilla/5.0 (iPhone; CPU iPhone OS 17_4_1 like Mac OS X) AppleWebKit/605.1.15 (KHTML, like Gecko) Version/17.4.1 Mobile/15E148 Safari/604.1','2024-05-12 10:42:28'),(570,1,'14.201.8.4','Mozilla/5.0 (Macintosh; Intel Mac OS X 10_13_6) AppleWebKit/537.36 (KHTML, like Gecko) Chrome/111.0.0.0 Safari/537.36 Edg/111.0.1661.62','2024-05-13 08:36:52'),(571,1,'14.201.8.4','Mozilla/5.0 (Windows NT 10.0; Win64; x64) AppleWebKit/537.36 (KHTML, like Gecko) Chrome/124.0.0.0 Safari/537.36 Edg/124.0.0.0','2024-05-13 15:21:18'),(572,1,'120.22.31.12','Mozilla/5.0 (iPhone; CPU iPhone OS 17_4_1 like Mac OS X) AppleWebKit/605.1.15 (KHTML, like Gecko) Version/17.4.1 Mobile/15E148 Safari/604.1','2024-05-14 14:30:34'),(573,1,'118.208.139.76','Mozilla/5.0 (Macintosh; Intel Mac OS X 10_15_7) AppleWebKit/537.36 (KHTML, like Gecko) Chrome/116.0.0.0 Safari/537.36 Edg/116.0.1938.62','2024-05-15 13:34:20'),(574,1,'14.201.8.4','Mozilla/5.0 (Windows NT 10.0; Win64; x64) AppleWebKit/537.36 (KHTML, like Gecko) Chrome/124.0.0.0 Safari/537.36','2024-05-15 16:40:07'),(575,1,'14.201.8.4','Mozilla/5.0 (Macintosh; Intel Mac OS X 10_15_7) AppleWebKit/537.36 (KHTML, like Gecko) Chrome/116.0.0.0 Safari/537.36','2024-05-16 09:19:59'),(576,1,'14.201.8.4','Mozilla/5.0 (Macintosh; Intel Mac OS X 10_13_6) AppleWebKit/605.1.15 (KHTML, like Gecko) Version/13.1.2 Safari/605.1.15','2024-05-16 12:22:05'),(577,1,'14.201.8.4','Mozilla/5.0 (Macintosh; Intel Mac OS X 10_13_6) AppleWebKit/605.1.15 (KHTML, like Gecko) Version/13.1.2 Safari/605.1.15','2024-05-17 09:42:09'),(578,1,'14.201.8.4','Mozilla/5.0 (Macintosh; Intel Mac OS X 10_13_6) AppleWebKit/605.1.15 (KHTML, like Gecko) Version/13.1.2 Safari/605.1.15','2024-05-17 09:42:46'),(579,1,'14.201.8.4','Mozilla/5.0 (Macintosh; Intel Mac OS X 10_13_6) AppleWebKit/605.1.15 (KHTML, like Gecko) Version/13.1.2 Safari/605.1.15','2024-05-17 09:44:31'),(580,1,'14.201.8.4','Mozilla/5.0 (Macintosh; Intel Mac OS X 10_13_6) AppleWebKit/605.1.15 (KHTML, like Gecko) Version/13.1.2 Safari/605.1.15','2024-05-17 09:48:02'),(581,1,'14.201.8.4','Mozilla/5.0 (Macintosh; Intel Mac OS X 10_15_7) AppleWebKit/537.36 (KHTML, like Gecko) Chrome/116.0.0.0 Safari/537.36','2024-05-20 09:47:35'),(582,1,'14.201.8.4','Mozilla/5.0 (Macintosh; Intel Mac OS X 10_13_6) AppleWebKit/605.1.15 (KHTML, like Gecko) Version/13.1.2 Safari/605.1.15','2024-05-20 13:06:02'),(583,1,'14.201.8.4','Mozilla/5.0 (Macintosh; Intel Mac OS X 10_15_7) AppleWebKit/537.36 (KHTML, like Gecko) Chrome/116.0.0.0 Safari/537.36','2024-05-22 09:38:01'),(584,1,'14.201.8.4','Mozilla/5.0 (Macintosh; Intel Mac OS X 10_15_7) AppleWebKit/537.36 (KHTML, like Gecko) Chrome/116.0.0.0 Safari/537.36','2024-05-24 09:27:32'),(585,1,'120.22.63.113','Mozilla/5.0 (iPhone; CPU iPhone OS 17_4_1 like Mac OS X) AppleWebKit/605.1.15 (KHTML, like Gecko) Version/17.4.1 Mobile/15E148 Safari/604.1','2024-05-27 07:49:16'),(586,1,'14.201.8.4','Mozilla/5.0 (Macintosh; Intel Mac OS X 10_13_6) AppleWebKit/537.36 (KHTML, like Gecko) Chrome/111.0.0.0 Safari/537.36 Edg/111.0.1661.62','2024-05-27 09:51:17'),(587,1,'14.201.8.4','Mozilla/5.0 (Macintosh; Intel Mac OS X 10_15_7) AppleWebKit/537.36 (KHTML, like Gecko) Chrome/116.0.0.0 Safari/537.36','2024-05-27 10:05:40'),(588,1,'14.201.8.4','Mozilla/5.0 (Windows NT 10.0; Win64; x64) AppleWebKit/537.36 (KHTML, like Gecko) Chrome/125.0.0.0 Safari/537.36 Edg/125.0.0.0','2024-05-27 15:39:43'),(589,1,'14.201.8.4','Mozilla/5.0 (Windows NT 10.0; Win64; x64) AppleWebKit/537.36 (KHTML, like Gecko) Chrome/125.0.0.0 Safari/537.36 Edg/125.0.0.0','2024-05-28 11:44:25'),(590,1,'14.201.8.4','Mozilla/5.0 (Macintosh; Intel Mac OS X 10_15_7) AppleWebKit/537.36 (KHTML, like Gecko) Chrome/116.0.0.0 Safari/537.36','2024-05-29 11:49:52'),(591,1,'14.201.8.4','Mozilla/5.0 (Windows NT 10.0; Win64; x64) AppleWebKit/537.36 (KHTML, like Gecko) Chrome/125.0.0.0 Safari/537.36 Edg/125.0.0.0','2024-05-29 14:33:54'),(592,1,'118.208.139.76','Mozilla/5.0 (Macintosh; Intel Mac OS X 10_15_7) AppleWebKit/537.36 (KHTML, like Gecko) Chrome/116.0.0.0 Safari/537.36 Edg/116.0.1938.62','2024-05-29 22:12:21'),(593,1,'118.208.139.76','Mozilla/5.0 (Macintosh; Intel Mac OS X 10_14_6) AppleWebKit/605.1.15 (KHTML, like Gecko) Version/14.1.2 Safari/605.1.15','2024-05-30 07:40:46'),(594,1,'14.201.8.4','Mozilla/5.0 (Macintosh; Intel Mac OS X 10_15_7) AppleWebKit/537.36 (KHTML, like Gecko) Chrome/116.0.0.0 Safari/537.36','2024-05-30 09:45:52'),(595,1,'14.201.8.4','Mozilla/5.0 (Windows NT 10.0; Win64; x64) AppleWebKit/537.36 (KHTML, like Gecko) Chrome/125.0.0.0 Safari/537.36 Edg/125.0.0.0','2024-05-31 09:50:55'),(596,1,'14.201.8.4','Mozilla/5.0 (Macintosh; Intel Mac OS X 10_15_7) AppleWebKit/537.36 (KHTML, like Gecko) Chrome/116.0.0.0 Safari/537.36','2024-05-31 10:13:01'),(597,1,'14.202.58.145','Mozilla/5.0 (iPhone; CPU iPhone OS 17_4_1 like Mac OS X) AppleWebKit/605.1.15 (KHTML, like Gecko) Version/17.4.1 Mobile/15E148 Safari/604.1','2024-05-31 17:59:12'),(598,1,'14.202.58.145','Mozilla/5.0 (iPhone; CPU iPhone OS 17_5_1 like Mac OS X) AppleWebKit/605.1.15 (KHTML, like Gecko) Version/17.5 Mobile/15E148 Safari/604.1','2024-06-01 21:57:27'),(599,1,'14.202.58.145','Mozilla/5.0 (Macintosh; Intel Mac OS X 10_15_7) AppleWebKit/537.36 (KHTML, like Gecko) Chrome/116.0.0.0 Safari/537.36 Edg/116.0.1938.62','2024-06-02 20:30:09'),(600,1,'14.201.8.4','Mozilla/5.0 (Macintosh; Intel Mac OS X 10_15_7) AppleWebKit/537.36 (KHTML, like Gecko) Chrome/116.0.0.0 Safari/537.36','2024-06-03 09:00:51'),(601,1,'14.201.8.4','Mozilla/5.0 (Macintosh; Intel Mac OS X 10_15_7) AppleWebKit/537.36 (KHTML, like Gecko) Chrome/116.0.0.0 Safari/537.36','2024-06-03 11:39:16'),(602,1,'14.201.8.4','Mozilla/5.0 (Windows NT 10.0; Win64; x64) AppleWebKit/537.36 (KHTML, like Gecko) Chrome/125.0.0.0 Safari/537.36 Edg/125.0.0.0','2024-06-04 10:03:02'),(603,1,'14.202.58.145','Mozilla/5.0 (Macintosh; Intel Mac OS X 10_15_7) AppleWebKit/537.36 (KHTML, like Gecko) Chrome/116.0.0.0 Safari/537.36 Edg/116.0.1938.62','2024-06-05 06:41:41'),(604,1,'14.202.58.145','Mozilla/5.0 (Macintosh; Intel Mac OS X 10_15_7) AppleWebKit/537.36 (KHTML, like Gecko) Chrome/116.0.0.0 Safari/537.36','2024-06-06 06:40:37'),(605,1,'14.201.8.4','Mozilla/5.0 (Windows NT 10.0; Win64; x64) AppleWebKit/537.36 (KHTML, like Gecko) Chrome/125.0.0.0 Safari/537.36 Edg/125.0.0.0','2024-06-06 09:27:15'),(606,1,'14.201.8.4','Mozilla/5.0 (Windows NT 10.0; Win64; x64) AppleWebKit/537.36 (KHTML, like Gecko) Chrome/125.0.0.0 Safari/537.36 Edg/125.0.0.0','2024-06-06 09:32:21'),(607,1,'14.201.8.4','Mozilla/5.0 (Macintosh; Intel Mac OS X 10_13_6) AppleWebKit/537.36 (KHTML, like Gecko) Chrome/111.0.0.0 Safari/537.36 Edg/111.0.1661.62','2024-06-06 10:30:07'),(608,1,'120.22.222.2','Mozilla/5.0 (iPhone; CPU iPhone OS 17_5_1 like Mac OS X) AppleWebKit/605.1.15 (KHTML, like Gecko) Version/17.5 Mobile/15E148 Safari/604.1','2024-06-06 15:22:05'),(609,1,'14.202.58.145','Mozilla/5.0 (Macintosh; Intel Mac OS X 10_15_7) AppleWebKit/537.36 (KHTML, like Gecko) Chrome/116.0.0.0 Safari/537.36','2024-06-07 06:40:51'),(610,1,'14.202.58.145','Mozilla/5.0 (Macintosh; Intel Mac OS X 10_15_7) AppleWebKit/537.36 (KHTML, like Gecko) Chrome/116.0.0.0 Safari/537.36','2024-06-07 19:13:53'),(611,1,'125.253.111.74','Mozilla/5.0 (iPhone; CPU iPhone OS 17_5_1 like Mac OS X) AppleWebKit/605.1.15 (KHTML, like Gecko) Version/17.5 Mobile/15E148 Safari/604.1','2024-06-08 11:17:18'),(612,1,'14.202.58.145','Mozilla/5.0 (iPhone; CPU iPhone OS 17_5_1 like Mac OS X) AppleWebKit/605.1.15 (KHTML, like Gecko) Version/17.5 Mobile/15E148 Safari/604.1','2024-06-08 21:41:30'),(613,1,'14.202.58.145','Mozilla/5.0 (Macintosh; Intel Mac OS X 10_15_7) AppleWebKit/537.36 (KHTML, like Gecko) Chrome/116.0.0.0 Safari/537.36 Edg/116.0.1938.62','2024-06-10 07:13:44'),(614,1,'14.201.8.4','Mozilla/5.0 (Macintosh; Intel Mac OS X 10_13_6) AppleWebKit/537.36 (KHTML, like Gecko) Chrome/111.0.0.0 Safari/537.36 Edg/111.0.1661.62','2024-06-10 09:11:32'),(615,1,'120.22.193.207','Mozilla/5.0 (iPhone; CPU iPhone OS 17_5_1 like Mac OS X) AppleWebKit/605.1.15 (KHTML, like Gecko) Version/17.5 Mobile/15E148 Safari/604.1','2024-06-11 11:12:49'),(616,1,'14.201.8.4','Mozilla/5.0 (Windows NT 10.0; Win64; x64) AppleWebKit/537.36 (KHTML, like Gecko) Chrome/125.0.0.0 Safari/537.36 Edg/125.0.0.0','2024-06-11 16:44:12'),(617,1,'14.202.58.145','Mozilla/5.0 (Macintosh; Intel Mac OS X 10_15_7) AppleWebKit/537.36 (KHTML, like Gecko) Chrome/116.0.0.0 Safari/537.36 Edg/116.0.1938.62','2024-06-11 17:08:19'),(618,1,'14.202.58.145','Mozilla/5.0 (iPhone; CPU iPhone OS 17_5_1 like Mac OS X) AppleWebKit/605.1.15 (KHTML, like Gecko) Version/17.5 Mobile/15E148 Safari/604.1','2024-06-11 21:08:46'),(619,1,'14.202.58.145','Mozilla/5.0 (Macintosh; Intel Mac OS X 10_15_7) AppleWebKit/537.36 (KHTML, like Gecko) Chrome/116.0.0.0 Safari/537.36 Edg/116.0.1938.62','2024-06-12 07:22:17'),(620,1,'14.201.8.4','Mozilla/5.0 (Macintosh; Intel Mac OS X 10_13_6) AppleWebKit/537.36 (KHTML, like Gecko) Chrome/111.0.0.0 Safari/537.36 Edg/111.0.1661.62','2024-06-12 09:03:43'),(621,1,'120.22.121.247','Mozilla/5.0 (iPhone; CPU iPhone OS 17_5_1 like Mac OS X) AppleWebKit/605.1.15 (KHTML, like Gecko) Version/17.5 Mobile/15E148 Safari/604.1','2024-06-12 14:23:26'),(622,1,'120.22.121.247','Mozilla/5.0 (iPhone; CPU iPhone OS 17_5_1 like Mac OS X) AppleWebKit/605.1.15 (KHTML, like Gecko) Version/17.5 Mobile/15E148 Safari/604.1','2024-06-12 18:20:17'),(623,1,'14.202.58.145','Mozilla/5.0 (Macintosh; Intel Mac OS X 10_15_7) AppleWebKit/537.36 (KHTML, like Gecko) Chrome/116.0.0.0 Safari/537.36 Edg/116.0.1938.62','2024-06-13 07:31:29'),(624,1,'14.201.8.4','Mozilla/5.0 (Windows NT 10.0; Win64; x64) AppleWebKit/537.36 (KHTML, like Gecko) Chrome/125.0.0.0 Safari/537.36 Edg/125.0.0.0','2024-06-13 09:30:38'),(625,1,'14.201.8.4','Mozilla/5.0 (Windows NT 10.0; Win64; x64) AppleWebKit/537.36 (KHTML, like Gecko) Chrome/125.0.0.0 Safari/537.36 Edg/125.0.0.0','2024-06-14 09:44:51'),(626,1,'14.201.8.4','Mozilla/5.0 (Macintosh; Intel Mac OS X 10_15_7) AppleWebKit/537.36 (KHTML, like Gecko) Chrome/116.0.0.0 Safari/537.36','2024-06-14 09:50:18'),(627,1,'14.202.58.145','Mozilla/5.0 (Macintosh; Intel Mac OS X 10_15_7) AppleWebKit/537.36 (KHTML, like Gecko) Chrome/116.0.0.0 Safari/537.36 Edg/116.0.1938.62','2024-06-14 12:51:43'),(628,1,'14.201.8.4','Mozilla/5.0 (Windows NT 10.0; Win64; x64) AppleWebKit/537.36 (KHTML, like Gecko) Chrome/126.0.0.0 Safari/537.36','2024-06-14 16:33:25'),(629,1,'14.202.58.145','Mozilla/5.0 (Macintosh; Intel Mac OS X 10_15_7) AppleWebKit/537.36 (KHTML, like Gecko) Chrome/116.0.0.0 Safari/537.36 Edg/116.0.1938.62','2024-06-15 07:42:59'),(630,1,'14.202.58.145','Mozilla/5.0 (Macintosh; Intel Mac OS X 10_15_7) AppleWebKit/537.36 (KHTML, like Gecko) Chrome/116.0.0.0 Safari/537.36 Edg/116.0.1938.62','2024-06-15 21:14:40'),(631,1,'14.202.58.145','Mozilla/5.0 (Macintosh; Intel Mac OS X 10_15_7) AppleWebKit/537.36 (KHTML, like Gecko) Chrome/116.0.0.0 Safari/537.36 Edg/116.0.1938.62','2024-06-16 10:35:06'),(632,1,'14.201.8.4','Mozilla/5.0 (Macintosh; Intel Mac OS X 10_15_7) AppleWebKit/537.36 (KHTML, like Gecko) Chrome/116.0.0.0 Safari/537.36','2024-06-17 09:19:53'),(633,1,'14.202.58.145','Mozilla/5.0 (Macintosh; Intel Mac OS X 10_15_7) AppleWebKit/537.36 (KHTML, like Gecko) Chrome/116.0.0.0 Safari/537.36 Edg/116.0.1938.62','2024-06-18 03:40:23'),(634,1,'120.22.28.180','Mozilla/5.0 (iPhone; CPU iPhone OS 17_5_1 like Mac OS X) AppleWebKit/605.1.15 (KHTML, like Gecko) Version/17.5 Mobile/15E148 Safari/604.1','2024-06-18 11:30:34'),(635,1,'14.201.8.4','Mozilla/5.0 (Macintosh; Intel Mac OS X 10_15_7) AppleWebKit/537.36 (KHTML, like Gecko) Chrome/116.0.0.0 Safari/537.36','2024-06-18 12:32:24'),(636,1,'14.202.58.145','Mozilla/5.0 (Macintosh; Intel Mac OS X 10_15_7) AppleWebKit/537.36 (KHTML, like Gecko) Chrome/116.0.0.0 Safari/537.36 Edg/116.0.1938.62','2024-06-19 06:58:22'),(637,1,'120.22.28.180','Mozilla/5.0 (iPhone; CPU iPhone OS 17_5_1 like Mac OS X) AppleWebKit/605.1.15 (KHTML, like Gecko) Version/17.5 Mobile/15E148 Safari/604.1','2024-06-19 10:54:08'),(638,1,'14.201.8.4','Mozilla/5.0 (Macintosh; Intel Mac OS X 10_13_6) AppleWebKit/537.36 (KHTML, like Gecko) Chrome/111.0.0.0 Safari/537.36 Edg/111.0.1661.62','2024-06-19 13:18:45'),(639,1,'14.201.8.4','Mozilla/5.0 (Macintosh; Intel Mac OS X 10_15_7) AppleWebKit/537.36 (KHTML, like Gecko) Chrome/116.0.0.0 Safari/537.36','2024-06-21 09:27:19'),(640,1,'14.202.58.145','Mozilla/5.0 (Macintosh; Intel Mac OS X 10_15_7) AppleWebKit/537.36 (KHTML, like Gecko) Chrome/116.0.0.0 Safari/537.36 Edg/116.0.1938.62','2024-06-23 09:29:58'),(641,1,'14.201.8.4','Mozilla/5.0 (Macintosh; Intel Mac OS X 10_15_7) AppleWebKit/537.36 (KHTML, like Gecko) Chrome/116.0.0.0 Safari/537.36','2024-06-24 09:32:53'),(642,1,'14.202.58.145','Mozilla/5.0 (iPhone; CPU iPhone OS 17_5_1 like Mac OS X) AppleWebKit/605.1.15 (KHTML, like Gecko) Version/17.5 Mobile/15E148 Safari/604.1','2024-06-24 17:22:35'),(643,1,'14.202.58.145','Mozilla/5.0 (Macintosh; Intel Mac OS X 10_15_7) AppleWebKit/537.36 (KHTML, like Gecko) Chrome/116.0.0.0 Safari/537.36 Edg/116.0.1938.62','2024-06-24 20:12:18'),(644,1,'14.202.58.145','Mozilla/5.0 (Macintosh; Intel Mac OS X 10_15_7) AppleWebKit/537.36 (KHTML, like Gecko) Chrome/116.0.0.0 Safari/537.36 Edg/116.0.1938.62','2024-06-25 07:12:32'),(645,1,'120.22.215.179','Mozilla/5.0 (iPhone; CPU iPhone OS 17_5_1 like Mac OS X) AppleWebKit/605.1.15 (KHTML, like Gecko) Version/17.5 Mobile/15E148 Safari/604.1','2024-06-25 11:41:05'),(646,1,'120.22.215.179','Mozilla/5.0 (iPhone; CPU iPhone OS 17_5_1 like Mac OS X) AppleWebKit/605.1.15 (KHTML, like Gecko) Version/17.5 Mobile/15E148 Safari/604.1','2024-06-25 14:31:41'),(647,1,'14.202.58.145','Mozilla/5.0 (Macintosh; Intel Mac OS X 10_15_7) AppleWebKit/537.36 (KHTML, like Gecko) Chrome/116.0.0.0 Safari/537.36 Edg/116.0.1938.62','2024-06-26 07:47:01'),(648,1,'14.201.8.4','Mozilla/5.0 (Windows NT 10.0; Win64; x64) AppleWebKit/537.36 (KHTML, like Gecko) Chrome/126.0.0.0 Safari/537.36 Edg/126.0.0.0','2024-06-26 10:32:35'),(649,1,'14.201.8.4','Mozilla/5.0 (Windows NT 10.0; Win64; x64) AppleWebKit/537.36 (KHTML, like Gecko) Chrome/126.0.0.0 Safari/537.36 Edg/126.0.0.0','2024-06-26 14:50:24'),(650,1,'14.202.58.145','Mozilla/5.0 (Macintosh; Intel Mac OS X 10_15_7) AppleWebKit/537.36 (KHTML, like Gecko) Chrome/116.0.0.0 Safari/537.36 Edg/116.0.1938.62','2024-06-27 07:38:38'),(651,1,'120.22.99.183','Mozilla/5.0 (iPhone; CPU iPhone OS 17_5_1 like Mac OS X) AppleWebKit/605.1.15 (KHTML, like Gecko) Version/17.5 Mobile/15E148 Safari/604.1','2024-06-27 11:03:05'),(652,1,'14.201.8.4','Mozilla/5.0 (Macintosh; Intel Mac OS X 10_15_7) AppleWebKit/537.36 (KHTML, like Gecko) Chrome/116.0.0.0 Safari/537.36','2024-06-27 16:23:57'),(653,1,'14.202.58.145','Mozilla/5.0 (iPhone; CPU iPhone OS 17_5_1 like Mac OS X) AppleWebKit/605.1.15 (KHTML, like Gecko) Version/17.5 Mobile/15E148 Safari/604.1','2024-06-29 09:31:31'),(654,1,'120.22.229.155','Mozilla/5.0 (iPhone; CPU iPhone OS 17_5_1 like Mac OS X) AppleWebKit/605.1.15 (KHTML, like Gecko) Version/17.5 Mobile/15E148 Safari/604.1','2024-06-30 11:23:09'),(655,1,'14.201.8.4','Mozilla/5.0 (Macintosh; Intel Mac OS X 10_15_7) AppleWebKit/537.36 (KHTML, like Gecko) Chrome/116.0.0.0 Safari/537.36','2024-06-30 15:51:22'),(656,1,'120.22.199.211','Mozilla/5.0 (iPhone; CPU iPhone OS 17_5_1 like Mac OS X) AppleWebKit/605.1.15 (KHTML, like Gecko) Version/17.5 Mobile/15E148 Safari/604.1','2024-07-01 11:28:35'),(657,1,'120.22.199.211','Mozilla/5.0 (iPhone; CPU iPhone OS 17_5_1 like Mac OS X) AppleWebKit/605.1.15 (KHTML, like Gecko) Version/17.5 Mobile/15E148 Safari/604.1','2024-07-01 13:44:21'),(658,1,'120.22.170.194','Mozilla/5.0 (iPhone; CPU iPhone OS 17_5_1 like Mac OS X) AppleWebKit/605.1.15 (KHTML, like Gecko) Version/17.5 Mobile/15E148 Safari/604.1','2024-07-01 15:42:03'),(659,1,'14.202.58.145','Mozilla/5.0 (Macintosh; Intel Mac OS X 10_15_7) AppleWebKit/537.36 (KHTML, like Gecko) Chrome/116.0.0.0 Safari/537.36 Edg/116.0.1938.62','2024-07-03 06:31:38'),(660,1,'120.22.197.95','Mozilla/5.0 (iPhone; CPU iPhone OS 17_5_1 like Mac OS X) AppleWebKit/605.1.15 (KHTML, like Gecko) Version/17.5 Mobile/15E148 Safari/604.1','2024-07-03 12:45:03'),(661,1,'14.201.8.4','Mozilla/5.0 (iPhone; CPU iPhone OS 17_5_1 like Mac OS X) AppleWebKit/605.1.15 (KHTML, like Gecko) Version/17.5 Mobile/15E148 Safari/604.1','2024-07-03 16:36:11'),(662,1,'14.201.8.4','Mozilla/5.0 (Macintosh; Intel Mac OS X 10_15_7) AppleWebKit/537.36 (KHTML, like Gecko) Chrome/116.0.0.0 Safari/537.36','2024-07-04 09:00:27'),(663,1,'14.202.58.145','Mozilla/5.0 (Macintosh; Intel Mac OS X 10_15_7) AppleWebKit/537.36 (KHTML, like Gecko) Chrome/116.0.0.0 Safari/537.36 Edg/116.0.1938.62','2024-07-05 07:32:43'),(664,1,'14.201.8.4','Mozilla/5.0 (Windows NT 10.0; Win64; x64) AppleWebKit/537.36 (KHTML, like Gecko) Chrome/126.0.0.0 Safari/537.36 Edg/126.0.0.0','2024-07-05 14:12:53'),(665,1,'14.201.8.4','Mozilla/5.0 (Windows NT 10.0; Win64; x64) AppleWebKit/537.36 (KHTML, like Gecko) Chrome/126.0.0.0 Safari/537.36 Edg/126.0.0.0','2024-07-05 15:13:00'),(666,1,'14.201.8.4','Mozilla/5.0 (Windows NT 10.0; Win64; x64) AppleWebKit/537.36 (KHTML, like Gecko) Chrome/126.0.0.0 Safari/537.36 Edg/126.0.0.0','2024-07-05 16:25:19'),(667,1,'14.202.58.145','Mozilla/5.0 (iPhone; CPU iPhone OS 17_5_1 like Mac OS X) AppleWebKit/605.1.15 (KHTML, like Gecko) Version/17.5 Mobile/15E148 Safari/604.1','2024-07-07 17:16:25'),(668,1,'14.201.8.4','Mozilla/5.0 (Macintosh; Intel Mac OS X 10_15_7) AppleWebKit/537.36 (KHTML, like Gecko) Chrome/116.0.0.0 Safari/537.36','2024-07-08 09:06:35'),(669,1,'120.22.13.27','Mozilla/5.0 (iPhone; CPU iPhone OS 17_5_1 like Mac OS X) AppleWebKit/605.1.15 (KHTML, like Gecko) Version/17.5 Mobile/15E148 Safari/604.1','2024-07-08 13:48:38'),(670,1,'14.202.58.145','Mozilla/5.0 (iPhone; CPU iPhone OS 17_5_1 like Mac OS X) AppleWebKit/605.1.15 (KHTML, like Gecko) Version/17.5 Mobile/15E148 Safari/604.1','2024-07-09 08:33:46'),(671,1,'14.201.8.4','Mozilla/5.0 (Macintosh; Intel Mac OS X 10_15_7) AppleWebKit/537.36 (KHTML, like Gecko) Chrome/116.0.0.0 Safari/537.36','2024-07-09 09:23:17'),(672,1,'14.202.58.145','Mozilla/5.0 (Macintosh; Intel Mac OS X 10_15_7) AppleWebKit/537.36 (KHTML, like Gecko) Chrome/116.0.0.0 Safari/537.36 Edg/116.0.1938.62','2024-07-10 07:29:32'),(673,1,'14.202.58.145','Mozilla/5.0 (Macintosh; Intel Mac OS X 10_15_7) AppleWebKit/537.36 (KHTML, like Gecko) Chrome/116.0.0.0 Safari/537.36 Edg/116.0.1938.62','2024-07-11 07:05:47'),(674,1,'14.201.8.4','Mozilla/5.0 (Macintosh; Intel Mac OS X 10_15_7) AppleWebKit/537.36 (KHTML, like Gecko) Chrome/116.0.0.0 Safari/537.36','2024-07-11 08:58:07'),(675,1,'120.22.18.175','Mozilla/5.0 (iPhone; CPU iPhone OS 17_5_1 like Mac OS X) AppleWebKit/605.1.15 (KHTML, like Gecko) Version/17.5 Mobile/15E148 Safari/604.1','2024-07-11 15:18:10'),(676,1,'120.22.18.175','Mozilla/5.0 (iPhone; CPU iPhone OS 17_5_1 like Mac OS X) AppleWebKit/605.1.15 (KHTML, like Gecko) Version/17.5 Mobile/15E148 Safari/604.1','2024-07-11 15:19:06'),(677,1,'120.22.18.175','Mozilla/5.0 (iPhone; CPU iPhone OS 17_5_1 like Mac OS X) AppleWebKit/605.1.15 (KHTML, like Gecko) Version/17.5 Mobile/15E148 Safari/604.1','2024-07-11 15:23:08'),(678,1,'120.22.18.175','Mozilla/5.0 (iPhone; CPU iPhone OS 17_5_1 like Mac OS X) AppleWebKit/605.1.15 (KHTML, like Gecko) Version/17.5 Mobile/15E148 Safari/604.1','2024-07-11 15:30:01'),(679,1,'120.22.18.175','Mozilla/5.0 (iPhone; CPU iPhone OS 17_5_1 like Mac OS X) AppleWebKit/605.1.15 (KHTML, like Gecko) Version/17.5 Mobile/15E148 Safari/604.1','2024-07-11 15:36:31'),(680,1,'14.201.8.4','Mozilla/5.0 (Macintosh; Intel Mac OS X 10_15_7) AppleWebKit/537.36 (KHTML, like Gecko) Chrome/116.0.0.0 Safari/537.36','2024-07-12 10:34:43'),(681,1,'120.22.18.175','Mozilla/5.0 (iPhone; CPU iPhone OS 17_5_1 like Mac OS X) AppleWebKit/605.1.15 (KHTML, like Gecko) Version/17.5 Mobile/15E148 Safari/604.1','2024-07-12 14:50:39'),(682,1,'120.22.18.175','Mozilla/5.0 (iPhone; CPU iPhone OS 17_5_1 like Mac OS X) AppleWebKit/605.1.15 (KHTML, like Gecko) Version/17.5 Mobile/15E148 Safari/604.1','2024-07-12 14:54:19'),(683,1,'124.148.110.174','Mozilla/5.0 (Macintosh; Intel Mac OS X 10_15_7) AppleWebKit/537.36 (KHTML, like Gecko) Chrome/116.0.0.0 Safari/537.36 Edg/116.0.1938.62','2024-07-12 20:11:12'),(684,1,'124.148.110.174','Mozilla/5.0 (Macintosh; Intel Mac OS X 10_15_7) AppleWebKit/537.36 (KHTML, like Gecko) Chrome/116.0.0.0 Safari/537.36 Edg/116.0.1938.62','2024-07-13 09:39:00'),(685,1,'120.22.18.175','Mozilla/5.0 (iPhone; CPU iPhone OS 17_5_1 like Mac OS X) AppleWebKit/605.1.15 (KHTML, like Gecko) Version/17.5 Mobile/15E148 Safari/604.1','2024-07-15 07:49:52'),(686,1,'14.201.8.4','Mozilla/5.0 (Macintosh; Intel Mac OS X 10_15_7) AppleWebKit/537.36 (KHTML, like Gecko) Chrome/116.0.0.0 Safari/537.36','2024-07-15 09:06:27'),(687,1,'124.148.110.174','Mozilla/5.0 (Macintosh; Intel Mac OS X 10_15_7) AppleWebKit/537.36 (KHTML, like Gecko) Chrome/116.0.0.0 Safari/537.36 Edg/116.0.1938.62','2024-07-16 05:38:51'),(688,1,'120.18.143.236','Mozilla/5.0 (iPhone; CPU iPhone OS 17_5_1 like Mac OS X) AppleWebKit/605.1.15 (KHTML, like Gecko) Version/17.5 Mobile/15E148 Safari/604.1','2024-07-16 11:33:35'),(689,1,'14.201.8.4','Mozilla/5.0 (Macintosh; Intel Mac OS X 10_15_7) AppleWebKit/537.36 (KHTML, like Gecko) Chrome/116.0.0.0 Safari/537.36','2024-07-17 09:44:35'),(690,1,'124.148.110.174','Mozilla/5.0 (Macintosh; Intel Mac OS X 10_15_7) AppleWebKit/537.36 (KHTML, like Gecko) Chrome/116.0.0.0 Safari/537.36 Edg/116.0.1938.62','2024-07-18 05:57:48'),(691,1,'14.201.8.4','Mozilla/5.0 (Windows NT 10.0; Win64; x64) AppleWebKit/537.36 (KHTML, like Gecko) Chrome/126.0.0.0 Safari/537.36 Edg/126.0.0.0','2024-07-18 16:16:44'),(692,1,'14.201.8.4','Mozilla/5.0 (Macintosh; Intel Mac OS X 10_15_7) AppleWebKit/537.36 (KHTML, like Gecko) Chrome/116.0.0.0 Safari/537.36','2024-07-19 09:23:14'),(693,1,'124.148.110.174','Mozilla/5.0 (iPhone; CPU iPhone OS 17_5_1 like Mac OS X) AppleWebKit/605.1.15 (KHTML, like Gecko) Version/17.5 Mobile/15E148 Safari/604.1','2024-07-21 12:56:20'),(694,1,'124.148.110.174','Mozilla/5.0 (Macintosh; Intel Mac OS X 10_15_7) AppleWebKit/537.36 (KHTML, like Gecko) Chrome/116.0.0.0 Safari/537.36 Edg/116.0.1938.62','2024-07-21 18:02:22'),(695,1,'14.201.8.4','Mozilla/5.0 (Macintosh; Intel Mac OS X 10_15_7) AppleWebKit/537.36 (KHTML, like Gecko) Chrome/116.0.0.0 Safari/537.36','2024-07-22 07:14:51'),(696,1,'124.148.110.174','Mozilla/5.0 (iPhone; CPU iPhone OS 17_5_1 like Mac OS X) AppleWebKit/605.1.15 (KHTML, like Gecko) Version/17.5 Mobile/15E148 Safari/604.1','2024-07-22 12:57:18'),(697,1,'14.201.8.4','Mozilla/5.0 (Windows NT 10.0; Win64; x64) AppleWebKit/537.36 (KHTML, like Gecko) Chrome/126.0.0.0 Safari/537.36 Edg/126.0.0.0','2024-07-22 14:58:37'),(698,1,'124.148.110.174','Mozilla/5.0 (Macintosh; Intel Mac OS X 10_15_7) AppleWebKit/537.36 (KHTML, like Gecko) Chrome/116.0.0.0 Safari/537.36 Edg/116.0.1938.62','2024-07-23 06:58:51'),(699,1,'14.201.8.4','Mozilla/5.0 (Macintosh; Intel Mac OS X 10_15_7) AppleWebKit/537.36 (KHTML, like Gecko) Chrome/116.0.0.0 Safari/537.36','2024-07-23 09:54:14'),(700,1,'14.201.8.4','Mozilla/5.0 (Windows NT 10.0; Win64; x64) AppleWebKit/537.36 (KHTML, like Gecko) Chrome/126.0.0.0 Safari/537.36 Edg/126.0.0.0','2024-07-23 09:59:03'),(701,1,'120.22.7.227','Mozilla/5.0 (iPhone; CPU iPhone OS 17_5_1 like Mac OS X) AppleWebKit/605.1.15 (KHTML, like Gecko) Version/17.5 Mobile/15E148 Safari/604.1','2024-07-23 16:50:40'),(702,1,'124.148.110.174','Mozilla/5.0 (Macintosh; Intel Mac OS X 10_15_7) AppleWebKit/537.36 (KHTML, like Gecko) Chrome/116.0.0.0 Safari/537.36 Edg/116.0.1938.62','2024-07-24 06:48:51'),(703,1,'124.148.110.174','Mozilla/5.0 (Macintosh; Intel Mac OS X 10_15_7) AppleWebKit/537.36 (KHTML, like Gecko) Chrome/116.0.0.0 Safari/537.36 Edg/116.0.1938.62','2024-07-24 08:30:50'),(704,1,'14.201.8.4','Mozilla/5.0 (Windows NT 10.0; Win64; x64) AppleWebKit/537.36 (KHTML, like Gecko) Chrome/126.0.0.0 Safari/537.36 Edg/126.0.0.0','2024-07-24 11:09:08'),(705,1,'124.148.110.174','Mozilla/5.0 (Macintosh; Intel Mac OS X 10_15_7) AppleWebKit/537.36 (KHTML, like Gecko) Chrome/116.0.0.0 Safari/537.36','2024-07-24 15:22:48'),(706,1,'203.219.194.68','Mozilla/5.0 (iPhone; CPU iPhone OS 17_5_1 like Mac OS X) AppleWebKit/605.1.15 (KHTML, like Gecko) Version/17.5 Mobile/15E148 Safari/604.1','2024-07-27 16:22:07'),(707,1,'203.219.194.68','Mozilla/5.0 (Macintosh; Intel Mac OS X 10_15_7) AppleWebKit/537.36 (KHTML, like Gecko) Chrome/116.0.0.0 Safari/537.36 Edg/116.0.1938.62','2024-07-28 13:35:31'),(708,1,'203.219.194.68','Mozilla/5.0 (Macintosh; Intel Mac OS X 10_15_7) AppleWebKit/537.36 (KHTML, like Gecko) Chrome/116.0.0.0 Safari/537.36','2024-07-28 14:28:24'),(709,1,'203.219.194.68','Mozilla/5.0 (Macintosh; Intel Mac OS X 10_15_7) AppleWebKit/537.36 (KHTML, like Gecko) Chrome/116.0.0.0 Safari/537.36 Edg/116.0.1938.62','2024-07-30 07:56:53'),(710,1,'120.18.75.204','Mozilla/5.0 (iPhone; CPU iPhone OS 17_5_1 like Mac OS X) AppleWebKit/605.1.15 (KHTML, like Gecko) Version/17.5 Mobile/15E148 Safari/604.1','2024-08-01 14:28:51'),(711,1,'203.219.194.68','Mozilla/5.0 (Macintosh; Intel Mac OS X 10_15_7) AppleWebKit/537.36 (KHTML, like Gecko) Chrome/116.0.0.0 Safari/537.36 Edg/116.0.1938.62','2024-08-01 16:33:22'),(712,1,'203.219.194.68','Mozilla/5.0 (Windows NT 10.0; Win64; x64) AppleWebKit/537.36 (KHTML, like Gecko) Chrome/126.0.0.0 Safari/537.36 Edg/126.0.0.0','2024-08-02 10:24:21'),(713,1,'203.219.194.68','Mozilla/5.0 (Windows NT 10.0; Win64; x64) AppleWebKit/537.36 (KHTML, like Gecko) Chrome/127.0.0.0 Safari/537.36 Edg/127.0.0.0','2024-08-02 15:05:56'),(714,1,'203.219.194.68','Mozilla/5.0 (Macintosh; Intel Mac OS X 10_15_7) AppleWebKit/537.36 (KHTML, like Gecko) Chrome/116.0.0.0 Safari/537.36 Edg/116.0.1938.62','2024-08-03 07:53:26'),(715,1,'203.219.194.68','Mozilla/5.0 (Macintosh; Intel Mac OS X 10_15_7) AppleWebKit/537.36 (KHTML, like Gecko) Chrome/116.0.0.0 Safari/537.36 Edg/116.0.1938.62','2024-08-03 15:57:15'),(716,1,'203.219.194.68','Mozilla/5.0 (Macintosh; Intel Mac OS X 10_15_7) AppleWebKit/537.36 (KHTML, like Gecko) Chrome/116.0.0.0 Safari/537.36 Edg/116.0.1938.62','2024-08-03 15:58:31'),(717,1,'203.219.194.68','Mozilla/5.0 (Windows NT 10.0; Win64; x64) AppleWebKit/537.36 (KHTML, like Gecko) Chrome/127.0.0.0 Safari/537.36 Edg/127.0.0.0','2024-08-05 08:22:28'),(718,1,'203.219.194.68','Mozilla/5.0 (Macintosh; Intel Mac OS X 10_15_7) AppleWebKit/537.36 (KHTML, like Gecko) Chrome/116.0.0.0 Safari/537.36 Edg/116.0.1938.62','2024-08-05 17:19:48'),(719,1,'203.219.194.68','Mozilla/5.0 (Windows NT 10.0; Win64; x64) AppleWebKit/537.36 (KHTML, like Gecko) Chrome/127.0.0.0 Safari/537.36 Edg/127.0.0.0','2024-08-06 18:10:49'),(720,1,'203.219.194.68','Mozilla/5.0 (Macintosh; Intel Mac OS X 10_15_7) AppleWebKit/537.36 (KHTML, like Gecko) Chrome/116.0.0.0 Safari/537.36 Edg/116.0.1938.62','2024-08-07 19:29:38'),(721,1,'120.22.76.182','Mozilla/5.0 (iPhone; CPU iPhone OS 17_5_1 like Mac OS X) AppleWebKit/605.1.15 (KHTML, like Gecko) Version/17.5 Mobile/15E148 Safari/604.1','2024-08-08 12:46:07'),(722,1,'203.219.194.68','Mozilla/5.0 (Windows NT 10.0; Win64; x64) AppleWebKit/537.36 (KHTML, like Gecko) Chrome/127.0.0.0 Safari/537.36 Edg/127.0.0.0','2024-08-09 13:07:09'),(723,1,'203.219.194.68','Mozilla/5.0 (Macintosh; Intel Mac OS X 10_14_6) AppleWebKit/605.1.15 (KHTML, like Gecko) Version/14.1.2 Safari/605.1.15','2024-08-12 20:33:45'),(724,1,'203.219.194.68','Mozilla/5.0 (Windows NT 10.0; Win64; x64) AppleWebKit/537.36 (KHTML, like Gecko) Chrome/127.0.0.0 Safari/537.36 Edg/127.0.0.0','2024-08-13 08:29:59'),(725,1,'203.219.194.68','Mozilla/5.0 (Macintosh; Intel Mac OS X 10_15_7) AppleWebKit/537.36 (KHTML, like Gecko) Chrome/116.0.0.0 Safari/537.36 Edg/116.0.1938.62','2024-08-14 10:59:19'),(726,1,'120.22.4.26','Mozilla/5.0 (iPhone; CPU iPhone OS 17_5_1 like Mac OS X) AppleWebKit/605.1.15 (KHTML, like Gecko) Version/17.5 Mobile/15E148 Safari/604.1','2024-08-15 16:17:16'),(727,1,'203.219.194.68','Mozilla/5.0 (Macintosh; Intel Mac OS X 10_15_7) AppleWebKit/537.36 (KHTML, like Gecko) Chrome/116.0.0.0 Safari/537.36 Edg/116.0.1938.62','2024-08-16 07:37:37'),(728,1,'203.219.194.68','Mozilla/5.0 (Macintosh; Intel Mac OS X 10_15_7) AppleWebKit/537.36 (KHTML, like Gecko) Chrome/116.0.0.0 Safari/537.36 Edg/116.0.1938.62','2024-08-17 09:00:32'),(729,1,'203.219.194.68','Mozilla/5.0 (Macintosh; Intel Mac OS X 10_15_7) AppleWebKit/537.36 (KHTML, like Gecko) Chrome/116.0.0.0 Safari/537.36 Edg/116.0.1938.62','2024-08-18 20:19:08'),(730,1,'203.219.194.68','Mozilla/5.0 (Macintosh; Intel Mac OS X 10_15_7) AppleWebKit/537.36 (KHTML, like Gecko) Chrome/116.0.0.0 Safari/537.36 Edg/116.0.1938.62','2024-08-20 07:01:54'),(731,1,'120.22.122.238','Mozilla/5.0 (iPhone; CPU iPhone OS 17_5_1 like Mac OS X) AppleWebKit/605.1.15 (KHTML, like Gecko) Version/17.5 Mobile/15E148 Safari/604.1','2024-08-20 11:39:32'),(732,1,'203.219.194.68','Mozilla/5.0 (Windows NT 10.0; Win64; x64) AppleWebKit/537.36 (KHTML, like Gecko) Chrome/127.0.0.0 Safari/537.36 Edg/127.0.0.0','2024-08-20 16:02:48'),(733,1,'203.219.194.68','Mozilla/5.0 (Macintosh; Intel Mac OS X 10_15_7) AppleWebKit/537.36 (KHTML, like Gecko) Chrome/116.0.0.0 Safari/537.36 Edg/116.0.1938.62','2024-08-21 06:40:17'),(734,1,'203.219.194.68','Mozilla/5.0 (Windows NT 10.0; Win64; x64) AppleWebKit/537.36 (KHTML, like Gecko) Chrome/127.0.0.0 Safari/537.36 Edg/127.0.0.0','2024-08-21 08:21:32'),(735,1,'203.219.194.68','Mozilla/5.0 (Macintosh; Intel Mac OS X 10_15_7) AppleWebKit/537.36 (KHTML, like Gecko) Chrome/116.0.0.0 Safari/537.36 Edg/116.0.1938.62','2024-08-21 18:55:05'),(736,1,'203.219.194.68','Mozilla/5.0 (Macintosh; Intel Mac OS X 10_15_7) AppleWebKit/537.36 (KHTML, like Gecko) Chrome/116.0.0.0 Safari/537.36 Edg/116.0.1938.62','2024-08-21 19:20:59'),(737,1,'203.219.194.68','Mozilla/5.0 (Macintosh; Intel Mac OS X 10_15_7) AppleWebKit/537.36 (KHTML, like Gecko) Chrome/116.0.0.0 Safari/537.36 Edg/116.0.1938.62','2024-08-22 06:06:24'),(738,1,'203.219.194.68','Mozilla/5.0 (Windows NT 10.0; Win64; x64) AppleWebKit/537.36 (KHTML, like Gecko) Chrome/127.0.0.0 Safari/537.36 Edg/127.0.0.0','2024-08-22 08:45:19'),(739,1,'120.22.200.83','Mozilla/5.0 (Macintosh; Intel Mac OS X 10_15_7) AppleWebKit/605.1.15 (KHTML, like Gecko) Version/17.6 Safari/605.1.15','2024-08-23 12:44:01'),(740,1,'120.22.141.233','Mozilla/5.0 (iPhone; CPU iPhone OS 17_5_1 like Mac OS X) AppleWebKit/605.1.15 (KHTML, like Gecko) Version/17.5 Mobile/15E148 Safari/604.1','2024-08-24 16:33:46'),(741,1,'203.219.194.68','Mozilla/5.0 (Macintosh; Intel Mac OS X 10_15_7) AppleWebKit/537.36 (KHTML, like Gecko) Chrome/116.0.0.0 Safari/537.36 Edg/116.0.1938.62','2024-08-24 21:54:14'),(742,1,'203.219.194.68','Mozilla/5.0 (Macintosh; Intel Mac OS X 10_15_7) AppleWebKit/537.36 (KHTML, like Gecko) Chrome/116.0.0.0 Safari/537.36 Edg/116.0.1938.62','2024-08-26 06:37:03'),(743,1,'203.219.194.68','Mozilla/5.0 (Macintosh; Intel Mac OS X 10_15_7) AppleWebKit/537.36 (KHTML, like Gecko) Chrome/116.0.0.0 Safari/537.36 Edg/116.0.1938.62','2024-08-27 07:12:30'),(744,1,'203.219.194.68','Mozilla/5.0 (Windows NT 10.0; Win64; x64) AppleWebKit/537.36 (KHTML, like Gecko) Chrome/127.0.0.0 Safari/537.36 Edg/127.0.0.0','2024-08-27 10:47:52'),(745,1,'120.22.156.97','Mozilla/5.0 (iPhone; CPU iPhone OS 17_5_1 like Mac OS X) AppleWebKit/605.1.15 (KHTML, like Gecko) Version/17.5 Mobile/15E148 Safari/604.1','2024-08-27 16:37:06'),(746,1,'120.22.229.234','Mozilla/5.0 (iPhone; CPU iPhone OS 17_5_1 like Mac OS X) AppleWebKit/605.1.15 (KHTML, like Gecko) Version/17.5 Mobile/15E148 Safari/604.1','2024-08-28 16:41:28'),(747,1,'203.219.194.68','Mozilla/5.0 (Windows NT 10.0; Win64; x64) AppleWebKit/537.36 (KHTML, like Gecko) Chrome/127.0.0.0 Safari/537.36 Edg/127.0.0.0','2024-08-29 09:10:49'),(748,1,'203.219.194.68','Mozilla/5.0 (Windows NT 10.0; Win64; x64) AppleWebKit/537.36 (KHTML, like Gecko) Chrome/127.0.0.0 Safari/537.36 Edg/127.0.0.0','2024-08-29 09:17:08'),(749,1,'203.219.194.68','Mozilla/5.0 (Windows NT 10.0; Win64; x64) AppleWebKit/537.36 (KHTML, like Gecko) Chrome/127.0.0.0 Safari/537.36 Edg/127.0.0.0','2024-08-29 09:29:20'),(750,1,'120.18.162.87','Mozilla/5.0 (iPhone; CPU iPhone OS 17_5_1 like Mac OS X) AppleWebKit/605.1.15 (KHTML, like Gecko) Version/17.5 Mobile/15E148 Safari/604.1','2024-08-29 11:22:13'),(751,1,'120.22.192.74','Mozilla/5.0 (iPhone; CPU iPhone OS 17_5_1 like Mac OS X) AppleWebKit/605.1.15 (KHTML, like Gecko) Version/17.5 Mobile/15E148 Safari/604.1','2024-08-30 13:14:30'),(752,1,'203.219.194.68','Mozilla/5.0 (Macintosh; Intel Mac OS X 10_15_7) AppleWebKit/537.36 (KHTML, like Gecko) Chrome/116.0.0.0 Safari/537.36 Edg/116.0.1938.62','2024-09-01 07:50:54'),(753,1,'203.219.194.68','Mozilla/5.0 (Windows NT 10.0; Win64; x64) AppleWebKit/537.36 (KHTML, like Gecko) Chrome/127.0.0.0 Safari/537.36 Edg/127.0.0.0','2024-09-01 18:30:22'),(754,1,'203.219.194.68','Mozilla/5.0 (Macintosh; Intel Mac OS X 10_15_7) AppleWebKit/537.36 (KHTML, like Gecko) Chrome/116.0.0.0 Safari/537.36 Edg/116.0.1938.62','2024-09-02 07:06:58'),(755,1,'203.219.194.68','Mozilla/5.0 (Windows NT 10.0; Win64; x64) AppleWebKit/537.36 (KHTML, like Gecko) Chrome/127.0.0.0 Safari/537.36 Edg/127.0.0.0','2024-09-03 09:40:34'),(756,1,'203.219.194.68','Mozilla/5.0 (Macintosh; Intel Mac OS X 10_15_7) AppleWebKit/537.36 (KHTML, like Gecko) Chrome/116.0.0.0 Safari/537.36 Edg/116.0.1938.62','2024-09-05 06:56:53'),(757,1,'120.22.231.6','Mozilla/5.0 (iPhone; CPU iPhone OS 17_6_1 like Mac OS X) AppleWebKit/605.1.15 (KHTML, like Gecko) Version/17.6 Mobile/15E148 Safari/604.1','2024-09-06 17:21:03'),(758,1,'203.219.194.68','Mozilla/5.0 (Macintosh; Intel Mac OS X 10_15_7) AppleWebKit/537.36 (KHTML, like Gecko) Chrome/116.0.0.0 Safari/537.36 Edg/116.0.1938.62','2024-09-07 23:37:28'),(759,1,'203.219.194.68','Mozilla/5.0 (Macintosh; Intel Mac OS X 10_15_7) AppleWebKit/537.36 (KHTML, like Gecko) Chrome/116.0.0.0 Safari/537.36 Edg/116.0.1938.62','2024-09-09 08:51:39'),(760,1,'120.22.237.125','Mozilla/5.0 (iPhone; CPU iPhone OS 17_6_1 like Mac OS X) AppleWebKit/605.1.15 (KHTML, like Gecko) Version/17.6 Mobile/15E148 Safari/604.1','2024-09-09 16:40:06'),(761,1,'203.219.194.68','Mozilla/5.0 (Windows NT 10.0; Win64; x64) AppleWebKit/537.36 (KHTML, like Gecko) Chrome/127.0.0.0 Safari/537.36 Edg/127.0.0.0','2024-09-10 17:06:23'),(762,1,'120.22.93.218','Mozilla/5.0 (iPhone; CPU iPhone OS 17_6_1 like Mac OS X) AppleWebKit/605.1.15 (KHTML, like Gecko) Version/17.6 Mobile/15E148 Safari/604.1','2024-09-11 09:35:10'),(763,1,'203.219.194.68','Mozilla/5.0 (Macintosh; Intel Mac OS X 10_15_7) AppleWebKit/537.36 (KHTML, like Gecko) Chrome/116.0.0.0 Safari/537.36 Edg/116.0.1938.62','2024-09-12 07:24:53'),(764,1,'203.219.194.68','Mozilla/5.0 (Macintosh; Intel Mac OS X 10_15_7) AppleWebKit/537.36 (KHTML, like Gecko) Chrome/116.0.0.0 Safari/537.36 Edg/116.0.1938.62','2024-09-13 09:06:46'),(765,1,'203.219.194.68','Mozilla/5.0 (Macintosh; Intel Mac OS X 10_15_7) AppleWebKit/537.36 (KHTML, like Gecko) Chrome/116.0.0.0 Safari/537.36 Edg/116.0.1938.62','2024-09-15 22:49:13'),(766,1,'124.148.104.171','Mozilla/5.0 (Windows NT 10.0; Win64; x64) AppleWebKit/537.36 (KHTML, like Gecko) Chrome/127.0.0.0 Safari/537.36 Edg/127.0.0.0','2024-09-17 08:30:42'),(767,1,'124.148.104.171','Mozilla/5.0 (iPhone; CPU iPhone OS 17_6_1 like Mac OS X) AppleWebKit/605.1.15 (KHTML, like Gecko) Version/17.6 Mobile/15E148 Safari/604.1','2024-09-17 16:56:56'),(768,1,'120.22.128.74','Mozilla/5.0 (iPhone; CPU iPhone OS 17_6_1 like Mac OS X) AppleWebKit/605.1.15 (KHTML, like Gecko) Version/17.6 Mobile/15E148 Safari/604.1','2024-09-18 11:28:46'),(769,1,'124.148.104.171','Mozilla/5.0 (Macintosh; Intel Mac OS X 10_15_7) AppleWebKit/537.36 (KHTML, like Gecko) Chrome/116.0.0.0 Safari/537.36 Edg/116.0.1938.62','2024-09-18 15:09:30'),(770,1,'120.22.128.74','Mozilla/5.0 (iPhone; CPU iPhone OS 17_6_1 like Mac OS X) AppleWebKit/605.1.15 (KHTML, like Gecko) Version/17.6 Mobile/15E148 Safari/604.1','2024-09-18 16:58:32'),(771,1,'120.22.164.47','Mozilla/5.0 (iPhone; CPU iPhone OS 17_6_1 like Mac OS X) AppleWebKit/605.1.15 (KHTML, like Gecko) Version/17.6 Mobile/15E148 Safari/604.1','2024-09-20 11:06:35'),(772,1,'120.22.179.142','Mozilla/5.0 (Macintosh; Intel Mac OS X 10_15_7) AppleWebKit/605.1.15 (KHTML, like Gecko) Version/17.6 Safari/605.1.15','2024-09-20 11:08:03'),(773,1,'124.148.104.171','Mozilla/5.0 (Windows NT 10.0; Win64; x64) AppleWebKit/537.36 (KHTML, like Gecko) Chrome/127.0.0.0 Safari/537.36 Edg/127.0.0.0','2024-09-24 13:54:33'),(774,1,'120.22.160.17','Mozilla/5.0 (Macintosh; Intel Mac OS X 10_15_7) AppleWebKit/605.1.15 (KHTML, like Gecko) Version/17.7 Safari/605.1.15','2024-09-24 16:35:39'),(775,1,'120.22.96.161','Mozilla/5.0 (iPhone; CPU iPhone OS 17_6_1 like Mac OS X) AppleWebKit/605.1.15 (KHTML, like Gecko) Version/17.6 Mobile/15E148 Safari/604.1','2024-09-25 16:55:55'),(776,1,'120.22.113.179','Mozilla/5.0 (Macintosh; Intel Mac OS X 10_15_7) AppleWebKit/605.1.15 (KHTML, like Gecko) Version/17.7 Safari/605.1.15','2024-09-26 10:41:44'),(777,1,'120.22.35.42','Mozilla/5.0 (Macintosh; Intel Mac OS X 10_15_7) AppleWebKit/605.1.15 (KHTML, like Gecko) Version/17.7 Safari/605.1.15','2024-09-27 16:28:09'),(778,1,'124.148.104.171','Mozilla/5.0 (iPhone; CPU iPhone OS 17_6_1 like Mac OS X) AppleWebKit/605.1.15 (KHTML, like Gecko) Version/17.6 Mobile/15E148 Safari/604.1','2024-09-28 18:24:27'),(779,1,'124.148.104.171','Mozilla/5.0 (Windows NT 10.0; Win64; x64) AppleWebKit/537.36 (KHTML, like Gecko) Chrome/127.0.0.0 Safari/537.36 Edg/127.0.0.0','2024-09-29 12:49:20'),(780,1,'124.148.104.171','Mozilla/5.0 (Macintosh; Intel Mac OS X 10_15_7) AppleWebKit/537.36 (KHTML, like Gecko) Chrome/116.0.0.0 Safari/537.36 Edg/116.0.1938.62','2024-09-29 21:36:33'),(781,1,'159.196.12.233','Mozilla/5.0 (Macintosh; Intel Mac OS X 10_15_7) AppleWebKit/605.1.15 (KHTML, like Gecko) Version/17.7 Safari/605.1.15','2024-09-30 08:26:57'),(782,1,'120.22.91.114','Mozilla/5.0 (Macintosh; Intel Mac OS X 10_15_7) AppleWebKit/605.1.15 (KHTML, like Gecko) Version/17.7 Safari/605.1.15','2024-09-30 12:23:17'),(783,1,'124.148.104.171','Mozilla/5.0 (Windows NT 10.0; Win64; x64) AppleWebKit/537.36 (KHTML, like Gecko) Chrome/127.0.0.0 Safari/537.36 Edg/127.0.0.0','2024-09-30 13:45:48'),(784,1,'124.148.104.171','Mozilla/5.0 (Macintosh; Intel Mac OS X 10_15_7) AppleWebKit/537.36 (KHTML, like Gecko) Chrome/116.0.0.0 Safari/537.36 Edg/116.0.1938.62','2024-10-02 07:30:03'),(785,1,'159.196.12.233','Mozilla/5.0 (Macintosh; Intel Mac OS X 10_15_7) AppleWebKit/605.1.15 (KHTML, like Gecko) Version/17.7 Safari/605.1.15','2024-10-03 10:48:50'),(786,1,'124.148.104.171','Mozilla/5.0 (Windows NT 10.0; Win64; x64) AppleWebKit/537.36 (KHTML, like Gecko) Chrome/127.0.0.0 Safari/537.36 Edg/127.0.0.0','2024-10-03 14:46:01'),(787,1,'124.148.104.171','Mozilla/5.0 (Macintosh; Intel Mac OS X 10_15_7) AppleWebKit/537.36 (KHTML, like Gecko) Chrome/116.0.0.0 Safari/537.36 Edg/116.0.1938.62','2024-10-04 06:52:52'),(788,1,'124.148.104.171','Mozilla/5.0 (Windows NT 10.0; Win64; x64) AppleWebKit/537.36 (KHTML, like Gecko) Chrome/127.0.0.0 Safari/537.36 Edg/127.0.0.0','2024-10-06 16:04:01'),(789,1,'124.148.104.171','Mozilla/5.0 (Macintosh; Intel Mac OS X 10_15_7) AppleWebKit/537.36 (KHTML, like Gecko) Chrome/116.0.0.0 Safari/537.36 Edg/116.0.1938.62','2024-10-07 06:09:30'),(790,1,'124.148.104.171','Mozilla/5.0 (Windows NT 10.0; Win64; x64) AppleWebKit/537.36 (KHTML, like Gecko) Chrome/127.0.0.0 Safari/537.36 Edg/127.0.0.0','2024-10-08 09:53:22'),(791,1,'120.22.170.78','Mozilla/5.0 (iPhone; CPU iPhone OS 17_6_1 like Mac OS X) AppleWebKit/605.1.15 (KHTML, like Gecko) Version/17.6 Mobile/15E148 Safari/604.1','2024-10-10 14:53:59'),(792,1,'124.148.104.171','Mozilla/5.0 (Macintosh; Intel Mac OS X 10_15_7) AppleWebKit/537.36 (KHTML, like Gecko) Chrome/116.0.0.0 Safari/537.36','2024-10-11 06:13:12'),(793,1,'120.22.131.19','Mozilla/5.0 (Macintosh; Intel Mac OS X 10_15_7) AppleWebKit/605.1.15 (KHTML, like Gecko) Version/17.7 Safari/605.1.15','2024-10-11 09:23:51'),(794,1,'124.148.104.171','Mozilla/5.0 (Macintosh; Intel Mac OS X 10_15_7) AppleWebKit/537.36 (KHTML, like Gecko) Chrome/116.0.0.0 Safari/537.36 Edg/116.0.1938.62','2024-10-13 08:58:43'),(795,1,'124.148.104.171','Mozilla/5.0 (Windows NT 10.0; Win64; x64) AppleWebKit/537.36 (KHTML, like Gecko) Chrome/127.0.0.0 Safari/537.36 Edg/127.0.0.0','2024-10-13 12:38:41'),(796,1,'124.148.104.171','Mozilla/5.0 (Windows NT 10.0; Win64; x64) AppleWebKit/537.36 (KHTML, like Gecko) Chrome/127.0.0.0 Safari/537.36 Edg/127.0.0.0','2024-10-13 12:49:53'),(797,1,'124.148.104.171','Mozilla/5.0 (Macintosh; Intel Mac OS X 10_15_7) AppleWebKit/537.36 (KHTML, like Gecko) Chrome/116.0.0.0 Safari/537.36 Edg/116.0.1938.62','2024-10-13 15:07:35'),(798,1,'124.148.104.171','Mozilla/5.0 (Macintosh; Intel Mac OS X 10_15_7) AppleWebKit/537.36 (KHTML, like Gecko) Chrome/116.0.0.0 Safari/537.36 Edg/116.0.1938.62','2024-10-13 15:16:37'),(799,1,'120.22.100.179','Mozilla/5.0 (iPhone; CPU iPhone OS 17_6_1 like Mac OS X) AppleWebKit/605.1.15 (KHTML, like Gecko) Version/17.6 Mobile/15E148 Safari/604.1','2024-10-14 15:57:08'),(800,1,'120.22.167.128','Mozilla/5.0 (Macintosh; Intel Mac OS X 10_15_7) AppleWebKit/605.1.15 (KHTML, like Gecko) Version/17.7 Safari/605.1.15','2024-10-14 16:14:40'),(801,1,'124.148.104.171','Mozilla/5.0 (Windows NT 10.0; Win64; x64) AppleWebKit/537.36 (KHTML, like Gecko) Chrome/127.0.0.0 Safari/537.36 Edg/127.0.0.0','2024-10-15 08:54:22'),(802,1,'124.148.104.171','Mozilla/5.0 (Macintosh; Intel Mac OS X 10_15_7) AppleWebKit/537.36 (KHTML, like Gecko) Chrome/116.0.0.0 Safari/537.36 Edg/116.0.1938.62','2024-10-15 19:14:53'),(803,1,'124.148.104.171','Mozilla/5.0 (Macintosh; Intel Mac OS X 10_15_7) AppleWebKit/537.36 (KHTML, like Gecko) Chrome/116.0.0.0 Safari/537.36 Edg/116.0.1938.62','2024-10-16 07:49:49'),(804,1,'124.148.104.171','Mozilla/5.0 (Macintosh; Intel Mac OS X 10_15_7) AppleWebKit/537.36 (KHTML, like Gecko) Chrome/116.0.0.0 Safari/537.36 Edg/116.0.1938.62','2024-10-17 07:39:48'),(805,1,'124.148.104.171','Mozilla/5.0 (Windows NT 10.0; Win64; x64) AppleWebKit/537.36 (KHTML, like Gecko) Chrome/127.0.0.0 Safari/537.36 Edg/127.0.0.0','2024-10-17 16:23:05'),(806,1,'124.148.104.171','Mozilla/5.0 (Windows NT 10.0; Win64; x64) AppleWebKit/537.36 (KHTML, like Gecko) Chrome/127.0.0.0 Safari/537.36 Edg/127.0.0.0','2024-10-21 08:25:19'),(807,1,'124.148.104.171','Mozilla/5.0 (Windows NT 10.0; Win64; x64) AppleWebKit/537.36 (KHTML, like Gecko) Chrome/130.0.0.0 Safari/537.36 Edg/130.0.0.0','2024-10-21 11:57:30'),(808,1,'124.148.104.171','Mozilla/5.0 (Macintosh; Intel Mac OS X 10_15_7) AppleWebKit/537.36 (KHTML, like Gecko) Chrome/116.0.0.0 Safari/537.36 Edg/116.0.1938.62','2024-10-22 06:32:18'),(809,1,'14.202.239.135','Mozilla/5.0 (Windows NT 10.0; Win64; x64) AppleWebKit/537.36 (KHTML, like Gecko) Chrome/130.0.0.0 Safari/537.36 Edg/130.0.0.0','2024-10-22 11:45:28'),(810,1,'120.22.147.13','Mozilla/5.0 (Macintosh; Intel Mac OS X 10_15_7) AppleWebKit/605.1.15 (KHTML, like Gecko) Version/17.7 Safari/605.1.15','2024-10-22 15:46:07'),(811,1,'120.22.234.30','Mozilla/5.0 (iPhone; CPU iPhone OS 17_6_1 like Mac OS X) AppleWebKit/605.1.15 (KHTML, like Gecko) Version/17.6 Mobile/15E148 Safari/604.1','2024-10-23 10:29:01'),(812,1,'14.202.239.135','Mozilla/5.0 (Macintosh; Intel Mac OS X 10_15_7) AppleWebKit/537.36 (KHTML, like Gecko) Chrome/116.0.0.0 Safari/537.36 Edg/116.0.1938.62','2024-10-24 05:59:04'),(813,1,'120.22.74.192','Mozilla/5.0 (Macintosh; Intel Mac OS X 10_15_7) AppleWebKit/605.1.15 (KHTML, like Gecko) Version/17.7 Safari/605.1.15','2024-10-24 12:23:43'),(814,1,'14.202.239.135','Mozilla/5.0 (Macintosh; Intel Mac OS X 10_15_7) AppleWebKit/537.36 (KHTML, like Gecko) Chrome/116.0.0.0 Safari/537.36 Edg/116.0.1938.62','2024-10-25 06:59:51'),(815,1,'120.22.23.195','Mozilla/5.0 (Macintosh; Intel Mac OS X 10_15_7) AppleWebKit/605.1.15 (KHTML, like Gecko) Version/17.8 Safari/605.1.15','2024-10-25 16:06:20'),(816,1,'14.202.239.135','Mozilla/5.0 (Macintosh; Intel Mac OS X 10_15_7) AppleWebKit/537.36 (KHTML, like Gecko) Chrome/116.0.0.0 Safari/537.36 Edg/116.0.1938.62','2024-10-26 07:15:33'),(817,1,'14.202.239.135','Mozilla/5.0 (Macintosh; Intel Mac OS X 10_15_7) AppleWebKit/537.36 (KHTML, like Gecko) Chrome/116.0.0.0 Safari/537.36 Edg/116.0.1938.62','2024-10-28 06:18:00'),(818,1,'14.202.239.135','Mozilla/5.0 (Windows NT 10.0; Win64; x64) AppleWebKit/537.36 (KHTML, like Gecko) Chrome/130.0.0.0 Safari/537.36 Edg/130.0.0.0','2024-10-28 08:36:17'),(819,1,'14.202.239.135','Mozilla/5.0 (Macintosh; Intel Mac OS X 10_15_7) AppleWebKit/537.36 (KHTML, like Gecko) Chrome/116.0.0.0 Safari/537.36 Edg/116.0.1938.62','2024-10-29 09:11:03'),(820,1,'14.202.239.135','Mozilla/5.0 (Windows NT 10.0; Win64; x64) AppleWebKit/537.36 (KHTML, like Gecko) Chrome/130.0.0.0 Safari/537.36 Edg/130.0.0.0','2024-10-29 09:16:07'),(821,1,'14.202.239.135','Mozilla/5.0 (Windows NT 10.0; Win64; x64) AppleWebKit/537.36 (KHTML, like Gecko) Chrome/130.0.0.0 Safari/537.36 Edg/130.0.0.0','2024-10-29 09:27:16'),(822,1,'120.22.34.217','Mozilla/5.0 (iPhone; CPU iPhone OS 17_6_1 like Mac OS X) AppleWebKit/605.1.15 (KHTML, like Gecko) Version/17.6 Mobile/15E148 Safari/604.1','2024-10-29 15:23:14'),(823,1,'203.220.144.69','Mozilla/5.0 (Macintosh; Intel Mac OS X 10_15_7) AppleWebKit/537.36 (KHTML, like Gecko) Chrome/116.0.0.0 Safari/537.36 Edg/116.0.1938.62','2024-10-30 11:19:20'),(824,1,'120.22.29.135','Mozilla/5.0 (iPhone; CPU iPhone OS 17_6_1 like Mac OS X) AppleWebKit/605.1.15 (KHTML, like Gecko) Version/17.6 Mobile/15E148 Safari/604.1','2024-10-31 13:10:23'),(825,1,'203.220.144.69','Mozilla/5.0 (Macintosh; Intel Mac OS X 10_15_7) AppleWebKit/537.36 (KHTML, like Gecko) Chrome/116.0.0.0 Safari/537.36 Edg/116.0.1938.62','2024-11-02 06:39:44'),(826,1,'203.220.144.69','Mozilla/5.0 (Windows NT 10.0; Win64; x64) AppleWebKit/537.36 (KHTML, like Gecko) Chrome/130.0.0.0 Safari/537.36 Edg/130.0.0.0','2024-11-02 08:24:34'),(827,1,'203.220.144.69','Mozilla/5.0 (Macintosh; Intel Mac OS X 10_15_7) AppleWebKit/537.36 (KHTML, like Gecko) Chrome/116.0.0.0 Safari/537.36 Edg/116.0.1938.62','2024-11-02 09:16:10'),(828,1,'203.220.144.69','Mozilla/5.0 (Windows NT 10.0; Win64; x64) AppleWebKit/537.36 (KHTML, like Gecko) Chrome/130.0.0.0 Safari/537.36 Edg/130.0.0.0','2024-11-04 09:05:53'),(829,1,'120.22.159.254','Mozilla/5.0 (Macintosh; Intel Mac OS X 10_15_7) AppleWebKit/605.1.15 (KHTML, like Gecko) Version/17.8 Safari/605.1.15','2024-11-04 10:15:47'),(830,1,'120.22.148.242','Mozilla/5.0 (iPhone; CPU iPhone OS 17_6_1 like Mac OS X) AppleWebKit/605.1.15 (KHTML, like Gecko) Version/17.6 Mobile/15E148 Safari/604.1','2024-11-04 16:46:01'),(831,1,'203.220.144.69','Mozilla/5.0 (Macintosh; Intel Mac OS X 10_15_7) AppleWebKit/537.36 (KHTML, like Gecko) Chrome/116.0.0.0 Safari/537.36 Edg/116.0.1938.62','2024-11-05 13:28:12'),(832,1,'120.22.194.173','Mozilla/5.0 (iPhone; CPU iPhone OS 17_6_1 like Mac OS X) AppleWebKit/605.1.15 (KHTML, like Gecko) Version/17.6 Mobile/15E148 Safari/604.1','2024-11-06 11:33:52'),(833,1,'203.220.144.69','Mozilla/5.0 (Windows NT 10.0; Win64; x64) AppleWebKit/537.36 (KHTML, like Gecko) Chrome/130.0.0.0 Safari/537.36 Edg/130.0.0.0','2024-11-06 13:51:39'),(834,1,'120.22.194.173','Mozilla/5.0 (iPhone; CPU iPhone OS 17_6_1 like Mac OS X) AppleWebKit/605.1.15 (KHTML, like Gecko) Version/17.6 Mobile/15E148 Safari/604.1','2024-11-07 11:21:23'),(835,1,'203.220.144.69','Mozilla/5.0 (Macintosh; Intel Mac OS X 10_15_7) AppleWebKit/605.1.15 (KHTML, like Gecko) Version/17.8 Safari/605.1.15','2024-11-07 13:08:59'),(836,1,'203.220.144.69','Mozilla/5.0 (Windows NT 10.0; Win64; x64) AppleWebKit/537.36 (KHTML, like Gecko) Chrome/130.0.0.0 Safari/537.36 Edg/130.0.0.0','2024-11-08 10:24:46'),(837,1,'159.196.12.233','Mozilla/5.0 (Macintosh; Intel Mac OS X 10_15_7) AppleWebKit/605.1.15 (KHTML, like Gecko) Version/17.8 Safari/605.1.15','2024-11-08 10:52:14'),(838,1,'203.220.144.69','Mozilla/5.0 (iPhone; CPU iPhone OS 17_6_1 like Mac OS X) AppleWebKit/605.1.15 (KHTML, like Gecko) Version/17.6 Mobile/15E148 Safari/604.1','2024-11-10 17:39:19'),(839,1,'203.220.144.69','Mozilla/5.0 (Macintosh; Intel Mac OS X 10_15_7) AppleWebKit/537.36 (KHTML, like Gecko) Chrome/116.0.0.0 Safari/537.36 Edg/116.0.1938.62','2024-11-11 06:32:53'),(840,1,'120.22.2.216','Mozilla/5.0 (Macintosh; Intel Mac OS X 10_15_7) AppleWebKit/605.1.15 (KHTML, like Gecko) Version/17.8 Safari/605.1.15','2024-11-11 09:43:15'),(841,1,'203.220.144.69','Mozilla/5.0 (Macintosh; Intel Mac OS X 10_15_7) AppleWebKit/605.1.15 (KHTML, like Gecko) Version/17.8 Safari/605.1.15','2024-11-11 10:46:22'),(842,1,'203.220.144.69','Mozilla/5.0 (Windows NT 10.0; Win64; x64) AppleWebKit/537.36 (KHTML, like Gecko) Chrome/130.0.0.0 Safari/537.36 Edg/130.0.0.0','2024-11-11 11:10:42'),(843,1,'203.220.144.69','Mozilla/5.0 (Macintosh; Intel Mac OS X 10_15_7) AppleWebKit/537.36 (KHTML, like Gecko) Chrome/116.0.0.0 Safari/537.36 Edg/116.0.1938.62','2024-11-12 15:27:38'),(844,1,'203.220.144.69','Mozilla/5.0 (Windows NT 10.0; Win64; x64) AppleWebKit/537.36 (KHTML, like Gecko) Chrome/130.0.0.0 Safari/537.36 Edg/130.0.0.0','2024-11-12 17:03:31'),(845,1,'120.22.2.216','Mozilla/5.0 (Macintosh; Intel Mac OS X 10_15_7) AppleWebKit/605.1.15 (KHTML, like Gecko) Version/17.8 Safari/605.1.15','2024-11-14 12:29:20'),(846,1,'120.22.2.216','Mozilla/5.0 (Macintosh; Intel Mac OS X 10_15_7) AppleWebKit/605.1.15 (KHTML, like Gecko) Version/17.8 Safari/605.1.15','2024-11-14 13:25:09'),(847,1,'120.22.2.216','Mozilla/5.0 (Macintosh; Intel Mac OS X 10_15_7) AppleWebKit/605.1.15 (KHTML, like Gecko) Version/17.8 Safari/605.1.15','2024-11-14 13:30:01'),(848,1,'203.220.144.69','Mozilla/5.0 (Macintosh; Intel Mac OS X 10_15_7) AppleWebKit/537.36 (KHTML, like Gecko) Chrome/116.0.0.0 Safari/537.36 Edg/116.0.1938.62','2024-11-18 08:58:58'),(849,1,'203.220.144.69','Mozilla/5.0 (Windows NT 10.0; Win64; x64) AppleWebKit/537.36 (KHTML, like Gecko) Chrome/130.0.0.0 Safari/537.36 Edg/130.0.0.0','2024-11-18 12:32:09'),(850,1,'203.220.144.69','Mozilla/5.0 (Macintosh; Intel Mac OS X 10_15_7) AppleWebKit/537.36 (KHTML, like Gecko) Chrome/116.0.0.0 Safari/537.36 Edg/116.0.1938.62','2024-11-20 09:05:22'),(851,1,'203.220.144.69','Mozilla/5.0 (Windows NT 10.0; Win64; x64) AppleWebKit/537.36 (KHTML, like Gecko) Chrome/130.0.0.0 Safari/537.36 Edg/130.0.0.0','2024-11-21 13:52:05'),(852,1,'120.22.101.103','Mozilla/5.0 (Macintosh; Intel Mac OS X 10_15_7) AppleWebKit/605.1.15 (KHTML, like Gecko) Version/17.8 Safari/605.1.15','2024-11-21 16:01:33'),(853,1,'203.220.144.69','Mozilla/5.0 (Macintosh; Intel Mac OS X 10_15_7) AppleWebKit/537.36 (KHTML, like Gecko) Chrome/116.0.0.0 Safari/537.36 Edg/116.0.1938.62','2024-11-22 08:31:32'),(854,1,'120.22.94.80','Mozilla/5.0 (iPhone; CPU iPhone OS 17_6_1 like Mac OS X) AppleWebKit/605.1.15 (KHTML, like Gecko) Version/17.6 Mobile/15E148 Safari/604.1','2024-11-22 15:37:54'),(855,1,'203.220.144.69','Mozilla/5.0 (Macintosh; Intel Mac OS X 10_15_7) AppleWebKit/537.36 (KHTML, like Gecko) Chrome/116.0.0.0 Safari/537.36 Edg/116.0.1938.62','2024-11-26 07:47:13'),(856,1,'203.220.144.69','Mozilla/5.0 (Macintosh; Intel Mac OS X 10_15_7) AppleWebKit/537.36 (KHTML, like Gecko) Chrome/116.0.0.0 Safari/537.36 Edg/116.0.1938.62','2024-11-26 09:47:47'),(857,1,'203.220.144.69','Mozilla/5.0 (Macintosh; Intel Mac OS X 10_15_7) AppleWebKit/537.36 (KHTML, like Gecko) Chrome/116.0.0.0 Safari/537.36 Edg/116.0.1938.62','2024-11-26 09:50:56'),(858,1,'14.201.150.54','Mozilla/5.0 (Macintosh; Intel Mac OS X 10_15_7) AppleWebKit/537.36 (KHTML, like Gecko) Chrome/116.0.0.0 Safari/537.36 Edg/116.0.1938.62','2024-11-26 19:08:47'),(859,1,'14.201.150.54','Mozilla/5.0 (Macintosh; Intel Mac OS X 10_15_7) AppleWebKit/537.36 (KHTML, like Gecko) Chrome/116.0.0.0 Safari/537.36 Edg/116.0.1938.62','2024-11-26 20:17:11'),(860,1,'14.201.150.54','Mozilla/5.0 (Windows NT 10.0; Win64; x64) AppleWebKit/537.36 (KHTML, like Gecko) Chrome/130.0.0.0 Safari/537.36 Edg/130.0.0.0','2024-11-27 14:41:06'),(861,1,'203.219.55.59','Mozilla/5.0 (Macintosh; Intel Mac OS X 10_15_7) AppleWebKit/537.36 (KHTML, like Gecko) Chrome/116.0.0.0 Safari/537.36 Edg/116.0.1938.62','2024-11-28 18:48:10'),(862,1,'203.219.55.59','Mozilla/5.0 (Macintosh; Intel Mac OS X 10_15_7) AppleWebKit/537.36 (KHTML, like Gecko) Chrome/116.0.0.0 Safari/537.36 Edg/116.0.1938.62','2024-11-29 07:13:19'),(863,1,'203.219.55.59','Mozilla/5.0 (Macintosh; Intel Mac OS X 10_15_7) AppleWebKit/605.1.15 (KHTML, like Gecko) Version/17.8 Safari/605.1.15','2024-11-29 08:59:14'),(864,1,'159.196.12.140','Mozilla/5.0 (Macintosh; Intel Mac OS X 10_15_7) AppleWebKit/605.1.15 (KHTML, like Gecko) Version/17.8 Safari/605.1.15','2024-11-29 13:18:21'),(865,1,'159.196.12.140','Mozilla/5.0 (Macintosh; Intel Mac OS X 10_15_7) AppleWebKit/605.1.15 (KHTML, like Gecko) Version/17.8 Safari/605.1.15','2024-11-29 13:18:49'),(866,1,'203.219.55.59','Mozilla/5.0 (Macintosh; Intel Mac OS X 10_15_7) AppleWebKit/537.36 (KHTML, like Gecko) Chrome/116.0.0.0 Safari/537.36','2024-11-30 22:08:07'),(867,1,'203.219.55.59','Mozilla/5.0 (Macintosh; Intel Mac OS X 10_15_7) AppleWebKit/537.36 (KHTML, like Gecko) Chrome/116.0.0.0 Safari/537.36 Edg/116.0.1938.62','2024-12-01 18:52:49'),(868,1,'120.22.177.254','Mozilla/5.0 (iPhone; CPU iPhone OS 18_1_1 like Mac OS X) AppleWebKit/605.1.15 (KHTML, like Gecko) Version/18.1.1 Mobile/15E148 Safari/604.1','2024-12-02 11:41:19'),(869,1,'203.219.55.59','Mozilla/5.0 (Windows NT 10.0; Win64; x64) AppleWebKit/537.36 (KHTML, like Gecko) Chrome/130.0.0.0 Safari/537.36 Edg/130.0.0.0','2024-12-02 14:26:31'),(870,1,'120.22.197.191','Mozilla/5.0 (Macintosh; Intel Mac OS X 10_15_7) AppleWebKit/605.1.15 (KHTML, like Gecko) Version/17.8 Safari/605.1.15','2024-12-02 15:03:11'),(871,1,'203.220.8.45','Mozilla/5.0 (Macintosh; Intel Mac OS X 10_15_7) AppleWebKit/537.36 (KHTML, like Gecko) Chrome/116.0.0.0 Safari/537.36 Edg/116.0.1938.62','2024-12-04 08:44:53'),(872,1,'120.22.94.174','Mozilla/5.0 (Macintosh; Intel Mac OS X 10_15_7) AppleWebKit/605.1.15 (KHTML, like Gecko) Version/17.8 Safari/605.1.15','2024-12-04 09:36:33'),(873,1,'203.220.8.45','Mozilla/5.0 (Macintosh; Intel Mac OS X 10_15_7) AppleWebKit/537.36 (KHTML, like Gecko) Chrome/116.0.0.0 Safari/537.36 Edg/116.0.1938.62','2024-12-04 09:37:11'),(874,1,'120.22.221.246','Mozilla/5.0 (Macintosh; Intel Mac OS X 10_15_7) AppleWebKit/605.1.15 (KHTML, like Gecko) Version/17.8 Safari/605.1.15','2024-12-04 13:43:53'),(875,1,'120.22.60.250','Mozilla/5.0 (iPhone; CPU iPhone OS 18_1_1 like Mac OS X) AppleWebKit/605.1.15 (KHTML, like Gecko) Version/18.1.1 Mobile/15E148 Safari/604.1','2024-12-04 15:40:43'),(876,1,'203.220.8.45','Mozilla/5.0 (Windows NT 10.0; Win64; x64) AppleWebKit/537.36 (KHTML, like Gecko) Chrome/130.0.0.0 Safari/537.36 Edg/130.0.0.0','2024-12-05 09:23:38'),(877,1,'120.22.221.246','Mozilla/5.0 (Macintosh; Intel Mac OS X 10_15_7) AppleWebKit/605.1.15 (KHTML, like Gecko) Version/17.8 Safari/605.1.15','2024-12-06 10:05:59'),(878,1,'120.22.108.139','Mozilla/5.0 (iPhone; CPU iPhone OS 18_1_1 like Mac OS X) AppleWebKit/605.1.15 (KHTML, like Gecko) Version/18.1.1 Mobile/15E148 Safari/604.1','2024-12-06 12:57:16'),(879,1,'203.220.8.45','Mozilla/5.0 (Windows NT 10.0; Win64; x64) AppleWebKit/537.36 (KHTML, like Gecko) Chrome/130.0.0.0 Safari/537.36 Edg/130.0.0.0','2024-12-07 08:31:04'),(880,1,'203.220.8.45','Mozilla/5.0 (Macintosh; Intel Mac OS X 10_15_7) AppleWebKit/537.36 (KHTML, like Gecko) Chrome/116.0.0.0 Safari/537.36','2024-12-08 10:22:13'),(881,1,'203.220.8.45','Mozilla/5.0 (Macintosh; Intel Mac OS X 10_15_7) AppleWebKit/537.36 (KHTML, like Gecko) Chrome/116.0.0.0 Safari/537.36 Edg/116.0.1938.62','2024-12-08 16:35:49'),(882,1,'203.220.8.45','Mozilla/5.0 (Macintosh; Intel Mac OS X 10_15_7) AppleWebKit/537.36 (KHTML, like Gecko) Chrome/116.0.0.0 Safari/537.36 Edg/116.0.1938.62','2024-12-08 18:40:57'),(883,1,'203.220.8.45','Mozilla/5.0 (Macintosh; Intel Mac OS X 10_15_7) AppleWebKit/537.36 (KHTML, like Gecko) Chrome/116.0.0.0 Safari/537.36 Edg/116.0.1938.62','2024-12-09 06:38:48'),(884,1,'203.220.8.45','Mozilla/5.0 (Windows NT 10.0; Win64; x64) AppleWebKit/537.36 (KHTML, like Gecko) Chrome/130.0.0.0 Safari/537.36 Edg/130.0.0.0','2024-12-09 13:58:47'),(885,1,'203.220.8.45','Mozilla/5.0 (Macintosh; Intel Mac OS X 10_15_7) AppleWebKit/537.36 (KHTML, like Gecko) Chrome/116.0.0.0 Safari/537.36 Edg/116.0.1938.62','2024-12-09 18:42:46'),(886,1,'203.220.8.45','Mozilla/5.0 (Macintosh; Intel Mac OS X 10_15_7) AppleWebKit/537.36 (KHTML, like Gecko) Chrome/116.0.0.0 Safari/537.36 Edg/116.0.1938.62','2024-12-09 22:23:17'),(887,1,'203.220.8.45','Mozilla/5.0 (Macintosh; Intel Mac OS X 10_14_6) AppleWebKit/605.1.15 (KHTML, like Gecko) Version/14.1.2 Safari/605.1.15','2024-12-10 06:57:36'),(888,1,'203.220.8.45','Mozilla/5.0 (Macintosh; Intel Mac OS X 10_14_6) AppleWebKit/605.1.15 (KHTML, like Gecko) Version/14.1.2 Safari/605.1.15','2024-12-10 07:00:01'),(889,1,'203.220.8.45','Mozilla/5.0 (Macintosh; Intel Mac OS X 10_15_7) AppleWebKit/537.36 (KHTML, like Gecko) Chrome/116.0.0.0 Safari/537.36 Edg/116.0.1938.62','2024-12-10 09:01:02'),(890,1,'120.22.147.184','Mozilla/5.0 (iPhone; CPU iPhone OS 18_1_1 like Mac OS X) AppleWebKit/605.1.15 (KHTML, like Gecko) Version/18.1.1 Mobile/15E148 Safari/604.1','2024-12-10 14:32:39'),(891,1,'203.220.8.45','Mozilla/5.0 (Macintosh; Intel Mac OS X 10_14_6) AppleWebKit/605.1.15 (KHTML, like Gecko) Version/14.1.2 Safari/605.1.15','2024-12-10 16:19:17'),(892,1,'203.220.8.45','Mozilla/5.0 (Macintosh; Intel Mac OS X 10_14_6) AppleWebKit/605.1.15 (KHTML, like Gecko) Version/14.1.2 Safari/605.1.15','2024-12-11 07:40:15'),(893,1,'120.22.221.246','Mozilla/5.0 (Macintosh; Intel Mac OS X 10_15_7) AppleWebKit/605.1.15 (KHTML, like Gecko) Version/17.8 Safari/605.1.15','2024-12-11 13:35:51'),(894,1,'203.220.8.45','Mozilla/5.0 (Macintosh; Intel Mac OS X 10_14_6) AppleWebKit/605.1.15 (KHTML, like Gecko) Version/14.1.2 Safari/605.1.15','2024-12-11 19:17:32'),(895,1,'203.220.8.45','Mozilla/5.0 (Macintosh; Intel Mac OS X 10_14_6) AppleWebKit/605.1.15 (KHTML, like Gecko) Version/14.1.2 Safari/605.1.15','2024-12-11 22:49:50'),(896,1,'203.220.8.45','Mozilla/5.0 (Macintosh; Intel Mac OS X 10_14_6) AppleWebKit/605.1.15 (KHTML, like Gecko) Version/14.1.2 Safari/605.1.15','2024-12-12 06:23:17'),(897,1,'203.220.8.45','Mozilla/5.0 (Windows NT 10.0; Win64; x64) AppleWebKit/537.36 (KHTML, like Gecko) Chrome/130.0.0.0 Safari/537.36 Edg/130.0.0.0','2024-12-12 10:16:15'),(898,1,'203.220.8.45','Mozilla/5.0 (Windows NT 10.0; Win64; x64) AppleWebKit/537.36 (KHTML, like Gecko) Chrome/130.0.0.0 Safari/537.36 Edg/130.0.0.0','2024-12-13 13:02:17'),(899,1,'203.220.8.45','Mozilla/5.0 (Macintosh; Intel Mac OS X 10_14_6) AppleWebKit/605.1.15 (KHTML, like Gecko) Version/14.1.2 Safari/605.1.15','2024-12-13 17:12:22'),(900,1,'203.220.8.45','Mozilla/5.0 (Macintosh; Intel Mac OS X 10_14_6) AppleWebKit/605.1.15 (KHTML, like Gecko) Version/14.1.2 Safari/605.1.15','2024-12-14 09:14:58'),(901,1,'203.220.8.45','Mozilla/5.0 (iPhone; CPU iPhone OS 18_1_1 like Mac OS X) AppleWebKit/605.1.15 (KHTML, like Gecko) Version/18.1.1 Mobile/15E148 Safari/604.1','2024-12-15 18:39:58'),(902,1,'203.220.8.45','Mozilla/5.0 (Macintosh; Intel Mac OS X 10_15_7) AppleWebKit/537.36 (KHTML, like Gecko) Chrome/116.0.0.0 Safari/537.36 Edg/116.0.1938.62','2024-12-16 06:49:46'),(903,1,'203.220.8.45','Mozilla/5.0 (Macintosh; Intel Mac OS X 10_15_7) AppleWebKit/537.36 (KHTML, like Gecko) Chrome/116.0.0.0 Safari/537.36 Edg/116.0.1938.62','2024-12-16 07:43:29'),(904,1,'120.22.95.29','Mozilla/5.0 (iPhone; CPU iPhone OS 18_1_1 like Mac OS X) AppleWebKit/605.1.15 (KHTML, like Gecko) Version/18.1.1 Mobile/15E148 Safari/604.1','2024-12-16 10:11:37'),(905,1,'203.220.8.45','Mozilla/5.0 (Macintosh; Intel Mac OS X 10_15_7) AppleWebKit/537.36 (KHTML, like Gecko) Chrome/116.0.0.0 Safari/537.36 Edg/116.0.1938.62','2024-12-16 19:00:07'),(906,1,'203.220.8.45','Mozilla/5.0 (Macintosh; Intel Mac OS X 10_15_7) AppleWebKit/537.36 (KHTML, like Gecko) Chrome/116.0.0.0 Safari/537.36 Edg/116.0.1938.62','2024-12-17 07:05:56'),(907,1,'203.220.8.45','Mozilla/5.0 (Windows NT 10.0; Win64; x64) AppleWebKit/537.36 (KHTML, like Gecko) Chrome/130.0.0.0 Safari/537.36 Edg/130.0.0.0','2024-12-17 11:25:12'),(908,1,'203.220.8.45','Mozilla/5.0 (Macintosh; Intel Mac OS X 10_14_6) AppleWebKit/605.1.15 (KHTML, like Gecko) Version/14.1.2 Safari/605.1.15','2024-12-18 06:49:19'),(909,1,'203.220.8.45','Mozilla/5.0 (Macintosh; Intel Mac OS X 10_14_6) AppleWebKit/605.1.15 (KHTML, like Gecko) Version/14.1.2 Safari/605.1.15','2024-12-18 10:59:01'),(910,1,'203.220.8.45','Mozilla/5.0 (Macintosh; Intel Mac OS X 10_14_6) AppleWebKit/605.1.15 (KHTML, like Gecko) Version/14.1.2 Safari/605.1.15','2024-12-18 12:42:39'),(911,1,'203.220.8.45','Mozilla/5.0 (Macintosh; Intel Mac OS X 10_14_6) AppleWebKit/605.1.15 (KHTML, like Gecko) Version/14.1.2 Safari/605.1.15','2024-12-18 18:37:01'),(912,1,'203.220.8.45','Mozilla/5.0 (Macintosh; Intel Mac OS X 10_15_7) AppleWebKit/537.36 (KHTML, like Gecko) Chrome/116.0.0.0 Safari/537.36 Edg/116.0.1938.62','2024-12-19 09:38:46'),(913,1,'203.220.8.45','Mozilla/5.0 (Windows NT 10.0; Win64; x64) AppleWebKit/537.36 (KHTML, like Gecko) Chrome/130.0.0.0 Safari/537.36 Edg/130.0.0.0','2024-12-19 15:52:48'),(914,1,'203.220.8.45','Mozilla/5.0 (Macintosh; Intel Mac OS X 10_15_7) AppleWebKit/537.36 (KHTML, like Gecko) Chrome/116.0.0.0 Safari/537.36 Edg/116.0.1938.62','2024-12-20 14:04:44'),(915,1,'203.220.8.45','Mozilla/5.0 (Windows NT 10.0; Win64; x64) AppleWebKit/537.36 (KHTML, like Gecko) Chrome/130.0.0.0 Safari/537.36 Edg/130.0.0.0','2024-12-20 18:35:34'),(916,1,'120.22.221.246','Mozilla/5.0 (Macintosh; Intel Mac OS X 10_15_7) AppleWebKit/605.1.15 (KHTML, like Gecko) Version/17.8 Safari/605.1.15','2024-12-22 19:00:37'),(917,1,'203.220.8.45','Mozilla/5.0 (Macintosh; Intel Mac OS X 10_15_7) AppleWebKit/537.36 (KHTML, like Gecko) Chrome/116.0.0.0 Safari/537.36 Edg/116.0.1938.62','2024-12-23 09:36:21'),(918,1,'203.220.8.45','Mozilla/5.0 (Macintosh; Intel Mac OS X 10_15_7) AppleWebKit/537.36 (KHTML, like Gecko) Chrome/116.0.0.0 Safari/537.36 Edg/116.0.1938.62','2024-12-23 14:11:35'),(919,1,'203.220.8.45','Mozilla/5.0 (Macintosh; Intel Mac OS X 10_15_7) AppleWebKit/537.36 (KHTML, like Gecko) Chrome/116.0.0.0 Safari/537.36 Edg/116.0.1938.62','2024-12-23 14:18:32'),(920,1,'203.220.8.45','Mozilla/5.0 (Windows NT 10.0; Win64; x64) AppleWebKit/537.36 (KHTML, like Gecko) Chrome/130.0.0.0 Safari/537.36 Edg/130.0.0.0','2024-12-23 14:27:22'),(921,1,'203.220.8.45','Mozilla/5.0 (Macintosh; Intel Mac OS X 10_15_7) AppleWebKit/537.36 (KHTML, like Gecko) Chrome/116.0.0.0 Safari/537.36 Edg/116.0.1938.62','2024-12-24 07:25:15'),(922,1,'203.220.8.45','Mozilla/5.0 (Macintosh; Intel Mac OS X 10_15_7) AppleWebKit/537.36 (KHTML, like Gecko) Chrome/116.0.0.0 Safari/537.36 Edg/116.0.1938.62','2024-12-24 12:17:36'),(923,1,'203.220.8.45','Mozilla/5.0 (Macintosh; Intel Mac OS X 10_15_7) AppleWebKit/537.36 (KHTML, like Gecko) Chrome/116.0.0.0 Safari/537.36 Edg/116.0.1938.62','2024-12-24 14:39:11'),(924,1,'203.220.8.45','Mozilla/5.0 (Macintosh; Intel Mac OS X 10_15_7) AppleWebKit/537.36 (KHTML, like Gecko) Chrome/116.0.0.0 Safari/537.36 Edg/116.0.1938.62','2024-12-24 18:18:04'),(925,1,'120.22.104.67','Mozilla/5.0 (iPhone; CPU iPhone OS 18_1_1 like Mac OS X) AppleWebKit/605.1.15 (KHTML, like Gecko) Version/18.1.1 Mobile/15E148 Safari/604.1','2024-12-26 10:56:31'),(926,1,'203.220.8.45','Mozilla/5.0 (Macintosh; Intel Mac OS X 10_15_7) AppleWebKit/537.36 (KHTML, like Gecko) Chrome/116.0.0.0 Safari/537.36 Edg/116.0.1938.62','2024-12-27 07:32:05'),(927,1,'203.220.8.45','Mozilla/5.0 (Windows NT 10.0; Win64; x64) AppleWebKit/537.36 (KHTML, like Gecko) Chrome/130.0.0.0 Safari/537.36 Edg/130.0.0.0','2024-12-27 08:27:27'),(928,1,'203.220.8.45','Mozilla/5.0 (Macintosh; Intel Mac OS X 10_15_7) AppleWebKit/537.36 (KHTML, like Gecko) Chrome/116.0.0.0 Safari/537.36 Edg/116.0.1938.62','2024-12-27 13:58:30'),(929,1,'203.220.8.45','Mozilla/5.0 (Macintosh; Intel Mac OS X 10_15_7) AppleWebKit/537.36 (KHTML, like Gecko) Chrome/116.0.0.0 Safari/537.36 Edg/116.0.1938.62','2024-12-28 07:16:50'),(930,1,'203.220.8.45','Mozilla/5.0 (Macintosh; Intel Mac OS X 10_14_6) AppleWebKit/605.1.15 (KHTML, like Gecko) Version/14.1.2 Safari/605.1.15','2024-12-28 14:51:11'),(931,1,'203.220.8.45','Mozilla/5.0 (Macintosh; Intel Mac OS X 10_14_6) AppleWebKit/605.1.15 (KHTML, like Gecko) Version/14.1.2 Safari/605.1.15','2024-12-28 17:56:27'),(932,1,'203.220.8.45','Mozilla/5.0 (iPhone; CPU iPhone OS 18_1_1 like Mac OS X) AppleWebKit/605.1.15 (KHTML, like Gecko) Version/18.1.1 Mobile/15E148 Safari/604.1','2024-12-29 11:20:18'),(933,1,'203.220.8.45','Mozilla/5.0 (iPhone; CPU iPhone OS 18_1_1 like Mac OS X) AppleWebKit/605.1.15 (KHTML, like Gecko) Version/18.1.1 Mobile/15E148 Safari/604.1','2024-12-29 14:04:27'),(934,1,'203.220.8.45','Mozilla/5.0 (Macintosh; Intel Mac OS X 10_14_6) AppleWebKit/605.1.15 (KHTML, like Gecko) Version/14.1.2 Safari/605.1.15','2024-12-29 16:34:49'),(935,1,'203.220.8.45','Mozilla/5.0 (Macintosh; Intel Mac OS X 10_14_6) AppleWebKit/605.1.15 (KHTML, like Gecko) Version/14.1.2 Safari/605.1.15','2024-12-29 17:21:16'),(936,1,'203.220.8.45','Mozilla/5.0 (Macintosh; Intel Mac OS X 10_14_6) AppleWebKit/605.1.15 (KHTML, like Gecko) Version/14.1.2 Safari/605.1.15','2024-12-30 06:48:56'),(937,1,'203.220.8.45','Mozilla/5.0 (Macintosh; Intel Mac OS X 10_14_6) AppleWebKit/605.1.15 (KHTML, like Gecko) Version/14.1.2 Safari/605.1.15','2024-12-30 06:52:00'),(938,1,'120.22.221.246','Mozilla/5.0 (Macintosh; Intel Mac OS X 10_15_7) AppleWebKit/605.1.15 (KHTML, like Gecko) Version/17.8 Safari/605.1.15','2024-12-30 11:02:52'),(939,1,'203.220.8.45','Mozilla/5.0 (iPhone; CPU iPhone OS 18_1_1 like Mac OS X) AppleWebKit/605.1.15 (KHTML, like Gecko) Version/18.1.1 Mobile/15E148 Safari/604.1','2024-12-30 16:12:20'),(940,1,'203.220.8.45','Mozilla/5.0 (Windows NT 10.0; Win64; x64) AppleWebKit/537.36 (KHTML, like Gecko) Chrome/130.0.0.0 Safari/537.36 Edg/130.0.0.0','2024-12-31 09:53:46'),(941,1,'203.220.8.45','Mozilla/5.0 (iPhone; CPU iPhone OS 18_1_1 like Mac OS X) AppleWebKit/605.1.15 (KHTML, like Gecko) Version/18.1.1 Mobile/15E148 Safari/604.1','2024-12-31 13:40:27'),(942,1,'58.6.229.216','Mozilla/5.0 (iPhone; CPU iPhone OS 18_1_1 like Mac OS X) AppleWebKit/605.1.15 (KHTML, like Gecko) Version/18.1.1 Mobile/15E148 Safari/604.1','2025-01-02 08:38:44'),(943,1,'120.22.221.246','Mozilla/5.0 (Macintosh; Intel Mac OS X 10_15_7) AppleWebKit/605.1.15 (KHTML, like Gecko) Version/17.8 Safari/605.1.15','2025-01-02 12:02:45'),(944,1,'58.6.229.216','Mozilla/5.0 (Windows NT 10.0; Win64; x64) AppleWebKit/537.36 (KHTML, like Gecko) Chrome/131.0.0.0 Safari/537.36 Edg/131.0.0.0','2025-01-02 14:52:50'),(945,1,'58.6.229.216','Mozilla/5.0 (Macintosh; Intel Mac OS X 10_15_7) AppleWebKit/537.36 (KHTML, like Gecko) Chrome/116.0.0.0 Safari/537.36','2025-01-02 18:04:24'),(946,1,'58.6.229.216','Mozilla/5.0 (Macintosh; Intel Mac OS X 10_14_6) AppleWebKit/605.1.15 (KHTML, like Gecko) Version/14.1.2 Safari/605.1.15','2025-01-02 19:38:44'),(947,1,'58.6.229.216','Mozilla/5.0 (Macintosh; Intel Mac OS X 10_14_6) AppleWebKit/605.1.15 (KHTML, like Gecko) Version/14.1.2 Safari/605.1.15','2025-01-03 08:25:04'),(948,1,'58.6.229.216','Mozilla/5.0 (Macintosh; Intel Mac OS X 10_15_7) AppleWebKit/537.36 (KHTML, like Gecko) Chrome/116.0.0.0 Safari/537.36','2025-01-03 08:35:02'),(949,1,'58.6.229.216','Mozilla/5.0 (Windows NT 10.0; Win64; x64) AppleWebKit/537.36 (KHTML, like Gecko) Chrome/131.0.0.0 Safari/537.36 Edg/131.0.0.0','2025-01-03 09:16:57'),(950,1,'120.22.117.228','Mozilla/5.0 (iPhone; CPU iPhone OS 18_1_1 like Mac OS X) AppleWebKit/605.1.15 (KHTML, like Gecko) Version/18.1.1 Mobile/15E148 Safari/604.1','2025-01-03 14:19:10'),(951,1,'58.6.229.216','Mozilla/5.0 (Macintosh; Intel Mac OS X 10_14_6) AppleWebKit/605.1.15 (KHTML, like Gecko) Version/14.1.2 Safari/605.1.15','2025-01-03 18:55:35'),(952,1,'58.6.229.216','Mozilla/5.0 (Macintosh; Intel Mac OS X 10_15_7) AppleWebKit/537.36 (KHTML, like Gecko) Chrome/116.0.0.0 Safari/537.36','2025-01-03 21:01:17'),(953,1,'58.6.229.216','Mozilla/5.0 (Macintosh; Intel Mac OS X 10_15_7) AppleWebKit/537.36 (KHTML, like Gecko) Chrome/116.0.0.0 Safari/537.36','2025-01-03 21:09:26'),(954,1,'58.6.229.216','Mozilla/5.0 (iPhone; CPU iPhone OS 18_1_1 like Mac OS X) AppleWebKit/605.1.15 (KHTML, like Gecko) Version/18.1.1 Mobile/15E148 Safari/604.1','2025-01-04 20:16:35'),(955,1,'58.6.229.216','Mozilla/5.0 (Macintosh; Intel Mac OS X 10_15_7) AppleWebKit/537.36 (KHTML, like Gecko) Chrome/116.0.0.0 Safari/537.36','2025-01-05 07:17:01'),(956,1,'58.6.229.216','Mozilla/5.0 (Macintosh; Intel Mac OS X 10_15_7) AppleWebKit/537.36 (KHTML, like Gecko) Chrome/116.0.0.0 Safari/537.36','2025-01-05 19:46:31'),(957,1,'58.6.229.216','Mozilla/5.0 (Windows NT 10.0; Win64; x64) AppleWebKit/537.36 (KHTML, like Gecko) Chrome/131.0.0.0 Safari/537.36 Edg/131.0.0.0','2025-01-06 09:20:58'),(958,1,'58.6.229.216','Mozilla/5.0 (Windows NT 10.0; Win64; x64) AppleWebKit/537.36 (KHTML, like Gecko) Chrome/131.0.0.0 Safari/537.36 Edg/131.0.0.0','2025-01-06 09:38:53'),(959,1,'58.6.229.216','Mozilla/5.0 (Macintosh; Intel Mac OS X 10_15_7) AppleWebKit/537.36 (KHTML, like Gecko) Chrome/116.0.0.0 Safari/537.36','2025-01-08 06:54:33'),(960,1,'58.6.229.216','Mozilla/5.0 (Macintosh; Intel Mac OS X 10_15_7) AppleWebKit/537.36 (KHTML, like Gecko) Chrome/116.0.0.0 Safari/537.36','2025-01-09 07:14:54'),(961,1,'58.6.229.216','Mozilla/5.0 (Macintosh; Intel Mac OS X 10_15_7) AppleWebKit/537.36 (KHTML, like Gecko) Chrome/116.0.0.0 Safari/537.36','2025-01-09 07:29:30'),(962,1,'58.6.229.216','Mozilla/5.0 (Macintosh; Intel Mac OS X 10_15_7) AppleWebKit/537.36 (KHTML, like Gecko) Chrome/116.0.0.0 Safari/537.36','2025-01-09 08:26:51'),(963,1,'120.22.80.232','Mozilla/5.0 (iPhone; CPU iPhone OS 18_1_1 like Mac OS X) AppleWebKit/605.1.15 (KHTML, like Gecko) Version/18.1.1 Mobile/15E148 Safari/604.1','2025-01-09 16:45:06'),(964,1,'58.6.229.216','Mozilla/5.0 (Windows NT 10.0; Win64; x64) AppleWebKit/537.36 (KHTML, like Gecko) Chrome/131.0.0.0 Safari/537.36 Edg/131.0.0.0','2025-01-09 18:06:57'),(965,1,'210.185.75.13','Mozilla/5.0 (Macintosh; Intel Mac OS X 10_15_7) AppleWebKit/537.36 (KHTML, like Gecko) Chrome/116.0.0.0 Safari/537.36','2025-01-14 20:41:56'),(966,1,'210.185.75.13','Mozilla/5.0 (Macintosh; Intel Mac OS X 10_15_7) AppleWebKit/537.36 (KHTML, like Gecko) Chrome/116.0.0.0 Safari/537.36','2025-01-15 05:48:04'),(967,1,'210.185.75.13','Mozilla/5.0 (Macintosh; Intel Mac OS X 10_15_7) AppleWebKit/537.36 (KHTML, like Gecko) Chrome/116.0.0.0 Safari/537.36','2025-01-15 06:07:18'),(968,1,'210.185.75.13','Mozilla/5.0 (Macintosh; Intel Mac OS X 10_15_7) AppleWebKit/537.36 (KHTML, like Gecko) Chrome/116.0.0.0 Safari/537.36','2025-01-15 06:39:15'),(969,1,'210.185.75.13','Mozilla/5.0 (Macintosh; Intel Mac OS X 10_15_7) AppleWebKit/537.36 (KHTML, like Gecko) Chrome/116.0.0.0 Safari/537.36','2025-01-15 08:25:59'),(970,1,'210.185.75.13','Mozilla/5.0 (Windows NT 10.0; Win64; x64) AppleWebKit/537.36 (KHTML, like Gecko) Chrome/131.0.0.0 Safari/537.36 Edg/131.0.0.0','2025-01-15 10:02:47'),(971,1,'120.22.28.182','Mozilla/5.0 (iPhone; CPU iPhone OS 18_1_1 like Mac OS X) AppleWebKit/605.1.15 (KHTML, like Gecko) Version/18.1.1 Mobile/15E148 Safari/604.1','2025-01-15 11:16:41'),(972,1,'120.22.75.74','Mozilla/5.0 (Macintosh; Intel Mac OS X 10_15_7) AppleWebKit/605.1.15 (KHTML, like Gecko) Version/17.8 Safari/605.1.15','2025-01-15 15:00:45'),(973,1,'210.185.75.13','Mozilla/5.0 (Macintosh; Intel Mac OS X 10_15_7) AppleWebKit/537.36 (KHTML, like Gecko) Chrome/116.0.0.0 Safari/537.36','2025-01-15 18:51:07'),(974,1,'210.185.75.13','Mozilla/5.0 (iPhone; CPU iPhone OS 18_1_1 like Mac OS X) AppleWebKit/605.1.15 (KHTML, like Gecko) EdgiOS/131.0.2903.134 Version/18.0 Mobile/15E148 Safari/604.1','2025-01-15 19:51:19'),(975,1,'210.185.75.13','Mozilla/5.0 (Macintosh; Intel Mac OS X 10_15_7) AppleWebKit/537.36 (KHTML, like Gecko) Chrome/116.0.0.0 Safari/537.36 Edg/116.0.1938.62','2025-01-16 05:07:25'),(976,1,'210.185.75.149','Mozilla/5.0 (Windows NT 10.0; Win64; x64) AppleWebKit/537.36 (KHTML, like Gecko) Chrome/131.0.0.0 Safari/537.36 Edg/131.0.0.0','2025-01-16 10:01:00'),(977,1,'120.22.159.62','Mozilla/5.0 (iPhone; CPU iPhone OS 18_1_1 like Mac OS X) AppleWebKit/605.1.15 (KHTML, like Gecko) EdgiOS/131.0.2903.134 Version/18.0 Mobile/15E148 Safari/604.1','2025-01-16 17:01:51'),(978,1,'203.220.102.239','Mozilla/5.0 (iPhone; CPU iPhone OS 18_1_1 like Mac OS X) AppleWebKit/605.1.15 (KHTML, like Gecko) EdgiOS/131.0.2903.134 Version/18.0 Mobile/15E148 Safari/604.1','2025-01-16 20:38:40'),(979,1,'203.220.102.239','Mozilla/5.0 (Macintosh; Intel Mac OS X 10_15_7) AppleWebKit/537.36 (KHTML, like Gecko) Chrome/116.0.0.0 Safari/537.36','2025-01-16 22:27:39'),(980,1,'203.220.102.239','Mozilla/5.0 (Macintosh; Intel Mac OS X 10_15_7) AppleWebKit/537.36 (KHTML, like Gecko) Chrome/116.0.0.0 Safari/537.36','2025-01-16 22:32:34'),(981,1,'203.220.102.239','Mozilla/5.0 (Macintosh; Intel Mac OS X 10_15_7) AppleWebKit/537.36 (KHTML, like Gecko) Chrome/116.0.0.0 Safari/537.36','2025-01-17 05:11:23'),(982,1,'120.22.55.193','Mozilla/5.0 (iPhone; CPU iPhone OS 18_1_1 like Mac OS X) AppleWebKit/605.1.15 (KHTML, like Gecko) EdgiOS/131.0.2903.134 Version/18.0 Mobile/15E148 Safari/604.1','2025-01-17 10:07:30'),(983,1,'203.220.102.239','Mozilla/5.0 (Macintosh; Intel Mac OS X 10_15_7) AppleWebKit/537.36 (KHTML, like Gecko) Chrome/116.0.0.0 Safari/537.36','2025-01-20 09:01:00'),(984,1,'203.220.102.239','Mozilla/5.0 (Windows NT 10.0; Win64; x64) AppleWebKit/537.36 (KHTML, like Gecko) Chrome/131.0.0.0 Safari/537.36 Edg/131.0.0.0','2025-01-20 09:06:23'),(985,1,'203.220.102.239','Mozilla/5.0 (Macintosh; Intel Mac OS X 10_15_7) AppleWebKit/537.36 (KHTML, like Gecko) Chrome/116.0.0.0 Safari/537.36','2025-01-20 10:03:38'),(986,1,'120.22.233.165','Mozilla/5.0 (iPhone; CPU iPhone OS 18_1_1 like Mac OS X) AppleWebKit/605.1.15 (KHTML, like Gecko) EdgiOS/131.0.2903.145 Version/18.0 Mobile/15E148 Safari/604.1','2025-01-20 15:20:15'),(987,1,'203.220.102.239','Mozilla/5.0 (Macintosh; Intel Mac OS X 10_15_7) AppleWebKit/537.36 (KHTML, like Gecko) Chrome/116.0.0.0 Safari/537.36','2025-01-21 06:43:10'),(988,1,'203.220.102.239','Mozilla/5.0 (Macintosh; Intel Mac OS X 10_15_7) AppleWebKit/537.36 (KHTML, like Gecko) Chrome/116.0.0.0 Safari/537.36','2025-01-21 08:33:31'),(989,1,'120.22.76.193','Mozilla/5.0 (Macintosh; Intel Mac OS X 10_15_7) AppleWebKit/605.1.15 (KHTML, like Gecko) Version/17.8 Safari/605.1.15','2025-01-21 11:35:49'),(990,1,'120.22.91.67','Mozilla/5.0 (iPhone; CPU iPhone OS 18_1_1 like Mac OS X) AppleWebKit/605.1.15 (KHTML, like Gecko) EdgiOS/131.0.2903.145 Version/18.0 Mobile/15E148 Safari/604.1','2025-01-21 12:03:33'),(991,1,'120.22.91.67','Mozilla/5.0 (iPhone; CPU iPhone OS 18_1_1 like Mac OS X) AppleWebKit/605.1.15 (KHTML, like Gecko) EdgiOS/131.0.2903.145 Version/18.0 Mobile/15E148 Safari/604.1','2025-01-21 12:18:54'),(992,1,'120.22.91.67','Mozilla/5.0 (iPhone; CPU iPhone OS 18_1_1 like Mac OS X) AppleWebKit/605.1.15 (KHTML, like Gecko) EdgiOS/131.0.2903.145 Version/18.0 Mobile/15E148 Safari/604.1','2025-01-21 16:32:59'),(993,1,'203.220.102.239','Mozilla/5.0 (iPhone; CPU iPhone OS 18_1_1 like Mac OS X) AppleWebKit/605.1.15 (KHTML, like Gecko) EdgiOS/131.0.2903.145 Version/18.0 Mobile/15E148 Safari/604.1','2025-01-22 08:09:29'),(994,1,'203.220.102.239','Mozilla/5.0 (Macintosh; Intel Mac OS X 10_15_7) AppleWebKit/537.36 (KHTML, like Gecko) Chrome/116.0.0.0 Safari/537.36','2025-01-22 14:40:31'),(995,1,'120.22.37.182','Mozilla/5.0 (iPhone; CPU iPhone OS 18_1_1 like Mac OS X) AppleWebKit/605.1.15 (KHTML, like Gecko) EdgiOS/131.0.2903.145 Version/18.0 Mobile/15E148 Safari/604.1','2025-01-23 13:32:53'),(996,1,'120.22.134.162','Mozilla/5.0 (iPhone; CPU iPhone OS 18_1_1 like Mac OS X) AppleWebKit/605.1.15 (KHTML, like Gecko) EdgiOS/131.0.2903.145 Version/18.0 Mobile/15E148 Safari/604.1','2025-01-26 17:41:47'),(997,1,'203.220.102.239','Mozilla/5.0 (Macintosh; Intel Mac OS X 10_15_7) AppleWebKit/537.36 (KHTML, like Gecko) Chrome/116.0.0.0 Safari/537.36','2025-01-27 09:14:09'),(998,1,'203.220.102.239','Mozilla/5.0 (Windows NT 10.0; Win64; x64) AppleWebKit/537.36 (KHTML, like Gecko) Chrome/131.0.0.0 Safari/537.36 Edg/131.0.0.0','2025-01-28 12:35:47'),(999,1,'120.22.17.224','Mozilla/5.0 (Macintosh; Intel Mac OS X 10_15_7) AppleWebKit/605.1.15 (KHTML, like Gecko) Version/17.8 Safari/605.1.15','2025-01-28 14:20:11'),(1000,1,'120.22.17.174','Mozilla/5.0 (iPhone; CPU iPhone OS 18_1_1 like Mac OS X) AppleWebKit/605.1.15 (KHTML, like Gecko) EdgiOS/132.0.2957.122 Version/18.0 Mobile/15E148 Safari/604.1','2025-01-29 11:14:44'),(1001,1,'120.22.17.174','Mozilla/5.0 (iPhone; CPU iPhone OS 18_1_1 like Mac OS X) AppleWebKit/605.1.15 (KHTML, like Gecko) EdgiOS/132.0.2957.122 Version/18.0 Mobile/15E148 Safari/604.1','2025-01-29 13:42:17'),(1002,1,'203.220.102.239','Mozilla/5.0 (Macintosh; Intel Mac OS X 10_15_7) AppleWebKit/537.36 (KHTML, like Gecko) Chrome/116.0.0.0 Safari/537.36','2025-01-30 07:08:08'),(1003,1,'203.220.102.239','Mozilla/5.0 (Macintosh; Intel Mac OS X 10_15_7) AppleWebKit/537.36 (KHTML, like Gecko) Chrome/116.0.0.0 Safari/537.36','2025-01-30 07:30:03'),(1004,1,'203.220.102.239','Mozilla/5.0 (Windows NT 10.0; Win64; x64) AppleWebKit/537.36 (KHTML, like Gecko) Chrome/131.0.0.0 Safari/537.36 Edg/131.0.0.0','2025-01-30 08:01:16'),(1005,1,'120.22.17.224','Mozilla/5.0 (Macintosh; Intel Mac OS X 10_15_7) AppleWebKit/605.1.15 (KHTML, like Gecko) Version/17.8 Safari/605.1.15','2025-01-30 13:00:06'),(1006,1,'203.220.102.239','Mozilla/5.0 (Macintosh; Intel Mac OS X 10_15_7) AppleWebKit/537.36 (KHTML, like Gecko) Chrome/116.0.0.0 Safari/537.36','2025-01-30 19:36:10'),(1007,1,'203.220.102.239','Mozilla/5.0 (Windows NT 10.0; Win64; x64) AppleWebKit/537.36 (KHTML, like Gecko) Chrome/131.0.0.0 Safari/537.36 Edg/131.0.0.0','2025-01-31 11:01:41'),(1008,1,'203.220.102.239','Mozilla/5.0 (Windows NT 10.0; Win64; x64) AppleWebKit/537.36 (KHTML, like Gecko) Chrome/131.0.0.0 Safari/537.36 Edg/131.0.0.0','2025-01-31 11:02:06'),(1009,1,'203.220.102.239','Mozilla/5.0 (iPhone; CPU iPhone OS 18_1_1 like Mac OS X) AppleWebKit/605.1.15 (KHTML, like Gecko) EdgiOS/132.0.2957.122 Version/18.0 Mobile/15E148 Safari/604.1','2025-01-31 21:18:39'),(1010,1,'203.220.102.239','Mozilla/5.0 (iPhone; CPU iPhone OS 18_1_1 like Mac OS X) AppleWebKit/605.1.15 (KHTML, like Gecko) EdgiOS/132.0.2957.122 Version/18.0 Mobile/15E148 Safari/604.1','2025-01-31 21:19:43'),(1011,1,'203.220.102.239','Mozilla/5.0 (Macintosh; Intel Mac OS X 10_15_7) AppleWebKit/537.36 (KHTML, like Gecko) Chrome/116.0.0.0 Safari/537.36','2025-02-01 09:59:09'),(1012,1,'203.220.102.239','Mozilla/5.0 (Macintosh; Intel Mac OS X 10_15_7) AppleWebKit/537.36 (KHTML, like Gecko) Chrome/116.0.0.0 Safari/537.36','2025-02-03 10:06:08'),(1013,1,'203.220.102.239','Mozilla/5.0 (Macintosh; Intel Mac OS X 10_15_7) AppleWebKit/537.36 (KHTML, like Gecko) Chrome/116.0.0.0 Safari/537.36','2025-02-03 18:10:05'),(1014,1,'120.22.32.190','Mozilla/5.0 (iPhone; CPU iPhone OS 18_1_1 like Mac OS X) AppleWebKit/605.1.15 (KHTML, like Gecko) EdgiOS/132.0.2957.122 Version/18.0 Mobile/15E148 Safari/604.1','2025-02-05 10:38:04'),(1015,1,'203.220.102.239','Mozilla/5.0 (Windows NT 10.0; Win64; x64) AppleWebKit/537.36 (KHTML, like Gecko) Chrome/131.0.0.0 Safari/537.36 Edg/131.0.0.0','2025-02-06 09:13:10'),(1016,1,'120.22.136.58','Mozilla/5.0 (iPhone; CPU iPhone OS 18_1_1 like Mac OS X) AppleWebKit/605.1.15 (KHTML, like Gecko) EdgiOS/132.0.2957.122 Version/18.0 Mobile/15E148 Safari/604.1','2025-02-06 12:57:30'),(1017,1,'203.220.102.239','Mozilla/5.0 (iPhone; CPU iPhone OS 18_1_1 like Mac OS X) AppleWebKit/605.1.15 (KHTML, like Gecko) EdgiOS/132.0.2957.122 Version/18.0 Mobile/15E148 Safari/604.1','2025-02-06 13:55:44'),(1018,1,'120.22.136.192','Mozilla/5.0 (iPhone; CPU iPhone OS 18_1_1 like Mac OS X) AppleWebKit/605.1.15 (KHTML, like Gecko) EdgiOS/132.0.2957.122 Version/18.0 Mobile/15E148 Safari/604.1','2025-02-08 13:03:54'),(1019,1,'118.208.203.228','Mozilla/5.0 (Windows NT 10.0; Win64; x64) AppleWebKit/537.36 (KHTML, like Gecko) Chrome/132.0.0.0 Safari/537.36 Edg/132.0.0.0','2025-02-09 14:16:56'),(1020,1,'120.22.24.146','Mozilla/5.0 (iPhone; CPU iPhone OS 18_3_0 like Mac OS X) AppleWebKit/605.1.15 (KHTML, like Gecko) EdgiOS/132.0.2957.122 Version/18.0 Mobile/15E148 Safari/604.1','2025-02-10 15:27:07'),(1021,1,'118.208.203.228','Mozilla/5.0 (Macintosh; Intel Mac OS X 10_15_7) AppleWebKit/605.1.15 (KHTML, like Gecko) Version/17.8 Safari/605.1.15','2025-02-10 18:43:32'),(1022,1,'120.22.169.154','Mozilla/5.0 (iPhone; CPU iPhone OS 18_3_0 like Mac OS X) AppleWebKit/605.1.15 (KHTML, like Gecko) EdgiOS/132.0.2957.122 Version/18.0 Mobile/15E148 Safari/604.1','2025-02-11 15:18:17'),(1023,1,'118.208.203.228','Mozilla/5.0 (Macintosh; Intel Mac OS X 10_15_7) AppleWebKit/537.36 (KHTML, like Gecko) Chrome/116.0.0.0 Safari/537.36','2025-02-12 06:18:15'),(1024,1,'118.208.203.228','Mozilla/5.0 (Windows NT 10.0; Win64; x64) AppleWebKit/537.36 (KHTML, like Gecko) Chrome/132.0.0.0 Safari/537.36 Edg/132.0.0.0','2025-02-12 14:43:19'),(1025,1,'120.22.3.218','Mozilla/5.0 (iPhone; CPU iPhone OS 18_3_0 like Mac OS X) AppleWebKit/605.1.15 (KHTML, like Gecko) EdgiOS/132.0.2957.122 Version/18.0 Mobile/15E148 Safari/604.1','2025-02-13 10:51:32'),(1026,1,'120.22.3.218','Mozilla/5.0 (iPhone; CPU iPhone OS 18_3_0 like Mac OS X) AppleWebKit/605.1.15 (KHTML, like Gecko) EdgiOS/132.0.2957.122 Version/18.0 Mobile/15E148 Safari/604.1','2025-02-13 16:04:21'),(1027,1,'118.208.203.228','Mozilla/5.0 (Macintosh; Intel Mac OS X 10_15_7) AppleWebKit/537.36 (KHTML, like Gecko) Chrome/116.0.0.0 Safari/537.36','2025-02-14 07:31:35'),(1028,1,'118.208.203.228','Mozilla/5.0 (Windows NT 10.0; Win64; x64) AppleWebKit/537.36 (KHTML, like Gecko) Chrome/133.0.0.0 Safari/537.36 Edg/133.0.0.0','2025-02-14 08:31:43'),(1029,1,'118.208.203.228','Mozilla/5.0 (Macintosh; Intel Mac OS X 10_15_7) AppleWebKit/605.1.15 (KHTML, like Gecko) Version/17.8 Safari/605.1.15','2025-02-14 20:52:05'),(1030,1,'118.208.203.228','Mozilla/5.0 (Macintosh; Intel Mac OS X 10_15_7) AppleWebKit/537.36 (KHTML, like Gecko) Chrome/116.0.0.0 Safari/537.36 Edg/116.0.1938.62','2025-02-15 09:56:44'),(1031,1,'118.208.203.228','Mozilla/5.0 (Windows NT 10.0; Win64; x64) AppleWebKit/537.36 (KHTML, like Gecko) Chrome/133.0.0.0 Safari/537.36 Edg/133.0.0.0','2025-02-15 14:46:00'),(1032,1,'118.208.203.228','Mozilla/5.0 (iPhone; CPU iPhone OS 18_3_0 like Mac OS X) AppleWebKit/605.1.15 (KHTML, like Gecko) EdgiOS/132.0.2957.122 Version/18.0 Mobile/15E148 Safari/604.1','2025-02-16 08:41:57'),(1033,1,'118.208.203.228','Mozilla/5.0 (Macintosh; Intel Mac OS X 10_15_7) AppleWebKit/537.36 (KHTML, like Gecko) Chrome/116.0.0.0 Safari/537.36 Edg/116.0.1938.62','2025-02-16 10:31:51'),(1034,1,'118.208.203.228','Mozilla/5.0 (Windows NT 10.0; Win64; x64) AppleWebKit/537.36 (KHTML, like Gecko) Chrome/133.0.0.0 Safari/537.36 Edg/133.0.0.0','2025-02-17 09:33:29'),(1035,1,'118.208.203.228','Mozilla/5.0 (Windows NT 10.0; Win64; x64) AppleWebKit/537.36 (KHTML, like Gecko) Chrome/133.0.0.0 Safari/537.36 Edg/133.0.0.0','2025-02-17 09:33:40'),(1036,1,'120.22.96.141','Mozilla/5.0 (iPhone; CPU iPhone OS 18_3_1 like Mac OS X) AppleWebKit/605.1.15 (KHTML, like Gecko) EdgiOS/132.0.2957.122 Version/18.0 Mobile/15E148 Safari/604.1','2025-02-17 11:30:29'),(1037,1,'118.208.203.228','Mozilla/5.0 (Macintosh; Intel Mac OS X 10_15_7) AppleWebKit/605.1.15 (KHTML, like Gecko) Version/17.8 Safari/605.1.15','2025-02-18 08:17:44'),(1038,1,'120.22.15.101','Mozilla/5.0 (iPhone; CPU iPhone OS 18_3_1 like Mac OS X) AppleWebKit/605.1.15 (KHTML, like Gecko) EdgiOS/132.0.2957.122 Version/18.0 Mobile/15E148 Safari/604.1','2025-02-18 18:26:48'),(1039,1,'120.22.15.101','Mozilla/5.0 (iPhone; CPU iPhone OS 18_3_1 like Mac OS X) AppleWebKit/605.1.15 (KHTML, like Gecko) EdgiOS/132.0.2957.122 Version/18.0 Mobile/15E148 Safari/604.1','2025-02-18 18:30:11'),(1040,1,'118.208.203.228','Mozilla/5.0 (Macintosh; Intel Mac OS X 10_15_7) AppleWebKit/537.36 (KHTML, like Gecko) Chrome/116.0.0.0 Safari/537.36 Edg/116.0.1938.62','2025-02-19 07:06:43'),(1041,1,'118.208.203.228','Mozilla/5.0 (Windows NT 10.0; Win64; x64) AppleWebKit/537.36 (KHTML, like Gecko) Chrome/133.0.0.0 Safari/537.36 Edg/133.0.0.0','2025-02-19 08:50:02'),(1042,1,'118.208.203.228','Mozilla/5.0 (Macintosh; Intel Mac OS X 10_15_7) AppleWebKit/537.36 (KHTML, like Gecko) Chrome/116.0.0.0 Safari/537.36 Edg/116.0.1938.62','2025-02-19 19:58:06'),(1043,1,'202.173.165.172','Mozilla/5.0 (Macintosh; Intel Mac OS X 10_14_6) AppleWebKit/605.1.15 (KHTML, like Gecko) Version/14.1.2 Safari/605.1.15','2025-02-20 06:59:38'),(1044,1,'120.22.160.80','Mozilla/5.0 (Macintosh; Intel Mac OS X 10_15_7) AppleWebKit/605.1.15 (KHTML, like Gecko) Version/17.8 Safari/605.1.15','2025-02-20 13:15:54'),(1045,1,'202.173.165.172','Mozilla/5.0 (Macintosh; Intel Mac OS X 10_15_7) AppleWebKit/537.36 (KHTML, like Gecko) Chrome/116.0.0.0 Safari/537.36 Edg/116.0.1938.62','2025-02-21 09:42:40'),(1046,1,'202.173.165.172','Mozilla/5.0 (Windows NT 10.0; Win64; x64) AppleWebKit/537.36 (KHTML, like Gecko) Chrome/133.0.0.0 Safari/537.36 Edg/133.0.0.0','2025-02-21 12:33:59'),(1047,1,'202.173.165.172','Mozilla/5.0 (Macintosh; Intel Mac OS X 10_15_7) AppleWebKit/605.1.15 (KHTML, like Gecko) Version/17.8 Safari/605.1.15','2025-02-21 20:34:05'),(1048,1,'202.173.165.172','Mozilla/5.0 (Macintosh; Intel Mac OS X 10_15_7) AppleWebKit/537.36 (KHTML, like Gecko) Chrome/116.0.0.0 Safari/537.36 Edg/116.0.1938.62','2025-02-24 08:01:25'),(1049,1,'202.173.165.172','Mozilla/5.0 (Windows NT 10.0; Win64; x64) AppleWebKit/537.36 (KHTML, like Gecko) Chrome/133.0.0.0 Safari/537.36 Edg/133.0.0.0','2025-02-24 08:44:42'),(1050,1,'120.22.119.20','Mozilla/5.0 (Macintosh; Intel Mac OS X 10_15_7) AppleWebKit/605.1.15 (KHTML, like Gecko) Version/17.8 Safari/605.1.15','2025-02-25 12:34:51'),(1051,1,'120.22.199.55','Mozilla/5.0 (iPhone; CPU iPhone OS 18_3_1 like Mac OS X) AppleWebKit/605.1.15 (KHTML, like Gecko) EdgiOS/133.0.3065.80 Version/18.0 Mobile/15E148 Safari/604.1','2025-02-27 13:02:48'),(1052,1,'120.22.137.96','Mozilla/5.0 (Macintosh; Intel Mac OS X 10_15_7) AppleWebKit/605.1.15 (KHTML, like Gecko) Version/17.8 Safari/605.1.15','2025-02-28 13:04:56'),(1053,1,'120.22.57.151','Mozilla/5.0 (iPhone; CPU iPhone OS 18_3_1 like Mac OS X) AppleWebKit/605.1.15 (KHTML, like Gecko) EdgiOS/133.0.3065.80 Version/18.0 Mobile/15E148 Safari/604.1','2025-02-28 15:49:30'),(1054,1,'120.22.65.58','Mozilla/5.0 (Windows NT 10.0; Win64; x64) AppleWebKit/537.36 (KHTML, like Gecko) Chrome/133.0.0.0 Safari/537.36 Edg/133.0.0.0','2025-03-01 09:07:35'),(1055,1,'120.22.65.58','Mozilla/5.0 (Windows NT 10.0; Win64; x64) AppleWebKit/537.36 (KHTML, like Gecko) Chrome/133.0.0.0 Safari/537.36 Edg/133.0.0.0','2025-03-01 09:08:00'),(1056,1,'120.22.65.58','Mozilla/5.0 (Windows NT 10.0; Win64; x64) AppleWebKit/537.36 (KHTML, like Gecko) Chrome/133.0.0.0 Safari/537.36 Edg/133.0.0.0','2025-03-01 09:08:11'),(1057,1,'120.22.65.58','Mozilla/5.0 (Windows NT 10.0; Win64; x64) AppleWebKit/537.36 (KHTML, like Gecko) Chrome/133.0.0.0 Safari/537.36 Edg/133.0.0.0','2025-03-01 09:53:20'),(1058,1,'120.22.65.58','Mozilla/5.0 (Windows NT 10.0; Win64; x64) AppleWebKit/537.36 (KHTML, like Gecko) Chrome/133.0.0.0 Safari/537.36 Edg/133.0.0.0','2025-03-01 09:54:08'),(1059,1,'120.22.65.58','Mozilla/5.0 (Windows NT 10.0; Win64; x64) AppleWebKit/537.36 (KHTML, like Gecko) Chrome/133.0.0.0 Safari/537.36 Edg/133.0.0.0','2025-03-01 10:14:58'),(1060,1,'120.22.235.87','Mozilla/5.0 (iPhone; CPU iPhone OS 18_3_1 like Mac OS X) AppleWebKit/605.1.15 (KHTML, like Gecko) EdgiOS/133.0.3065.80 Version/18.0 Mobile/15E148 Safari/604.1','2025-03-01 11:27:26'),(1061,1,'120.22.137.96','Mozilla/5.0 (Macintosh; Intel Mac OS X 10_15_7) AppleWebKit/605.1.15 (KHTML, like Gecko) Version/17.8 Safari/605.1.15','2025-03-01 18:53:22'),(1062,1,'120.22.65.58','Mozilla/5.0 (Windows NT 10.0; Win64; x64) AppleWebKit/537.36 (KHTML, like Gecko) Chrome/133.0.0.0 Safari/537.36 Edg/133.0.0.0','2025-03-03 07:19:18'),(1063,1,'120.22.65.58','Mozilla/5.0 (Windows NT 10.0; Win64; x64) AppleWebKit/537.36 (KHTML, like Gecko) Chrome/133.0.0.0 Safari/537.36 Edg/133.0.0.0','2025-03-03 08:51:52'),(1064,1,'120.22.65.58','Mozilla/5.0 (Windows NT 10.0; Win64; x64) AppleWebKit/537.36 (KHTML, like Gecko) Chrome/133.0.0.0 Safari/537.36 Edg/133.0.0.0','2025-03-03 08:56:24'),(1065,1,'120.22.65.58','Mozilla/5.0 (Windows NT 10.0; Win64; x64) AppleWebKit/537.36 (KHTML, like Gecko) Chrome/133.0.0.0 Safari/537.36 Edg/133.0.0.0','2025-03-03 14:33:37'),(1066,1,'120.22.65.58','Mozilla/5.0 (Windows NT 10.0; Win64; x64) AppleWebKit/537.36 (KHTML, like Gecko) Chrome/133.0.0.0 Safari/537.36 Edg/133.0.0.0','2025-03-03 14:34:38'),(1067,1,'120.22.30.21','Mozilla/5.0 (Macintosh; Intel Mac OS X 10_15_7) AppleWebKit/537.36 (KHTML, like Gecko) Chrome/116.0.0.0 Safari/537.36 Edg/116.0.1938.62','2025-03-04 15:49:25'),(1068,1,'120.22.66.5','Mozilla/5.0 (Windows NT 10.0; Win64; x64) AppleWebKit/537.36 (KHTML, like Gecko) Chrome/133.0.0.0 Safari/537.36 Edg/133.0.0.0','2025-03-05 12:42:23'),(1069,1,'120.22.66.5','Mozilla/5.0 (Windows NT 10.0; Win64; x64) AppleWebKit/537.36 (KHTML, like Gecko) Chrome/133.0.0.0 Safari/537.36 Edg/133.0.0.0','2025-03-05 12:42:50'),(1070,1,'120.22.66.5','Mozilla/5.0 (Windows NT 10.0; Win64; x64) AppleWebKit/537.36 (KHTML, like Gecko) Chrome/133.0.0.0 Safari/537.36 Edg/133.0.0.0','2025-03-05 12:43:06'),(1071,1,'120.22.66.5','Mozilla/5.0 (Windows NT 10.0; Win64; x64) AppleWebKit/537.36 (KHTML, like Gecko) Chrome/133.0.0.0 Safari/537.36 Edg/133.0.0.0','2025-03-05 12:45:26'),(1072,1,'120.22.66.5','Mozilla/5.0 (Windows NT 10.0; Win64; x64) AppleWebKit/537.36 (KHTML, like Gecko) Chrome/133.0.0.0 Safari/537.36 Edg/133.0.0.0','2025-03-05 12:53:54'),(1073,1,'120.22.66.5','Mozilla/5.0 (Macintosh; Intel Mac OS X 10_15_7) AppleWebKit/537.36 (KHTML, like Gecko) Chrome/116.0.0.0 Safari/537.36 Edg/116.0.1938.62','2025-03-05 23:07:23'),(1074,1,'120.22.217.21','Mozilla/5.0 (iPhone; CPU iPhone OS 18_3_1 like Mac OS X) AppleWebKit/605.1.15 (KHTML, like Gecko) EdgiOS/133.0.3065.80 Version/18.0 Mobile/15E148 Safari/604.1','2025-03-06 12:09:04'),(1075,1,'120.22.217.21','Mozilla/5.0 (Macintosh; Intel Mac OS X 10_15_7) AppleWebKit/537.36 (KHTML, like Gecko) Chrome/116.0.0.0 Safari/537.36 Edg/116.0.1938.62','2025-03-06 14:05:11'),(1076,1,'120.22.4.216','Mozilla/5.0 (iPhone; CPU iPhone OS 18_3_1 like Mac OS X) AppleWebKit/605.1.15 (KHTML, like Gecko) EdgiOS/133.0.3065.80 Version/18.0 Mobile/15E148 Safari/604.1','2025-03-07 08:10:44'),(1077,1,'120.22.4.216','Mozilla/5.0 (Macintosh; Intel Mac OS X 10_14_6) AppleWebKit/605.1.15 (KHTML, like Gecko) Version/14.1.2 Safari/605.1.15','2025-03-07 08:33:15'),(1078,1,'120.22.124.209','Mozilla/5.0 (Windows NT 10.0; Win64; x64) AppleWebKit/537.36 (KHTML, like Gecko) Chrome/133.0.0.0 Safari/537.36 Edg/133.0.0.0','2025-03-07 08:53:57'),(1079,1,'120.22.124.209','Mozilla/5.0 (Windows NT 10.0; Win64; x64) AppleWebKit/537.36 (KHTML, like Gecko) Chrome/133.0.0.0 Safari/537.36 Edg/133.0.0.0','2025-03-07 08:59:45'),(1080,1,'120.22.124.209','Mozilla/5.0 (Windows NT 10.0; Win64; x64) AppleWebKit/537.36 (KHTML, like Gecko) Chrome/133.0.0.0 Safari/537.36 Edg/133.0.0.0','2025-03-07 09:01:48'),(1081,1,'120.22.4.216','Mozilla/5.0 (iPhone; CPU iPhone OS 18_3_1 like Mac OS X) AppleWebKit/605.1.15 (KHTML, like Gecko) EdgiOS/133.0.3065.80 Version/18.0 Mobile/15E148 Safari/604.1','2025-03-07 12:52:27'),(1082,1,'120.22.4.216','Mozilla/5.0 (iPhone; CPU iPhone OS 18_3_1 like Mac OS X) AppleWebKit/605.1.15 (KHTML, like Gecko) EdgiOS/133.0.3065.80 Version/18.0 Mobile/15E148 Safari/604.1','2025-03-07 13:15:19'),(1083,1,'120.22.186.127','Mozilla/5.0 (iPhone; CPU iPhone OS 18_3_1 like Mac OS X) AppleWebKit/605.1.15 (KHTML, like Gecko) EdgiOS/133.0.3065.92 Version/18.0 Mobile/15E148 Safari/604.1','2025-03-10 11:21:40'),(1084,1,'101.115.180.251','Mozilla/5.0 (Macintosh; Intel Mac OS X 10_14_6) AppleWebKit/605.1.15 (KHTML, like Gecko) Version/14.1.2 Safari/605.1.15','2025-03-10 16:56:18'),(1085,1,'101.115.180.251','Mozilla/5.0 (Windows NT 10.0; Win64; x64) AppleWebKit/537.36 (KHTML, like Gecko) Chrome/134.0.0.0 Safari/537.36 Edg/134.0.0.0','2025-03-10 17:08:47'),(1086,1,'101.115.175.132','Mozilla/5.0 (Macintosh; Intel Mac OS X 10_15_7) AppleWebKit/537.36 (KHTML, like Gecko) Chrome/116.0.0.0 Safari/537.36 Edg/116.0.1938.62','2025-03-11 20:15:22'),(1087,1,'101.115.175.132','Mozilla/5.0 (Macintosh; Intel Mac OS X 10_14_6) AppleWebKit/605.1.15 (KHTML, like Gecko) Version/14.1.2 Safari/605.1.15','2025-03-11 23:24:30'),(1088,1,'101.115.175.132','Mozilla/5.0 (Macintosh; Intel Mac OS X 10_15_7) AppleWebKit/537.36 (KHTML, like Gecko) Chrome/116.0.0.0 Safari/537.36 Edg/116.0.1938.62','2025-03-12 08:20:03'),(1089,1,'101.115.175.132','Mozilla/5.0 (Macintosh; Intel Mac OS X 10_15_7) AppleWebKit/537.36 (KHTML, like Gecko) Chrome/116.0.0.0 Safari/537.36','2025-03-12 10:39:12'),(1090,1,'101.115.175.132','Mozilla/5.0 (Macintosh; Intel Mac OS X 10_15_7) AppleWebKit/537.36 (KHTML, like Gecko) Chrome/116.0.0.0 Safari/537.36','2025-03-12 11:10:16'),(1091,1,'120.22.237.221','Mozilla/5.0 (iPhone; CPU iPhone OS 18_3_1 like Mac OS X) AppleWebKit/605.1.15 (KHTML, like Gecko) EdgiOS/134.0.3124.51 Version/18.0 Mobile/15E148 Safari/604.1','2025-03-13 11:05:57'),(1092,1,'120.22.205.69','Mozilla/5.0 (Macintosh; Intel Mac OS X 10_15_7) AppleWebKit/605.1.15 (KHTML, like Gecko) Version/17.8 Safari/605.1.15','2025-03-13 15:14:33'),(1093,1,'101.115.175.132','Mozilla/5.0 (Macintosh; Intel Mac OS X 10_15_7) AppleWebKit/537.36 (KHTML, like Gecko) Chrome/116.0.0.0 Safari/537.36 Edg/116.0.1938.62','2025-03-14 07:22:09'),(1094,1,'101.115.175.132','Mozilla/5.0 (Macintosh; Intel Mac OS X 10_14_6) AppleWebKit/605.1.15 (KHTML, like Gecko) Version/14.1.2 Safari/605.1.15','2025-03-17 07:23:21'),(1095,1,'120.22.8.93','Mozilla/5.0 (Macintosh; Intel Mac OS X 10_15_7) AppleWebKit/605.1.15 (KHTML, like Gecko) Version/17.8 Safari/605.1.15','2025-03-17 10:01:55'),(1096,1,'120.22.10.151','Mozilla/5.0 (iPhone; CPU iPhone OS 18_3_1 like Mac OS X) AppleWebKit/605.1.15 (KHTML, like Gecko) EdgiOS/134.0.3124.51 Version/18.0 Mobile/15E148 Safari/604.1','2025-03-17 12:13:56'),(1097,1,'101.115.175.132','Mozilla/5.0 (Windows NT 10.0; Win64; x64) AppleWebKit/537.36 (KHTML, like Gecko) Chrome/134.0.0.0 Safari/537.36 Edg/134.0.0.0','2025-03-17 13:05:38'),(1098,1,'120.22.10.151','Mozilla/5.0 (iPhone; CPU iPhone OS 18_3_1 like Mac OS X) AppleWebKit/605.1.15 (KHTML, like Gecko) EdgiOS/134.0.3124.51 Version/18.0 Mobile/15E148 Safari/604.1','2025-03-17 15:50:29'),(1099,1,'101.115.175.132','Mozilla/5.0 (Windows NT 10.0; Win64; x64) AppleWebKit/537.36 (KHTML, like Gecko) Chrome/134.0.0.0 Safari/537.36 Edg/134.0.0.0','2025-03-19 08:44:59'),(1100,1,'120.22.45.125','Mozilla/5.0 (iPhone; CPU iPhone OS 18_3_1 like Mac OS X) AppleWebKit/605.1.15 (KHTML, like Gecko) EdgiOS/134.0.3124.51 Version/18.0 Mobile/15E148 Safari/604.1','2025-03-19 15:00:17'),(1101,1,'120.22.45.125','Mozilla/5.0 (iPhone; CPU iPhone OS 18_3_1 like Mac OS X) AppleWebKit/605.1.15 (KHTML, like Gecko) EdgiOS/134.0.3124.51 Version/18.0 Mobile/15E148 Safari/604.1','2025-03-19 15:11:08'),(1102,1,'101.115.175.132','Mozilla/5.0 (Windows NT 10.0; Win64; x64) AppleWebKit/537.36 (KHTML, like Gecko) Chrome/134.0.0.0 Safari/537.36 Edg/134.0.0.0','2025-03-19 16:51:22'),(1103,1,'101.115.180.144','Mozilla/5.0 (Macintosh; Intel Mac OS X 10_15_7) AppleWebKit/537.36 (KHTML, like Gecko) Chrome/116.0.0.0 Safari/537.36 Edg/116.0.1938.62','2025-03-20 10:25:24'),(1104,1,'159.196.13.241','Mozilla/5.0 (Macintosh; Intel Mac OS X 10_15_7) AppleWebKit/605.1.15 (KHTML, like Gecko) Version/17.8 Safari/605.1.15','2025-03-20 12:35:22'),(1105,1,'120.22.134.221','Mozilla/5.0 (iPhone; CPU iPhone OS 18_3_1 like Mac OS X) AppleWebKit/605.1.15 (KHTML, like Gecko) EdgiOS/134.0.3124.51 Version/18.0 Mobile/15E148 Safari/604.1','2025-03-20 13:58:08'),(1106,1,'120.22.134.221','Mozilla/5.0 (iPhone; CPU iPhone OS 18_3_1 like Mac OS X) AppleWebKit/605.1.15 (KHTML, like Gecko) EdgiOS/134.0.3124.51 Version/18.0 Mobile/15E148 Safari/604.1','2025-03-20 18:34:04'),(1107,1,'120.22.134.221','Mozilla/5.0 (iPhone; CPU iPhone OS 18_3_1 like Mac OS X) AppleWebKit/605.1.15 (KHTML, like Gecko) EdgiOS/134.0.3124.68 Version/18.0 Mobile/15E148 Safari/604.1','2025-03-21 08:21:22'),(1108,1,'120.22.134.221','Mozilla/5.0 (iPhone; CPU iPhone OS 18_3_1 like Mac OS X) AppleWebKit/605.1.15 (KHTML, like Gecko) EdgiOS/134.0.3124.68 Version/18.0 Mobile/15E148 Safari/604.1','2025-03-21 12:28:12'),(1109,1,'120.22.46.184','Mozilla/5.0 (iPhone; CPU iPhone OS 18_3_2 like Mac OS X) AppleWebKit/605.1.15 (KHTML, like Gecko) EdgiOS/134.0.3124.68 Version/18.0 Mobile/15E148 Safari/604.1','2025-03-24 08:13:35'),(1110,1,'101.115.188.169','Mozilla/5.0 (Macintosh; Intel Mac OS X 10_15_7) AppleWebKit/537.36 (KHTML, like Gecko) Chrome/116.0.0.0 Safari/537.36 Edg/116.0.1938.62','2025-03-24 08:47:01'),(1111,1,'159.196.13.0','Mozilla/5.0 (Macintosh; Intel Mac OS X 10_15_7) AppleWebKit/605.1.15 (KHTML, like Gecko) Version/17.8 Safari/605.1.15','2025-03-24 14:38:13'),(1112,1,'101.115.188.169','Mozilla/5.0 (Macintosh; Intel Mac OS X 10_15_7) AppleWebKit/537.36 (KHTML, like Gecko) Chrome/116.0.0.0 Safari/537.36 Edg/116.0.1938.62','2025-03-24 17:25:26'),(1113,1,'101.115.188.169','Mozilla/5.0 (Macintosh; Intel Mac OS X 10_15_7) AppleWebKit/537.36 (KHTML, like Gecko) Chrome/116.0.0.0 Safari/537.36 Edg/116.0.1938.62','2025-03-24 17:26:52'),(1114,1,'101.115.188.169','Mozilla/5.0 (Macintosh; Intel Mac OS X 10_15_7) AppleWebKit/537.36 (KHTML, like Gecko) Chrome/116.0.0.0 Safari/537.36 Edg/116.0.1938.62','2025-03-25 07:26:36'),(1115,1,'101.115.188.169','Mozilla/5.0 (Macintosh; Intel Mac OS X 10_15_7) AppleWebKit/537.36 (KHTML, like Gecko) Chrome/116.0.0.0 Safari/537.36 Edg/116.0.1938.62','2025-03-26 07:24:24'),(1116,1,'101.115.188.169','Mozilla/5.0 (Macintosh; Intel Mac OS X 10_15_7) AppleWebKit/605.1.15 (KHTML, like Gecko) Version/17.8 Safari/605.1.15','2025-03-26 19:51:43'),(1117,1,'159.196.13.0','Mozilla/5.0 (Macintosh; Intel Mac OS X 10_15_7) AppleWebKit/605.1.15 (KHTML, like Gecko) Version/17.8 Safari/605.1.15','2025-03-28 10:42:55'),(1118,1,'159.196.13.0','Mozilla/5.0 (Macintosh; Intel Mac OS X 10_15_7) AppleWebKit/605.1.15 (KHTML, like Gecko) Version/17.8 Safari/605.1.15','2025-03-28 10:46:56'),(1119,1,'101.115.188.169','Mozilla/5.0 (Windows NT 10.0; Win64; x64) AppleWebKit/537.36 (KHTML, like Gecko) Chrome/134.0.0.0 Safari/537.36 Edg/134.0.0.0','2025-03-28 14:44:37'),(1120,1,'101.115.188.169','Mozilla/5.0 (iPhone; CPU iPhone OS 18_3_2 like Mac OS X) AppleWebKit/605.1.15 (KHTML, like Gecko) EdgiOS/134.0.3124.77 Version/18.0 Mobile/15E148 Safari/604.1','2025-03-28 18:49:11'),(1121,1,'101.115.186.101','Mozilla/5.0 (Macintosh; Intel Mac OS X 10_14_6) AppleWebKit/605.1.15 (KHTML, like Gecko) Version/14.1.2 Safari/605.1.15','2025-03-31 01:43:23'),(1122,1,'101.115.186.101','Mozilla/5.0 (Windows NT 10.0; Win64; x64) AppleWebKit/537.36 (KHTML, like Gecko) Chrome/134.0.0.0 Safari/537.36 Edg/134.0.0.0','2025-03-31 08:43:21'),(1123,1,'101.115.186.101','Mozilla/5.0 (Macintosh; Intel Mac OS X 10_15_7) AppleWebKit/537.36 (KHTML, like Gecko) Chrome/116.0.0.0 Safari/537.36','2025-04-01 07:07:38'),(1124,1,'101.115.186.101','Mozilla/5.0 (Windows NT 10.0; Win64; x64) AppleWebKit/537.36 (KHTML, like Gecko) Chrome/134.0.0.0 Safari/537.36 Edg/134.0.0.0','2025-04-02 12:24:42'),(1125,1,'101.115.186.101','Mozilla/5.0 (Windows NT 10.0; Win64; x64) AppleWebKit/537.36 (KHTML, like Gecko) Chrome/134.0.0.0 Safari/537.36 Edg/134.0.0.0','2025-04-02 12:30:48'),(1126,1,'101.115.186.101','Mozilla/5.0 (Macintosh; Intel Mac OS X 10_14_6) AppleWebKit/605.1.15 (KHTML, like Gecko) Version/14.1.2 Safari/605.1.15','2025-04-02 13:03:05'),(1127,1,'101.115.186.101','Mozilla/5.0 (Macintosh; Intel Mac OS X 10_14_6) AppleWebKit/605.1.15 (KHTML, like Gecko) Version/14.1.2 Safari/605.1.15','2025-04-02 13:59:14'),(1128,1,'101.115.186.101','Mozilla/5.0 (Macintosh; Intel Mac OS X 10_14_6) AppleWebKit/605.1.15 (KHTML, like Gecko) Version/14.1.2 Safari/605.1.15','2025-04-02 14:07:10'),(1129,1,'101.115.186.101','Mozilla/5.0 (Macintosh; Intel Mac OS X 10_15_7) AppleWebKit/537.36 (KHTML, like Gecko) Chrome/116.0.0.0 Safari/537.36','2025-04-02 19:48:19'),(1130,1,'101.115.186.101','Mozilla/5.0 (Macintosh; Intel Mac OS X 10_15_7) AppleWebKit/537.36 (KHTML, like Gecko) Chrome/116.0.0.0 Safari/537.36','2025-04-03 08:00:13'),(1131,1,'101.115.186.101','Mozilla/5.0 (Windows NT 10.0; Win64; x64) AppleWebKit/537.36 (KHTML, like Gecko) Chrome/134.0.0.0 Safari/537.36','2025-04-03 08:04:16'),(1132,1,'101.115.186.101','Mozilla/5.0 (Macintosh; Intel Mac OS X 10_15_7) AppleWebKit/537.36 (KHTML, like Gecko) Chrome/116.0.0.0 Safari/537.36 Edg/116.0.1938.62','2025-04-04 08:16:41'),(1133,1,'101.115.176.232','Mozilla/5.0 (Windows NT 10.0; Win64; x64) AppleWebKit/537.36 (KHTML, like Gecko) Chrome/134.0.0.0 Safari/537.36','2025-04-04 09:27:17'),(1134,1,'120.19.176.82','Mozilla/5.0 (Macintosh; Intel Mac OS X 10_15_7) AppleWebKit/605.1.15 (KHTML, like Gecko) Version/17.8 Safari/605.1.15','2025-04-13 09:06:21'),(1135,1,'120.19.167.173','Mozilla/5.0 (Macintosh; Intel Mac OS X 10_15_7) AppleWebKit/605.1.15 (KHTML, like Gecko) Version/17.8 Safari/605.1.15','2025-04-14 07:25:36'),(1136,1,'101.119.140.130','Mozilla/5.0 (Macintosh; Intel Mac OS X 10_15_7) AppleWebKit/605.1.15 (KHTML, like Gecko) Version/17.8 Safari/605.1.15','2025-04-15 03:16:40'),(1137,1,'120.19.141.48','Mozilla/5.0 (Macintosh; Intel Mac OS X 10_15_7) AppleWebKit/605.1.15 (KHTML, like Gecko) Version/17.8 Safari/605.1.15','2025-04-30 20:25:43'),(1138,1,'101.115.128.197','Mozilla/5.0 (Macintosh; Intel Mac OS X 10_15_7) AppleWebKit/537.36 (KHTML, like Gecko) Chrome/116.0.0.0 Safari/537.36','2025-05-10 20:46:36'),(1139,1,'117.102.140.116','Mozilla/5.0 (Macintosh; Intel Mac OS X 10_15_7) AppleWebKit/537.36 (KHTML, like Gecko) Chrome/116.0.0.0 Safari/537.36 Edg/116.0.1938.62','2025-05-11 07:15:28'),(1140,1,'117.102.140.116','Mozilla/5.0 (iPhone; CPU iPhone OS 18_3_2 like Mac OS X) AppleWebKit/605.1.15 (KHTML, like Gecko) Version/18.3.1 Mobile/15E148 Safari/604.1','2025-05-11 18:31:27'),(1141,1,'117.102.140.116','Mozilla/5.0 (Macintosh; Intel Mac OS X 10_15_7) AppleWebKit/537.36 (KHTML, like Gecko) Chrome/116.0.0.0 Safari/537.36','2025-05-12 08:55:30'),(1142,1,'117.102.140.116','Mozilla/5.0 (Macintosh; Intel Mac OS X 10_15_7) AppleWebKit/537.36 (KHTML, like Gecko) Chrome/116.0.0.0 Safari/537.36 Edg/116.0.1938.62','2025-05-12 19:58:34'),(1143,1,'117.102.140.116','Mozilla/5.0 (Macintosh; Intel Mac OS X 10_15_7) AppleWebKit/537.36 (KHTML, like Gecko) Chrome/116.0.0.0 Safari/537.36','2025-05-13 14:43:49'),(1144,1,'117.102.140.116','Mozilla/5.0 (Macintosh; Intel Mac OS X 10_15_7) AppleWebKit/537.36 (KHTML, like Gecko) Chrome/116.0.0.0 Safari/537.36 Edg/116.0.1938.62','2025-05-13 18:18:43'),(1145,1,'117.102.140.116','Mozilla/5.0 (Macintosh; Intel Mac OS X 10_15_7) AppleWebKit/537.36 (KHTML, like Gecko) Chrome/116.0.0.0 Safari/537.36','2025-05-14 08:20:31'),(1146,1,'117.102.140.116','Mozilla/5.0 (Macintosh; Intel Mac OS X 10_15_7) AppleWebKit/537.36 (KHTML, like Gecko) Chrome/116.0.0.0 Safari/537.36 Edg/116.0.1938.62','2025-05-14 15:09:32'),(1147,1,'117.102.140.116','Mozilla/5.0 (Macintosh; Intel Mac OS X 10_15_7) AppleWebKit/537.36 (KHTML, like Gecko) Chrome/116.0.0.0 Safari/537.36 Edg/116.0.1938.62','2025-05-14 17:13:55'),(1148,1,'117.102.140.116','Mozilla/5.0 (Macintosh; Intel Mac OS X 10_15_7) AppleWebKit/537.36 (KHTML, like Gecko) Chrome/116.0.0.0 Safari/537.36 Edg/116.0.1938.62','2025-05-15 08:54:30'),(1149,1,'117.102.140.116','Mozilla/5.0 (Macintosh; Intel Mac OS X 10_15_7) AppleWebKit/537.36 (KHTML, like Gecko) Chrome/116.0.0.0 Safari/537.36 Edg/116.0.1938.62','2025-05-15 19:09:34'),(1150,1,'117.102.140.116','Mozilla/5.0 (Macintosh; Intel Mac OS X 10_15_7) AppleWebKit/537.36 (KHTML, like Gecko) Chrome/116.0.0.0 Safari/537.36 Edg/116.0.1938.62','2025-05-16 10:01:00'),(1151,1,'117.102.140.116','Mozilla/5.0 (Macintosh; Intel Mac OS X 10_15_7) AppleWebKit/537.36 (KHTML, like Gecko) Chrome/116.0.0.0 Safari/537.36 Edg/116.0.1938.62','2025-05-16 13:48:10'),(1152,1,'117.102.140.116','Mozilla/5.0 (Macintosh; Intel Mac OS X 10_15_7) AppleWebKit/537.36 (KHTML, like Gecko) Chrome/116.0.0.0 Safari/537.36 Edg/116.0.1938.62','2025-05-16 13:49:32'),(1153,1,'117.102.132.3','Mozilla/5.0 (Macintosh; Intel Mac OS X 10_14_6) AppleWebKit/605.1.15 (KHTML, like Gecko) Version/14.1.2 Safari/605.1.15','2025-05-17 08:14:19'),(1154,1,'117.102.132.3','Mozilla/5.0 (Macintosh; Intel Mac OS X 10_15_7) AppleWebKit/537.36 (KHTML, like Gecko) Chrome/116.0.0.0 Safari/537.36','2025-05-17 09:19:39'),(1155,1,'117.102.139.206','Mozilla/5.0 (Macintosh; Intel Mac OS X 10_15_7) AppleWebKit/537.36 (KHTML, like Gecko) Chrome/116.0.0.0 Safari/537.36','2025-05-17 15:36:13'),(1156,1,'101.115.151.82','Mozilla/5.0 (Macintosh; Intel Mac OS X 10_15_7) AppleWebKit/537.36 (KHTML, like Gecko) Chrome/116.0.0.0 Safari/537.36 Edg/116.0.1938.62','2025-05-18 18:40:56'),(1157,1,'120.22.193.147','Mozilla/5.0 (iPhone; CPU iPhone OS 18_3_2 like Mac OS X) AppleWebKit/605.1.15 (KHTML, like Gecko) EdgiOS/136.0.3240.71 Version/18.0 Mobile/15E148 Safari/604.1','2025-05-20 08:17:12'),(1158,1,'120.22.22.138','Mozilla/5.0 (Macintosh; Intel Mac OS X 10_15_7) AppleWebKit/605.1.15 (KHTML, like Gecko) Version/17.8 Safari/605.1.15','2025-05-21 10:30:46'),(1159,1,'101.115.151.82','Mozilla/5.0 (Macintosh; Intel Mac OS X 10_15_7) AppleWebKit/537.36 (KHTML, like Gecko) Chrome/116.0.0.0 Safari/537.36','2025-05-25 19:11:24'),(1160,1,'101.119.111.36','Mozilla/5.0 (iPhone; CPU iPhone OS 18_3_2 like Mac OS X) AppleWebKit/605.1.15 (KHTML, like Gecko) EdgiOS/136.0.3240.77 Version/18.0 Mobile/15E148 Safari/604.1','2025-05-26 14:55:31'),(1161,1,'101.115.151.82','Mozilla/5.0 (Macintosh; Intel Mac OS X 10_15_7) AppleWebKit/537.36 (KHTML, like Gecko) Chrome/116.0.0.0 Safari/537.36 Edg/116.0.1938.62','2025-05-27 11:45:20'),(1162,1,'101.115.151.82','Mozilla/5.0 (Macintosh; Intel Mac OS X 10_15_7) AppleWebKit/537.36 (KHTML, like Gecko) Chrome/116.0.0.0 Safari/537.36 Edg/116.0.1938.62','2025-05-27 20:03:12'),(1163,1,'117.102.130.124','Mozilla/5.0 (Macintosh; Intel Mac OS X 10_15_7) AppleWebKit/537.36 (KHTML, like Gecko) Chrome/116.0.0.0 Safari/537.36 Edg/116.0.1938.62','2025-05-28 09:59:38'),(1164,1,'101.119.170.45','Mozilla/5.0 (iPhone; CPU iPhone OS 18_3_2 like Mac OS X) AppleWebKit/605.1.15 (KHTML, like Gecko) EdgiOS/136.0.3240.77 Version/18.0 Mobile/15E148 Safari/604.1','2025-05-28 11:48:07'),(1165,1,'117.102.130.124','Mozilla/5.0 (Macintosh; Intel Mac OS X 10_15_7) AppleWebKit/537.36 (KHTML, like Gecko) Chrome/116.0.0.0 Safari/537.36 Edg/116.0.1938.62','2025-05-29 10:04:04'),(1166,1,'117.102.130.124','Mozilla/5.0 (Macintosh; Intel Mac OS X 10_15_7) AppleWebKit/537.36 (KHTML, like Gecko) Chrome/116.0.0.0 Safari/537.36 Edg/116.0.1938.62','2025-05-29 14:36:42'),(1167,1,'117.102.130.124','Mozilla/5.0 (Macintosh; Intel Mac OS X 10_15_7) AppleWebKit/537.36 (KHTML, like Gecko) Chrome/116.0.0.0 Safari/537.36 Edg/116.0.1938.62','2025-05-29 15:45:36'),(1168,1,'117.102.130.124','Mozilla/5.0 (Macintosh; Intel Mac OS X 10_15_7) AppleWebKit/537.36 (KHTML, like Gecko) Chrome/116.0.0.0 Safari/537.36 Edg/116.0.1938.62','2025-05-30 10:12:34'),(1169,1,'117.102.130.124','Mozilla/5.0 (Macintosh; Intel Mac OS X 10_15_7) AppleWebKit/537.36 (KHTML, like Gecko) Chrome/116.0.0.0 Safari/537.36 Edg/116.0.1938.62','2025-05-30 13:47:55'),(1170,1,'117.102.130.124','Mozilla/5.0 (Macintosh; Intel Mac OS X 10_15_7) AppleWebKit/537.36 (KHTML, like Gecko) Chrome/116.0.0.0 Safari/537.36 Edg/116.0.1938.62','2025-05-30 15:17:16'),(1171,1,'117.102.130.124','Mozilla/5.0 (Macintosh; Intel Mac OS X 10_15_7) AppleWebKit/537.36 (KHTML, like Gecko) Chrome/116.0.0.0 Safari/537.36','2025-05-30 16:56:42'),(1172,6,'103.240.207.218','Mozilla/5.0 (Windows NT 10.0; Win64; x64) AppleWebKit/537.36 (KHTML, like Gecko) Chrome/136.0.0.0 Safari/537.36','2025-05-30 20:54:52'),(1173,1,'117.102.130.124','Mozilla/5.0 (iPhone; CPU iPhone OS 18_5_0 like Mac OS X) AppleWebKit/605.1.15 (KHTML, like Gecko) EdgiOS/136.0.3240.91 Version/18.0 Mobile/15E148 Safari/604.1','2025-05-31 10:20:14'),(1174,6,'103.240.207.218','Mozilla/5.0 (Windows NT 10.0; Win64; x64) AppleWebKit/537.36 (KHTML, like Gecko) Chrome/136.0.0.0 Safari/537.36','2025-05-31 14:14:05'),(1175,6,'103.240.207.218','Mozilla/5.0 (Windows NT 10.0; Win64; x64) AppleWebKit/537.36 (KHTML, like Gecko) Chrome/136.0.0.0 Safari/537.36','2025-05-31 14:26:38'),(1176,1,'117.102.154.212','Mozilla/5.0 (Macintosh; Intel Mac OS X 10_15_7) AppleWebKit/537.36 (KHTML, like Gecko) Chrome/116.0.0.0 Safari/537.36','2025-05-31 17:23:34'),(1177,1,'117.102.154.212','Mozilla/5.0 (Macintosh; Intel Mac OS X 10_15_7) AppleWebKit/537.36 (KHTML, like Gecko) Chrome/116.0.0.0 Safari/537.36','2025-05-31 17:25:22'),(1178,1,'117.102.154.212','Mozilla/5.0 (Macintosh; Intel Mac OS X 10_15_7) AppleWebKit/537.36 (KHTML, like Gecko) Chrome/116.0.0.0 Safari/537.36','2025-05-31 17:26:18'),(1179,1,'117.102.154.212','Mozilla/5.0 (Macintosh; Intel Mac OS X 10_15_7) AppleWebKit/537.36 (KHTML, like Gecko) Chrome/116.0.0.0 Safari/537.36 Edg/116.0.1938.62','2025-05-31 17:36:44'),(1180,1,'117.102.154.212','Mozilla/5.0 (iPhone; CPU iPhone OS 18_5_0 like Mac OS X) AppleWebKit/605.1.15 (KHTML, like Gecko) EdgiOS/136.0.3240.91 Version/18.0 Mobile/15E148 Safari/604.1','2025-05-31 19:03:57'),(1181,1,'117.102.154.212','Mozilla/5.0 (Macintosh; Intel Mac OS X 10_15_7) AppleWebKit/537.36 (KHTML, like Gecko) Chrome/116.0.0.0 Safari/537.36','2025-06-01 10:11:26'),(1182,1,'117.102.154.212','Mozilla/5.0 (Macintosh; Intel Mac OS X 10_15_7) AppleWebKit/537.36 (KHTML, like Gecko) Chrome/116.0.0.0 Safari/537.36','2025-06-01 13:06:36'),(1183,1,'117.102.154.212','Mozilla/5.0 (Macintosh; Intel Mac OS X 10_15_7) AppleWebKit/537.36 (KHTML, like Gecko) Chrome/116.0.0.0 Safari/537.36','2025-06-01 15:18:29'),(1184,1,'117.102.154.212','Mozilla/5.0 (iPhone; CPU iPhone OS 18_5_0 like Mac OS X) AppleWebKit/605.1.15 (KHTML, like Gecko) EdgiOS/136.0.3240.91 Version/18.0 Mobile/15E148 Safari/604.1','2025-06-02 09:20:33'),(1185,1,'117.102.154.212','Mozilla/5.0 (Macintosh; Intel Mac OS X 10_15_7) AppleWebKit/537.36 (KHTML, like Gecko) Chrome/116.0.0.0 Safari/537.36 Edg/116.0.1938.62','2025-06-02 09:57:01'),(1186,1,'117.102.154.212','Mozilla/5.0 (Macintosh; Intel Mac OS X 10_15_7) AppleWebKit/537.36 (KHTML, like Gecko) Chrome/116.0.0.0 Safari/537.36','2025-06-02 15:30:38'),(1187,1,'117.102.154.212','Mozilla/5.0 (iPhone; CPU iPhone OS 18_5_0 like Mac OS X) AppleWebKit/605.1.15 (KHTML, like Gecko) EdgiOS/136.0.3240.91 Version/18.0 Mobile/15E148 Safari/604.1','2025-06-03 09:12:06'),(1188,1,'120.21.88.208','Mozilla/5.0 (iPhone; CPU iPhone OS 18_5_0 like Mac OS X) AppleWebKit/605.1.15 (KHTML, like Gecko) EdgiOS/136.0.3240.91 Version/18.0 Mobile/15E148 Safari/604.1','2025-06-03 10:51:10'),(1189,1,'117.102.154.212','Mozilla/5.0 (Macintosh; Intel Mac OS X 10_15_7) AppleWebKit/537.36 (KHTML, like Gecko) Chrome/116.0.0.0 Safari/537.36','2025-06-03 13:20:34'),(1190,1,'117.102.154.212','Mozilla/5.0 (Macintosh; Intel Mac OS X 10_15_7) AppleWebKit/537.36 (KHTML, like Gecko) Chrome/116.0.0.0 Safari/537.36 Edg/116.0.1938.62','2025-06-03 14:27:10'),(1191,1,'120.19.145.80','Mozilla/5.0 (iPhone; CPU iPhone OS 18_5_0 like Mac OS X) AppleWebKit/605.1.15 (KHTML, like Gecko) EdgiOS/136.0.3240.91 Version/18.0 Mobile/15E148 Safari/604.1','2025-06-03 15:11:07'),(1192,1,'120.19.145.80','Mozilla/5.0 (iPhone; CPU iPhone OS 18_5_0 like Mac OS X) AppleWebKit/605.1.15 (KHTML, like Gecko) EdgiOS/136.0.3240.91 Version/18.0 Mobile/15E148 Safari/604.1','2025-06-03 15:13:50'),(1193,1,'117.102.154.212','Mozilla/5.0 (Macintosh; Intel Mac OS X 10_15_7) AppleWebKit/537.36 (KHTML, like Gecko) Chrome/116.0.0.0 Safari/537.36 Edg/116.0.1938.62','2025-06-03 19:17:50'),(1194,6,'103.228.147.253','Mozilla/5.0 (Windows NT 10.0; Win64; x64) AppleWebKit/537.36 (KHTML, like Gecko) Chrome/136.0.0.0 Safari/537.36','2025-06-03 20:32:38'),(1195,1,'117.102.154.212','Mozilla/5.0 (Macintosh; Intel Mac OS X 10_15_7) AppleWebKit/537.36 (KHTML, like Gecko) Chrome/116.0.0.0 Safari/537.36','2025-06-04 08:25:49'),(1196,1,'117.102.154.212','Mozilla/5.0 (Macintosh; Intel Mac OS X 10_15_7) AppleWebKit/537.36 (KHTML, like Gecko) Chrome/116.0.0.0 Safari/537.36 Edg/116.0.1938.62','2025-06-04 08:28:44'),(1197,1,'117.102.154.212','Mozilla/5.0 (Macintosh; Intel Mac OS X 10_15_7) AppleWebKit/537.36 (KHTML, like Gecko) Chrome/116.0.0.0 Safari/537.36','2025-06-04 12:38:09'),(1198,1,'117.102.154.212','Mozilla/5.0 (Macintosh; Intel Mac OS X 10_15_7) AppleWebKit/537.36 (KHTML, like Gecko) Chrome/116.0.0.0 Safari/537.36 Edg/116.0.1938.62','2025-06-04 16:58:22'),(1199,1,'117.102.154.212','Mozilla/5.0 (Macintosh; Intel Mac OS X 10_15_7) AppleWebKit/537.36 (KHTML, like Gecko) Chrome/116.0.0.0 Safari/537.36 Edg/116.0.1938.62','2025-06-05 09:35:47'),(1200,1,'117.102.154.212','Mozilla/5.0 (Macintosh; Intel Mac OS X 10_15_7) AppleWebKit/537.36 (KHTML, like Gecko) Chrome/116.0.0.0 Safari/537.36','2025-06-05 16:45:21'),(1201,1,'117.102.154.212','Mozilla/5.0 (Macintosh; Intel Mac OS X 10_15_7) AppleWebKit/537.36 (KHTML, like Gecko) Chrome/116.0.0.0 Safari/537.36 Edg/116.0.1938.62','2025-06-06 08:51:29'),(1202,1,'117.102.154.212','Mozilla/5.0 (Macintosh; Intel Mac OS X 10_15_7) AppleWebKit/537.36 (KHTML, like Gecko) Chrome/116.0.0.0 Safari/537.36 Edg/116.0.1938.62','2025-06-06 11:52:38'),(1203,1,'117.102.154.212','Mozilla/5.0 (Macintosh; Intel Mac OS X 10_15_7) AppleWebKit/537.36 (KHTML, like Gecko) Chrome/116.0.0.0 Safari/537.36','2025-06-06 16:22:14'),(1204,1,'117.102.154.212','Mozilla/5.0 (iPhone; CPU iPhone OS 18_5_0 like Mac OS X) AppleWebKit/605.1.15 (KHTML, like Gecko) EdgiOS/137.0.3296.53 Version/18.0 Mobile/15E148 Safari/604.1','2025-06-06 18:18:08'),(1205,1,'117.102.154.212','Mozilla/5.0 (Macintosh; Intel Mac OS X 10_15_7) AppleWebKit/605.1.15 (KHTML, like Gecko) Version/17.8 Safari/605.1.15','2025-06-08 17:05:32'),(1206,1,'117.102.154.212','Mozilla/5.0 (Macintosh; Intel Mac OS X 10_15_7) AppleWebKit/537.36 (KHTML, like Gecko) Chrome/116.0.0.0 Safari/537.36','2025-06-09 08:51:40'),(1207,1,'117.102.154.212','Mozilla/5.0 (Macintosh; Intel Mac OS X 10_15_7) AppleWebKit/537.36 (KHTML, like Gecko) Chrome/116.0.0.0 Safari/537.36','2025-06-09 11:33:09'),(1208,1,'117.102.154.212','Mozilla/5.0 (Macintosh; Intel Mac OS X 10_15_7) AppleWebKit/537.36 (KHTML, like Gecko) Chrome/116.0.0.0 Safari/537.36','2025-06-09 12:33:40'),(1209,1,'117.102.154.212','Mozilla/5.0 (Macintosh; Intel Mac OS X 10_15_7) AppleWebKit/537.36 (KHTML, like Gecko) Chrome/116.0.0.0 Safari/537.36','2025-06-09 19:37:33'),(1210,1,'117.102.154.212','Mozilla/5.0 (Macintosh; Intel Mac OS X 10_15_7) AppleWebKit/537.36 (KHTML, like Gecko) Chrome/116.0.0.0 Safari/537.36 Edg/116.0.1938.62','2025-06-10 10:12:38'),(1211,1,'117.102.154.212','Mozilla/5.0 (Macintosh; Intel Mac OS X 10_15_7) AppleWebKit/537.36 (KHTML, like Gecko) Chrome/116.0.0.0 Safari/537.36','2025-06-10 13:29:53'),(1212,1,'117.102.154.212','Mozilla/5.0 (Macintosh; Intel Mac OS X 10_15_7) AppleWebKit/537.36 (KHTML, like Gecko) Chrome/116.0.0.0 Safari/537.36 Edg/116.0.1938.62','2025-06-11 07:19:10'),(1213,1,'117.102.154.212','Mozilla/5.0 (Macintosh; Intel Mac OS X 10_15_7) AppleWebKit/537.36 (KHTML, like Gecko) Chrome/116.0.0.0 Safari/537.36','2025-06-11 12:42:57'),(1214,1,'117.102.154.212','Mozilla/5.0 (iPhone; CPU iPhone OS 18_5_0 like Mac OS X) AppleWebKit/605.1.15 (KHTML, like Gecko) EdgiOS/137.0.3296.53 Version/18.0 Mobile/15E148 Safari/604.1','2025-06-11 13:54:37'),(1215,1,'117.102.154.212','Mozilla/5.0 (Macintosh; Intel Mac OS X 10_15_7) AppleWebKit/537.36 (KHTML, like Gecko) Chrome/116.0.0.0 Safari/537.36 Edg/116.0.1938.62','2025-06-11 18:43:21'),(1216,1,'117.102.154.212','Mozilla/5.0 (Macintosh; Intel Mac OS X 10_15_7) AppleWebKit/537.36 (KHTML, like Gecko) Chrome/116.0.0.0 Safari/537.36','2025-06-12 10:15:32'),(1217,1,'117.102.154.212','Mozilla/5.0 (Macintosh; Intel Mac OS X 10_15_7) AppleWebKit/537.36 (KHTML, like Gecko) Chrome/116.0.0.0 Safari/537.36','2025-06-12 14:33:06'),(1218,1,'117.102.154.212','Mozilla/5.0 (Macintosh; Intel Mac OS X 10_15_7) AppleWebKit/537.36 (KHTML, like Gecko) Chrome/116.0.0.0 Safari/537.36','2025-06-13 09:54:10'),(1219,1,'101.119.119.109','Mozilla/5.0 (iPhone; CPU iPhone OS 18_5_0 like Mac OS X) AppleWebKit/605.1.15 (KHTML, like Gecko) EdgiOS/137.0.3296.53 Version/18.0 Mobile/15E148 Safari/604.1','2025-06-13 13:59:10'),(1220,1,'117.102.154.212','Mozilla/5.0 (iPhone; CPU iPhone OS 18_5_0 like Mac OS X) AppleWebKit/605.1.15 (KHTML, like Gecko) EdgiOS/137.0.3296.53 Version/18.0 Mobile/15E148 Safari/604.1','2025-06-13 20:12:27'),(1221,1,'117.102.154.212','Mozilla/5.0 (iPhone; CPU iPhone OS 18_5_0 like Mac OS X) AppleWebKit/605.1.15 (KHTML, like Gecko) EdgiOS/137.0.3296.53 Version/18.0 Mobile/15E148 Safari/604.1','2025-06-14 16:13:56'),(1222,1,'117.102.154.212','Mozilla/5.0 (Macintosh; Intel Mac OS X 10_15_7) AppleWebKit/537.36 (KHTML, like Gecko) Chrome/116.0.0.0 Safari/537.36','2025-06-15 17:19:39'),(1223,1,'117.102.154.212','Mozilla/5.0 (Macintosh; Intel Mac OS X 10_15_7) AppleWebKit/537.36 (KHTML, like Gecko) Chrome/116.0.0.0 Safari/537.36 Edg/116.0.1938.62','2025-06-16 08:12:26'),(1224,1,'117.102.154.212','Mozilla/5.0 (Macintosh; Intel Mac OS X 10_15_7) AppleWebKit/537.36 (KHTML, like Gecko) Chrome/116.0.0.0 Safari/537.36','2025-06-16 13:14:19'),(1225,1,'117.102.154.212','Mozilla/5.0 (Macintosh; Intel Mac OS X 10_15_7) AppleWebKit/537.36 (KHTML, like Gecko) Chrome/116.0.0.0 Safari/537.36','2025-06-16 20:59:09'),(1226,1,'117.102.154.212','Mozilla/5.0 (Macintosh; Intel Mac OS X 10_15_7) AppleWebKit/537.36 (KHTML, like Gecko) Chrome/116.0.0.0 Safari/537.36','2025-06-17 15:36:11'),(1227,1,'117.102.154.212','Mozilla/5.0 (Macintosh; Intel Mac OS X 10_15_7) AppleWebKit/537.36 (KHTML, like Gecko) Chrome/116.0.0.0 Safari/537.36','2025-06-19 09:47:56'),(1228,1,'117.102.154.212','Mozilla/5.0 (Macintosh; Intel Mac OS X 10_15_7) AppleWebKit/537.36 (KHTML, like Gecko) Chrome/116.0.0.0 Safari/537.36','2025-06-19 10:23:38'),(1229,1,'117.102.154.212','Mozilla/5.0 (Macintosh; Intel Mac OS X 10_15_7) AppleWebKit/537.36 (KHTML, like Gecko) Chrome/116.0.0.0 Safari/537.36','2025-06-19 18:02:27'),(1230,1,'117.102.154.212','Mozilla/5.0 (Macintosh; Intel Mac OS X 10_15_7) AppleWebKit/537.36 (KHTML, like Gecko) Chrome/116.0.0.0 Safari/537.36','2025-06-19 18:06:02'),(1231,1,'117.102.154.212','Mozilla/5.0 (Macintosh; Intel Mac OS X 10_15_7) AppleWebKit/537.36 (KHTML, like Gecko) Chrome/116.0.0.0 Safari/537.36','2025-06-19 18:06:48'),(1232,1,'117.102.154.212','Mozilla/5.0 (Macintosh; Intel Mac OS X 10_15_7) AppleWebKit/537.36 (KHTML, like Gecko) Chrome/116.0.0.0 Safari/537.36','2025-06-19 18:07:29'),(1233,1,'117.102.154.212','Mozilla/5.0 (Macintosh; Intel Mac OS X 10_15_7) AppleWebKit/537.36 (KHTML, like Gecko) Chrome/116.0.0.0 Safari/537.36','2025-06-19 18:12:30'),(1234,1,'101.119.117.84','Mozilla/5.0 (iPhone; CPU iPhone OS 18_5_0 like Mac OS X) AppleWebKit/605.1.15 (KHTML, like Gecko) EdgiOS/137.0.3296.82 Version/18.0 Mobile/15E148 Safari/604.1','2025-06-21 13:55:06'),(1235,1,'117.102.154.212','Mozilla/5.0 (Macintosh; Intel Mac OS X 10_15_7) AppleWebKit/537.36 (KHTML, like Gecko) Chrome/116.0.0.0 Safari/537.36','2025-06-21 19:06:26'),(1236,1,'117.102.154.212','Mozilla/5.0 (Macintosh; Intel Mac OS X 10_15_7) AppleWebKit/537.36 (KHTML, like Gecko) Chrome/116.0.0.0 Safari/537.36','2025-06-21 20:43:15'),(1237,1,'117.102.154.212','Mozilla/5.0 (Macintosh; Intel Mac OS X 10_15_7) AppleWebKit/537.36 (KHTML, like Gecko) Chrome/116.0.0.0 Safari/537.36','2025-06-22 17:34:37'),(1238,1,'117.102.154.212','Mozilla/5.0 (Macintosh; Intel Mac OS X 10_15_7) AppleWebKit/537.36 (KHTML, like Gecko) Chrome/116.0.0.0 Safari/537.36','2025-06-22 20:21:24'),(1239,1,'117.102.154.212','Mozilla/5.0 (Macintosh; Intel Mac OS X 10_15_7) AppleWebKit/537.36 (KHTML, like Gecko) Chrome/116.0.0.0 Safari/537.36','2025-06-22 20:21:55'),(1240,1,'117.102.154.212','Mozilla/5.0 (Macintosh; Intel Mac OS X 10_15_7) AppleWebKit/537.36 (KHTML, like Gecko) Chrome/116.0.0.0 Safari/537.36','2025-06-23 05:36:13'),(1241,1,'117.102.154.212','Mozilla/5.0 (Macintosh; Intel Mac OS X 10_15_7) AppleWebKit/537.36 (KHTML, like Gecko) Chrome/116.0.0.0 Safari/537.36','2025-06-23 05:37:39'),(1242,1,'117.102.154.212','Mozilla/5.0 (Macintosh; Intel Mac OS X 10_15_7) AppleWebKit/537.36 (KHTML, like Gecko) Chrome/116.0.0.0 Safari/537.36','2025-06-23 05:40:56'),(1243,1,'101.119.80.140','Mozilla/5.0 (iPhone; CPU iPhone OS 18_5_0 like Mac OS X) AppleWebKit/605.1.15 (KHTML, like Gecko) EdgiOS/137.0.3296.82 Version/18.0 Mobile/15E148 Safari/604.1','2025-06-23 07:17:01'),(1244,1,'101.119.80.140','Mozilla/5.0 (Macintosh; Intel Mac OS X 10_15_7) AppleWebKit/605.1.15 (KHTML, like Gecko) Version/17.8 Safari/605.1.15','2025-06-23 07:28:19'),(1245,1,'45.248.142.250','Mozilla/5.0 (Macintosh; Intel Mac OS X 10_15_7) AppleWebKit/605.1.15 (KHTML, like Gecko) Version/16.2 Safari/605.1.15','2025-06-23 09:02:23'),(1246,1,'45.248.142.250','Mozilla/5.0 (Macintosh; Intel Mac OS X 10_15_7) AppleWebKit/605.1.15 (KHTML, like Gecko) Version/16.2 Safari/605.1.15','2025-06-23 09:03:20'),(1247,1,'103.194.125.52','Mozilla/5.0 (Macintosh; Intel Mac OS X 10_15_7) AppleWebKit/605.1.15 (KHTML, like Gecko) Version/16.2 Safari/605.1.15','2025-06-26 19:42:37'),(1248,1,'120.22.185.255','Mozilla/5.0 (iPhone; CPU iPhone OS 18_5_0 like Mac OS X) AppleWebKit/605.1.15 (KHTML, like Gecko) EdgiOS/137.0.3296.82 Version/18.0 Mobile/15E148 Safari/604.1','2025-06-27 13:56:10'),(1249,1,'117.102.132.220','Mozilla/5.0 (Macintosh; Intel Mac OS X 10_15_7) AppleWebKit/537.36 (KHTML, like Gecko) Chrome/116.0.0.0 Safari/537.36','2025-06-27 21:42:52'),(1250,1,'117.102.132.220','Mozilla/5.0 (Macintosh; Intel Mac OS X 10_15_7) AppleWebKit/537.36 (KHTML, like Gecko) Chrome/116.0.0.0 Safari/537.36 Edg/116.0.1938.62','2025-06-29 12:54:48'),(1251,1,'117.102.132.220','Mozilla/5.0 (Macintosh; Intel Mac OS X 10_15_7) AppleWebKit/537.36 (KHTML, like Gecko) Chrome/116.0.0.0 Safari/537.36 Edg/116.0.1938.62','2025-06-29 16:40:42'),(1252,1,'120.21.148.127','Mozilla/5.0 (iPhone; CPU iPhone OS 18_5_0 like Mac OS X) AppleWebKit/605.1.15 (KHTML, like Gecko) EdgiOS/137.0.3296.92 Version/18.0 Mobile/15E148 Safari/604.1','2025-06-30 08:04:42'),(1253,1,'117.102.132.220','Mozilla/5.0 (Macintosh; Intel Mac OS X 10_15_7) AppleWebKit/537.36 (KHTML, like Gecko) Chrome/116.0.0.0 Safari/537.36','2025-06-30 08:48:43'),(1254,1,'117.102.132.220','Mozilla/5.0 (iPhone; CPU iPhone OS 18_5_0 like Mac OS X) AppleWebKit/605.1.15 (KHTML, like Gecko) EdgiOS/137.0.3296.92 Version/18.0 Mobile/15E148 Safari/604.1','2025-07-01 16:02:16'),(1255,1,'120.21.26.183','Mozilla/5.0 (iPhone; CPU iPhone OS 18_5_0 like Mac OS X) AppleWebKit/605.1.15 (KHTML, like Gecko) EdgiOS/137.0.3296.92 Version/18.0 Mobile/15E148 Safari/604.1','2025-07-01 16:26:56'),(1256,1,'117.102.132.220','Mozilla/5.0 (Macintosh; Intel Mac OS X 10_15_7) AppleWebKit/537.36 (KHTML, like Gecko) Chrome/116.0.0.0 Safari/537.36','2025-07-01 17:05:58'),(1257,1,'117.102.132.220','Mozilla/5.0 (Macintosh; Intel Mac OS X 10_15_7) AppleWebKit/537.36 (KHTML, like Gecko) Chrome/116.0.0.0 Safari/537.36','2025-07-01 18:12:34'),(1258,1,'117.102.132.220','Mozilla/5.0 (Macintosh; Intel Mac OS X 10_15_7) AppleWebKit/537.36 (KHTML, like Gecko) Chrome/116.0.0.0 Safari/537.36','2025-07-01 18:13:01'),(1259,1,'117.102.132.220','Mozilla/5.0 (Macintosh; Intel Mac OS X 10_15_7) AppleWebKit/537.36 (KHTML, like Gecko) Chrome/116.0.0.0 Safari/537.36','2025-07-01 18:16:43'),(1260,1,'117.102.132.220','Mozilla/5.0 (Macintosh; Intel Mac OS X 10_15_7) AppleWebKit/537.36 (KHTML, like Gecko) Chrome/116.0.0.0 Safari/537.36','2025-07-01 18:27:34'),(1261,1,'117.102.132.220','Mozilla/5.0 (Macintosh; Intel Mac OS X 10_15_7) AppleWebKit/537.36 (KHTML, like Gecko) Chrome/116.0.0.0 Safari/537.36','2025-07-01 18:33:24'),(1262,1,'117.102.132.220','Mozilla/5.0 (Macintosh; Intel Mac OS X 10_15_7) AppleWebKit/537.36 (KHTML, like Gecko) Chrome/116.0.0.0 Safari/537.36','2025-07-01 18:38:31'),(1263,1,'117.102.132.220','Mozilla/5.0 (Macintosh; Intel Mac OS X 10_15_7) AppleWebKit/537.36 (KHTML, like Gecko) Chrome/116.0.0.0 Safari/537.36','2025-07-01 18:47:16'),(1264,1,'117.102.132.220','Mozilla/5.0 (Macintosh; Intel Mac OS X 10_15_7) AppleWebKit/537.36 (KHTML, like Gecko) Chrome/116.0.0.0 Safari/537.36','2025-07-01 19:52:26'),(1265,1,'117.102.132.220','Mozilla/5.0 (Macintosh; Intel Mac OS X 10_15_7) AppleWebKit/537.36 (KHTML, like Gecko) Chrome/116.0.0.0 Safari/537.36','2025-07-01 20:15:34'),(1266,1,'117.102.132.220','Mozilla/5.0 (Macintosh; Intel Mac OS X 10_15_7) AppleWebKit/537.36 (KHTML, like Gecko) Chrome/116.0.0.0 Safari/537.36','2025-07-01 20:41:56'),(1267,1,'117.102.132.220','Mozilla/5.0 (Macintosh; Intel Mac OS X 10_14_6) AppleWebKit/605.1.15 (KHTML, like Gecko) Version/14.1.2 Safari/605.1.15','2025-07-01 20:56:12'),(1268,1,'117.102.132.220','Mozilla/5.0 (Macintosh; Intel Mac OS X 10_15_7) AppleWebKit/537.36 (KHTML, like Gecko) Chrome/116.0.0.0 Safari/537.36','2025-07-01 21:05:09'),(1269,1,'117.102.132.220','Mozilla/5.0 (Macintosh; Intel Mac OS X 10_15_7) AppleWebKit/537.36 (KHTML, like Gecko) Chrome/116.0.0.0 Safari/537.36','2025-07-01 23:04:00'),(1270,1,'117.102.132.220','Mozilla/5.0 (Macintosh; Intel Mac OS X 10_15_7) AppleWebKit/537.36 (KHTML, like Gecko) Chrome/116.0.0.0 Safari/537.36','2025-07-01 23:33:49'),(1271,1,'117.102.132.220','Mozilla/5.0 (Macintosh; Intel Mac OS X 10_15_7) AppleWebKit/537.36 (KHTML, like Gecko) Chrome/116.0.0.0 Safari/537.36','2025-07-01 23:50:46'),(1272,1,'117.102.132.220','Mozilla/5.0 (Macintosh; Intel Mac OS X 10_15_7) AppleWebKit/537.36 (KHTML, like Gecko) Chrome/116.0.0.0 Safari/537.36','2025-07-02 14:35:24'),(1273,1,'117.102.132.220','Mozilla/5.0 (Macintosh; Intel Mac OS X 10_15_7) AppleWebKit/537.36 (KHTML, like Gecko) Chrome/116.0.0.0 Safari/537.36','2025-07-02 16:06:01'),(1274,1,'117.102.132.220','Mozilla/5.0 (Macintosh; Intel Mac OS X 10_15_7) AppleWebKit/537.36 (KHTML, like Gecko) Chrome/116.0.0.0 Safari/537.36','2025-07-02 16:11:47'),(1275,1,'117.102.132.220','Mozilla/5.0 (Macintosh; Intel Mac OS X 10_15_7) AppleWebKit/537.36 (KHTML, like Gecko) Chrome/116.0.0.0 Safari/537.36','2025-07-02 16:18:25'),(1276,1,'117.102.132.220','Mozilla/5.0 (Macintosh; Intel Mac OS X 10_15_7) AppleWebKit/537.36 (KHTML, like Gecko) Chrome/116.0.0.0 Safari/537.36','2025-07-02 16:19:42'),(1277,1,'117.102.132.220','Mozilla/5.0 (Macintosh; Intel Mac OS X 10_15_7) AppleWebKit/537.36 (KHTML, like Gecko) Chrome/116.0.0.0 Safari/537.36','2025-07-02 16:54:07'),(1278,1,'117.102.132.220','Mozilla/5.0 (Macintosh; Intel Mac OS X 10_15_7) AppleWebKit/537.36 (KHTML, like Gecko) Chrome/116.0.0.0 Safari/537.36','2025-07-02 17:10:35'),(1279,1,'117.102.132.220','Mozilla/5.0 (Macintosh; Intel Mac OS X 10_15_7) AppleWebKit/537.36 (KHTML, like Gecko) Chrome/116.0.0.0 Safari/537.36','2025-07-02 17:36:42'),(1280,1,'117.102.132.220','Mozilla/5.0 (Macintosh; Intel Mac OS X 10_15_7) AppleWebKit/537.36 (KHTML, like Gecko) Chrome/116.0.0.0 Safari/537.36','2025-07-02 17:48:07'),(1281,1,'117.102.137.40','Mozilla/5.0 (Macintosh; Intel Mac OS X 10_15_7) AppleWebKit/537.36 (KHTML, like Gecko) Chrome/116.0.0.0 Safari/537.36 Edg/116.0.1938.62','2025-07-07 10:38:22'),(1282,1,'117.102.137.40','Mozilla/5.0 (Macintosh; Intel Mac OS X 10_15_7) AppleWebKit/537.36 (KHTML, like Gecko) Chrome/116.0.0.0 Safari/537.36 Edg/116.0.1938.62','2025-07-08 11:04:40'),(1283,1,'117.102.137.40','Mozilla/5.0 (Macintosh; Intel Mac OS X 10_15_7) AppleWebKit/537.36 (KHTML, like Gecko) Chrome/116.0.0.0 Safari/537.36 Edg/116.0.1938.62','2025-07-10 09:25:31'),(1284,1,'117.102.137.40','Mozilla/5.0 (Macintosh; Intel Mac OS X 10_15_7) AppleWebKit/537.36 (KHTML, like Gecko) Chrome/116.0.0.0 Safari/537.36 Edg/116.0.1938.62','2025-07-10 17:02:57'),(1285,1,'117.102.137.40','Mozilla/5.0 (Macintosh; Intel Mac OS X 10_15_7) AppleWebKit/537.36 (KHTML, like Gecko) Chrome/116.0.0.0 Safari/537.36 Edg/116.0.1938.62','2025-07-10 17:41:49'),(1286,1,'117.102.137.40','Mozilla/5.0 (Macintosh; Intel Mac OS X 10_15_7) AppleWebKit/537.36 (KHTML, like Gecko) Chrome/116.0.0.0 Safari/537.36','2025-07-12 23:06:30'),(1287,1,'117.102.137.40','Mozilla/5.0 (Macintosh; Intel Mac OS X 10_15_7) AppleWebKit/537.36 (KHTML, like Gecko) Chrome/116.0.0.0 Safari/537.36 Edg/116.0.1938.62','2025-07-13 16:37:18'),(1288,1,'117.102.137.40','Mozilla/5.0 (Macintosh; Intel Mac OS X 10_15_7) AppleWebKit/537.36 (KHTML, like Gecko) Chrome/116.0.0.0 Safari/537.36','2025-07-14 15:39:11'),(1289,1,'117.102.137.40','Mozilla/5.0 (Macintosh; Intel Mac OS X 10_15_7) AppleWebKit/537.36 (KHTML, like Gecko) Chrome/116.0.0.0 Safari/537.36 Edg/116.0.1938.62','2025-07-14 15:47:14'),(1290,1,'117.102.137.40','Mozilla/5.0 (Macintosh; Intel Mac OS X 10_15_7) AppleWebKit/537.36 (KHTML, like Gecko) Chrome/116.0.0.0 Safari/537.36','2025-07-14 22:03:43'),(1291,1,'117.102.137.40','Mozilla/5.0 (Macintosh; Intel Mac OS X 10_15_7) AppleWebKit/537.36 (KHTML, like Gecko) Chrome/116.0.0.0 Safari/537.36 Edg/116.0.1938.62','2025-07-15 11:36:34'),(1292,1,'117.102.137.40','Mozilla/5.0 (Macintosh; Intel Mac OS X 10_15_7) AppleWebKit/537.36 (KHTML, like Gecko) Chrome/116.0.0.0 Safari/537.36 Edg/116.0.1938.62','2025-07-15 17:22:48'),(1293,1,'117.102.137.40','Mozilla/5.0 (Macintosh; Intel Mac OS X 10_15_7) AppleWebKit/537.36 (KHTML, like Gecko) Chrome/116.0.0.0 Safari/537.36','2025-07-15 20:08:40'),(1294,1,'117.102.137.40','Mozilla/5.0 (Macintosh; Intel Mac OS X 10_15_7) AppleWebKit/537.36 (KHTML, like Gecko) Chrome/116.0.0.0 Safari/537.36','2025-07-16 10:37:11'),(1295,1,'117.102.137.40','Mozilla/5.0 (Macintosh; Intel Mac OS X 10_15_7) AppleWebKit/537.36 (KHTML, like Gecko) Chrome/116.0.0.0 Safari/537.36','2025-07-16 14:48:16'),(1296,1,'117.102.137.40','Mozilla/5.0 (Macintosh; Intel Mac OS X 10_15_7) AppleWebKit/537.36 (KHTML, like Gecko) Chrome/116.0.0.0 Safari/537.36 Edg/116.0.1938.62','2025-07-16 16:02:22'),(1297,1,'117.102.137.40','Mozilla/5.0 (Macintosh; Intel Mac OS X 10_15_7) AppleWebKit/537.36 (KHTML, like Gecko) Chrome/116.0.0.0 Safari/537.36','2025-07-16 16:03:01'),(1298,1,'117.102.137.40','Mozilla/5.0 (Macintosh; Intel Mac OS X 10_15_7) AppleWebKit/537.36 (KHTML, like Gecko) Chrome/116.0.0.0 Safari/537.36','2025-07-17 09:21:16'),(1299,1,'117.102.137.40','Mozilla/5.0 (Macintosh; Intel Mac OS X 10_15_7) AppleWebKit/537.36 (KHTML, like Gecko) Chrome/116.0.0.0 Safari/537.36 Edg/116.0.1938.62','2025-07-17 14:24:29'),(1300,1,'117.102.137.40','Mozilla/5.0 (Macintosh; Intel Mac OS X 10_15_7) AppleWebKit/537.36 (KHTML, like Gecko) Chrome/116.0.0.0 Safari/537.36','2025-07-17 17:04:05'),(1301,1,'117.102.137.40','Mozilla/5.0 (Macintosh; Intel Mac OS X 10_15_7) AppleWebKit/537.36 (KHTML, like Gecko) Chrome/116.0.0.0 Safari/537.36','2025-07-17 18:10:11'),(1302,1,'117.102.137.40','Mozilla/5.0 (Macintosh; Intel Mac OS X 10_15_7) AppleWebKit/537.36 (KHTML, like Gecko) Chrome/116.0.0.0 Safari/537.36','2025-07-20 19:01:39'),(1303,1,'117.102.137.40','Mozilla/5.0 (Macintosh; Intel Mac OS X 10_15_7) AppleWebKit/537.36 (KHTML, like Gecko) Chrome/116.0.0.0 Safari/537.36','2025-07-21 03:12:37'),(1304,1,'117.102.137.40','Mozilla/5.0 (Macintosh; Intel Mac OS X 10_15_7) AppleWebKit/537.36 (KHTML, like Gecko) Chrome/116.0.0.0 Safari/537.36','2025-07-21 16:26:40'),(1305,1,'117.102.137.40','Mozilla/5.0 (Macintosh; Intel Mac OS X 10_15_7) AppleWebKit/537.36 (KHTML, like Gecko) Chrome/116.0.0.0 Safari/537.36','2025-07-22 10:13:35'),(1306,1,'117.102.137.40','Mozilla/5.0 (Macintosh; Intel Mac OS X 10_15_7) AppleWebKit/537.36 (KHTML, like Gecko) Chrome/116.0.0.0 Safari/537.36','2025-07-23 22:14:24'),(1307,1,'117.102.137.40','Mozilla/5.0 (Macintosh; Intel Mac OS X 10_15_7) AppleWebKit/537.36 (KHTML, like Gecko) Chrome/116.0.0.0 Safari/537.36','2025-07-23 22:58:44'),(1308,1,'120.21.138.58','Mozilla/5.0 (iPhone; CPU iPhone OS 18_5_0 like Mac OS X) AppleWebKit/605.1.15 (KHTML, like Gecko) EdgiOS/138.0.3351.83 Version/18.0 Mobile/15E148 Safari/604.1','2025-07-24 13:44:38'),(1309,1,'117.102.137.40','Mozilla/5.0 (Macintosh; Intel Mac OS X 10_15_7) AppleWebKit/537.36 (KHTML, like Gecko) Chrome/116.0.0.0 Safari/537.36','2025-07-24 15:28:32'),(1310,1,'117.102.137.40','Mozilla/5.0 (Macintosh; Intel Mac OS X 10_15_7) AppleWebKit/537.36 (KHTML, like Gecko) Chrome/116.0.0.0 Safari/537.36','2025-07-24 19:17:03'),(1311,1,'117.102.137.40','Mozilla/5.0 (Macintosh; Intel Mac OS X 10_15_7) AppleWebKit/537.36 (KHTML, like Gecko) Chrome/116.0.0.0 Safari/537.36','2025-07-24 19:17:35'),(1312,1,'117.102.137.40','Mozilla/5.0 (Macintosh; Intel Mac OS X 10_15_7) AppleWebKit/537.36 (KHTML, like Gecko) Chrome/116.0.0.0 Safari/537.36','2025-07-25 10:01:51'),(1313,1,'120.21.75.178','Mozilla/5.0 (iPhone; CPU iPhone OS 18_5_0 like Mac OS X) AppleWebKit/605.1.15 (KHTML, like Gecko) EdgiOS/138.0.3351.98 Version/18.0 Mobile/15E148 Safari/604.1','2025-07-25 13:59:44'),(1314,1,'120.21.75.178','Mozilla/5.0 (iPhone; CPU iPhone OS 18_5_0 like Mac OS X) AppleWebKit/605.1.15 (KHTML, like Gecko) EdgiOS/138.0.3351.98 Version/18.0 Mobile/15E148 Safari/604.1','2025-07-25 14:44:26'),(1315,1,'120.21.75.178','Mozilla/5.0 (iPhone; CPU iPhone OS 18_5_0 like Mac OS X) AppleWebKit/605.1.15 (KHTML, like Gecko) EdgiOS/138.0.3351.98 Version/18.0 Mobile/15E148 Safari/604.1','2025-07-25 15:37:35'),(1316,1,'117.102.137.40','Mozilla/5.0 (Macintosh; Intel Mac OS X 10_15_7) AppleWebKit/537.36 (KHTML, like Gecko) Chrome/116.0.0.0 Safari/537.36','2025-07-25 16:25:36'),(1317,1,'117.102.137.40','Mozilla/5.0 (Macintosh; Intel Mac OS X 10_15_7) AppleWebKit/537.36 (KHTML, like Gecko) Chrome/116.0.0.0 Safari/537.36','2025-07-27 05:16:07'),(1318,1,'117.102.137.40','Mozilla/5.0 (Macintosh; Intel Mac OS X 10_15_7) AppleWebKit/537.36 (KHTML, like Gecko) Chrome/116.0.0.0 Safari/537.36','2025-07-28 08:32:35'),(1319,1,'117.102.137.40','Mozilla/5.0 (Macintosh; Intel Mac OS X 10_15_7) AppleWebKit/537.36 (KHTML, like Gecko) Chrome/116.0.0.0 Safari/537.36','2025-07-28 11:21:39'),(1320,1,'117.102.137.40','Mozilla/5.0 (Macintosh; Intel Mac OS X 10_15_7) AppleWebKit/537.36 (KHTML, like Gecko) Chrome/116.0.0.0 Safari/537.36','2025-07-28 18:15:19'),(1321,1,'101.119.87.247','Mozilla/5.0 (iPhone; CPU iPhone OS 18_5_0 like Mac OS X) AppleWebKit/605.1.15 (KHTML, like Gecko) EdgiOS/138.0.3351.98 Version/18.0 Mobile/15E148 Safari/604.1','2025-07-29 08:59:30'),(1322,1,'117.102.137.40','Mozilla/5.0 (Macintosh; Intel Mac OS X 10_15_7) AppleWebKit/537.36 (KHTML, like Gecko) Chrome/116.0.0.0 Safari/537.36','2025-07-29 09:29:02'),(1323,1,'117.102.137.40','Mozilla/5.0 (Macintosh; Intel Mac OS X 10_15_7) AppleWebKit/537.36 (KHTML, like Gecko) Chrome/116.0.0.0 Safari/537.36','2025-07-29 10:33:21'),(1324,1,'117.102.137.40','Mozilla/5.0 (Macintosh; Intel Mac OS X 10_15_7) AppleWebKit/537.36 (KHTML, like Gecko) Chrome/116.0.0.0 Safari/537.36','2025-07-29 15:24:08'),(1325,1,'101.119.147.107','Mozilla/5.0 (iPhone; CPU iPhone OS 18_5_0 like Mac OS X) AppleWebKit/605.1.15 (KHTML, like Gecko) EdgiOS/138.0.3351.98 Version/18.0 Mobile/15E148 Safari/604.1','2025-07-29 22:09:40'),(1326,1,'117.102.137.40','Mozilla/5.0 (Macintosh; Intel Mac OS X 10_15_7) AppleWebKit/537.36 (KHTML, like Gecko) Chrome/116.0.0.0 Safari/537.36','2025-07-30 01:02:15'),(1327,1,'117.102.137.40','Mozilla/5.0 (Macintosh; Intel Mac OS X 10_15_7) AppleWebKit/537.36 (KHTML, like Gecko) Chrome/116.0.0.0 Safari/537.36','2025-07-30 08:22:25'),(1328,1,'117.102.147.53','Mozilla/5.0 (Macintosh; Intel Mac OS X 10_15_7) AppleWebKit/537.36 (KHTML, like Gecko) Chrome/116.0.0.0 Safari/537.36','2025-07-30 12:11:37'),(1329,1,'117.102.147.53','Mozilla/5.0 (Macintosh; Intel Mac OS X 10_15_7) AppleWebKit/537.36 (KHTML, like Gecko) Chrome/116.0.0.0 Safari/537.36','2025-07-30 12:29:57'),(1330,1,'117.102.147.53','Mozilla/5.0 (Macintosh; Intel Mac OS X 10_15_7) AppleWebKit/537.36 (KHTML, like Gecko) Chrome/116.0.0.0 Safari/537.36','2025-07-30 12:34:43'),(1331,1,'120.19.151.19','Mozilla/5.0 (iPhone; CPU iPhone OS 18_5_0 like Mac OS X) AppleWebKit/605.1.15 (KHTML, like Gecko) EdgiOS/138.0.3351.98 Version/18.0 Mobile/15E148 Safari/604.1','2025-07-30 19:55:14'),(1332,1,'117.102.147.53','Mozilla/5.0 (Macintosh; Intel Mac OS X 10_15_7) AppleWebKit/537.36 (KHTML, like Gecko) Chrome/116.0.0.0 Safari/537.36','2025-07-31 09:54:03'),(1333,1,'101.119.77.107','Mozilla/5.0 (iPhone; CPU iPhone OS 18_5_0 like Mac OS X) AppleWebKit/605.1.15 (KHTML, like Gecko) EdgiOS/138.0.3351.109 Version/18.0 Mobile/15E148 Safari/604.1','2025-07-31 12:52:32'),(1334,1,'117.102.147.53','Mozilla/5.0 (Macintosh; Intel Mac OS X 10_15_7) AppleWebKit/537.36 (KHTML, like Gecko) Chrome/116.0.0.0 Safari/537.36','2025-07-31 15:54:28'),(1335,1,'120.19.160.163','Mozilla/5.0 (iPhone; CPU iPhone OS 18_5_0 like Mac OS X) AppleWebKit/605.1.15 (KHTML, like Gecko) EdgiOS/138.0.3351.109 Version/18.0 Mobile/15E148 Safari/604.1','2025-07-31 19:50:33'),(1336,1,'101.119.108.147','Mozilla/5.0 (iPhone; CPU iPhone OS 18_5_0 like Mac OS X) AppleWebKit/605.1.15 (KHTML, like Gecko) EdgiOS/138.0.3351.109 Version/18.0 Mobile/15E148 Safari/604.1','2025-08-01 14:12:09'),(1337,1,'101.119.163.68','Mozilla/5.0 (iPhone; CPU iPhone OS 18_5_0 like Mac OS X) AppleWebKit/605.1.15 (KHTML, like Gecko) EdgiOS/138.0.3351.109 Version/18.0 Mobile/15E148 Safari/604.1','2025-08-02 11:32:30'),(1338,1,'117.102.147.53','Mozilla/5.0 (Macintosh; Intel Mac OS X 10_15_7) AppleWebKit/537.36 (KHTML, like Gecko) Chrome/116.0.0.0 Safari/537.36','2025-08-02 17:33:39'),(1339,1,'117.102.147.53','Mozilla/5.0 (Macintosh; Intel Mac OS X 10_15_7) AppleWebKit/537.36 (KHTML, like Gecko) Chrome/116.0.0.0 Safari/537.36','2025-08-02 17:35:15'),(1340,1,'117.102.147.53','Mozilla/5.0 (Macintosh; Intel Mac OS X 10_15_7) AppleWebKit/537.36 (KHTML, like Gecko) Chrome/116.0.0.0 Safari/537.36','2025-08-02 19:19:40'),(1341,1,'117.102.147.53','Mozilla/5.0 (Macintosh; Intel Mac OS X 10_15_7) AppleWebKit/537.36 (KHTML, like Gecko) Chrome/116.0.0.0 Safari/537.36','2025-08-02 19:47:05'),(1342,1,'117.102.147.53','Mozilla/5.0 (Macintosh; Intel Mac OS X 10_15_7) AppleWebKit/537.36 (KHTML, like Gecko) Chrome/116.0.0.0 Safari/537.36','2025-08-02 19:48:36'),(1343,1,'117.102.147.53','Mozilla/5.0 (Macintosh; Intel Mac OS X 10_15_7) AppleWebKit/537.36 (KHTML, like Gecko) Chrome/116.0.0.0 Safari/537.36','2025-08-02 19:50:40'),(1344,1,'117.102.147.53','Mozilla/5.0 (Macintosh; Intel Mac OS X 10_15_7) AppleWebKit/537.36 (KHTML, like Gecko) Chrome/116.0.0.0 Safari/537.36','2025-08-02 20:05:25'),(1345,1,'117.102.147.53','Mozilla/5.0 (Macintosh; Intel Mac OS X 10_15_7) AppleWebKit/537.36 (KHTML, like Gecko) Chrome/116.0.0.0 Safari/537.36','2025-08-02 20:07:28'),(1346,1,'117.102.147.53','Mozilla/5.0 (Macintosh; Intel Mac OS X 10_15_7) AppleWebKit/537.36 (KHTML, like Gecko) Chrome/116.0.0.0 Safari/537.36','2025-08-02 20:13:17'),(1347,1,'117.102.147.53','Mozilla/5.0 (Macintosh; Intel Mac OS X 10_15_7) AppleWebKit/537.36 (KHTML, like Gecko) Chrome/116.0.0.0 Safari/537.36','2025-08-02 20:23:36'),(1348,1,'117.102.147.53','Mozilla/5.0 (Macintosh; Intel Mac OS X 10_15_7) AppleWebKit/537.36 (KHTML, like Gecko) Chrome/116.0.0.0 Safari/537.36','2025-08-02 20:32:10'),(1349,1,'117.102.147.53','Mozilla/5.0 (Macintosh; Intel Mac OS X 10_15_7) AppleWebKit/537.36 (KHTML, like Gecko) Chrome/116.0.0.0 Safari/537.36','2025-08-02 21:11:29'),(1350,1,'120.21.237.143','Mozilla/5.0 (iPhone; CPU iPhone OS 18_5_0 like Mac OS X) AppleWebKit/605.1.15 (KHTML, like Gecko) EdgiOS/138.0.3351.109 Version/18.0 Mobile/15E148 Safari/604.1','2025-08-03 21:37:20'),(1351,1,'120.21.236.215','Mozilla/5.0 (iPhone; CPU iPhone OS 18_5_0 like Mac OS X) AppleWebKit/605.1.15 (KHTML, like Gecko) EdgiOS/138.0.3351.109 Version/18.0 Mobile/15E148 Safari/604.1','2025-08-04 15:19:00'),(1352,1,'120.21.236.215','Mozilla/5.0 (iPhone; CPU iPhone OS 18_5_0 like Mac OS X) AppleWebKit/605.1.15 (KHTML, like Gecko) EdgiOS/138.0.3351.109 Version/18.0 Mobile/15E148 Safari/604.1','2025-08-04 16:03:10'),(1353,1,'120.21.236.215','Mozilla/5.0 (iPhone; CPU iPhone OS 18_5_0 like Mac OS X) AppleWebKit/605.1.15 (KHTML, like Gecko) EdgiOS/138.0.3351.109 Version/18.0 Mobile/15E148 Safari/604.1','2025-08-04 20:29:50'),(1354,1,'120.22.212.89','Mozilla/5.0 (iPhone; CPU iPhone OS 18_5_0 like Mac OS X) AppleWebKit/605.1.15 (KHTML, like Gecko) EdgiOS/138.0.3351.109 Version/18.0 Mobile/15E148 Safari/604.1','2025-08-05 08:47:49'),(1355,1,'120.22.127.101','Mozilla/5.0 (Macintosh; Intel Mac OS X 10_15_7) AppleWebKit/605.1.15 (KHTML, like Gecko) Version/17.8 Safari/605.1.15','2025-08-06 09:07:10'),(1356,1,'120.22.127.101','Mozilla/5.0 (Macintosh; Intel Mac OS X 10_15_7) AppleWebKit/605.1.15 (KHTML, like Gecko) Version/17.8 Safari/605.1.15','2025-08-06 09:26:19'),(1357,1,'120.22.103.250','Mozilla/5.0 (iPhone; CPU iPhone OS 18_5_0 like Mac OS X) AppleWebKit/605.1.15 (KHTML, like Gecko) EdgiOS/138.0.3351.109 Version/18.0 Mobile/15E148 Safari/604.1','2025-08-06 11:25:16'),(1358,1,'120.22.103.250','Mozilla/5.0 (iPhone; CPU iPhone OS 18_5_0 like Mac OS X) AppleWebKit/605.1.15 (KHTML, like Gecko) EdgiOS/138.0.3351.109 Version/18.0 Mobile/15E148 Safari/604.1','2025-08-06 14:54:59'),(1359,1,'117.102.147.53','Mozilla/5.0 (Macintosh; Intel Mac OS X 10_15_7) AppleWebKit/537.36 (KHTML, like Gecko) Chrome/116.0.0.0 Safari/537.36','2025-08-07 15:08:31'),(1360,1,'117.102.147.53','Mozilla/5.0 (Macintosh; Intel Mac OS X 10_15_7) AppleWebKit/537.36 (KHTML, like Gecko) Chrome/116.0.0.0 Safari/537.36','2025-08-07 15:10:06'),(1361,1,'117.102.147.53','Mozilla/5.0 (Macintosh; Intel Mac OS X 10_15_7) AppleWebKit/537.36 (KHTML, like Gecko) Chrome/116.0.0.0 Safari/537.36','2025-08-07 18:25:47'),(1362,1,'117.102.128.5','Mozilla/5.0 (Macintosh; Intel Mac OS X 10_15_7) AppleWebKit/537.36 (KHTML, like Gecko) Chrome/116.0.0.0 Safari/537.36','2025-08-08 10:43:24'),(1363,1,'117.102.128.5','Mozilla/5.0 (Macintosh; Intel Mac OS X 10_15_7) AppleWebKit/537.36 (KHTML, like Gecko) Chrome/116.0.0.0 Safari/537.36','2025-08-08 14:42:31'),(1364,1,'117.102.128.5','Mozilla/5.0 (Windows NT 10.0; Win64; x64) AppleWebKit/537.36 (KHTML, like Gecko) Chrome/135.0.0.0 Safari/537.36','2025-08-08 15:22:15'),(1365,1,'101.119.100.186','Mozilla/5.0 (iPhone; CPU iPhone OS 18_5_0 like Mac OS X) AppleWebKit/605.1.15 (KHTML, like Gecko) EdgiOS/138.0.3351.121 Version/18.0 Mobile/15E148 Safari/604.1','2025-08-10 14:30:31'),(1366,1,'117.102.128.5','Mozilla/5.0 (Macintosh; Intel Mac OS X 10_15_7) AppleWebKit/537.36 (KHTML, like Gecko) Chrome/116.0.0.0 Safari/537.36','2025-08-11 00:15:32'),(1367,1,'120.21.18.150','Mozilla/5.0 (iPhone; CPU iPhone OS 18_5_0 like Mac OS X) AppleWebKit/605.1.15 (KHTML, like Gecko) EdgiOS/138.0.3351.121 Version/18.0 Mobile/15E148 Safari/604.1','2025-08-13 15:24:49'),(1368,1,'117.102.128.5','Mozilla/5.0 (Macintosh; Intel Mac OS X 10_15_7) AppleWebKit/537.36 (KHTML, like Gecko) Chrome/116.0.0.0 Safari/537.36','2025-08-13 22:45:52'),(1369,1,'117.102.128.5','Mozilla/5.0 (Macintosh; Intel Mac OS X 10_15_7) AppleWebKit/537.36 (KHTML, like Gecko) Chrome/116.0.0.0 Safari/537.36','2025-08-14 08:41:00'),(1370,1,'117.102.128.5','Mozilla/5.0 (Macintosh; Intel Mac OS X 10_15_7) AppleWebKit/537.36 (KHTML, like Gecko) Chrome/116.0.0.0 Safari/537.36','2025-08-18 10:14:41'),(1371,1,'101.119.68.74','Mozilla/5.0 (iPhone; CPU iPhone OS 18_5_0 like Mac OS X) AppleWebKit/605.1.15 (KHTML, like Gecko) EdgiOS/139.0.3405.86 Version/18.0 Mobile/15E148 Safari/604.1','2025-08-19 10:46:13'),(1372,1,'117.102.140.33','Mozilla/5.0 (Windows NT 10.0; Win64; x64) AppleWebKit/537.36 (KHTML, like Gecko) Chrome/139.0.0.0 Safari/537.36 Edg/139.0.0.0','2025-08-20 10:27:05'),(1373,1,'117.102.140.33','Mozilla/5.0 (Macintosh; Intel Mac OS X 10_15_7) AppleWebKit/537.36 (KHTML, like Gecko) Chrome/116.0.0.0 Safari/537.36','2025-08-20 10:47:38'),(1374,1,'117.102.140.33','Mozilla/5.0 (Macintosh; Intel Mac OS X 10_15_7) AppleWebKit/537.36 (KHTML, like Gecko) Chrome/116.0.0.0 Safari/537.36','2025-08-20 14:52:07'),(1375,1,'117.102.140.33','Mozilla/5.0 (iPhone; CPU iPhone OS 18_5_0 like Mac OS X) AppleWebKit/605.1.15 (KHTML, like Gecko) EdgiOS/139.0.3405.86 Version/18.0 Mobile/15E148 Safari/604.1','2025-08-20 17:42:08'),(1376,1,'117.102.140.33','Mozilla/5.0 (Macintosh; Intel Mac OS X 10_15_7) AppleWebKit/537.36 (KHTML, like Gecko) Chrome/116.0.0.0 Safari/537.36','2025-08-21 08:29:01'),(1377,1,'117.102.140.33','Mozilla/5.0 (Macintosh; Intel Mac OS X 10_15_7) AppleWebKit/537.36 (KHTML, like Gecko) Chrome/116.0.0.0 Safari/537.36','2025-08-21 14:56:41'),(1378,1,'117.102.140.33','Mozilla/5.0 (Macintosh; Intel Mac OS X 10_15_7) AppleWebKit/537.36 (KHTML, like Gecko) Chrome/116.0.0.0 Safari/537.36','2025-08-21 18:28:45'),(1379,1,'117.102.140.33','Mozilla/5.0 (iPhone; CPU iPhone OS 18_5_0 like Mac OS X) AppleWebKit/605.1.15 (KHTML, like Gecko) EdgiOS/139.0.3405.101 Version/18.0 Mobile/15E148 Safari/604.1','2025-08-21 21:49:05'),(1380,1,'117.102.140.33','Mozilla/5.0 (Macintosh; Intel Mac OS X 10_15_7) AppleWebKit/537.36 (KHTML, like Gecko) Chrome/116.0.0.0 Safari/537.36','2025-08-21 22:22:28'),(1381,1,'117.102.140.33','Mozilla/5.0 (Macintosh; Intel Mac OS X 10_15_7) AppleWebKit/537.36 (KHTML, like Gecko) Chrome/116.0.0.0 Safari/537.36','2025-08-22 06:34:48'),(1382,1,'117.102.140.33','Mozilla/5.0 (Macintosh; Intel Mac OS X 10_15_7) AppleWebKit/537.36 (KHTML, like Gecko) Chrome/116.0.0.0 Safari/537.36 Edg/116.0.1938.62','2025-08-22 13:40:53'),(1383,1,'117.102.140.33','Mozilla/5.0 (Macintosh; Intel Mac OS X 10_15_7) AppleWebKit/537.36 (KHTML, like Gecko) Chrome/116.0.0.0 Safari/537.36','2025-08-22 15:20:09'),(1384,1,'117.102.140.33','Mozilla/5.0 (Macintosh; Intel Mac OS X 10_15_7) AppleWebKit/537.36 (KHTML, like Gecko) Chrome/116.0.0.0 Safari/537.36','2025-08-23 00:45:53'),(1385,1,'117.102.140.33','Mozilla/5.0 (Macintosh; Intel Mac OS X 10_15_7) AppleWebKit/537.36 (KHTML, like Gecko) Chrome/116.0.0.0 Safari/537.36','2025-08-23 09:26:44'),(1386,1,'117.102.140.33','Mozilla/5.0 (Macintosh; Intel Mac OS X 10_15_7) AppleWebKit/537.36 (KHTML, like Gecko) Chrome/116.0.0.0 Safari/537.36','2025-08-23 14:41:44'),(1387,1,'117.102.139.70','Mozilla/5.0 (Macintosh; Intel Mac OS X 10_14_6) AppleWebKit/605.1.15 (KHTML, like Gecko) Version/14.1.2 Safari/605.1.15','2025-08-25 10:04:26'),(1388,1,'117.102.139.70','Mozilla/5.0 (Macintosh; Intel Mac OS X 10_15_7) AppleWebKit/537.36 (KHTML, like Gecko) Chrome/116.0.0.0 Safari/537.36','2025-08-25 13:15:49'),(1389,1,'117.102.139.70','Mozilla/5.0 (Macintosh; Intel Mac OS X 10_15_7) AppleWebKit/537.36 (KHTML, like Gecko) Chrome/116.0.0.0 Safari/537.36','2025-08-25 23:28:16'),(1390,1,'101.119.80.223','Mozilla/5.0 (iPhone; CPU iPhone OS 18_5_0 like Mac OS X) AppleWebKit/605.1.15 (KHTML, like Gecko) EdgiOS/139.0.3405.101 Version/18.0 Mobile/15E148 Safari/604.1','2025-08-26 16:02:38'),(1391,1,'117.102.139.70','Mozilla/5.0 (Macintosh; Intel Mac OS X 10_15_7) AppleWebKit/537.36 (KHTML, like Gecko) Chrome/116.0.0.0 Safari/537.36','2025-08-26 17:23:14'),(1392,1,'117.102.139.70','Mozilla/5.0 (Macintosh; Intel Mac OS X 10_15_7) AppleWebKit/537.36 (KHTML, like Gecko) Chrome/116.0.0.0 Safari/537.36','2025-08-26 21:07:26'),(1393,1,'117.102.132.198','Mozilla/5.0 (Windows NT 10.0; Win64; x64) AppleWebKit/537.36 (KHTML, like Gecko) Chrome/139.0.0.0 Safari/537.36 Edg/139.0.0.0','2025-08-27 11:17:20'),(1394,1,'117.102.132.198','Mozilla/5.0 (Macintosh; Intel Mac OS X 10_15_7) AppleWebKit/537.36 (KHTML, like Gecko) Chrome/116.0.0.0 Safari/537.36','2025-08-27 14:33:41'),(1395,1,'117.102.132.198','Mozilla/5.0 (Macintosh; Intel Mac OS X 10_15_7) AppleWebKit/537.36 (KHTML, like Gecko) Chrome/116.0.0.0 Safari/537.36','2025-08-28 14:31:40'),(1396,1,'117.102.132.198','Mozilla/5.0 (Macintosh; Intel Mac OS X 10_15_7) AppleWebKit/537.36 (KHTML, like Gecko) Chrome/116.0.0.0 Safari/537.36 Edg/116.0.1938.62','2025-08-29 08:43:07'),(1397,1,'117.102.132.198','Mozilla/5.0 (Macintosh; Intel Mac OS X 10_15_7) AppleWebKit/537.36 (KHTML, like Gecko) Chrome/116.0.0.0 Safari/537.36','2025-08-29 10:33:40'),(1398,1,'117.102.132.198','Mozilla/5.0 (iPhone; CPU iPhone OS 18_5_0 like Mac OS X) AppleWebKit/605.1.15 (KHTML, like Gecko) EdgiOS/139.0.3405.111 Version/18.0 Mobile/15E148 Safari/604.1','2025-08-29 14:54:43'),(1399,1,'101.119.117.127','Mozilla/5.0 (iPhone; CPU iPhone OS 18_6_2 like Mac OS X) AppleWebKit/605.1.15 (KHTML, like Gecko) EdgiOS/139.0.3405.111 Version/18.0 Mobile/15E148 Safari/604.1','2025-08-31 09:55:36'),(1400,1,'117.102.132.198','Mozilla/5.0 (Macintosh; Intel Mac OS X 10_15_7) AppleWebKit/537.36 (KHTML, like Gecko) Chrome/116.0.0.0 Safari/537.36','2025-08-31 17:24:52'),(1401,1,'117.102.132.198','Mozilla/5.0 (Macintosh; Intel Mac OS X 10_15_7) AppleWebKit/537.36 (KHTML, like Gecko) Chrome/116.0.0.0 Safari/537.36','2025-08-31 17:25:42'),(1402,1,'117.102.132.198','Mozilla/5.0 (Macintosh; Intel Mac OS X 10_15_7) AppleWebKit/537.36 (KHTML, like Gecko) Chrome/116.0.0.0 Safari/537.36 Edg/116.0.1938.62','2025-09-01 08:49:08'),(1403,1,'117.102.132.198','Mozilla/5.0 (Macintosh; Intel Mac OS X 10_15_7) AppleWebKit/537.36 (KHTML, like Gecko) Chrome/116.0.0.0 Safari/537.36','2025-09-01 12:05:25'),(1404,1,'117.102.132.198','Mozilla/5.0 (Macintosh; Intel Mac OS X 10_15_7) AppleWebKit/537.36 (KHTML, like Gecko) Chrome/116.0.0.0 Safari/537.36','2025-09-01 16:52:46'),(1405,1,'117.102.132.198','Mozilla/5.0 (Macintosh; Intel Mac OS X 10_15_7) AppleWebKit/537.36 (KHTML, like Gecko) Chrome/116.0.0.0 Safari/537.36','2025-09-02 06:55:32'),(1406,1,'117.102.132.198','Mozilla/5.0 (Macintosh; Intel Mac OS X 10_15_7) AppleWebKit/537.36 (KHTML, like Gecko) Chrome/116.0.0.0 Safari/537.36','2025-09-02 10:04:20'),(1407,1,'117.102.132.198','Mozilla/5.0 (Macintosh; Intel Mac OS X 10_15_7) AppleWebKit/537.36 (KHTML, like Gecko) Chrome/116.0.0.0 Safari/537.36 Edg/116.0.1938.62','2025-09-02 14:22:33'),(1408,1,'117.102.132.198','Mozilla/5.0 (Macintosh; Intel Mac OS X 10_15_7) AppleWebKit/537.36 (KHTML, like Gecko) Chrome/116.0.0.0 Safari/537.36','2025-09-03 12:09:29'),(1409,1,'117.102.132.198','Mozilla/5.0 (Macintosh; Intel Mac OS X 10_15_7) AppleWebKit/537.36 (KHTML, like Gecko) Chrome/116.0.0.0 Safari/537.36','2025-09-06 09:29:30'),(1410,1,'117.102.132.198','Mozilla/5.0 (Macintosh; Intel Mac OS X 10_15_7) AppleWebKit/537.36 (KHTML, like Gecko) Chrome/116.0.0.0 Safari/537.36','2025-09-06 09:51:24'),(1411,1,'117.102.132.198','Mozilla/5.0 (Macintosh; Intel Mac OS X 10_15_7) AppleWebKit/537.36 (KHTML, like Gecko) Chrome/116.0.0.0 Safari/537.36','2025-09-06 10:03:26'),(1412,1,'117.102.132.198','Mozilla/5.0 (Macintosh; Intel Mac OS X 10_15_7) AppleWebKit/537.36 (KHTML, like Gecko) Chrome/116.0.0.0 Safari/537.36','2025-09-06 10:21:53'),(1413,1,'117.102.132.198','Mozilla/5.0 (Macintosh; Intel Mac OS X 10_15_7) AppleWebKit/537.36 (KHTML, like Gecko) Chrome/116.0.0.0 Safari/537.36','2025-09-06 17:29:16'),(1414,1,'117.102.132.198','Mozilla/5.0 (Macintosh; Intel Mac OS X 10_15_7) AppleWebKit/537.36 (KHTML, like Gecko) Chrome/116.0.0.0 Safari/537.36','2025-09-06 20:34:26'),(1415,1,'101.181.110.179','Mozilla/5.0 (iPhone; CPU iPhone OS 18_6_2 like Mac OS X) AppleWebKit/605.1.15 (KHTML, like Gecko) EdgiOS/139.0.3405.125 Version/18.0 Mobile/15E148 Safari/604.1','2025-09-07 13:05:43'),(1416,1,'117.102.132.198','Mozilla/5.0 (Macintosh; Intel Mac OS X 10_15_7) AppleWebKit/537.36 (KHTML, like Gecko) Chrome/116.0.0.0 Safari/537.36','2025-09-08 15:50:54'),(1417,1,'117.102.132.198','Mozilla/5.0 (Macintosh; Intel Mac OS X 10_15_7) AppleWebKit/537.36 (KHTML, like Gecko) Chrome/116.0.0.0 Safari/537.36','2025-09-08 15:52:01'),(1418,1,'117.102.132.198','Mozilla/5.0 (Macintosh; Intel Mac OS X 10_15_7) AppleWebKit/537.36 (KHTML, like Gecko) Chrome/116.0.0.0 Safari/537.36','2025-09-08 16:42:57'),(1419,1,'117.102.132.198','Mozilla/5.0 (Macintosh; Intel Mac OS X 10_15_7) AppleWebKit/537.36 (KHTML, like Gecko) Chrome/116.0.0.0 Safari/537.36','2025-09-08 16:49:38'),(1420,1,'117.102.132.198','Mozilla/5.0 (Windows NT 10.0; Win64; x64) AppleWebKit/537.36 (KHTML, like Gecko) Chrome/139.0.0.0 Safari/537.36 Edg/139.0.0.0','2025-09-09 09:46:49'),(1421,1,'117.102.132.198','Mozilla/5.0 (Macintosh; Intel Mac OS X 10_15_7) AppleWebKit/537.36 (KHTML, like Gecko) Chrome/116.0.0.0 Safari/537.36','2025-09-09 10:55:17'),(1422,1,'117.102.132.198','Mozilla/5.0 (Macintosh; Intel Mac OS X 10_15_7) AppleWebKit/537.36 (KHTML, like Gecko) Chrome/116.0.0.0 Safari/537.36 Edg/116.0.1938.62','2025-09-11 07:10:42'),(1423,1,'120.21.1.164','Mozilla/5.0 (iPhone; CPU iPhone OS 18_6_2 like Mac OS X) AppleWebKit/605.1.15 (KHTML, like Gecko) EdgiOS/139.0.3405.125 Version/18.0 Mobile/15E148 Safari/604.1','2025-09-11 10:22:09'),(1424,1,'117.102.132.198','Mozilla/5.0 (Macintosh; Intel Mac OS X 10_15_7) AppleWebKit/537.36 (KHTML, like Gecko) Chrome/116.0.0.0 Safari/537.36','2025-09-11 17:43:17'),(1425,1,'117.102.132.198','Mozilla/5.0 (iPhone; CPU iPhone OS 18_6_2 like Mac OS X) AppleWebKit/605.1.15 (KHTML, like Gecko) EdgiOS/139.0.3405.125 Version/18.0 Mobile/15E148 Safari/604.1','2025-09-11 18:48:35'),(1426,1,'117.102.132.198','Mozilla/5.0 (Macintosh; Intel Mac OS X 10_15_7) AppleWebKit/537.36 (KHTML, like Gecko) Chrome/116.0.0.0 Safari/537.36','2025-09-12 10:10:49'),(1427,1,'117.102.132.198','Mozilla/5.0 (iPhone; CPU iPhone OS 18_6_2 like Mac OS X) AppleWebKit/605.1.15 (KHTML, like Gecko) EdgiOS/139.0.3405.125 Version/18.0 Mobile/15E148 Safari/604.1','2025-09-12 14:52:57'),(1428,1,'120.21.218.216','Mozilla/5.0 (iPhone; CPU iPhone OS 18_6_2 like Mac OS X) AppleWebKit/605.1.15 (KHTML, like Gecko) EdgiOS/139.0.3405.125 Version/18.0 Mobile/15E148 Safari/604.1','2025-09-14 10:15:52'),(1429,1,'117.102.132.198','Mozilla/5.0 (Macintosh; Intel Mac OS X 10_15_7) AppleWebKit/537.36 (KHTML, like Gecko) Chrome/116.0.0.0 Safari/537.36','2025-09-14 18:29:14'),(1430,1,'117.102.132.198','Mozilla/5.0 (Macintosh; Intel Mac OS X 10_15_7) AppleWebKit/537.36 (KHTML, like Gecko) Chrome/116.0.0.0 Safari/537.36','2025-09-15 08:20:46'),(1431,1,'117.102.132.198','Mozilla/5.0 (Macintosh; Intel Mac OS X 10_15_7) AppleWebKit/537.36 (KHTML, like Gecko) Chrome/116.0.0.0 Safari/537.36','2025-09-15 12:07:44'),(1432,1,'117.102.132.198','Mozilla/5.0 (Macintosh; Intel Mac OS X 10_15_7) AppleWebKit/537.36 (KHTML, like Gecko) Chrome/116.0.0.0 Safari/537.36','2025-09-15 13:42:29'),(1433,1,'120.21.22.173','Mozilla/5.0 (iPhone; CPU iPhone OS 18_6_2 like Mac OS X) AppleWebKit/605.1.15 (KHTML, like Gecko) Version/18.6 Mobile/15E148 Safari/604.1','2025-09-15 15:56:00'),(1434,1,'117.102.132.198','Mozilla/5.0 (Macintosh; Intel Mac OS X 10_15_7) AppleWebKit/537.36 (KHTML, like Gecko) Chrome/116.0.0.0 Safari/537.36','2025-09-15 17:31:11'),(1435,1,'117.102.132.198','Mozilla/5.0 (Macintosh; Intel Mac OS X 10_15_7) AppleWebKit/537.36 (KHTML, like Gecko) Chrome/116.0.0.0 Safari/537.36','2025-09-15 17:55:36'),(1436,1,'117.102.132.198','Mozilla/5.0 (Macintosh; Intel Mac OS X 10_15_7) AppleWebKit/537.36 (KHTML, like Gecko) Chrome/116.0.0.0 Safari/537.36','2025-09-15 17:55:55'),(1437,1,'117.102.132.198','Mozilla/5.0 (Macintosh; Intel Mac OS X 10_15_7) AppleWebKit/537.36 (KHTML, like Gecko) Chrome/116.0.0.0 Safari/537.36','2025-09-15 18:03:40'),(1438,1,'117.102.132.198','Mozilla/5.0 (Macintosh; Intel Mac OS X 10_15_7) AppleWebKit/537.36 (KHTML, like Gecko) Chrome/116.0.0.0 Safari/537.36','2025-09-15 18:54:12'),(1439,1,'117.102.132.198','Mozilla/5.0 (Macintosh; Intel Mac OS X 10_15_7) AppleWebKit/537.36 (KHTML, like Gecko) Chrome/116.0.0.0 Safari/537.36','2025-09-15 18:57:53'),(1440,1,'117.102.132.198','Mozilla/5.0 (Macintosh; Intel Mac OS X 10_15_7) AppleWebKit/537.36 (KHTML, like Gecko) Chrome/116.0.0.0 Safari/537.36','2025-09-16 10:44:18'),(1441,1,'117.102.132.198','Mozilla/5.0 (iPhone; CPU iPhone OS 18_6_2 like Mac OS X) AppleWebKit/605.1.15 (KHTML, like Gecko) Version/18.6 Mobile/15E148 Safari/604.1','2025-09-16 13:42:04'),(1442,1,'117.102.132.198','Mozilla/5.0 (Macintosh; Intel Mac OS X 10_15_7) AppleWebKit/605.1.15 (KHTML, like Gecko) Version/17.8 Safari/605.1.15','2025-09-16 13:45:33'),(1443,1,'117.102.132.198','Mozilla/5.0 (Macintosh; Intel Mac OS X 10_15_7) AppleWebKit/537.36 (KHTML, like Gecko) Chrome/116.0.0.0 Safari/537.36','2025-09-16 14:41:56'),(1444,1,'117.102.151.206','Mozilla/5.0 (Macintosh; Intel Mac OS X 10_15_7) AppleWebKit/537.36 (KHTML, like Gecko) Chrome/116.0.0.0 Safari/537.36','2025-09-17 09:53:34'),(1445,1,'117.102.151.206','Mozilla/5.0 (Macintosh; Intel Mac OS X 10_15_7) AppleWebKit/537.36 (KHTML, like Gecko) Chrome/116.0.0.0 Safari/537.36','2025-09-17 11:11:03'),(1446,1,'117.102.151.206','Mozilla/5.0 (Windows NT 10.0; Win64; x64) AppleWebKit/537.36 (KHTML, like Gecko) Chrome/139.0.0.0 Safari/537.36 Edg/139.0.0.0','2025-09-17 12:25:25'),(1447,1,'117.102.151.206','Mozilla/5.0 (Macintosh; Intel Mac OS X 10_15_7) AppleWebKit/537.36 (KHTML, like Gecko) Chrome/116.0.0.0 Safari/537.36','2025-09-17 19:11:28'),(1448,1,'117.102.151.206','Mozilla/5.0 (Macintosh; Intel Mac OS X 10_15_7) AppleWebKit/537.36 (KHTML, like Gecko) Chrome/116.0.0.0 Safari/537.36','2025-09-18 08:44:34'),(1449,1,'117.102.151.206','Mozilla/5.0 (Macintosh; Intel Mac OS X 10_15_7) AppleWebKit/537.36 (KHTML, like Gecko) Chrome/116.0.0.0 Safari/537.36','2025-09-18 11:20:18'),(1450,1,'120.19.178.224','Mozilla/5.0 (Macintosh; Intel Mac OS X 10_15_7) AppleWebKit/605.1.15 (KHTML, like Gecko) Version/17.8 Safari/605.1.15','2025-09-18 14:55:05'),(1451,1,'117.102.151.206','Mozilla/5.0 (iPhone; CPU iPhone OS 18_6_2 like Mac OS X) AppleWebKit/605.1.15 (KHTML, like Gecko) Version/18.6 Mobile/15E148 Safari/604.1','2025-09-18 18:35:03'),(1452,1,'117.102.151.206','Mozilla/5.0 (Macintosh; Intel Mac OS X 10_15_7) AppleWebKit/537.36 (KHTML, like Gecko) Chrome/116.0.0.0 Safari/537.36','2025-09-19 11:09:57'),(1453,1,'117.102.151.206','Mozilla/5.0 (Macintosh; Intel Mac OS X 10_15_7) AppleWebKit/537.36 (KHTML, like Gecko) Chrome/116.0.0.0 Safari/537.36','2025-09-19 17:12:33'),(1454,1,'117.102.151.206','Mozilla/5.0 (Macintosh; Intel Mac OS X 10_15_7) AppleWebKit/537.36 (KHTML, like Gecko) Chrome/116.0.0.0 Safari/537.36','2025-09-20 09:36:19'),(1455,1,'101.115.129.74','Mozilla/5.0 (Macintosh; Intel Mac OS X 10_15_7) AppleWebKit/537.36 (KHTML, like Gecko) Chrome/116.0.0.0 Safari/537.36','2025-09-20 16:52:57'),(1456,1,'101.115.129.74','Mozilla/5.0 (iPhone; CPU iPhone OS 18_6_2 like Mac OS X) AppleWebKit/605.1.15 (KHTML, like Gecko) Version/18.6 Mobile/15E148 Safari/604.1','2025-09-20 20:59:07'),(1457,1,'101.115.129.74','Mozilla/5.0 (iPhone; CPU iPhone OS 18_6_2 like Mac OS X) AppleWebKit/605.1.15 (KHTML, like Gecko) Version/18.6 Mobile/15E148 Safari/604.1','2025-09-21 09:50:55'),(1458,1,'101.115.129.74','Mozilla/5.0 (Macintosh; Intel Mac OS X 10_15_7) AppleWebKit/537.36 (KHTML, like Gecko) Chrome/116.0.0.0 Safari/537.36','2025-09-21 14:30:34'),(1459,1,'101.115.129.74','Mozilla/5.0 (Macintosh; Intel Mac OS X 10_15_7) AppleWebKit/537.36 (KHTML, like Gecko) Chrome/116.0.0.0 Safari/537.36','2025-09-21 18:24:14'),(1460,1,'101.115.129.74','Mozilla/5.0 (iPhone; CPU iPhone OS 18_6_2 like Mac OS X) AppleWebKit/605.1.15 (KHTML, like Gecko) Version/18.6 Mobile/15E148 Safari/604.1','2025-09-21 20:07:57'),(1461,1,'101.115.129.74','Mozilla/5.0 (iPhone; CPU iPhone OS 18_6_2 like Mac OS X) AppleWebKit/605.1.15 (KHTML, like Gecko) Version/18.6 Mobile/15E148 Safari/604.1','2025-09-21 20:09:03'),(1462,1,'101.115.129.74','Mozilla/5.0 (Macintosh; Intel Mac OS X 10_15_7) AppleWebKit/537.36 (KHTML, like Gecko) Chrome/116.0.0.0 Safari/537.36','2025-09-22 03:44:16'),(1463,1,'120.22.192.168','Mozilla/5.0 (iPhone; CPU iPhone OS 18_6_2 like Mac OS X) AppleWebKit/605.1.15 (KHTML, like Gecko) Version/18.6 Mobile/15E148 Safari/604.1','2025-09-22 08:21:22'),(1464,1,'120.22.125.173','Mozilla/5.0 (Macintosh; Intel Mac OS X 10_15_7) AppleWebKit/605.1.15 (KHTML, like Gecko) Version/17.8 Safari/605.1.15','2025-09-24 05:50:06'),(1465,1,'120.22.236.54','Mozilla/5.0 (iPhone; CPU iPhone OS 18_6_2 like Mac OS X) AppleWebKit/605.1.15 (KHTML, like Gecko) Version/18.6 Mobile/15E148 Safari/604.1','2025-09-24 20:38:31'),(1466,1,'120.22.209.0','Mozilla/5.0 (Macintosh; Intel Mac OS X 10_15_7) AppleWebKit/605.1.15 (KHTML, like Gecko) Version/17.8 Safari/605.1.15','2025-09-26 17:58:16'),(1467,1,'101.115.129.74','Mozilla/5.0 (Macintosh; Intel Mac OS X 10_14_6) AppleWebKit/605.1.15 (KHTML, like Gecko) Version/14.1.2 Safari/605.1.15','2025-09-28 10:50:14'),(1468,1,'101.115.129.74','Mozilla/5.0 (Macintosh; Intel Mac OS X 10_15_7) AppleWebKit/537.36 (KHTML, like Gecko) Chrome/116.0.0.0 Safari/537.36','2025-09-28 10:58:44'),(1469,1,'101.115.129.74','Mozilla/5.0 (Macintosh; Intel Mac OS X 10_15_7) AppleWebKit/537.36 (KHTML, like Gecko) Chrome/116.0.0.0 Safari/537.36','2025-09-28 23:49:28'),(1470,1,'101.115.129.74','Mozilla/5.0 (Macintosh; Intel Mac OS X 10_15_7) AppleWebKit/537.36 (KHTML, like Gecko) Chrome/116.0.0.0 Safari/537.36','2025-09-29 08:42:26'),(1471,1,'101.119.147.118','Mozilla/5.0 (iPhone; CPU iPhone OS 18_6_2 like Mac OS X) AppleWebKit/605.1.15 (KHTML, like Gecko) Version/18.6 Mobile/15E148 Safari/604.1','2025-09-29 10:28:16'),(1472,1,'101.115.129.74','Mozilla/5.0 (Macintosh; Intel Mac OS X 10_15_7) AppleWebKit/537.36 (KHTML, like Gecko) Chrome/116.0.0.0 Safari/537.36','2025-09-29 12:14:34'),(1473,1,'101.115.129.74','Mozilla/5.0 (Macintosh; Intel Mac OS X 10_15_7) AppleWebKit/537.36 (KHTML, like Gecko) Chrome/116.0.0.0 Safari/537.36','2025-09-30 06:42:26'),(1474,1,'101.115.129.74','Mozilla/5.0 (iPhone; CPU iPhone OS 18_6_2 like Mac OS X) AppleWebKit/605.1.15 (KHTML, like Gecko) Version/18.6 Mobile/15E148 Safari/604.1','2025-10-01 10:17:11'),(1475,1,'101.115.129.74','Mozilla/5.0 (Macintosh; Intel Mac OS X 10_15_7) AppleWebKit/537.36 (KHTML, like Gecko) Chrome/116.0.0.0 Safari/537.36','2025-10-01 11:46:31'),(1476,1,'101.115.129.74','Mozilla/5.0 (Macintosh; Intel Mac OS X 10_15_7) AppleWebKit/537.36 (KHTML, like Gecko) Chrome/116.0.0.0 Safari/537.36','2025-10-01 15:41:20'),(1477,1,'101.115.129.74','Mozilla/5.0 (Macintosh; Intel Mac OS X 10_15_7) AppleWebKit/537.36 (KHTML, like Gecko) Chrome/116.0.0.0 Safari/537.36','2025-10-02 07:39:48'),(1478,1,'101.119.183.201','Mozilla/5.0 (iPhone; CPU iPhone OS 18_6_2 like Mac OS X) AppleWebKit/605.1.15 (KHTML, like Gecko) Version/18.6 Mobile/15E148 Safari/604.1','2025-10-03 12:25:12'),(1479,1,'101.115.129.74','Mozilla/5.0 (Macintosh; Intel Mac OS X 10_15_7) AppleWebKit/537.36 (KHTML, like Gecko) Chrome/116.0.0.0 Safari/537.36','2025-10-03 19:44:14'),(1480,1,'101.115.129.74','Mozilla/5.0 (Macintosh; Intel Mac OS X 10_15_7) AppleWebKit/537.36 (KHTML, like Gecko) Chrome/116.0.0.0 Safari/537.36','2025-10-04 13:35:10'),(1481,1,'101.115.129.74','Mozilla/5.0 (iPhone; CPU iPhone OS 18_6_2 like Mac OS X) AppleWebKit/605.1.15 (KHTML, like Gecko) Version/18.6 Mobile/15E148 Safari/604.1','2025-10-04 22:42:51'),(1482,1,'101.115.129.74','Mozilla/5.0 (Macintosh; Intel Mac OS X 10_15_7) AppleWebKit/537.36 (KHTML, like Gecko) Chrome/116.0.0.0 Safari/537.36','2025-10-06 09:23:48'),(1483,1,'101.115.129.74','Mozilla/5.0 (Macintosh; Intel Mac OS X 10_15_7) AppleWebKit/537.36 (KHTML, like Gecko) Chrome/116.0.0.0 Safari/537.36','2025-10-06 12:00:49'),(1484,1,'101.115.129.74','Mozilla/5.0 (iPhone; CPU iPhone OS 18_6_2 like Mac OS X) AppleWebKit/605.1.15 (KHTML, like Gecko) Version/18.6 Mobile/15E148 Safari/604.1','2025-10-06 13:27:32'),(1485,1,'101.115.129.74','Mozilla/5.0 (Macintosh; Intel Mac OS X 10_15_7) AppleWebKit/537.36 (KHTML, like Gecko) Chrome/116.0.0.0 Safari/537.36','2025-10-07 12:03:35'),(1486,1,'101.115.129.74','Mozilla/5.0 (Macintosh; Intel Mac OS X 10_15_7) AppleWebKit/537.36 (KHTML, like Gecko) Chrome/116.0.0.0 Safari/537.36','2025-10-07 13:57:04'),(1487,1,'101.115.129.74','Mozilla/5.0 (Macintosh; Intel Mac OS X 10_15_7) AppleWebKit/537.36 (KHTML, like Gecko) Chrome/116.0.0.0 Safari/537.36','2025-10-07 18:01:42'),(1488,1,'101.115.129.74','Mozilla/5.0 (Macintosh; Intel Mac OS X 10_15_7) AppleWebKit/537.36 (KHTML, like Gecko) Chrome/116.0.0.0 Safari/537.36','2025-10-08 10:01:05'),(1489,1,'101.115.129.74','Mozilla/5.0 (Macintosh; Intel Mac OS X 10_15_7) AppleWebKit/537.36 (KHTML, like Gecko) Chrome/116.0.0.0 Safari/537.36','2025-10-09 06:28:42'),(1490,1,'101.115.129.74','Mozilla/5.0 (Macintosh; Intel Mac OS X 10_15_7) AppleWebKit/537.36 (KHTML, like Gecko) Chrome/116.0.0.0 Safari/537.36','2025-10-09 23:19:51'),(1491,1,'101.115.129.74','Mozilla/5.0 (Macintosh; Intel Mac OS X 10_15_7) AppleWebKit/537.36 (KHTML, like Gecko) Chrome/116.0.0.0 Safari/537.36','2025-10-10 08:20:25'),(1492,1,'101.115.129.74','Mozilla/5.0 (Macintosh; Intel Mac OS X 10_15_7) AppleWebKit/537.36 (KHTML, like Gecko) Chrome/116.0.0.0 Safari/537.36','2025-10-10 14:35:37'),(1493,1,'101.115.129.74','Mozilla/5.0 (iPhone; CPU iPhone OS 18_6_2 like Mac OS X) AppleWebKit/605.1.15 (KHTML, like Gecko) Version/18.6 Mobile/15E148 Safari/604.1','2025-10-10 19:38:17'),(1494,1,'101.115.129.74','Mozilla/5.0 (iPhone; CPU iPhone OS 18_6_2 like Mac OS X) AppleWebKit/605.1.15 (KHTML, like Gecko) Version/18.6 Mobile/15E148 Safari/604.1','2025-10-10 20:50:28'),(1495,1,'101.115.129.74','Mozilla/5.0 (iPhone; CPU iPhone OS 18_6_2 like Mac OS X) AppleWebKit/605.1.15 (KHTML, like Gecko) Version/18.6 Mobile/15E148 Safari/604.1','2025-10-10 21:14:11'),(1496,1,'101.115.129.74','Mozilla/5.0 (Macintosh; Intel Mac OS X 10_15_7) AppleWebKit/537.36 (KHTML, like Gecko) Chrome/116.0.0.0 Safari/537.36','2025-10-11 06:38:42'),(1497,1,'120.21.203.100','Mozilla/5.0 (iPhone; CPU iPhone OS 18_6_2 like Mac OS X) AppleWebKit/605.1.15 (KHTML, like Gecko) Version/18.6 Mobile/15E148 Safari/604.1','2025-10-12 11:41:57'),(1498,1,'101.115.129.74','Mozilla/5.0 (Macintosh; Intel Mac OS X 10_15_7) AppleWebKit/537.36 (KHTML, like Gecko) Chrome/116.0.0.0 Safari/537.36','2025-10-12 14:02:21'),(1499,1,'101.115.129.74','Mozilla/5.0 (Macintosh; Intel Mac OS X 10_15_7) AppleWebKit/537.36 (KHTML, like Gecko) Chrome/116.0.0.0 Safari/537.36','2025-10-14 13:10:33'),(1500,1,'101.115.129.74','Mozilla/5.0 (Macintosh; Intel Mac OS X 10_15_7) AppleWebKit/537.36 (KHTML, like Gecko) Chrome/116.0.0.0 Safari/537.36','2025-10-15 09:54:53'),(1501,1,'101.115.129.74','Mozilla/5.0 (Macintosh; Intel Mac OS X 10_15_7) AppleWebKit/537.36 (KHTML, like Gecko) Chrome/116.0.0.0 Safari/537.36','2025-10-16 02:05:02'),(1502,1,'101.115.129.74','Mozilla/5.0 (Macintosh; Intel Mac OS X 10_15_7) AppleWebKit/537.36 (KHTML, like Gecko) Chrome/116.0.0.0 Safari/537.36','2025-10-16 09:25:03'),(1503,1,'101.119.169.240','Mozilla/5.0 (iPhone; CPU iPhone OS 18_6_2 like Mac OS X) AppleWebKit/605.1.15 (KHTML, like Gecko) Version/18.6 Mobile/15E148 Safari/604.1','2025-10-16 13:20:50'),(1504,1,'101.115.129.74','Mozilla/5.0 (Macintosh; Intel Mac OS X 10_15_7) AppleWebKit/537.36 (KHTML, like Gecko) Chrome/116.0.0.0 Safari/537.36','2025-10-17 06:26:40'),(1505,1,'101.115.129.74','Mozilla/5.0 (Macintosh; Intel Mac OS X 10_15_7) AppleWebKit/537.36 (KHTML, like Gecko) Chrome/116.0.0.0 Safari/537.36','2025-10-17 13:13:07'),(1506,1,'101.115.129.74','Mozilla/5.0 (iPhone; CPU iPhone OS 18_6_2 like Mac OS X) AppleWebKit/605.1.15 (KHTML, like Gecko) Version/18.6 Mobile/15E148 Safari/604.1','2025-10-18 19:33:05'),(1507,1,'101.115.141.42','Mozilla/5.0 (iPhone; CPU iPhone OS 18_6_2 like Mac OS X) AppleWebKit/605.1.15 (KHTML, like Gecko) Version/18.6 Mobile/15E148 Safari/604.1','2025-10-19 09:41:23'),(1508,1,'101.115.141.42','Mozilla/5.0 (Macintosh; Intel Mac OS X 10_15_7) AppleWebKit/537.36 (KHTML, like Gecko) Chrome/116.0.0.0 Safari/537.36','2025-10-19 15:35:51'),(1509,1,'101.119.162.132','Mozilla/5.0 (iPhone; CPU iPhone OS 18_6_2 like Mac OS X) AppleWebKit/605.1.15 (KHTML, like Gecko) Version/18.6 Mobile/15E148 Safari/604.1','2025-10-20 06:54:17'),(1510,1,'101.115.141.42','Mozilla/5.0 (Macintosh; Intel Mac OS X 10_15_7) AppleWebKit/537.36 (KHTML, like Gecko) Chrome/116.0.0.0 Safari/537.36','2025-10-20 08:59:49'),(1511,1,'101.115.141.42','Mozilla/5.0 (iPhone; CPU iPhone OS 18_6_2 like Mac OS X) AppleWebKit/605.1.15 (KHTML, like Gecko) Version/18.6 Mobile/15E148 Safari/604.1','2025-10-20 10:17:37'),(1512,1,'101.115.141.42','Mozilla/5.0 (iPhone; CPU iPhone OS 18_6_2 like Mac OS X) AppleWebKit/605.1.15 (KHTML, like Gecko) Version/18.6 Mobile/15E148 Safari/604.1','2025-10-20 16:56:48'),(1513,1,'101.115.141.42','Mozilla/5.0 (Windows NT 10.0; Win64; x64) AppleWebKit/537.36 (KHTML, like Gecko) Chrome/141.0.0.0 Safari/537.36 Edg/141.0.0.0','2025-10-21 10:43:20'),(1514,1,'101.119.104.156','Mozilla/5.0 (iPhone; CPU iPhone OS 18_6_2 like Mac OS X) AppleWebKit/605.1.15 (KHTML, like Gecko) Version/18.6 Mobile/15E148 Safari/604.1','2025-10-21 15:52:38'),(1515,1,'101.115.141.42','Mozilla/5.0 (Macintosh; Intel Mac OS X 10_15_7) AppleWebKit/537.36 (KHTML, like Gecko) Chrome/116.0.0.0 Safari/537.36','2025-10-21 16:24:40'),(1516,1,'101.115.141.42','Mozilla/5.0 (Macintosh; Intel Mac OS X 10_15_7) AppleWebKit/537.36 (KHTML, like Gecko) Chrome/116.0.0.0 Safari/537.36','2025-10-21 23:02:50'),(1517,1,'101.119.158.140','Mozilla/5.0 (iPhone; CPU iPhone OS 18_6_2 like Mac OS X) AppleWebKit/605.1.15 (KHTML, like Gecko) Version/18.6 Mobile/15E148 Safari/604.1','2025-10-22 05:56:23'),(1518,1,'101.115.141.42','Mozilla/5.0 (Macintosh; Intel Mac OS X 10_15_7) AppleWebKit/537.36 (KHTML, like Gecko) Chrome/116.0.0.0 Safari/537.36','2025-10-22 06:20:03'),(1519,1,'101.115.141.42','Mozilla/5.0 (iPhone; CPU iPhone OS 18_6_2 like Mac OS X) AppleWebKit/605.1.15 (KHTML, like Gecko) Version/18.6 Mobile/15E148 Safari/604.1','2025-10-22 21:18:33'),(1520,1,'120.19.141.47','Mozilla/5.0 (iPhone; CPU iPhone OS 18_6_2 like Mac OS X) AppleWebKit/605.1.15 (KHTML, like Gecko) Version/18.6 Mobile/15E148 Safari/604.1','2025-10-24 13:33:47'),(1521,1,'120.21.137.150','Mozilla/5.0 (iPhone; CPU iPhone OS 18_6_2 like Mac OS X) AppleWebKit/605.1.15 (KHTML, like Gecko) Version/18.6 Mobile/15E148 Safari/604.1','2025-10-25 11:07:03'),(1522,1,'101.115.141.42','Mozilla/5.0 (Windows NT 10.0; Win64; x64) AppleWebKit/537.36 (KHTML, like Gecko) Chrome/141.0.0.0 Safari/537.36 Edg/141.0.0.0','2025-10-26 08:50:59'),(1523,1,'101.115.141.42','Mozilla/5.0 (Macintosh; Intel Mac OS X 10_15_7) AppleWebKit/537.36 (KHTML, like Gecko) Chrome/116.0.0.0 Safari/537.36','2025-10-27 11:56:47'),(1524,1,'101.115.141.42','Mozilla/5.0 (Macintosh; Intel Mac OS X 10_15_7) AppleWebKit/537.36 (KHTML, like Gecko) Chrome/116.0.0.0 Safari/537.36','2025-10-27 16:21:09'),(1525,1,'101.115.141.42','Mozilla/5.0 (Macintosh; Intel Mac OS X 10_15_7) AppleWebKit/537.36 (KHTML, like Gecko) Chrome/116.0.0.0 Safari/537.36','2025-10-28 07:38:19'),(1526,1,'101.115.141.42','Mozilla/5.0 (Macintosh; Intel Mac OS X 10_15_7) AppleWebKit/537.36 (KHTML, like Gecko) Chrome/116.0.0.0 Safari/537.36','2025-10-28 09:13:23'),(1527,1,'120.21.58.222','Mozilla/5.0 (iPhone; CPU iPhone OS 18_6_2 like Mac OS X) AppleWebKit/605.1.15 (KHTML, like Gecko) Version/18.6 Mobile/15E148 Safari/604.1','2025-10-28 10:54:43'),(1528,1,'120.21.58.222','Mozilla/5.0 (iPhone; CPU iPhone OS 18_6_2 like Mac OS X) AppleWebKit/605.1.15 (KHTML, like Gecko) Version/18.6 Mobile/15E148 Safari/604.1','2025-10-28 10:55:39'),(1529,1,'120.21.58.222','Mozilla/5.0 (iPhone; CPU iPhone OS 18_6_2 like Mac OS X) AppleWebKit/605.1.15 (KHTML, like Gecko) Version/18.6 Mobile/15E148 Safari/604.1','2025-10-28 11:27:34'),(1530,1,'120.21.58.222','Mozilla/5.0 (iPhone; CPU iPhone OS 18_6_2 like Mac OS X) AppleWebKit/605.1.15 (KHTML, like Gecko) Version/18.6 Mobile/15E148 Safari/604.1','2025-10-28 12:00:07'),(1531,1,'120.21.15.18','Mozilla/5.0 (iPhone; CPU iPhone OS 18_6_2 like Mac OS X) AppleWebKit/605.1.15 (KHTML, like Gecko) Version/18.6 Mobile/15E148 Safari/604.1','2025-10-29 11:05:10'),(1532,1,'120.21.15.18','Mozilla/5.0 (iPhone; CPU iPhone OS 18_6_2 like Mac OS X) AppleWebKit/605.1.15 (KHTML, like Gecko) Version/18.6 Mobile/15E148 Safari/604.1','2025-10-29 13:21:45'),(1533,1,'101.115.141.42','Mozilla/5.0 (iPhone; CPU iPhone OS 18_6_2 like Mac OS X) AppleWebKit/605.1.15 (KHTML, like Gecko) Version/18.6 Mobile/15E148 Safari/604.1','2025-10-29 16:07:19'),(1534,1,'101.115.141.42','Mozilla/5.0 (Macintosh; Intel Mac OS X 10_15_7) AppleWebKit/537.36 (KHTML, like Gecko) Chrome/116.0.0.0 Safari/537.36','2025-10-31 08:46:16'),(1535,1,'101.115.141.42','Mozilla/5.0 (iPhone; CPU iPhone OS 18_6_2 like Mac OS X) AppleWebKit/605.1.15 (KHTML, like Gecko) Version/18.6 Mobile/15E148 Safari/604.1','2025-11-01 19:42:39'),(1536,1,'101.115.141.42','Mozilla/5.0 (Macintosh; Intel Mac OS X 10_15_7) AppleWebKit/537.36 (KHTML, like Gecko) Chrome/116.0.0.0 Safari/537.36','2025-11-02 08:34:28'),(1537,1,'101.115.141.42','Mozilla/5.0 (iPhone; CPU iPhone OS 18_6_2 like Mac OS X) AppleWebKit/605.1.15 (KHTML, like Gecko) Version/18.6 Mobile/15E148 Safari/604.1','2025-11-03 07:49:46'),(1538,1,'101.115.141.42','Mozilla/5.0 (Macintosh; Intel Mac OS X 10_15_7) AppleWebKit/537.36 (KHTML, like Gecko) Chrome/116.0.0.0 Safari/537.36','2025-11-03 08:11:33'),(1539,1,'101.115.141.42','Mozilla/5.0 (Macintosh; Intel Mac OS X 10_15_7) AppleWebKit/537.36 (KHTML, like Gecko) Chrome/116.0.0.0 Safari/537.36','2025-11-03 08:48:09'),(1540,1,'101.115.141.42','Mozilla/5.0 (iPhone; CPU iPhone OS 18_6_2 like Mac OS X) AppleWebKit/605.1.15 (KHTML, like Gecko) Version/18.6 Mobile/15E148 Safari/604.1','2025-11-04 19:06:40'),(1541,1,'101.115.141.42','Mozilla/5.0 (Macintosh; Intel Mac OS X 10_15_7) AppleWebKit/537.36 (KHTML, like Gecko) Chrome/116.0.0.0 Safari/537.36','2025-11-06 22:40:49'),(1542,1,'101.115.141.42','Mozilla/5.0 (Macintosh; Intel Mac OS X 10_15_7) AppleWebKit/537.36 (KHTML, like Gecko) Chrome/116.0.0.0 Safari/537.36','2025-11-07 07:41:11'),(1543,1,'101.119.120.127','Mozilla/5.0 (iPhone; CPU iPhone OS 18_6_2 like Mac OS X) AppleWebKit/605.1.15 (KHTML, like Gecko) Version/18.6 Mobile/15E148 Safari/604.1','2025-11-08 09:33:29'),(1544,1,'101.115.136.127','Mozilla/5.0 (Macintosh; Intel Mac OS X 10_15_7) AppleWebKit/537.36 (KHTML, like Gecko) Chrome/116.0.0.0 Safari/537.36','2025-11-09 10:40:51'),(1545,1,'101.115.136.127','Mozilla/5.0 (Macintosh; Intel Mac OS X 10_15_7) AppleWebKit/537.36 (KHTML, like Gecko) Chrome/116.0.0.0 Safari/537.36','2025-11-10 13:10:35'),(1546,1,'101.115.136.127','Mozilla/5.0 (iPhone; CPU iPhone OS 18_6_2 like Mac OS X) AppleWebKit/605.1.15 (KHTML, like Gecko) Version/18.6 Mobile/15E148 Safari/604.1','2025-11-10 21:52:47'),(1547,1,'101.115.136.127','Mozilla/5.0 (Macintosh; Intel Mac OS X 10_15_7) AppleWebKit/537.36 (KHTML, like Gecko) Chrome/116.0.0.0 Safari/537.36','2025-11-11 14:59:28'),(1548,1,'101.119.88.209','Mozilla/5.0 (iPhone; CPU iPhone OS 18_6_2 like Mac OS X) AppleWebKit/605.1.15 (KHTML, like Gecko) Version/18.6 Mobile/15E148 Safari/604.1','2025-11-13 13:31:12'),(1549,1,'101.115.136.127','Mozilla/5.0 (iPhone; CPU iPhone OS 18_6_2 like Mac OS X) AppleWebKit/605.1.15 (KHTML, like Gecko) Version/18.6 Mobile/15E148 Safari/604.1','2025-11-13 19:42:19'),(1550,1,'101.115.143.198','Mozilla/5.0 (Macintosh; Intel Mac OS X 10_15_7) AppleWebKit/537.36 (KHTML, like Gecko) Chrome/116.0.0.0 Safari/537.36','2025-11-14 07:46:03'),(1551,1,'101.115.143.198','Mozilla/5.0 (Macintosh; Intel Mac OS X 10_15_7) AppleWebKit/537.36 (KHTML, like Gecko) Chrome/116.0.0.0 Safari/537.36','2025-11-14 09:24:42'),(1552,1,'101.115.143.198','Mozilla/5.0 (iPhone; CPU iPhone OS 18_6_2 like Mac OS X) AppleWebKit/605.1.15 (KHTML, like Gecko) Version/18.6 Mobile/15E148 Safari/604.1','2025-11-14 13:28:05'),(1553,1,'101.115.143.198','Mozilla/5.0 (iPhone; CPU iPhone OS 18_6_2 like Mac OS X) AppleWebKit/605.1.15 (KHTML, like Gecko) Version/18.6 Mobile/15E148 Safari/604.1','2025-11-15 07:43:12'),(1554,1,'101.115.143.198','Mozilla/5.0 (iPhone; CPU iPhone OS 18_6_2 like Mac OS X) AppleWebKit/605.1.15 (KHTML, like Gecko) Version/18.6 Mobile/15E148 Safari/604.1','2025-11-15 08:07:19'),(1555,1,'101.115.143.198','Mozilla/5.0 (Macintosh; Intel Mac OS X 10_15_7) AppleWebKit/537.36 (KHTML, like Gecko) Chrome/116.0.0.0 Safari/537.36','2025-11-15 09:44:30'),(1556,1,'101.115.143.198','Mozilla/5.0 (iPhone; CPU iPhone OS 18_6_2 like Mac OS X) AppleWebKit/605.1.15 (KHTML, like Gecko) Version/18.6 Mobile/15E148 Safari/604.1','2025-11-16 07:13:36'),(1557,1,'101.115.143.198','Mozilla/5.0 (Macintosh; Intel Mac OS X 10_15_7) AppleWebKit/537.36 (KHTML, like Gecko) Chrome/116.0.0.0 Safari/537.36','2025-11-16 09:21:54'),(1558,1,'101.115.143.198','Mozilla/5.0 (iPhone; CPU iPhone OS 18_6_2 like Mac OS X) AppleWebKit/605.1.15 (KHTML, like Gecko) Version/18.6 Mobile/15E148 Safari/604.1','2025-11-16 16:43:47'),(1559,1,'101.115.143.198','Mozilla/5.0 (iPhone; CPU iPhone OS 18_6_2 like Mac OS X) AppleWebKit/605.1.15 (KHTML, like Gecko) Version/18.6 Mobile/15E148 Safari/604.1','2025-11-17 12:41:16'),(1560,1,'120.19.150.23','Mozilla/5.0 (iPhone; CPU iPhone OS 18_6_2 like Mac OS X) AppleWebKit/605.1.15 (KHTML, like Gecko) Version/18.6 Mobile/15E148 Safari/604.1','2025-11-18 06:39:50'),(1561,1,'101.115.143.198','Mozilla/5.0 (Macintosh; Intel Mac OS X 10_15_7) AppleWebKit/537.36 (KHTML, like Gecko) Chrome/116.0.0.0 Safari/537.36','2025-11-20 12:28:51'),(1562,1,'120.21.164.122','Mozilla/5.0 (iPhone; CPU iPhone OS 18_6_2 like Mac OS X) AppleWebKit/605.1.15 (KHTML, like Gecko) Version/18.6 Mobile/15E148 Safari/604.1','2025-11-20 15:43:54'),(1563,1,'101.115.143.198','Mozilla/5.0 (iPhone; CPU iPhone OS 18_6_2 like Mac OS X) AppleWebKit/605.1.15 (KHTML, like Gecko) Version/18.6 Mobile/15E148 Safari/604.1','2025-11-20 18:20:44'),(1564,1,'101.115.143.198','Mozilla/5.0 (iPhone; CPU iPhone OS 18_6_2 like Mac OS X) AppleWebKit/605.1.15 (KHTML, like Gecko) Version/18.6 Mobile/15E148 Safari/604.1','2025-11-23 08:46:00'),(1565,1,'101.115.143.198','Mozilla/5.0 (Macintosh; Intel Mac OS X 10_15_7) AppleWebKit/537.36 (KHTML, like Gecko) Chrome/116.0.0.0 Safari/537.36','2025-11-23 13:00:57'),(1566,1,'101.115.143.198','Mozilla/5.0 (iPhone; CPU iPhone OS 18_6_2 like Mac OS X) AppleWebKit/605.1.15 (KHTML, like Gecko) Version/18.6 Mobile/15E148 Safari/604.1','2025-11-25 06:38:19'),(1567,1,'101.115.143.198','Mozilla/5.0 (iPhone; CPU iPhone OS 18_6_2 like Mac OS X) AppleWebKit/605.1.15 (KHTML, like Gecko) Version/18.6 Mobile/15E148 Safari/604.1','2025-11-25 20:11:51'),(1568,1,'101.115.143.198','Mozilla/5.0 (Macintosh; Intel Mac OS X 10_15_7) AppleWebKit/537.36 (KHTML, like Gecko) Chrome/116.0.0.0 Safari/537.36','2025-11-25 23:03:57'),(1569,1,'101.115.143.198','Mozilla/5.0 (iPhone; CPU iPhone OS 18_6_2 like Mac OS X) AppleWebKit/605.1.15 (KHTML, like Gecko) Version/18.6 Mobile/15E148 Safari/604.1','2025-11-26 16:23:06'),(1570,1,'101.119.175.126','Mozilla/5.0 (iPhone; CPU iPhone OS 18_6_2 like Mac OS X) AppleWebKit/605.1.15 (KHTML, like Gecko) Version/18.6 Mobile/15E148 Safari/604.1','2025-11-27 11:01:25'),(1571,1,'101.115.143.198','Mozilla/5.0 (Macintosh; Intel Mac OS X 10_15_7) AppleWebKit/537.36 (KHTML, like Gecko) Chrome/116.0.0.0 Safari/537.36','2025-11-29 12:56:09'),(1572,1,'101.115.155.150','Mozilla/5.0 (iPhone; CPU iPhone OS 18_6_2 like Mac OS X) AppleWebKit/605.1.15 (KHTML, like Gecko) Version/18.6 Mobile/15E148 Safari/604.1','2025-12-05 17:48:55'),(1573,1,'101.115.155.150','Mozilla/5.0 (iPhone; CPU iPhone OS 18_6_2 like Mac OS X) AppleWebKit/605.1.15 (KHTML, like Gecko) Version/18.6 Mobile/15E148 Safari/604.1','2025-12-05 18:54:07'),(1574,1,'101.115.155.150','Mozilla/5.0 (iPhone; CPU iPhone OS 18_6_2 like Mac OS X) AppleWebKit/605.1.15 (KHTML, like Gecko) Version/18.6 Mobile/15E148 Safari/604.1','2025-12-06 21:54:37'),(1575,1,'101.115.155.150','Mozilla/5.0 (Macintosh; Intel Mac OS X 10_15_7) AppleWebKit/537.36 (KHTML, like Gecko) Chrome/116.0.0.0 Safari/537.36','2025-12-09 07:56:10'),(1576,1,'117.102.154.144','Mozilla/5.0 (Macintosh; Intel Mac OS X 10_15_7) AppleWebKit/537.36 (KHTML, like Gecko) Chrome/116.0.0.0 Safari/537.36','2025-12-13 08:32:54'),(1577,1,'117.102.154.144','Mozilla/5.0 (Macintosh; Intel Mac OS X 10_15_7) AppleWebKit/537.36 (KHTML, like Gecko) Chrome/116.0.0.0 Safari/537.36','2025-12-13 12:31:52'),(1578,1,'117.102.154.144','Mozilla/5.0 (Macintosh; Intel Mac OS X 10_15_7) AppleWebKit/537.36 (KHTML, like Gecko) Chrome/116.0.0.0 Safari/537.36','2025-12-15 11:33:16'),(1579,1,'117.102.154.144','Mozilla/5.0 (Macintosh; Intel Mac OS X 10_15_7) AppleWebKit/537.36 (KHTML, like Gecko) Chrome/116.0.0.0 Safari/537.36','2025-12-16 08:34:24'),(1580,1,'117.102.154.144','Mozilla/5.0 (Macintosh; Intel Mac OS X 10_15_7) AppleWebKit/537.36 (KHTML, like Gecko) Chrome/116.0.0.0 Safari/537.36','2025-12-17 07:35:12'),(1581,1,'117.102.154.144','Mozilla/5.0 (Macintosh; Intel Mac OS X 10_15_7) AppleWebKit/537.36 (KHTML, like Gecko) Chrome/116.0.0.0 Safari/537.36','2025-12-18 09:18:50'),(1582,1,'120.21.81.20','Mozilla/5.0 (Macintosh; Intel Mac OS X 10_15_7) AppleWebKit/605.1.15 (KHTML, like Gecko) Version/17.8 Safari/605.1.15','2025-12-19 20:29:25'),(1583,1,'101.119.168.74','Mozilla/5.0 (iPhone; CPU iPhone OS 18_7 like Mac OS X) AppleWebKit/605.1.15 (KHTML, like Gecko) Version/26.1 Mobile/15E148 Safari/604.1','2025-12-21 12:14:20'),(1584,1,'117.102.154.144','Mozilla/5.0 (Macintosh; Intel Mac OS X 10_15_7) AppleWebKit/537.36 (KHTML, like Gecko) Chrome/116.0.0.0 Safari/537.36','2025-12-22 13:46:51'),(1585,1,'117.102.154.144','Mozilla/5.0 (Macintosh; Intel Mac OS X 10_15_7) AppleWebKit/537.36 (KHTML, like Gecko) Chrome/116.0.0.0 Safari/537.36','2025-12-23 09:49:40'),(1586,1,'117.102.154.144','Mozilla/5.0 (Macintosh; Intel Mac OS X 10_15_7) AppleWebKit/537.36 (KHTML, like Gecko) Chrome/116.0.0.0 Safari/537.36','2025-12-23 23:53:09'),(1587,1,'117.102.154.144','Mozilla/5.0 (Macintosh; Intel Mac OS X 10_15_7) AppleWebKit/537.36 (KHTML, like Gecko) Chrome/116.0.0.0 Safari/537.36','2025-12-24 11:23:28'),(1588,1,'117.102.154.144','Mozilla/5.0 (Macintosh; Intel Mac OS X 10_15_7) AppleWebKit/537.36 (KHTML, like Gecko) Chrome/116.0.0.0 Safari/537.36','2025-12-25 06:36:37'),(1589,1,'117.102.154.144','Mozilla/5.0 (Macintosh; Intel Mac OS X 10_15_7) AppleWebKit/537.36 (KHTML, like Gecko) Chrome/116.0.0.0 Safari/537.36','2025-12-26 17:56:07'),(1590,1,'117.102.154.144','Mozilla/5.0 (Macintosh; Intel Mac OS X 10_15_7) AppleWebKit/537.36 (KHTML, like Gecko) Chrome/116.0.0.0 Safari/537.36','2025-12-27 23:47:27'),(1591,1,'117.102.154.144','Mozilla/5.0 (Macintosh; Intel Mac OS X 10_15_7) AppleWebKit/537.36 (KHTML, like Gecko) Chrome/116.0.0.0 Safari/537.36','2025-12-28 12:06:53'),(1592,1,'117.102.154.144','Mozilla/5.0 (Macintosh; Intel Mac OS X 10_15_7) AppleWebKit/537.36 (KHTML, like Gecko) Chrome/116.0.0.0 Safari/537.36','2025-12-28 22:15:04'),(1593,1,'101.119.76.51','Mozilla/5.0 (iPhone; CPU iPhone OS 18_7 like Mac OS X) AppleWebKit/605.1.15 (KHTML, like Gecko) Version/26.1 Mobile/15E148 Safari/604.1','2025-12-29 06:48:37'),(1594,1,'120.19.141.75','Mozilla/5.0 (iPhone; CPU iPhone OS 18_7 like Mac OS X) AppleWebKit/605.1.15 (KHTML, like Gecko) Version/26.1 Mobile/15E148 Safari/604.1','2025-12-29 18:02:22'),(1595,1,'117.102.154.144','Mozilla/5.0 (Macintosh; Intel Mac OS X 10_15_7) AppleWebKit/537.36 (KHTML, like Gecko) Chrome/116.0.0.0 Safari/537.36','2025-12-30 08:19:19'),(1596,1,'117.102.154.144','Mozilla/5.0 (Macintosh; Intel Mac OS X 10_15_7) AppleWebKit/537.36 (KHTML, like Gecko) Chrome/116.0.0.0 Safari/537.36','2025-12-30 11:22:32'),(1597,1,'117.102.154.144','Mozilla/5.0 (Macintosh; Intel Mac OS X 10_15_7) AppleWebKit/537.36 (KHTML, like Gecko) Chrome/116.0.0.0 Safari/537.36','2025-12-30 14:20:37'),(1598,1,'117.102.154.144','Mozilla/5.0 (Macintosh; Intel Mac OS X 10_15_7) AppleWebKit/537.36 (KHTML, like Gecko) Chrome/116.0.0.0 Safari/537.36','2025-12-30 18:42:40'),(1599,1,'117.102.154.144','Mozilla/5.0 (Macintosh; Intel Mac OS X 10_15_7) AppleWebKit/537.36 (KHTML, like Gecko) Chrome/116.0.0.0 Safari/537.36','2025-12-31 06:11:53'),(1600,1,'117.102.154.144','Mozilla/5.0 (Macintosh; Intel Mac OS X 10_15_7) AppleWebKit/537.36 (KHTML, like Gecko) Chrome/116.0.0.0 Safari/537.36','2025-12-31 15:08:26'),(1601,1,'117.102.154.144','Mozilla/5.0 (Macintosh; Intel Mac OS X 10_15_7) AppleWebKit/537.36 (KHTML, like Gecko) Chrome/116.0.0.0 Safari/537.36','2025-12-31 20:45:00'),(1602,1,'117.102.154.144','Mozilla/5.0 (Macintosh; Intel Mac OS X 10_15_7) AppleWebKit/537.36 (KHTML, like Gecko) Chrome/116.0.0.0 Safari/537.36','2026-01-02 09:05:02'),(1603,1,'117.102.154.144','Mozilla/5.0 (iPhone; CPU iPhone OS 18_7 like Mac OS X) AppleWebKit/605.1.15 (KHTML, like Gecko) Version/26.1 Mobile/15E148 Safari/604.1','2026-01-02 16:33:59'),(1604,1,'117.102.154.144','Mozilla/5.0 (Macintosh; Intel Mac OS X 10_15_7) AppleWebKit/537.36 (KHTML, like Gecko) Chrome/116.0.0.0 Safari/537.36','2026-01-02 17:46:11'),(1605,1,'117.102.154.144','Mozilla/5.0 (iPhone; CPU iPhone OS 18_7 like Mac OS X) AppleWebKit/605.1.15 (KHTML, like Gecko) Version/26.1 Mobile/15E148 Safari/604.1','2026-01-04 10:54:15'),(1606,1,'101.119.168.177','Mozilla/5.0 (iPhone; CPU iPhone OS 18_7 like Mac OS X) AppleWebKit/605.1.15 (KHTML, like Gecko) Version/26.1 Mobile/15E148 Safari/604.1','2026-01-05 04:37:05'),(1607,1,'120.22.38.82','Mozilla/5.0 (iPhone; CPU iPhone OS 18_7 like Mac OS X) AppleWebKit/605.1.15 (KHTML, like Gecko) Version/26.1 Mobile/15E148 Safari/604.1','2026-01-08 06:57:29'),(1608,1,'120.22.29.74','Mozilla/5.0 (Macintosh; Intel Mac OS X 10_15_7) AppleWebKit/605.1.15 (KHTML, like Gecko) Version/17.8 Safari/605.1.15','2026-01-08 08:09:16'),(1609,1,'159.196.12.195','Mozilla/5.0 (iPhone; CPU iPhone OS 18_7 like Mac OS X) AppleWebKit/605.1.15 (KHTML, like Gecko) Version/26.1 Mobile/15E148 Safari/604.1','2026-01-08 08:27:32'),(1610,1,'120.22.140.108','Mozilla/5.0 (Macintosh; Intel Mac OS X 10_15_7) AppleWebKit/605.1.15 (KHTML, like Gecko) Version/17.8 Safari/605.1.15','2026-01-08 08:31:45'),(1611,1,'120.22.140.108','Mozilla/5.0 (iPad; CPU OS 17_7_1 like Mac OS X) AppleWebKit/605.1.15 (KHTML, like Gecko) CriOS/144.0.7559.53 Mobile/15E148 Safari/604.1','2026-01-08 08:50:46'),(1612,1,'159.196.12.195','Mozilla/5.0 (Windows NT 10.0; Win64; x64) AppleWebKit/537.36 (KHTML, like Gecko) Chrome/143.0.0.0 Safari/537.36','2026-01-08 08:54:37'),(1613,1,'159.196.12.195','Mozilla/5.0 (iPhone; CPU iPhone OS 18_7 like Mac OS X) AppleWebKit/605.1.15 (KHTML, like Gecko) Version/26.1 Mobile/15E148 Safari/604.1','2026-01-08 09:12:08'),(1614,1,'159.196.12.195','Mozilla/5.0 (Windows NT 10.0; Win64; x64) AppleWebKit/537.36 (KHTML, like Gecko) Chrome/143.0.0.0 Safari/537.36','2026-01-08 09:13:13'),(1615,1,'120.22.38.82','Mozilla/5.0 (iPhone; CPU iPhone OS 18_7 like Mac OS X) AppleWebKit/605.1.15 (KHTML, like Gecko) Version/26.1 Mobile/15E148 Safari/604.1','2026-01-08 15:14:42'),(1616,1,'159.196.12.195','Mozilla/5.0 (Windows NT 10.0; Win64; x64) AppleWebKit/537.36 (KHTML, like Gecko) Chrome/143.0.0.0 Safari/537.36','2026-01-08 16:07:55'),(1617,1,'120.22.205.78','Mozilla/5.0 (iPhone; CPU iPhone OS 18_7 like Mac OS X) AppleWebKit/605.1.15 (KHTML, like Gecko) Version/26.1 Mobile/15E148 Safari/604.1','2026-01-09 17:42:28'),(1618,1,'120.22.187.247','Mozilla/5.0 (Macintosh; Intel Mac OS X 10_15_7) AppleWebKit/605.1.15 (KHTML, like Gecko) Version/17.8 Safari/605.1.15','2026-01-09 17:43:39'),(1619,1,'117.102.154.144','Mozilla/5.0 (Macintosh; Intel Mac OS X 10_15_7) AppleWebKit/537.36 (KHTML, like Gecko) Chrome/116.0.0.0 Safari/537.36','2026-01-10 03:02:20'),(1620,1,'117.102.154.144','Mozilla/5.0 (Macintosh; Intel Mac OS X 10_15_7) AppleWebKit/537.36 (KHTML, like Gecko) Chrome/116.0.0.0 Safari/537.36','2026-01-10 11:57:01'),(1621,1,'117.102.154.144','Mozilla/5.0 (Macintosh; Intel Mac OS X 10_15_7) AppleWebKit/537.36 (KHTML, like Gecko) Chrome/116.0.0.0 Safari/537.36','2026-01-11 15:52:25'),(1622,1,'117.102.154.144','Mozilla/5.0 (iPhone; CPU iPhone OS 18_7 like Mac OS X) AppleWebKit/605.1.15 (KHTML, like Gecko) Version/26.1 Mobile/15E148 Safari/604.1','2026-01-12 07:48:22'),(1623,1,'117.102.154.144','Mozilla/5.0 (Macintosh; Intel Mac OS X 10_15_7) AppleWebKit/537.36 (KHTML, like Gecko) Chrome/116.0.0.0 Safari/537.36','2026-01-12 08:04:46'),(1624,1,'120.21.234.6','Mozilla/5.0 (iPhone; CPU iPhone OS 18_7 like Mac OS X) AppleWebKit/605.1.15 (KHTML, like Gecko) Version/26.1 Mobile/15E148 Safari/604.1','2026-01-13 11:24:57'),(1625,1,'117.102.143.209','Mozilla/5.0 (Macintosh; Intel Mac OS X 10_15_7) AppleWebKit/537.36 (KHTML, like Gecko) Chrome/116.0.0.0 Safari/537.36','2026-01-14 09:29:00'),(1626,1,'117.102.143.209','Mozilla/5.0 (Macintosh; Intel Mac OS X 10_15_7) AppleWebKit/537.36 (KHTML, like Gecko) Chrome/116.0.0.0 Safari/537.36','2026-01-14 17:52:20'),(1627,1,'117.102.143.209','Mozilla/5.0 (Macintosh; Intel Mac OS X 10_15_7) AppleWebKit/537.36 (KHTML, like Gecko) Chrome/116.0.0.0 Safari/537.36','2026-01-14 17:55:14'),(1628,1,'49.184.97.130','Mozilla/5.0 (iPhone; CPU iPhone OS 18_7 like Mac OS X) AppleWebKit/605.1.15 (KHTML, like Gecko) Version/26.1 Mobile/15E148 Safari/604.1','2026-01-15 20:14:48'),(1629,1,'117.102.133.41','Mozilla/5.0 (Macintosh; Intel Mac OS X 10_15_7) AppleWebKit/537.36 (KHTML, like Gecko) Chrome/116.0.0.0 Safari/537.36','2026-01-16 09:03:45'),(1630,1,'117.102.133.41','Mozilla/5.0 (Macintosh; Intel Mac OS X 10_15_7) AppleWebKit/537.36 (KHTML, like Gecko) Chrome/116.0.0.0 Safari/537.36','2026-01-16 14:46:16'),(1631,1,'117.102.133.41','Mozilla/5.0 (Macintosh; Intel Mac OS X 10_15_7) AppleWebKit/537.36 (KHTML, like Gecko) Chrome/116.0.0.0 Safari/537.36','2026-01-17 13:58:33'),(1632,1,'117.102.133.41','Mozilla/5.0 (iPhone; CPU iPhone OS 18_7 like Mac OS X) AppleWebKit/605.1.15 (KHTML, like Gecko) Version/26.1 Mobile/15E148 Safari/604.1','2026-01-17 16:39:00'),(1633,1,'117.102.133.41','Mozilla/5.0 (iPhone; CPU iPhone OS 18_7 like Mac OS X) AppleWebKit/605.1.15 (KHTML, like Gecko) Version/26.1 Mobile/15E148 Safari/604.1','2026-01-17 17:14:14'),(1634,1,'117.102.133.41','Mozilla/5.0 (Macintosh; Intel Mac OS X 10_15_7) AppleWebKit/537.36 (KHTML, like Gecko) Chrome/116.0.0.0 Safari/537.36','2026-01-17 21:53:23'),(1635,1,'117.102.133.41','Mozilla/5.0 (Macintosh; Intel Mac OS X 10_15_7) AppleWebKit/537.36 (KHTML, like Gecko) Chrome/116.0.0.0 Safari/537.36','2026-01-18 02:01:54'),(1636,1,'117.102.143.111','Mozilla/5.0 (iPhone; CPU iPhone OS 18_7 like Mac OS X) AppleWebKit/605.1.15 (KHTML, like Gecko) Version/26.1 Mobile/15E148 Safari/604.1','2026-01-19 07:11:01'),(1637,1,'101.115.131.208','Mozilla/5.0 (Macintosh; Intel Mac OS X 10_15_7) AppleWebKit/537.36 (KHTML, like Gecko) Chrome/116.0.0.0 Safari/537.36','2026-01-19 16:20:34'),(1638,1,'101.115.131.208','Mozilla/5.0 (Macintosh; Intel Mac OS X 10_15_7) AppleWebKit/537.36 (KHTML, like Gecko) Chrome/116.0.0.0 Safari/537.36','2026-01-20 13:43:28'),(1639,1,'101.115.131.208','Mozilla/5.0 (Macintosh; Intel Mac OS X 10_15_7) AppleWebKit/537.36 (KHTML, like Gecko) Chrome/116.0.0.0 Safari/537.36','2026-01-21 09:32:50'),(1640,1,'101.115.131.208','Mozilla/5.0 (Macintosh; Intel Mac OS X 10_15_7) AppleWebKit/537.36 (KHTML, like Gecko) Chrome/116.0.0.0 Safari/537.36','2026-01-21 16:19:02'),(1641,1,'101.115.131.208','Mozilla/5.0 (Macintosh; Intel Mac OS X 10_15_7) AppleWebKit/537.36 (KHTML, like Gecko) Chrome/116.0.0.0 Safari/537.36','2026-01-21 21:54:34'),(1642,1,'101.115.131.208','Mozilla/5.0 (Macintosh; Intel Mac OS X 10_15_7) AppleWebKit/537.36 (KHTML, like Gecko) Chrome/116.0.0.0 Safari/537.36','2026-01-22 08:11:23'),(1643,1,'49.183.129.131','Mozilla/5.0 (iPhone; CPU iPhone OS 18_7 like Mac OS X) AppleWebKit/605.1.15 (KHTML, like Gecko) Version/26.1 Mobile/15E148 Safari/604.1','2026-01-22 10:19:05'),(1644,1,'101.115.131.208','Mozilla/5.0 (Macintosh; Intel Mac OS X 10_15_7) AppleWebKit/537.36 (KHTML, like Gecko) Chrome/116.0.0.0 Safari/537.36','2026-01-22 16:55:39'),(1645,1,'101.115.131.208','Mozilla/5.0 (Macintosh; Intel Mac OS X 10_15_7) AppleWebKit/537.36 (KHTML, like Gecko) Chrome/116.0.0.0 Safari/537.36','2026-01-22 22:41:38'),(1646,1,'101.115.131.208','Mozilla/5.0 (Macintosh; Intel Mac OS X 10_15_7) AppleWebKit/537.36 (KHTML, like Gecko) Chrome/116.0.0.0 Safari/537.36','2026-01-23 10:50:55'),(1647,1,'49.179.51.204','Mozilla/5.0 (iPhone; CPU iPhone OS 18_7 like Mac OS X) AppleWebKit/605.1.15 (KHTML, like Gecko) Version/26.1 Mobile/15E148 Safari/604.1','2026-01-24 10:18:05'),(1648,1,'101.115.131.208','Mozilla/5.0 (Macintosh; Intel Mac OS X 10_15_7) AppleWebKit/537.36 (KHTML, like Gecko) Chrome/116.0.0.0 Safari/537.36','2026-01-25 10:35:13'),(1649,1,'101.115.131.208','Mozilla/5.0 (Macintosh; Intel Mac OS X 10_15_7) AppleWebKit/537.36 (KHTML, like Gecko) Chrome/116.0.0.0 Safari/537.36','2026-01-25 20:58:53'),(1650,1,'49.184.233.63','Mozilla/5.0 (Macintosh; Intel Mac OS X 10_15_7) AppleWebKit/537.36 (KHTML, like Gecko) Chrome/116.0.0.0 Safari/537.36','2026-01-28 08:12:47'),(1651,1,'49.184.233.63','Mozilla/5.0 (Macintosh; Intel Mac OS X 10_15_7) AppleWebKit/537.36 (KHTML, like Gecko) Chrome/116.0.0.0 Safari/537.36','2026-01-28 08:34:42'),(1652,1,'49.184.233.63','Mozilla/5.0 (Macintosh; Intel Mac OS X 10_15_7) AppleWebKit/537.36 (KHTML, like Gecko) Chrome/116.0.0.0 Safari/537.36','2026-01-28 08:57:54'),(1653,1,'49.184.233.63','Mozilla/5.0 (Macintosh; Intel Mac OS X 10_15_7) AppleWebKit/537.36 (KHTML, like Gecko) Chrome/116.0.0.0 Safari/537.36','2026-01-29 13:05:08'),(1654,1,'49.184.233.63','Mozilla/5.0 (iPhone; CPU iPhone OS 18_7 like Mac OS X) AppleWebKit/605.1.15 (KHTML, like Gecko) Version/26.2 Mobile/15E148 Safari/604.1','2026-01-29 18:54:55'),(1655,1,'49.184.233.63','Mozilla/5.0 (Macintosh; Intel Mac OS X 10_15_7) AppleWebKit/537.36 (KHTML, like Gecko) Chrome/116.0.0.0 Safari/537.36','2026-02-02 09:19:00'),(1656,1,'49.183.128.253','Mozilla/5.0 (iPhone; CPU iPhone OS 18_7 like Mac OS X) AppleWebKit/605.1.15 (KHTML, like Gecko) Version/26.2 Mobile/15E148 Safari/604.1','2026-02-02 11:20:44'),(1657,1,'49.183.128.253','Mozilla/5.0 (iPhone; CPU iPhone OS 18_7 like Mac OS X) AppleWebKit/605.1.15 (KHTML, like Gecko) Version/26.2 Mobile/15E148 Safari/604.1','2026-02-02 20:13:18'),(1658,1,'49.184.233.63','Mozilla/5.0 (Macintosh; Intel Mac OS X 10_15_7) AppleWebKit/537.36 (KHTML, like Gecko) Chrome/116.0.0.0 Safari/537.36','2026-02-05 21:23:14'),(1659,1,'49.179.96.20','Mozilla/5.0 (iPhone; CPU iPhone OS 18_7 like Mac OS X) AppleWebKit/605.1.15 (KHTML, like Gecko) Version/26.2 Mobile/15E148 Safari/604.1','2026-02-07 11:18:12'),(1660,1,'49.184.233.63','Mozilla/5.0 (Macintosh; Intel Mac OS X 10_15_7) AppleWebKit/537.36 (KHTML, like Gecko) Chrome/116.0.0.0 Safari/537.36','2026-02-09 08:50:43'),(1661,1,'49.184.233.63','Mozilla/5.0 (Macintosh; Intel Mac OS X 10_15_7) AppleWebKit/537.36 (KHTML, like Gecko) Chrome/116.0.0.0 Safari/537.36','2026-02-10 11:22:51'),(1662,1,'49.184.233.63','Mozilla/5.0 (Macintosh; Intel Mac OS X 10_15_7) AppleWebKit/537.36 (KHTML, like Gecko) Chrome/116.0.0.0 Safari/537.36','2026-02-12 07:26:45'),(1663,1,'49.184.233.63','Mozilla/5.0 (Macintosh; Intel Mac OS X 10_15_7) AppleWebKit/537.36 (KHTML, like Gecko) Chrome/116.0.0.0 Safari/537.36','2026-02-12 07:27:15'),(1664,1,'49.184.140.121','Mozilla/5.0 (Macintosh; Intel Mac OS X 10_15_7) AppleWebKit/537.36 (KHTML, like Gecko) Chrome/116.0.0.0 Safari/537.36','2026-02-16 06:32:15'),(1665,1,'49.184.140.121','Mozilla/5.0 (Macintosh; Intel Mac OS X 10_15_7) AppleWebKit/537.36 (KHTML, like Gecko) Chrome/116.0.0.0 Safari/537.36','2026-02-18 16:08:55'),(1666,1,'49.184.140.121','Mozilla/5.0 (Macintosh; Intel Mac OS X 10_15_7) AppleWebKit/537.36 (KHTML, like Gecko) Chrome/116.0.0.0 Safari/537.36','2026-02-20 00:16:45'),(1667,1,'49.184.96.170','Mozilla/5.0 (iPhone; CPU iPhone OS 18_7 like Mac OS X) AppleWebKit/605.1.15 (KHTML, like Gecko) Version/26.2 Mobile/15E148 Safari/604.1','2026-02-23 13:08:40'),(1668,1,'49.184.140.121','Mozilla/5.0 (Macintosh; Intel Mac OS X 10_15_7) AppleWebKit/537.36 (KHTML, like Gecko) Chrome/116.0.0.0 Safari/537.36','2026-02-23 16:42:18'),(1669,1,'49.184.140.121','Mozilla/5.0 (Macintosh; Intel Mac OS X 10_15_7) AppleWebKit/537.36 (KHTML, like Gecko) Chrome/116.0.0.0 Safari/537.36','2026-02-26 15:03:25'),(1670,1,'49.184.140.121','Mozilla/5.0 (Macintosh; Intel Mac OS X 10_15_7) AppleWebKit/537.36 (KHTML, like Gecko) Chrome/116.0.0.0 Safari/537.36','2026-03-02 10:01:39'),(1671,1,'49.184.140.121','Mozilla/5.0 (Macintosh; Intel Mac OS X 10_15_7) AppleWebKit/537.36 (KHTML, like Gecko) Chrome/116.0.0.0 Safari/537.36','2026-03-02 10:01:54'),(1672,1,'49.184.140.121','Mozilla/5.0 (Macintosh; Intel Mac OS X 10_15_7) AppleWebKit/537.36 (KHTML, like Gecko) Chrome/116.0.0.0 Safari/537.36','2026-03-03 08:35:15'),(1673,1,'49.184.140.121','Mozilla/5.0 (Macintosh; Intel Mac OS X 10_15_7) AppleWebKit/537.36 (KHTML, like Gecko) Chrome/116.0.0.0 Safari/537.36','2026-03-04 08:18:37'),(1674,1,'49.184.140.121','Mozilla/5.0 (Macintosh; Intel Mac OS X 10_15_7) AppleWebKit/537.36 (KHTML, like Gecko) Chrome/116.0.0.0 Safari/537.36','2026-03-04 15:47:28'),(1675,1,'49.185.105.181','Mozilla/5.0 (Macintosh; Intel Mac OS X 10_15_7) AppleWebKit/537.36 (KHTML, like Gecko) Chrome/116.0.0.0 Safari/537.36','2026-03-09 08:15:59'),(1676,1,'49.185.105.181','Mozilla/5.0 (Macintosh; Intel Mac OS X 10_15_7) AppleWebKit/537.36 (KHTML, like Gecko) Chrome/116.0.0.0 Safari/537.36','2026-03-10 09:53:45'),(1677,1,'49.185.105.181','Mozilla/5.0 (Macintosh; Intel Mac OS X 10_15_7) AppleWebKit/537.36 (KHTML, like Gecko) Chrome/116.0.0.0 Safari/537.36','2026-03-10 14:21:01'),(1678,1,'49.183.178.26','Mozilla/5.0 (iPhone; CPU iPhone OS 18_7 like Mac OS X) AppleWebKit/605.1.15 (KHTML, like Gecko) Version/26.3 Mobile/15E148 Safari/604.1','2026-03-11 09:59:30'),(1679,1,'49.185.202.153','Mozilla/5.0 (Macintosh; Intel Mac OS X 10_15_7) AppleWebKit/537.36 (KHTML, like Gecko) Chrome/116.0.0.0 Safari/537.36','2026-03-16 09:38:44'),(1680,1,'49.184.100.9','Mozilla/5.0 (iPhone; CPU iPhone OS 18_7 like Mac OS X) AppleWebKit/605.1.15 (KHTML, like Gecko) Version/26.3 Mobile/15E148 Safari/604.1','2026-03-16 12:36:52'),(1681,1,'49.195.86.36','Mozilla/5.0 (iPhone; CPU iPhone OS 18_7 like Mac OS X) AppleWebKit/605.1.15 (KHTML, like Gecko) Version/26.3 Mobile/15E148 Safari/604.1','2026-03-17 10:45:21'),(1682,1,'49.185.104.26','Mozilla/5.0 (Macintosh; Intel Mac OS X 10_15_7) AppleWebKit/537.36 (KHTML, like Gecko) Chrome/116.0.0.0 Safari/537.36','2026-03-18 07:21:08'),(1683,1,'49.185.104.26','Mozilla/5.0 (Macintosh; Intel Mac OS X 10_15_7) AppleWebKit/537.36 (KHTML, like Gecko) Chrome/116.0.0.0 Safari/537.36','2026-03-18 07:51:02'),(1684,1,'49.185.104.152','Mozilla/5.0 (Macintosh; Intel Mac OS X 10_15_7) AppleWebKit/537.36 (KHTML, like Gecko) Chrome/116.0.0.0 Safari/537.36','2026-03-22 12:15:29'),(1685,1,'49.184.122.60','Mozilla/5.0 (iPhone; CPU iPhone OS 18_7 like Mac OS X) AppleWebKit/605.1.15 (KHTML, like Gecko) Version/26.3 Mobile/15E148 Safari/604.1','2026-03-25 11:15:06'),(1686,1,'49.185.104.152','Mozilla/5.0 (Macintosh; Intel Mac OS X 10_15_7) AppleWebKit/537.36 (KHTML, like Gecko) Chrome/116.0.0.0 Safari/537.36','2026-03-26 05:20:33'),(1687,1,'49.185.104.152','Mozilla/5.0 (Macintosh; Intel Mac OS X 10_15_7) AppleWebKit/537.36 (KHTML, like Gecko) Chrome/116.0.0.0 Safari/537.36','2026-03-26 07:42:37'),(1688,1,'49.185.104.152','Mozilla/5.0 (Macintosh; Intel Mac OS X 10_15_7) AppleWebKit/537.36 (KHTML, like Gecko) Chrome/116.0.0.0 Safari/537.36','2026-03-26 19:45:05'),(1689,1,'49.199.154.22','Mozilla/5.0 (Macintosh; Intel Mac OS X 10_15_7) AppleWebKit/537.36 (KHTML, like Gecko) Chrome/116.0.0.0 Safari/537.36','2026-03-26 22:27:22'),(1690,1,'49.199.154.22','Mozilla/5.0 (Macintosh; Intel Mac OS X 10_15_7) AppleWebKit/537.36 (KHTML, like Gecko) Chrome/116.0.0.0 Safari/537.36','2026-03-27 08:32:22'),(1691,1,'49.199.154.22','Mozilla/5.0 (Macintosh; Intel Mac OS X 10_15_7) AppleWebKit/537.36 (KHTML, like Gecko) Chrome/116.0.0.0 Safari/537.36','2026-03-27 11:14:40'),(1692,1,'49.183.80.199','Mozilla/5.0 (Macintosh; Intel Mac OS X 10_15_7) AppleWebKit/537.36 (KHTML, like Gecko) Chrome/116.0.0.0 Safari/537.36','2026-03-27 19:17:19'),(1693,1,'49.183.80.199','Mozilla/5.0 (Macintosh; Intel Mac OS X 10_15_7) AppleWebKit/537.36 (KHTML, like Gecko) Chrome/116.0.0.0 Safari/537.36','2026-03-29 18:02:38'),(1694,1,'49.183.80.199','Mozilla/5.0 (iPhone; CPU iPhone OS 18_7 like Mac OS X) AppleWebKit/605.1.15 (KHTML, like Gecko) Version/26.4 Mobile/15E148 Safari/604.1','2026-04-03 17:57:04'),(1695,1,'49.183.80.199','Mozilla/5.0 (Macintosh; Intel Mac OS X 10_15_7) AppleWebKit/537.36 (KHTML, like Gecko) Chrome/116.0.0.0 Safari/537.36','2026-04-04 07:50:37'),(1696,1,'49.183.80.199','Mozilla/5.0 (Macintosh; Intel Mac OS X 10_15_7) AppleWebKit/537.36 (KHTML, like Gecko) Chrome/116.0.0.0 Safari/537.36','2026-04-07 08:37:58'),(1697,1,'49.183.80.199','Mozilla/5.0 (Windows NT 10.0; Win64; x64) AppleWebKit/537.36 (KHTML, like Gecko) Chrome/146.0.0.0 Safari/537.36 Edg/146.0.0.0','2026-04-07 10:15:51'),(1698,1,'49.183.80.199','Mozilla/5.0 (Windows NT 10.0; Win64; x64) AppleWebKit/537.36 (KHTML, like Gecko) Chrome/146.0.0.0 Safari/537.36 Edg/146.0.0.0','2026-04-07 10:15:58'),(1699,1,'49.183.80.199','Mozilla/5.0 (Macintosh; Intel Mac OS X 10_15_7) AppleWebKit/537.36 (KHTML, like Gecko) Chrome/116.0.0.0 Safari/537.36','2026-04-08 13:44:37'),(1700,1,'49.184.139.189','Mozilla/5.0 (Macintosh; Intel Mac OS X 10_15_7) AppleWebKit/537.36 (KHTML, like Gecko) Chrome/116.0.0.0 Safari/537.36','2026-04-09 08:36:39'),(1701,1,'49.185.106.14','Mozilla/5.0 (Macintosh; Intel Mac OS X 10_15_7) AppleWebKit/537.36 (KHTML, like Gecko) Chrome/116.0.0.0 Safari/537.36','2026-04-09 19:52:21'),(1702,1,'49.185.106.14','Mozilla/5.0 (Macintosh; Intel Mac OS X 10_15_7) AppleWebKit/537.36 (KHTML, like Gecko) Chrome/116.0.0.0 Safari/537.36','2026-04-10 10:30:43'),(1703,1,'49.185.106.14','Mozilla/5.0 (Macintosh; Intel Mac OS X 10_15_7) AppleWebKit/537.36 (KHTML, like Gecko) Chrome/116.0.0.0 Safari/537.36','2026-04-10 14:55:08'),(1704,1,'49.185.106.14','Mozilla/5.0 (Macintosh; Intel Mac OS X 10_15_7) AppleWebKit/537.36 (KHTML, like Gecko) Chrome/116.0.0.0 Safari/537.36','2026-04-19 22:15:06'),(1705,1,'49.185.106.14','Mozilla/5.0 (Macintosh; Intel Mac OS X 10_15_7) AppleWebKit/537.36 (KHTML, like Gecko) Chrome/116.0.0.0 Safari/537.36','2026-04-22 04:39:48'),(1706,1,'49.184.139.201','Mozilla/5.0 (Macintosh; Intel Mac OS X 10_15_7) AppleWebKit/537.36 (KHTML, like Gecko) Chrome/116.0.0.0 Safari/537.36','2026-04-22 23:18:43'),(1707,1,'49.184.139.201','Mozilla/5.0 (Macintosh; Intel Mac OS X 10_15_7) AppleWebKit/537.36 (KHTML, like Gecko) Chrome/116.0.0.0 Safari/537.36','2026-04-23 10:26:11'),(1708,1,'49.184.139.201','Mozilla/5.0 (Macintosh; Intel Mac OS X 10_15_7) AppleWebKit/537.36 (KHTML, like Gecko) Chrome/116.0.0.0 Safari/537.36','2026-04-24 10:21:55'),(1709,1,'49.184.139.201','Mozilla/5.0 (Macintosh; Intel Mac OS X 10_15_7) AppleWebKit/537.36 (KHTML, like Gecko) Chrome/116.0.0.0 Safari/537.36','2026-04-24 19:26:19'),(1710,1,'49.184.139.201','Mozilla/5.0 (Macintosh; Intel Mac OS X 10_15_7) AppleWebKit/537.36 (KHTML, like Gecko) Chrome/116.0.0.0 Safari/537.36','2026-04-26 17:13:08'),(1711,1,'49.184.139.201','Mozilla/5.0 (Macintosh; Intel Mac OS X 10_15_7) AppleWebKit/537.36 (KHTML, like Gecko) Chrome/116.0.0.0 Safari/537.36','2026-04-27 07:47:46'),(1712,1,'49.184.139.201','Mozilla/5.0 (Macintosh; Intel Mac OS X 10_15_7) AppleWebKit/537.36 (KHTML, like Gecko) Chrome/116.0.0.0 Safari/537.36','2026-04-27 11:50:01'),(1713,1,'49.184.139.201','Mozilla/5.0 (Macintosh; Intel Mac OS X 10_15_7) AppleWebKit/537.36 (KHTML, like Gecko) Chrome/116.0.0.0 Safari/537.36','2026-04-28 09:03:49'),(1714,1,'49.183.177.57','Mozilla/5.0 (Macintosh; Intel Mac OS X 10_15_7) AppleWebKit/537.36 (KHTML, like Gecko) Chrome/116.0.0.0 Safari/537.36','2026-04-28 12:51:10'),(1715,1,'49.184.139.201','Mozilla/5.0 (Macintosh; Intel Mac OS X 10_15_7) AppleWebKit/537.36 (KHTML, like Gecko) Chrome/116.0.0.0 Safari/537.36','2026-04-29 09:53:38'),(1716,1,'49.184.139.201','Mozilla/5.0 (Macintosh; Intel Mac OS X 10_15_7) AppleWebKit/537.36 (KHTML, like Gecko) Chrome/116.0.0.0 Safari/537.36','2026-04-29 16:27:33'),(1717,1,'49.184.139.201','Mozilla/5.0 (Macintosh; Intel Mac OS X 10_15_7) AppleWebKit/537.36 (KHTML, like Gecko) Chrome/116.0.0.0 Safari/537.36','2026-04-30 08:16:52'),(1718,1,'49.184.139.201','Mozilla/5.0 (Macintosh; Intel Mac OS X 10_15_7) AppleWebKit/537.36 (KHTML, like Gecko) Chrome/116.0.0.0 Safari/537.36','2026-04-30 10:24:02'),(1719,1,'49.185.202.164','Mozilla/5.0 (Macintosh; Intel Mac OS X 10_15_7) AppleWebKit/537.36 (KHTML, like Gecko) Chrome/116.0.0.0 Safari/537.36','2026-05-01 12:26:08'),(1720,1,'49.185.202.164','Mozilla/5.0 (Macintosh; Intel Mac OS X 10_15_7) AppleWebKit/537.36 (KHTML, like Gecko) Chrome/116.0.0.0 Safari/537.36','2026-05-01 17:16:48'),(1721,1,'49.185.202.164','Mozilla/5.0 (iPhone; CPU iPhone OS 18_7 like Mac OS X) AppleWebKit/605.1.15 (KHTML, like Gecko) Version/26.4 Mobile/15E148 Safari/604.1','2026-05-03 18:41:53'),(1722,1,'49.185.202.164','Mozilla/5.0 (Macintosh; Intel Mac OS X 10_15_7) AppleWebKit/537.36 (KHTML, like Gecko) Chrome/116.0.0.0 Safari/537.36','2026-05-04 09:49:41'),(1723,1,'49.185.202.164','Mozilla/5.0 (Macintosh; Intel Mac OS X 10_15_7) AppleWebKit/537.36 (KHTML, like Gecko) Chrome/116.0.0.0 Safari/537.36','2026-05-06 09:57:52'),(1724,1,'49.185.202.164','Mozilla/5.0 (Macintosh; Intel Mac OS X 10_15_7) AppleWebKit/537.36 (KHTML, like Gecko) Chrome/116.0.0.0 Safari/537.36','2026-05-06 16:37:35'),(1725,1,'49.185.202.164','Mozilla/5.0 (Macintosh; Intel Mac OS X 10_15_7) AppleWebKit/537.36 (KHTML, like Gecko) Chrome/116.0.0.0 Safari/537.36','2026-05-07 08:00:54'),(1726,1,'49.185.202.164','Mozilla/5.0 (Macintosh; Intel Mac OS X 10_15_7) AppleWebKit/537.36 (KHTML, like Gecko) Chrome/116.0.0.0 Safari/537.36','2026-05-07 13:46:27'),(1727,1,'49.185.202.164','Mozilla/5.0 (Macintosh; Intel Mac OS X 10_15_7) AppleWebKit/537.36 (KHTML, like Gecko) Chrome/116.0.0.0 Safari/537.36','2026-05-10 16:23:55'),(1728,1,'49.185.202.164','Mozilla/5.0 (Macintosh; Intel Mac OS X 10_15_7) AppleWebKit/537.36 (KHTML, like Gecko) Chrome/116.0.0.0 Safari/537.36','2026-05-12 20:10:15'),(1729,1,'49.185.202.164','Mozilla/5.0 (Macintosh; Intel Mac OS X 10_15_7) AppleWebKit/537.36 (KHTML, like Gecko) Chrome/116.0.0.0 Safari/537.36','2026-05-15 10:01:49'),(1730,1,'49.185.202.164','Mozilla/5.0 (Macintosh; Intel Mac OS X 10_15_7) AppleWebKit/537.36 (KHTML, like Gecko) Chrome/116.0.0.0 Safari/537.36','2026-05-15 14:57:04'),(1731,1,'49.185.202.164','Mozilla/5.0 (Macintosh; Intel Mac OS X 10_15_7) AppleWebKit/537.36 (KHTML, like Gecko) Chrome/116.0.0.0 Safari/537.36','2026-05-16 15:17:13'),(1732,1,'49.185.202.164','Mozilla/5.0 (Macintosh; Intel Mac OS X 10_15_7) AppleWebKit/537.36 (KHTML, like Gecko) Chrome/116.0.0.0 Safari/537.36','2026-05-19 00:22:36'),(1733,1,'49.185.202.164','Mozilla/5.0 (Macintosh; Intel Mac OS X 10_15_7) AppleWebKit/537.36 (KHTML, like Gecko) Chrome/116.0.0.0 Safari/537.36','2026-05-19 00:22:59'),(1734,1,'49.185.202.164','Mozilla/5.0 (Macintosh; Intel Mac OS X 10_15_7) AppleWebKit/537.36 (KHTML, like Gecko) Chrome/116.0.0.0 Safari/537.36','2026-05-19 00:23:20'),(1735,1,'49.185.202.164','Mozilla/5.0 (Macintosh; Intel Mac OS X 10_15_7) AppleWebKit/537.36 (KHTML, like Gecko) Chrome/116.0.0.0 Safari/537.36','2026-05-19 10:07:19'),(1736,1,'49.185.202.164','Mozilla/5.0 (Macintosh; Intel Mac OS X 10_15_7) AppleWebKit/537.36 (KHTML, like Gecko) Chrome/116.0.0.0 Safari/537.36','2026-05-19 16:46:40'),(1737,1,'49.185.202.164','Mozilla/5.0 (Macintosh; Intel Mac OS X 10_15_7) AppleWebKit/537.36 (KHTML, like Gecko) Chrome/116.0.0.0 Safari/537.36','2026-05-19 19:37:07'),(1738,1,'49.185.202.164','Mozilla/5.0 (Macintosh; Intel Mac OS X 10_15_7) AppleWebKit/537.36 (KHTML, like Gecko) Chrome/116.0.0.0 Safari/537.36','2026-05-20 08:33:28'),(1739,1,'49.185.202.164','Mozilla/5.0 (Macintosh; Intel Mac OS X 10_15_7) AppleWebKit/537.36 (KHTML, like Gecko) Chrome/116.0.0.0 Safari/537.36','2026-05-20 17:01:46'),(1740,1,'49.185.202.164','Mozilla/5.0 (Macintosh; Intel Mac OS X 10_15_7) AppleWebKit/537.36 (KHTML, like Gecko) Chrome/116.0.0.0 Safari/537.36','2026-05-20 19:21:58'),(1741,1,'49.185.202.164','Mozilla/5.0 (Macintosh; Intel Mac OS X 10_15_7) AppleWebKit/537.36 (KHTML, like Gecko) Chrome/116.0.0.0 Safari/537.36','2026-05-21 14:05:02'),(1742,1,'49.185.202.164','Mozilla/5.0 (Macintosh; Intel Mac OS X 10_15_7) AppleWebKit/537.36 (KHTML, like Gecko) Chrome/116.0.0.0 Safari/537.36','2026-05-22 10:31:30'),(1743,1,'49.185.202.164','Mozilla/5.0 (Macintosh; Intel Mac OS X 10_15_7) AppleWebKit/537.36 (KHTML, like Gecko) Chrome/116.0.0.0 Safari/537.36','2026-05-22 17:52:29'),(1744,1,'49.185.202.164','Mozilla/5.0 (Macintosh; Intel Mac OS X 10_15_7) AppleWebKit/537.36 (KHTML, like Gecko) Chrome/148.0.0.0 Safari/537.36','2026-05-25 11:54:31'),(1745,1,'49.185.202.164','Mozilla/5.0 (iPhone; CPU iPhone OS 18_7 like Mac OS X) AppleWebKit/605.1.15 (KHTML, like Gecko) Version/26.4 Mobile/15E148 Safari/604.1','2026-05-25 12:55:10'),(1746,1,'49.185.202.164','Mozilla/5.0 (Macintosh; Intel Mac OS X 10_15_7) AppleWebKit/537.36 (KHTML, like Gecko) Chrome/148.0.0.0 Safari/537.36','2026-05-27 10:29:18'),(1747,1,'49.185.202.164','Mozilla/5.0 (Macintosh; Intel Mac OS X 10_15_7) AppleWebKit/537.36 (KHTML, like Gecko) Chrome/148.0.0.0 Safari/537.36','2026-05-27 13:44:13'),(1748,1,'49.184.140.40','Mozilla/5.0 (Macintosh; Intel Mac OS X 10_15_7) AppleWebKit/537.36 (KHTML, like Gecko) Chrome/148.0.0.0 Safari/537.36','2026-05-29 18:34:05'),(1749,1,'49.184.140.40','Mozilla/5.0 (Macintosh; Intel Mac OS X 10_15_7) AppleWebKit/537.36 (KHTML, like Gecko) Chrome/148.0.0.0 Safari/537.36','2026-05-29 20:11:29'),(1750,1,'49.184.140.40','Mozilla/5.0 (Macintosh; Intel Mac OS X 10_15_7) AppleWebKit/537.36 (KHTML, like Gecko) Chrome/148.0.0.0 Safari/537.36','2026-05-29 20:24:37'),(1751,1,'49.184.140.40','Mozilla/5.0 (Macintosh; Intel Mac OS X 10_15_7) AppleWebKit/537.36 (KHTML, like Gecko) Chrome/148.0.0.0 Safari/537.36','2026-05-29 20:25:50'),(1752,1,'49.184.140.40','Mozilla/5.0 (Macintosh; Intel Mac OS X 10_15_7) AppleWebKit/537.36 (KHTML, like Gecko) Chrome/116.0.0.0 Safari/537.36','2026-05-30 06:56:16'),(1753,1,'49.184.140.40','Mozilla/5.0 (Macintosh; Intel Mac OS X 10_15_7) AppleWebKit/537.36 (KHTML, like Gecko) Chrome/148.0.0.0 Safari/537.36','2026-05-30 07:04:11'),(1754,1,'49.184.140.40','Mozilla/5.0 (Macintosh; Intel Mac OS X 10_15_7) AppleWebKit/537.36 (KHTML, like Gecko) Chrome/148.0.0.0 Safari/537.36','2026-05-30 07:57:27'),(1755,1,'49.184.140.40','Mozilla/5.0 (Macintosh; Intel Mac OS X 10_15_7) AppleWebKit/537.36 (KHTML, like Gecko) Chrome/116.0.0.0 Safari/537.36 Edg/116.0.1938.62','2026-05-31 16:43:51'),(1756,1,'49.184.140.40','Mozilla/5.0 (Macintosh; Intel Mac OS X 10_15_7) AppleWebKit/537.36 (KHTML, like Gecko) Chrome/148.0.0.0 Safari/537.36','2026-05-31 16:49:44'),(1757,1,'49.184.140.40','Mozilla/5.0 (Macintosh; Intel Mac OS X 10_15_7) AppleWebKit/537.36 (KHTML, like Gecko) Chrome/148.0.0.0 Safari/537.36','2026-05-31 17:15:02'),(1758,1,'49.184.140.40','Mozilla/5.0 (Macintosh; Intel Mac OS X 10_15_7) AppleWebKit/537.36 (KHTML, like Gecko) Chrome/148.0.0.0 Safari/537.36','2026-05-31 17:16:55'),(1759,1,'49.184.140.40','Mozilla/5.0 (Macintosh; Intel Mac OS X 10_15_7) AppleWebKit/537.36 (KHTML, like Gecko) Chrome/148.0.0.0 Safari/537.36','2026-05-31 17:21:10'),(1760,1,'49.184.140.40','Mozilla/5.0 (Macintosh; Intel Mac OS X 10_15_7) AppleWebKit/537.36 (KHTML, like Gecko) Chrome/148.0.0.0 Safari/537.36','2026-05-31 17:25:37'),(1761,1,'49.184.140.40','Mozilla/5.0 (Macintosh; Intel Mac OS X 10_15_7) AppleWebKit/537.36 (KHTML, like Gecko) Chrome/148.0.0.0 Safari/537.36','2026-05-31 17:27:19'),(1762,1,'49.184.140.40','Mozilla/5.0 (Macintosh; Intel Mac OS X 10_15_7) AppleWebKit/537.36 (KHTML, like Gecko) Chrome/148.0.0.0 Safari/537.36','2026-05-31 17:32:29'),(1763,1,'49.184.140.40','Mozilla/5.0 (Macintosh; Intel Mac OS X 10_15_7) AppleWebKit/537.36 (KHTML, like Gecko) Chrome/148.0.0.0 Safari/537.36','2026-05-31 23:23:09'),(1764,1,'49.184.140.40','Mozilla/5.0 (Macintosh; Intel Mac OS X 10_15_7) AppleWebKit/537.36 (KHTML, like Gecko) Chrome/148.0.0.0 Safari/537.36','2026-05-31 23:29:13'),(1765,1,'49.184.140.40','Mozilla/5.0 (Macintosh; Intel Mac OS X 10_15_7) AppleWebKit/537.36 (KHTML, like Gecko) Chrome/148.0.0.0 Safari/537.36','2026-05-31 23:31:46'),(1766,1,'49.184.140.40','Mozilla/5.0 (Macintosh; Intel Mac OS X 10_15_7) AppleWebKit/537.36 (KHTML, like Gecko) Chrome/148.0.0.0 Safari/537.36','2026-05-31 23:51:24'),(1767,1,'49.184.140.40','Mozilla/5.0 (Macintosh; Intel Mac OS X 10_15_7) AppleWebKit/537.36 (KHTML, like Gecko) Chrome/148.0.0.0 Safari/537.36','2026-06-01 09:10:57'),(1768,1,'49.184.140.40','Mozilla/5.0 (Macintosh; Intel Mac OS X 10_15_7) AppleWebKit/537.36 (KHTML, like Gecko) Chrome/148.0.0.0 Safari/537.36','2026-06-01 09:54:41'),(1769,1,'49.184.140.40','Mozilla/5.0 (Macintosh; Intel Mac OS X 10_15_7) AppleWebKit/537.36 (KHTML, like Gecko) Chrome/148.0.0.0 Safari/537.36','2026-06-01 10:12:30'),(1770,1,'49.184.140.40','Mozilla/5.0 (Macintosh; Intel Mac OS X 10_15_7) AppleWebKit/537.36 (KHTML, like Gecko) Chrome/148.0.0.0 Safari/537.36','2026-06-01 10:19:43'),(1771,1,'49.184.140.40','Mozilla/5.0 (Macintosh; Intel Mac OS X 10_15_7) AppleWebKit/537.36 (KHTML, like Gecko) Chrome/148.0.0.0 Safari/537.36','2026-06-01 10:25:48'),(1772,1,'49.184.140.40','Mozilla/5.0 (Macintosh; Intel Mac OS X 10_15_7) AppleWebKit/537.36 (KHTML, like Gecko) Chrome/148.0.0.0 Safari/537.36','2026-06-01 10:37:57'),(1773,1,'49.184.140.40','Mozilla/5.0 (Macintosh; Intel Mac OS X 10_15_7) AppleWebKit/537.36 (KHTML, like Gecko) Chrome/148.0.0.0 Safari/537.36','2026-06-01 10:41:10'),(1774,1,'49.184.140.40','Mozilla/5.0 (Macintosh; Intel Mac OS X 10_15_7) AppleWebKit/537.36 (KHTML, like Gecko) Chrome/148.0.0.0 Safari/537.36','2026-06-01 10:58:39'),(1775,1,'49.184.140.40','Mozilla/5.0 (Macintosh; Intel Mac OS X 10_15_7) AppleWebKit/537.36 (KHTML, like Gecko) Chrome/148.0.0.0 Safari/537.36','2026-06-01 10:59:21'),(1776,1,'49.184.140.40','Mozilla/5.0 (Macintosh; Intel Mac OS X 10_15_7) AppleWebKit/537.36 (KHTML, like Gecko) Chrome/148.0.0.0 Safari/537.36','2026-06-01 11:28:06');
